72.14.199.86 - - [31/Mar/2009:04:24:02 -0400] "GET /rss HTTP/1.1" 200 2208 "-" "Feedfetcher-Google; (+http://www.google.com/feedfetcher.html; 3 subscribers; feed-id=11430843355428352885)"
208.111.154.16 - - [31/Mar/2009:04:50:42 -0400] "GET /robots.txt HTTP/1.1" 200 99 "-" "Mozilla/5.0 (compatible; Charlotte/1.1; http://www.searchme.com/support/)"
208.111.154.16 - - [31/Mar/2009:04:50:43 -0400] "GET /viewer/index/4 HTTP/1.1" 200 684 "-" "Mozilla/5.0 (compatible; Charlotte/1.1; http://www.searchme.com/support/)"
67.195.37.111 - - [31/Mar/2009:05:16:54 -0400] "GET /robots.txt HTTP/1.0" 200 99 "-" "Mozilla/5.0 (compatible; Yahoo! Slurp; http://help.yahoo.com/help/us/ysearch/slurp)"
67.195.37.111 - - [31/Mar/2009:05:16:55 -0400] "GET /viewer/index/2 HTTP/1.0" 200 626 "-" "Mozilla/5.0 (compatible; Yahoo! Slurp/3.0; http://help.yahoo.com/help/us/ysearch/slurp)"
67.195.37.111 - - [31/Mar/2009:05:16:56 -0400] "GET /viewer/header/2 HTTP/1.0" 200 3666 "http://csd.econsultation.ca/viewer/index/2" "Mozilla/5.0 (compatible; Yahoo! Slurp/3.0; http://help.yahoo.com/help/us/ysearch/slurp)"
67.195.37.111 - - [31/Mar/2009:05:16:59 -0400] "GET /stylesheets/yahoo/fonts.css?1189017956 HTTP/1.0" 200 864 "http://csd.econsultation.ca/viewer/header/2" "Mozilla/5.0 (compatible; Yahoo! Slurp/3.0; http://help.yahoo.com/help/us/ysearch/slurp)"
67.195.37.111 - - [31/Mar/2009:05:17:00 -0400] "GET /stylesheets/yahoo/reset.css?1189017956 HTTP/1.0" 200 556 "http://csd.econsultation.ca/viewer/header/2" "Mozilla/5.0 (compatible; Yahoo! Slurp/3.0; http://help.yahoo.com/help/us/ysearch/slurp)"
67.195.37.111 - - [31/Mar/2009:05:17:00 -0400] "GET /stylesheets/text.css HTTP/1.0" 500 2305 "http://csd.econsultation.ca/viewer/header/2" "Mozilla/5.0 (compatible; Yahoo! Slurp/3.0; http://help.yahoo.com/help/us/ysearch/slurp)"
67.195.37.111 - - [31/Mar/2009:05:17:45 -0400] "GET /stylesheets/text.css HTTP/1.0" 500 2305 "http://csd.econsultation.ca/viewer/header/2" "Mozilla/5.0 (compatible; Yahoo! Slurp/3.0; http://help.yahoo.com/help/us/ysearch/slurp)"
67.195.37.111 - - [31/Mar/2009:05:18:33 -0400] "GET /stylesheets/text.css HTTP/1.0" 500 2305 "http://csd.econsultation.ca/viewer/header/2" "Mozilla/5.0 (compatible; Yahoo! Slurp/3.0; http://help.yahoo.com/help/us/ysearch/slurp)"
67.195.37.111 - - [31/Mar/2009:05:18:34 -0400] "GET /stylesheets/ses.css?1189020003 HTTP/1.0" 200 13916 "http://csd.econsultation.ca/viewer/header/2" "Mozilla/5.0 (compatible; Yahoo! Slurp/3.0; http://help.yahoo.com/help/us/ysearch/slurp)"
67.195.37.111 - - [31/Mar/2009:05:18:35 -0400] "GET /stylesheets/rating.css?1189017956 HTTP/1.0" 200 456 "http://csd.econsultation.ca/viewer/header/2" "Mozilla/5.0 (compatible; Yahoo! Slurp/3.0; http://help.yahoo.com/help/us/ysearch/slurp)"
72.14.199.86 - - [31/Mar/2009:05:24:03 -0400] "GET /rss HTTP/1.1" 200 2208 "-" "Feedfetcher-Google; (+http://www.google.com/feedfetcher.html; 3 subscribers; feed-id=11430843355428352885)"
66.249.66.168 - - [31/Mar/2009:05:32:15 -0400] "GET /robots.txt HTTP/1.1" 200 99 "-" "Mozilla/5.0 (compatible; Googlebot/2.1; +http://www.google.com/bot.html)"
66.249.66.168 - - [31/Mar/2009:05:32:15 -0400] "GET / HTTP/1.1" 200 11887 "-" "Mozilla/5.0 (compatible; Googlebot/2.1; +http://www.google.com/bot.html)"
72.14.199.86 - - [31/Mar/2009:06:24:03 -0400] "GET /rss HTTP/1.1" 200 2208 "-" "Feedfetcher-Google; (+http://www.google.com/feedfetcher.html; 3 subscribers; feed-id=11430843355428352885)"
99.254.58.181 - - [31/Mar/2009:06:55:19 -0400] "GET /rss HTTP/1.1" 200 2208 "-" "Apple-PubSub/65.1.2"
99.254.58.181 - - [31/Mar/2009:06:55:35 -0400] "GET /rss HTTP/1.1" 200 2208 "-" "Apple-PubSub/65.1.2"
99.254.58.181 - - [31/Mar/2009:07:24:01 -0400] "GET /rss HTTP/1.1" 200 2208 "-" "Apple-PubSub/65.1.2"
72.14.199.86 - - [31/Mar/2009:07:24:04 -0400] "GET /rss HTTP/1.1" 200 2208 "-" "Feedfetcher-Google; (+http://www.google.com/feedfetcher.html; 3 subscribers; feed-id=11430843355428352885)"
72.14.199.86 - - [31/Mar/2009:08:24:05 -0400] "GET /rss HTTP/1.1" 200 2208 "-" "Feedfetcher-Google; (+http://www.google.com/feedfetcher.html; 3 subscribers; feed-id=11430843355428352885)"
142.78.8.4 - - [31/Mar/2009:08:31:31 -0400] "GET / HTTP/1.1" 200 11887 "http://www.queensu.ca/csd/" "Mozilla/4.0 (compatible; MSIE 6.0; Windows NT 5.1; SV1; .NET CLR 1.1.4322)"
72.14.199.86 - - [31/Mar/2009:09:24:07 -0400] "GET /rss HTTP/1.1" 200 2208 "-" "Feedfetcher-Google; (+http://www.google.com/feedfetcher.html; 3 subscribers; feed-id=11430843355428352885)"
74.6.18.245 - - [31/Mar/2009:10:21:47 -0400] "GET / HTTP/1.0" 200 11887 "-" "Mozilla/5.0 (compatible; Yahoo! Slurp/3.0; http://help.yahoo.com/help/us/ysearch/slurp)"
74.6.18.245 - - [31/Mar/2009:10:21:49 -0400] "GET /stylesheets/yahoo/fonts.css?1189017956 HTTP/1.0" 304 - "http://csd.econsultation.ca/" "Mozilla/5.0 (compatible; Yahoo! Slurp/3.0; http://help.yahoo.com/help/us/ysearch/slurp)"
74.6.18.245 - - [31/Mar/2009:10:21:52 -0400] "GET /stylesheets/yahoo/reset.css?1189017956 HTTP/1.0" 304 - "http://csd.econsultation.ca/" "Mozilla/5.0 (compatible; Yahoo! Slurp/3.0; http://help.yahoo.com/help/us/ysearch/slurp)"
74.6.18.245 - - [31/Mar/2009:10:21:55 -0400] "GET /stylesheets/ses.css?1189020003 HTTP/1.0" 304 - "http://csd.econsultation.ca/" "Mozilla/5.0 (compatible; Yahoo! Slurp/3.0; http://help.yahoo.com/help/us/ysearch/slurp)"
74.6.18.245 - - [31/Mar/2009:10:21:56 -0400] "GET /stylesheets/rating.css?1189017956 HTTP/1.0" 304 - "http://csd.econsultation.ca/" "Mozilla/5.0 (compatible; Yahoo! Slurp/3.0; http://help.yahoo.com/help/us/ysearch/slurp)"
74.6.18.245 - - [31/Mar/2009:10:21:59 -0400] "GET /stylesheets/autoskill.css?1189017956 HTTP/1.0" 304 - "http://csd.econsultation.ca/" "Mozilla/5.0 (compatible; Yahoo! Slurp/3.0; http://help.yahoo.com/help/us/ysearch/slurp)"
72.14.199.86 - - [31/Mar/2009:10:24:08 -0400] "GET /rss HTTP/1.1" 200 2208 "-" "Feedfetcher-Google; (+http://www.google.com/feedfetcher.html; 3 subscribers; feed-id=11430843355428352885)"
72.14.199.86 - - [31/Mar/2009:11:24:12 -0400] "GET /rss HTTP/1.1" 200 2208 "-" "Feedfetcher-Google; (+http://www.google.com/feedfetcher.html; 3 subscribers; feed-id=11430843355428352885)"
66.249.66.168 - - [31/Mar/2009:11:56:44 -0400] "GET /about HTTP/1.1" 200 12713 "-" "Mozilla/5.0 (compatible; Googlebot/2.1; +http://www.google.com/bot.html)"
208.111.154.16 - - [31/Mar/2009:12:03:47 -0400] "GET /robots.txt HTTP/1.1" 200 99 "-" "Mozilla/5.0 (compatible; Charlotte/1.1; http://www.searchme.com/support/)"
208.111.154.16 - - [31/Mar/2009:12:03:48 -0400] "GET /viewer/index/3 HTTP/1.1" 200 667 "-" "Mozilla/5.0 (compatible; Charlotte/1.1; http://www.searchme.com/support/)"
72.14.199.86 - - [31/Mar/2009:12:24:32 -0400] "GET /rss HTTP/1.1" 200 2208 "-" "Feedfetcher-Google; (+http://www.google.com/feedfetcher.html; 3 subscribers; feed-id=11430843355428352885)"
74.6.18.245 - - [31/Mar/2009:12:54:44 -0400] "GET /robots.txt HTTP/1.0" 200 99 "-" "Mozilla/5.0 (compatible; Yahoo! Slurp; http://help.yahoo.com/help/us/ysearch/slurp)"
74.6.18.245 - - [31/Mar/2009:12:54:44 -0400] "GET /archives HTTP/1.0" 200 8767 "-" "Mozilla/5.0 (compatible; Yahoo! Slurp/3.0; http://help.yahoo.com/help/us/ysearch/slurp)"
74.6.18.245 - - [31/Mar/2009:12:54:47 -0400] "GET /stylesheets/yahoo/fonts.css?1189017956 HTTP/1.0" 304 - "http://csd.econsultation.ca/archives" "Mozilla/5.0 (compatible; Yahoo! Slurp/3.0; http://help.yahoo.com/help/us/ysearch/slurp)"
74.6.18.245 - - [31/Mar/2009:12:54:48 -0400] "GET /stylesheets/yahoo/reset.css?1189017956 HTTP/1.0" 304 - "http://csd.econsultation.ca/archives" "Mozilla/5.0 (compatible; Yahoo! Slurp/3.0; http://help.yahoo.com/help/us/ysearch/slurp)"
74.6.18.245 - - [31/Mar/2009:12:54:49 -0400] "GET /stylesheets/ses.css?1189020003 HTTP/1.0" 304 - "http://csd.econsultation.ca/archives" "Mozilla/5.0 (compatible; Yahoo! Slurp/3.0; http://help.yahoo.com/help/us/ysearch/slurp)"
74.6.18.245 - - [31/Mar/2009:12:54:50 -0400] "GET /stylesheets/rating.css?1189017956 HTTP/1.0" 304 - "http://csd.econsultation.ca/archives" "Mozilla/5.0 (compatible; Yahoo! Slurp/3.0; http://help.yahoo.com/help/us/ysearch/slurp)"
74.6.18.245 - - [31/Mar/2009:12:54:50 -0400] "GET /stylesheets/autoskill.css?1189017956 HTTP/1.0" 304 - "http://csd.econsultation.ca/archives" "Mozilla/5.0 (compatible; Yahoo! Slurp/3.0; http://help.yahoo.com/help/us/ysearch/slurp)"
72.14.199.86 - - [31/Mar/2009:13:24:32 -0400] "GET /rss HTTP/1.1" 200 2208 "-" "Feedfetcher-Google; (+http://www.google.com/feedfetcher.html; 3 subscribers; feed-id=11430843355428352885)"
208.111.154.15 - - [31/Mar/2009:13:59:55 -0400] "GET /robots.txt HTTP/1.1" 200 99 "-" "Mozilla/5.0 (compatible; Charlotte/1.1; http://www.searchme.com/support/)"
208.111.154.15 - - [31/Mar/2009:13:59:55 -0400] "GET /topics/show/1 HTTP/1.1" 200 15290 "-" "Mozilla/5.0 (compatible; Charlotte/1.1; http://www.searchme.com/support/)"
72.14.199.86 - - [31/Mar/2009:14:24:33 -0400] "GET /rss HTTP/1.1" 200 2208 "-" "Feedfetcher-Google; (+http://www.google.com/feedfetcher.html; 3 subscribers; feed-id=11430843355428352885)"
67.195.37.111 - - [31/Mar/2009:15:02:43 -0400] "GET /login HTTP/1.0" 200 8733 "-" "Mozilla/5.0 (compatible; Yahoo! Slurp/3.0; http://help.yahoo.com/help/us/ysearch/slurp)"
67.195.37.111 - - [31/Mar/2009:15:02:49 -0400] "GET /stylesheets/yahoo/fonts.css?1189017956 HTTP/1.0" 304 - "http://csd.econsultation.ca/login" "Mozilla/5.0 (compatible; Yahoo! Slurp/3.0; http://help.yahoo.com/help/us/ysearch/slurp)"
67.195.37.111 - - [31/Mar/2009:15:02:50 -0400] "GET /stylesheets/yahoo/reset.css?1189017956 HTTP/1.0" 304 - "http://csd.econsultation.ca/login" "Mozilla/5.0 (compatible; Yahoo! Slurp/3.0; http://help.yahoo.com/help/us/ysearch/slurp)"
67.195.37.111 - - [31/Mar/2009:15:02:51 -0400] "GET /stylesheets/ses.css?1189020003 HTTP/1.0" 304 - "http://csd.econsultation.ca/login" "Mozilla/5.0 (compatible; Yahoo! Slurp/3.0; http://help.yahoo.com/help/us/ysearch/slurp)"
67.195.37.111 - - [31/Mar/2009:15:02:51 -0400] "GET /stylesheets/rating.css?1189017956 HTTP/1.0" 304 - "http://csd.econsultation.ca/login" "Mozilla/5.0 (compatible; Yahoo! Slurp/3.0; http://help.yahoo.com/help/us/ysearch/slurp)"
67.195.37.111 - - [31/Mar/2009:15:02:52 -0400] "GET /stylesheets/autoskill.css?1189017956 HTTP/1.0" 200 18319 "http://csd.econsultation.ca/login" "Mozilla/5.0 (compatible; Yahoo! Slurp/3.0; http://help.yahoo.com/help/us/ysearch/slurp)"
67.195.37.111 - - [31/Mar/2009:15:17:01 -0400] "GET /about HTTP/1.0" 200 12713 "-" "Mozilla/5.0 (compatible; Yahoo! Slurp/3.0; http://help.yahoo.com/help/us/ysearch/slurp)"
72.14.199.86 - - [31/Mar/2009:15:24:35 -0400] "GET /rss HTTP/1.1" 200 2208 "-" "Feedfetcher-Google; (+http://www.google.com/feedfetcher.html; 3 subscribers; feed-id=11430843355428352885)"
72.14.199.86 - - [31/Mar/2009:16:28:03 -0400] "GET /rss HTTP/1.1" 200 2208 "-" "Feedfetcher-Google; (+http://www.google.com/feedfetcher.html; 3 subscribers; feed-id=11430843355428352885)"
209.85.238.17 - - [31/Mar/2009:17:28:03 -0400] "GET /rss HTTP/1.1" 200 2208 "-" "Feedfetcher-Google; (+http://www.google.com/feedfetcher.html; 3 subscribers; feed-id=11430843355428352885)"
209.85.238.17 - - [31/Mar/2009:18:28:03 -0400] "GET /rss HTTP/1.1" 200 2208 "-" "Feedfetcher-Google; (+http://www.google.com/feedfetcher.html; 3 subscribers; feed-id=11430843355428352885)"
88.191.94.206 - - [31/Mar/2009:18:54:19 -0400] "GET /robots.txt HTTP/1.0" 200 99 "http://csd.econsultation.ca/" "Mozilla/4.0 (compatible; MSIE 6.0; Windows NT 5.1)"
209.85.238.17 - - [31/Mar/2009:19:28:03 -0400] "GET /rss HTTP/1.1" 200 2208 "-" "Feedfetcher-Google; (+http://www.google.com/feedfetcher.html; 3 subscribers; feed-id=11430843355428352885)"
194.8.74.66 - - [31/Mar/2009:19:35:45 -0400] "GET /topics/show/1 HTTP/1.0" 200 15290 "http://csd.econsultation.ca/topics/show/1" "Mozilla/2.0 (compatible; MSIE 3.02; Windows CE; 240x320)"
209.85.238.17 - - [31/Mar/2009:20:28:03 -0400] "GET /rss HTTP/1.1" 200 2208 "-" "Feedfetcher-Google; (+http://www.google.com/feedfetcher.html; 3 subscribers; feed-id=11430843355428352885)"
209.85.238.17 - - [31/Mar/2009:21:28:03 -0400] "GET /rss HTTP/1.1" 200 2208 "-" "Feedfetcher-Google; (+http://www.google.com/feedfetcher.html; 3 subscribers; feed-id=11430843355428352885)"
99.254.58.181 - - [31/Mar/2009:21:32:36 -0400] "GET /rss HTTP/1.1" 200 2208 "-" "Apple-PubSub/65.1.2"
77.88.25.27 - - [31/Mar/2009:21:52:38 -0400] "GET /robots.txt HTTP/1.1" 200 99 "-" "Yandex/1.01.001 (compatible; Win16; I)"
77.88.25.27 - - [31/Mar/2009:21:52:38 -0400] "GET / HTTP/1.1" 200 11887 "-" "Yandex/1.01.001 (compatible; Win16; I)"
99.254.58.181 - - [31/Mar/2009:22:02:39 -0400] "GET /rss HTTP/1.1" 200 2208 "-" "Apple-PubSub/65.1.2"
209.85.238.17 - - [31/Mar/2009:22:28:03 -0400] "GET /rss HTTP/1.1" 200 2208 "-" "Feedfetcher-Google; (+http://www.google.com/feedfetcher.html; 3 subscribers; feed-id=11430843355428352885)"
208.80.195.34 - - [31/Mar/2009:22:41:27 -0400] "GET / HTTP/1.0" 200 11887 "-" "Mozilla/4.0 (compatible; MSIE 7.0; Windows NT 5.1; SIMBAR={F65358C8-496C-4b9b-8FD4-001EECBE86F8}; .NET CLR 1.1.4322; .NET CLR 2.0.50727; .NET CLR 3.0.04506.30)"
209.85.238.17 - - [31/Mar/2009:23:28:10 -0400] "GET /rss HTTP/1.1" 200 2208 "-" "Feedfetcher-Google; (+http://www.google.com/feedfetcher.html; 3 subscribers; feed-id=11430843355428352885)"
