99.231.141.27 - - [31/Mar/2009:19:36:16 -0400] "GET /images/feed-icon-14x14.png HTTP/1.1" 200 689 "http://ottawa.econsultation.ca/" "Mozilla/5.0 (X11; U; Linux i686; en-US; rv:1.9.0.8) Gecko/2009032711 Ubuntu/8.10 (intrepid) Firefox/3.0.8"
99.231.141.27 - - [31/Mar/2009:19:36:16 -0400] "GET /images/topNav_endCurve.png HTTP/1.1" 200 433 "http://ottawa.econsultation.ca/stylesheets/base_1232381990.css" "Mozilla/5.0 (X11; U; Linux i686; en-US; rv:1.9.0.8) Gecko/2009032711 Ubuntu/8.10 (intrepid) Firefox/3.0.8"
99.231.141.27 - - [31/Mar/2009:19:36:16 -0400] "GET /images/ottawa_logo.png HTTP/1.1" 200 14907 "http://ottawa.econsultation.ca/" "Mozilla/5.0 (X11; U; Linux i686; en-US; rv:1.9.0.8) Gecko/2009032711 Ubuntu/8.10 (intrepid) Firefox/3.0.8"
99.231.141.27 - - [31/Mar/2009:19:36:16 -0400] "GET /images/nanos_icon_23.png HTTP/1.1" 200 4797 "http://ottawa.econsultation.ca/" "Mozilla/5.0 (X11; U; Linux i686; en-US; rv:1.9.0.8) Gecko/2009032711 Ubuntu/8.10 (intrepid) Firefox/3.0.8"
99.231.141.27 - - [31/Mar/2009:19:36:16 -0400] "GET /images/right_end.gif HTTP/1.1" 200 131 "http://ottawa.econsultation.ca/stylesheets/base_1232381990.css" "Mozilla/5.0 (X11; U; Linux i686; en-US; rv:1.9.0.8) Gecko/2009032711 Ubuntu/8.10 (intrepid) Firefox/3.0.8"
99.231.141.27 - - [31/Mar/2009:19:36:16 -0400] "GET /images/header/service_level.jpg HTTP/1.1" 200 34258 "http://ottawa.econsultation.ca/stylesheets/base_1232381990.css" "Mozilla/5.0 (X11; U; Linux i686; en-US; rv:1.9.0.8) Gecko/2009032711 Ubuntu/8.10 (intrepid) Firefox/3.0.8"
99.231.141.27 - - [31/Mar/2009:19:36:19 -0400] "GET /favicon.ico HTTP/1.1" 200 - "-" "Mozilla/5.0 (X11; U; Linux i686; en-US; rv:1.9.0.8) Gecko/2009032711 Ubuntu/8.10 (intrepid) Firefox/3.0.8"
74.208.16.10 - - [31/Mar/2009:19:36:49 -0400] "GET /rss?lang=en HTTP/1.0" 200 2852 "-" "-"
88.191.94.206 - - [31/Mar/2009:19:39:54 -0400] "GET / HTTP/1.0" 200 12408 "-" "Mozilla/4.0 (compatible; MSIE 6.0; Windows NT 5.1)"
193.252.149.16 - - [31/Mar/2009:19:52:51 -0400] "GET /?lang=fr HTTP/1.1" 200 13413 "-" "Mozilla/5.0 (Windows; U; Windows NT 5.1; fr; rv:1.8.1) VoilaBot BETA 1.2 (support.voilabot@orange-ftgroup.com)"
193.206.41.224 - - [31/Mar/2009:19:55:27 -0400] "GET /register HTTP/1.0" 200 11623 "http://www.cigarettesbuyer.com/" "Mozilla/4.0 (compatible; MSIE 5.5; Windows 95; BCD2000)"
193.206.41.224 - - [31/Mar/2009:19:55:28 -0400] "GET / HTTP/1.0" 200 12445 "http://ottawa.econsultation.ca/" "Mozilla/4.0 (compatible; MSIE 5.5; Windows 95; BCD2000)"
74.6.18.247 - - [31/Mar/2009:20:01:45 -0400] "GET /lansdowne HTTP/1.0" 200 12018 "-" "Mozilla/5.0 (compatible; Yahoo! Slurp/3.0; http://help.yahoo.com/help/us/ysearch/slurp)"
74.6.18.247 - - [31/Mar/2009:20:01:47 -0400] "GET /stylesheets/base_1232381990.css HTTP/1.0" 304 - "http://ottawa.econsultation.ca/lansdowne" "Mozilla/5.0 (compatible; Yahoo! Slurp/3.0; http://help.yahoo.com/help/us/ysearch/slurp)"
74.6.18.247 - - [31/Mar/2009:20:01:50 -0400] "GET /stylesheets/print.css HTTP/1.0" 304 - "http://ottawa.econsultation.ca/lansdowne" "Mozilla/5.0 (compatible; Yahoo! Slurp/3.0; http://help.yahoo.com/help/us/ysearch/slurp)"
220.181.32.22 - - [31/Mar/2009:20:07:25 -0400] "GET / HTTP/1.1" 200 12408 "-" "Baiduspider+(+http://www.baidu.com/search/spider.htm)"
61.135.168.39 - - [31/Mar/2009:20:12:42 -0400] "GET / HTTP/1.1" 200 12408 "-" "Baiduspider+(+http://www.baidu.com/search/spider.htm)"
209.85.238.25 - - [31/Mar/2009:20:14:23 -0400] "GET /rss?lang=en HTTP/1.1" 200 2852 "-" "Feedfetcher-Google; (+http://www.google.com/feedfetcher.html; 2 subscribers; feed-id=16101248171025639768)"
99.246.174.94 - - [31/Mar/2009:20:18:46 -0400] "GET / HTTP/1.1" 200 12408 "http://www.google.ca/search?q=Ottawa+Transit+Master+Plan&ie=utf-8&oe=utf-8&aq=t&rls=org.mozilla:en-US:official&client=firefox-a" "Mozilla/5.0 (Windows; U; Windows NT 6.0; en-US; rv:1.9.0.7) Gecko/2009021910 Firefox/3.0.7"
99.246.174.94 - - [31/Mar/2009:20:18:47 -0400] "GET /stylesheets/print.css HTTP/1.1" 200 321 "http://ottawa.econsultation.ca/" "Mozilla/5.0 (Windows; U; Windows NT 6.0; en-US; rv:1.9.0.7) Gecko/2009021910 Firefox/3.0.7"
99.246.174.94 - - [31/Mar/2009:20:18:47 -0400] "GET /stylesheets/base_1232381990.css HTTP/1.1" 200 30149 "http://ottawa.econsultation.ca/" "Mozilla/5.0 (Windows; U; Windows NT 6.0; en-US; rv:1.9.0.7) Gecko/2009021910 Firefox/3.0.7"
99.246.174.94 - - [31/Mar/2009:20:18:47 -0400] "GET /javascripts/base_1232381990.js HTTP/1.1" 200 97264 "http://ottawa.econsultation.ca/" "Mozilla/5.0 (Windows; U; Windows NT 6.0; en-US; rv:1.9.0.7) Gecko/2009021910 Firefox/3.0.7"
99.246.174.94 - - [31/Mar/2009:20:18:49 -0400] "GET /favicon.ico HTTP/1.1" 200 - "-" "Mozilla/5.0 (Windows; U; Windows NT 6.0; en-US; rv:1.9.0.7) Gecko/2009021910 Firefox/3.0.7"
99.246.174.94 - - [31/Mar/2009:20:18:49 -0400] "GET /images/topNav_endCurve.png HTTP/1.1" 200 433 "http://ottawa.econsultation.ca/stylesheets/base_1232381990.css" "Mozilla/5.0 (Windows; U; Windows NT 6.0; en-US; rv:1.9.0.7) Gecko/2009021910 Firefox/3.0.7"
99.246.174.94 - - [31/Mar/2009:20:18:49 -0400] "GET /images/feed-icon-14x14.png HTTP/1.1" 200 689 "http://ottawa.econsultation.ca/" "Mozilla/5.0 (Windows; U; Windows NT 6.0; en-US; rv:1.9.0.7) Gecko/2009021910 Firefox/3.0.7"
99.246.174.94 - - [31/Mar/2009:20:18:49 -0400] "GET /images/right_end.gif HTTP/1.1" 200 131 "http://ottawa.econsultation.ca/stylesheets/base_1232381990.css" "Mozilla/5.0 (Windows; U; Windows NT 6.0; en-US; rv:1.9.0.7) Gecko/2009021910 Firefox/3.0.7"
99.246.174.94 - - [31/Mar/2009:20:18:49 -0400] "GET /images/nanos_icon_23.png HTTP/1.1" 200 4797 "http://ottawa.econsultation.ca/" "Mozilla/5.0 (Windows; U; Windows NT 6.0; en-US; rv:1.9.0.7) Gecko/2009021910 Firefox/3.0.7"
99.246.174.94 - - [31/Mar/2009:20:18:49 -0400] "GET /images/search_go_1.jpg HTTP/1.1" 200 665 "http://ottawa.econsultation.ca/" "Mozilla/5.0 (Windows; U; Windows NT 6.0; en-US; rv:1.9.0.7) Gecko/2009021910 Firefox/3.0.7"
99.246.174.94 - - [31/Mar/2009:20:18:49 -0400] "GET /images/ottawa_logo.png HTTP/1.1" 200 14907 "http://ottawa.econsultation.ca/" "Mozilla/5.0 (Windows; U; Windows NT 6.0; en-US; rv:1.9.0.7) Gecko/2009021910 Firefox/3.0.7"
99.246.174.94 - - [31/Mar/2009:20:18:49 -0400] "GET /images/header/service_level.jpg HTTP/1.1" 200 34258 "http://ottawa.econsultation.ca/stylesheets/base_1232381990.css" "Mozilla/5.0 (Windows; U; Windows NT 6.0; en-US; rv:1.9.0.7) Gecko/2009021910 Firefox/3.0.7"
99.246.174.94 - - [31/Mar/2009:20:19:05 -0400] "GET /topics/show/39 HTTP/1.1" 500 2349 "http://ottawa.econsultation.ca/" "Mozilla/5.0 (Windows; U; Windows NT 6.0; en-US; rv:1.9.0.7) Gecko/2009021910 Firefox/3.0.7"
99.246.174.94 - - [31/Mar/2009:20:19:05 -0400] "GET /stylesheets/prosimii-fixed-screen.css HTTP/1.1" 200 5798 "http://ottawa.econsultation.ca/topics/show/39" "Mozilla/5.0 (Windows; U; Windows NT 6.0; en-US; rv:1.9.0.7) Gecko/2009021910 Firefox/3.0.7"
99.246.174.94 - - [31/Mar/2009:20:19:06 -0400] "GET /stylesheets/rating.css HTTP/1.1" 200 456 "http://ottawa.econsultation.ca/topics/show/39" "Mozilla/5.0 (Windows; U; Windows NT 6.0; en-US; rv:1.9.0.7) Gecko/2009021910 Firefox/3.0.7"
99.246.174.94 - - [31/Mar/2009:20:19:06 -0400] "GET /images/nanos_research_logo_small.png HTTP/1.1" 200 5116 "http://ottawa.econsultation.ca/topics/show/39" "Mozilla/5.0 (Windows; U; Windows NT 6.0; en-US; rv:1.9.0.7) Gecko/2009021910 Firefox/3.0.7"
99.246.174.94 - - [31/Mar/2009:20:19:05 -0400] "GET /stylesheets/ses.css HTTP/1.1" 200 12442 "http://ottawa.econsultation.ca/topics/show/39" "Mozilla/5.0 (Windows; U; Windows NT 6.0; en-US; rv:1.9.0.7) Gecko/2009021910 Firefox/3.0.7"
99.246.174.94 - - [31/Mar/2009:20:19:06 -0400] "GET /images/error.png HTTP/1.1" 200 737 "http://ottawa.econsultation.ca/stylesheets/ses.css" "Mozilla/5.0 (Windows; U; Windows NT 6.0; en-US; rv:1.9.0.7) Gecko/2009021910 Firefox/3.0.7"
99.246.174.94 - - [31/Mar/2009:20:19:11 -0400] "GET /topics/show/39 HTTP/1.1" 500 2349 "http://ottawa.econsultation.ca/" "Mozilla/5.0 (Windows; U; Windows NT 6.0; en-US; rv:1.9.0.7) Gecko/2009021910 Firefox/3.0.7"
87.118.90.190 - - [31/Mar/2009:20:38:17 -0400] "GET / HTTP/1.0" 200 12408 "http://ottawa.econsultation.ca/" "Mozilla/4.0 (compatible; MSIE 5.5; Windows 95)"
87.118.90.190 - - [31/Mar/2009:20:38:20 -0400] "GET /register HTTP/1.0" 302 97 "http://ottawa.econsultation.ca/register" "Mozilla/4.0 (compatible; MSIE 5.5; Windows 95)"
87.118.90.190 - - [31/Mar/2009:20:38:21 -0400] "GET / HTTP/1.0" 200 12445 "http://ottawa.econsultation.ca/" "Mozilla/4.0 (compatible; MSIE 5.5; Windows 95)"
87.118.90.190 - - [31/Mar/2009:20:38:24 -0400] "POST /login HTTP/1.0" 200 10610 "http://ottawa.econsultation.ca/" "Mozilla/4.0 (compatible; MSIE 5.5; Windows 95)"
87.118.90.190 - - [31/Mar/2009:20:38:28 -0400] "POST /login HTTP/1.0" 200 10679 "http://ottawa.econsultation.ca/" "Mozilla/4.0 (compatible; MSIE 5.5; Windows 95)"
216.99.39.99 - - [31/Mar/2009:20:40:01 -0400] "GET / HTTP/1.1" 200 13413 "-" "Mozilla/5.0 (X11; U; Linux i686; fr; rv:1.9.0.8) Gecko/2009032711 Ubuntu/8.04 (hardy) Firefox/3.0.8"
74.208.16.10 - - [31/Mar/2009:20:40:13 -0400] "GET /rss?lang=en HTTP/1.0" 302 97 "-" "-"
74.208.16.10 - - [31/Mar/2009:20:40:13 -0400] "GET / HTTP/1.0" 200 12445 "-" "-"
74.6.18.247 - - [31/Mar/2009:20:43:11 -0400] "GET /profile/143893 HTTP/1.0" 200 12102 "-" "Mozilla/5.0 (compatible; Yahoo! Slurp/3.0; http://help.yahoo.com/help/us/ysearch/slurp)"
74.6.18.247 - - [31/Mar/2009:20:51:19 -0400] "GET /viewer/index/134 HTTP/1.0" 500 2349 "-" "Mozilla/5.0 (compatible; Yahoo! Slurp/3.0; http://help.yahoo.com/help/us/ysearch/slurp)"
74.6.18.247 - - [31/Mar/2009:20:52:06 -0400] "GET /viewer/index/134 HTTP/1.0" 500 2349 "-" "Mozilla/5.0 (compatible; Yahoo! Slurp/3.0; http://help.yahoo.com/help/us/ysearch/slurp)"
74.6.18.247 - - [31/Mar/2009:20:52:57 -0400] "GET /viewer/index/134 HTTP/1.0" 302 97 "-" "Mozilla/5.0 (compatible; Yahoo! Slurp/3.0; http://help.yahoo.com/help/us/ysearch/slurp)"
74.6.18.247 - - [31/Mar/2009:20:52:59 -0400] "GET / HTTP/1.0" 200 12445 "-" "Mozilla/5.0 (compatible; Yahoo! Slurp/3.0; http://help.yahoo.com/help/us/ysearch/slurp)"
74.6.18.247 - - [31/Mar/2009:21:08:02 -0400] "GET /profile/105030 HTTP/1.0" 200 10999 "-" "Mozilla/5.0 (compatible; Yahoo! Slurp/3.0; http://help.yahoo.com/help/us/ysearch/slurp)"
61.135.168.39 - - [31/Mar/2009:21:08:17 -0400] "GET / HTTP/1.1" 200 12408 "-" "Baiduspider+(+http://www.baidu.com/search/spider.htm)"
220.181.32.22 - - [31/Mar/2009:21:13:43 -0400] "GET / HTTP/1.1" 200 12408 "-" "Baiduspider+(+http://www.baidu.com/search/spider.htm)"
209.85.238.25 - - [31/Mar/2009:21:14:25 -0400] "GET /rss?lang=en HTTP/1.1" 200 2852 "-" "Feedfetcher-Google; (+http://www.google.com/feedfetcher.html; 2 subscribers; feed-id=16101248171025639768)"
64.119.111.174 - - [31/Mar/2009:21:55:42 -0400] "GET /topics/show/39?root=3971 HTTP/1.0" 500 2349 "http://search.yahoo.com/search?p=EA+for+the+West+LRT+%E2%80%93+Tunney%E2%80%99s+Pasture+to+Baseline+Station+&ei=utf-8&fr=b1ie7" "Mozilla/4.0 (compatible; MSIE 7.0; Windows NT 5.1; InfoPath.1; .NET CLR 1.1.4322)"
64.119.111.174 - - [31/Mar/2009:21:55:43 -0400] "GET /stylesheets/prosimii-fixed-screen.css HTTP/1.0" 200 5798 "http://ottawa.econsultation.ca/topics/show/39?root=3971" "Mozilla/4.0 (compatible; MSIE 7.0; Windows NT 5.1; InfoPath.1; .NET CLR 1.1.4322)"
64.119.111.174 - - [31/Mar/2009:21:55:43 -0400] "GET /stylesheets/ses.css HTTP/1.0" 200 12442 "http://ottawa.econsultation.ca/topics/show/39?root=3971" "Mozilla/4.0 (compatible; MSIE 7.0; Windows NT 5.1; InfoPath.1; .NET CLR 1.1.4322)"
64.119.111.174 - - [31/Mar/2009:21:55:44 -0400] "GET /stylesheets/rating.css HTTP/1.0" 200 456 "http://ottawa.econsultation.ca/topics/show/39?root=3971" "Mozilla/4.0 (compatible; MSIE 7.0; Windows NT 5.1; InfoPath.1; .NET CLR 1.1.4322)"
64.119.111.174 - - [31/Mar/2009:21:55:44 -0400] "GET /images/nanos_research_logo_small.png HTTP/1.0" 200 5116 "http://ottawa.econsultation.ca/topics/show/39?root=3971" "Mozilla/4.0 (compatible; MSIE 7.0; Windows NT 5.1; InfoPath.1; .NET CLR 1.1.4322)"
64.119.111.174 - - [31/Mar/2009:21:55:45 -0400] "GET /images/error.png HTTP/1.0" 200 737 "http://ottawa.econsultation.ca/topics/show/39?root=3971" "Mozilla/4.0 (compatible; MSIE 7.0; Windows NT 5.1; InfoPath.1; .NET CLR 1.1.4322)"
74.208.16.10 - - [31/Mar/2009:21:55:50 -0400] "GET /rss?lang=en HTTP/1.0" 302 97 "-" "-"
74.208.16.10 - - [31/Mar/2009:21:55:51 -0400] "GET / HTTP/1.0" 200 12408 "-" "-"
64.119.111.174 - - [31/Mar/2009:21:55:52 -0400] "GET /topics/show/39?root=3971 HTTP/1.0" 302 97 "http://search.yahoo.com/search?p=EA+for+the+West+LRT+%E2%80%93+Tunney%E2%80%99s+Pasture+to+Baseline+Station+&ei=utf-8&fr=b1ie7" "Mozilla/4.0 (compatible; MSIE 7.0; Windows NT 5.1; InfoPath.1; .NET CLR 1.1.4322)"
64.119.111.174 - - [31/Mar/2009:21:55:52 -0400] "GET / HTTP/1.0" 200 12445 "http://search.yahoo.com/search?p=EA+for+the+West+LRT+%E2%80%93+Tunney%E2%80%99s+Pasture+to+Baseline+Station+&ei=utf-8&fr=b1ie7" "Mozilla/4.0 (compatible; MSIE 7.0; Windows NT 5.1; InfoPath.1; .NET CLR 1.1.4322)"
64.119.111.174 - - [31/Mar/2009:21:55:53 -0400] "GET /stylesheets/base_1232381990.css HTTP/1.0" 200 30149 "http://ottawa.econsultation.ca/" "Mozilla/4.0 (compatible; MSIE 7.0; Windows NT 5.1; InfoPath.1; .NET CLR 1.1.4322)"
64.119.111.174 - - [31/Mar/2009:21:55:54 -0400] "GET /stylesheets/redesign_IE.css HTTP/1.0" 200 4221 "http://ottawa.econsultation.ca/" "Mozilla/4.0 (compatible; MSIE 7.0; Windows NT 5.1; InfoPath.1; .NET CLR 1.1.4322)"
64.119.111.174 - - [31/Mar/2009:21:55:55 -0400] "GET /stylesheets/print.css HTTP/1.0" 200 321 "http://ottawa.econsultation.ca/" "Mozilla/4.0 (compatible; MSIE 7.0; Windows NT 5.1; InfoPath.1; .NET CLR 1.1.4322)"
64.119.111.174 - - [31/Mar/2009:21:55:55 -0400] "GET /javascripts/base_1232381990.js HTTP/1.0" 200 97264 "http://ottawa.econsultation.ca/" "Mozilla/4.0 (compatible; MSIE 7.0; Windows NT 5.1; InfoPath.1; .NET CLR 1.1.4322)"
64.119.111.174 - - [31/Mar/2009:21:55:58 -0400] "GET /images/ottawa_logo.png HTTP/1.0" 200 14907 "http://ottawa.econsultation.ca/" "Mozilla/4.0 (compatible; MSIE 7.0; Windows NT 5.1; InfoPath.1; .NET CLR 1.1.4322)"
64.119.111.174 - - [31/Mar/2009:21:55:58 -0400] "GET /images/right_end.gif HTTP/1.0" 200 131 "http://ottawa.econsultation.ca/" "Mozilla/4.0 (compatible; MSIE 7.0; Windows NT 5.1; InfoPath.1; .NET CLR 1.1.4322)"
64.119.111.174 - - [31/Mar/2009:21:55:58 -0400] "GET /images/header/service_level.jpg HTTP/1.0" 200 34258 "http://ottawa.econsultation.ca/" "Mozilla/4.0 (compatible; MSIE 7.0; Windows NT 5.1; InfoPath.1; .NET CLR 1.1.4322)"
64.119.111.174 - - [31/Mar/2009:21:55:59 -0400] "GET /images/search_go_1.jpg HTTP/1.0" 200 665 "http://ottawa.econsultation.ca/" "Mozilla/4.0 (compatible; MSIE 7.0; Windows NT 5.1; InfoPath.1; .NET CLR 1.1.4322)"
64.119.111.174 - - [31/Mar/2009:21:55:59 -0400] "GET /images/feed-icon-14x14.png HTTP/1.0" 200 689 "http://ottawa.econsultation.ca/" "Mozilla/4.0 (compatible; MSIE 7.0; Windows NT 5.1; InfoPath.1; .NET CLR 1.1.4322)"
64.119.111.174 - - [31/Mar/2009:21:55:59 -0400] "GET /images/nanos_icon_23.png HTTP/1.0" 200 4797 "http://ottawa.econsultation.ca/" "Mozilla/4.0 (compatible; MSIE 7.0; Windows NT 5.1; InfoPath.1; .NET CLR 1.1.4322)"
64.119.111.174 - - [31/Mar/2009:21:56:00 -0400] "GET /images/header/ottawa_logo.png HTTP/1.0" 200 14907 "-" "Mozilla/4.0 (compatible; MSIE 7.0; Windows NT 5.1; InfoPath.1; .NET CLR 1.1.4322)"
64.119.111.174 - - [31/Mar/2009:21:56:01 -0400] "GET /images/topNav_endCurve.png HTTP/1.0" 200 433 "http://ottawa.econsultation.ca/" "Mozilla/4.0 (compatible; MSIE 7.0; Windows NT 5.1; InfoPath.1; .NET CLR 1.1.4322)"
64.119.111.174 - - [31/Mar/2009:21:56:07 -0400] "GET /favicon.ico HTTP/1.0" 200 - "-" "Mozilla/4.0 (compatible; MSIE 7.0; Windows NT 5.1; InfoPath.1; .NET CLR 1.1.4322)"
64.119.111.174 - - [31/Mar/2009:21:56:16 -0400] "GET /topics/show/38 HTTP/1.0" 302 97 "http://ottawa.econsultation.ca/" "Mozilla/4.0 (compatible; MSIE 7.0; Windows NT 5.1; InfoPath.1; .NET CLR 1.1.4322)"
64.119.111.174 - - [31/Mar/2009:21:56:16 -0400] "GET / HTTP/1.0" 200 12408 "http://ottawa.econsultation.ca/" "Mozilla/4.0 (compatible; MSIE 7.0; Windows NT 5.1; InfoPath.1; .NET CLR 1.1.4322)"
64.119.111.174 - - [31/Mar/2009:21:56:38 -0400] "GET /topics/show/39 HTTP/1.0" 302 97 "http://ottawa.econsultation.ca/" "Mozilla/4.0 (compatible; MSIE 7.0; Windows NT 5.1; InfoPath.1; .NET CLR 1.1.4322)"
64.119.111.174 - - [31/Mar/2009:21:56:38 -0400] "GET / HTTP/1.0" 200 12445 "http://ottawa.econsultation.ca/" "Mozilla/4.0 (compatible; MSIE 7.0; Windows NT 5.1; InfoPath.1; .NET CLR 1.1.4322)"
74.6.18.247 - - [31/Mar/2009:22:01:39 -0400] "GET /profile/81 HTTP/1.0" 200 11105 "-" "Mozilla/5.0 (compatible; Yahoo! Slurp/3.0; http://help.yahoo.com/help/us/ysearch/slurp)"
220.181.32.22 - - [31/Mar/2009:22:06:15 -0400] "GET / HTTP/1.1" 200 12408 "-" "Baiduspider+(+http://www.baidu.com/search/spider.htm)"
61.135.168.39 - - [31/Mar/2009:22:10:01 -0400] "GET / HTTP/1.1" 200 12408 "-" "Baiduspider+(+http://www.baidu.com/search/spider.htm)"
209.85.238.25 - - [31/Mar/2009:22:15:00 -0400] "GET /rss?lang=en HTTP/1.1" 200 2852 "-" "Feedfetcher-Google; (+http://www.google.com/feedfetcher.html; 2 subscribers; feed-id=16101248171025639768)"
74.6.18.247 - - [31/Mar/2009:22:24:30 -0400] "GET /stylesheets/base_1232381990.css HTTP/1.0" 304 - "http://ottawa.econsultation.ca/" "Mozilla/5.0 (compatible; Yahoo! Slurp/3.0; http://help.yahoo.com/help/us/ysearch/slurp)"
74.6.18.247 - - [31/Mar/2009:22:24:33 -0400] "GET /stylesheets/print.css HTTP/1.0" 304 - "http://ottawa.econsultation.ca/" "Mozilla/5.0 (compatible; Yahoo! Slurp/3.0; http://help.yahoo.com/help/us/ysearch/slurp)"
211.189.18.165 - - [31/Mar/2009:22:28:44 -0400] "GET / HTTP/1.0" 200 12408 "http://bestcigarettesshop.com/cheap-davidoff-cigarettes/" "Mozilla/4.0 (compatible; MSIE 6.0; Windows NT 5.1; SV1; InfoPath.1"
208.111.154.15 - - [31/Mar/2009:22:30:13 -0400] "GET /robots.txt HTTP/1.1" 200 99 "-" "Mozilla/5.0 (compatible; Charlotte/1.1; http://www.searchme.com/support/)"
208.111.154.15 - - [31/Mar/2009:22:30:14 -0400] "GET /topics/show/9?lang=en HTTP/1.1" 302 97 "-" "Mozilla/5.0 (compatible; Charlotte/1.1; http://www.searchme.com/support/)"
208.111.154.15 - - [31/Mar/2009:22:30:19 -0400] "GET / HTTP/1.1" 200 12445 "-" "Mozilla/5.0 (compatible; Charlotte/1.1; http://www.searchme.com/support/)"
74.6.18.247 - - [31/Mar/2009:22:46:46 -0400] "GET /account/remind_password HTTP/1.0" 200 9941 "-" "Mozilla/5.0 (compatible; Yahoo! Slurp/3.0; http://help.yahoo.com/help/us/ysearch/slurp)"
72.138.109.183 - - [31/Mar/2009:23:05:35 -0400] "GET /rss?lang=en HTTP/1.1" 200 2852 "-" "AppleSyndication/55"
61.135.168.39 - - [31/Mar/2009:23:08:59 -0400] "GET / HTTP/1.1" 200 12408 "-" "Baiduspider+(+http://www.baidu.com/search/spider.htm)"
220.181.32.22 - - [31/Mar/2009:23:11:52 -0400] "GET / HTTP/1.1" 200 12408 "-" "Baiduspider+(+http://www.baidu.com/search/spider.htm)"
209.85.238.25 - - [31/Mar/2009:23:15:04 -0400] "GET /rss?lang=en HTTP/1.1" 200 2852 "-" "Feedfetcher-Google; (+http://www.google.com/feedfetcher.html; 2 subscribers; feed-id=16101248171025639768)"
208.80.195.28 - - [31/Mar/2009:23:26:38 -0400] "GET / HTTP/1.0" 200 12408 "-" "Mozilla/4.0 (compatible; MSIE 6.0; Windows NT 5.1; SV1; ZangoToolbar 4.8.3; HbTools 4.8.4)"
74.208.16.10 - - [31/Mar/2009:23:32:31 -0400] "GET /rss?lang=en HTTP/1.0" 200 2852 "-" "-"
