72.14.199.124 - - [31/Mar/2009:04:06:02 -0400] "GET /rss?lang=en HTTP/1.1" 200 2852 "-" "Feedfetcher-Google; (+http://www.google.com/feedfetcher.html; 2 subscribers; feed-id=16101248171025639768)"
220.181.32.22 - - [31/Mar/2009:04:07:12 -0400] "GET / HTTP/1.1" 200 12445 "-" "Baiduspider+(+http://www.baidu.com/search/spider.htm)"
61.135.168.39 - - [31/Mar/2009:04:11:17 -0400] "GET / HTTP/1.1" 200 12445 "-" "Baiduspider+(+http://www.baidu.com/search/spider.htm)"
66.249.66.168 - - [31/Mar/2009:04:13:44 -0400] "GET /account/remind_password HTTP/1.1" 200 9941 "-" "Mozilla/5.0 (compatible; Googlebot/2.1; +http://www.google.com/bot.html)"
74.6.18.247 - - [31/Mar/2009:04:16:47 -0400] "GET /robots.txt HTTP/1.0" 200 99 "-" "Mozilla/5.0 (compatible; Yahoo! Slurp; http://help.yahoo.com/help/us/ysearch/slurp)"
74.6.18.247 - - [31/Mar/2009:04:16:48 -0400] "GET /register HTTP/1.0" 302 97 "-" "Mozilla/5.0 (compatible; Yahoo! Slurp/3.0; http://help.yahoo.com/help/us/ysearch/slurp)"
74.6.18.247 - - [31/Mar/2009:04:16:49 -0400] "GET / HTTP/1.0" 200 12408 "-" "Mozilla/5.0 (compatible; Yahoo! Slurp/3.0; http://help.yahoo.com/help/us/ysearch/slurp)"
74.6.18.247 - - [31/Mar/2009:04:16:51 -0400] "GET /stylesheets/base_1232381990.css HTTP/1.0" 304 - "http://ottawa.econsultation.ca/" "Mozilla/5.0 (compatible; Yahoo! Slurp/3.0; http://help.yahoo.com/help/us/ysearch/slurp)"
74.6.18.247 - - [31/Mar/2009:04:16:53 -0400] "GET /stylesheets/print.css HTTP/1.0" 304 - "http://ottawa.econsultation.ca/" "Mozilla/5.0 (compatible; Yahoo! Slurp/3.0; http://help.yahoo.com/help/us/ysearch/slurp)"
208.111.154.15 - - [31/Mar/2009:04:38:31 -0400] "GET /robots.txt HTTP/1.1" 200 99 "-" "Mozilla/5.0 (compatible; Charlotte/1.1; http://www.searchme.com/support/)"
208.111.154.15 - - [31/Mar/2009:04:38:31 -0400] "GET /topics/show/14 HTTP/1.1" 302 97 "-" "Mozilla/5.0 (compatible; Charlotte/1.1; http://www.searchme.com/support/)"
208.111.154.15 - - [31/Mar/2009:04:38:32 -0400] "GET / HTTP/1.1" 200 12445 "-" "Mozilla/5.0 (compatible; Charlotte/1.1; http://www.searchme.com/support/)"
74.208.16.10 - - [31/Mar/2009:04:51:20 -0400] "GET /rss?lang=en HTTP/1.0" 200 2852 "-" "-"
72.14.199.124 - - [31/Mar/2009:05:06:02 -0400] "GET /rss?lang=en HTTP/1.1" 302 97 "-" "Feedfetcher-Google; (+http://www.google.com/feedfetcher.html; 2 subscribers; feed-id=16101248171025639768)"
72.14.199.124 - - [31/Mar/2009:05:06:03 -0400] "GET / HTTP/1.1" 200 12445 "-" "Feedfetcher-Google; (+http://www.google.com/feedfetcher.html; 2 subscribers; feed-id=16101248171025639768)"
61.135.168.39 - - [31/Mar/2009:05:08:54 -0400] "GET / HTTP/1.1" 200 12408 "-" "Baiduspider+(+http://www.baidu.com/search/spider.htm)"
220.181.32.22 - - [31/Mar/2009:05:12:28 -0400] "GET / HTTP/1.1" 200 12445 "-" "Baiduspider+(+http://www.baidu.com/search/spider.htm)"
66.249.66.168 - - [31/Mar/2009:05:58:08 -0400] "GET /rss?lang=fr HTTP/1.1" 200 3470 "-" "Mozilla/5.0 (compatible; Googlebot/2.1; +http://www.google.com/bot.html)"
72.14.199.124 - - [31/Mar/2009:06:06:03 -0400] "GET /rss?lang=en HTTP/1.1" 302 97 "-" "Feedfetcher-Google; (+http://www.google.com/feedfetcher.html; 2 subscribers; feed-id=16101248171025639768)"
72.14.199.124 - - [31/Mar/2009:06:06:04 -0400] "GET / HTTP/1.1" 200 12445 "-" "Feedfetcher-Google; (+http://www.google.com/feedfetcher.html; 2 subscribers; feed-id=16101248171025639768)"
61.135.168.39 - - [31/Mar/2009:06:08:22 -0400] "GET / HTTP/1.1" 200 12408 "-" "Baiduspider+(+http://www.baidu.com/search/spider.htm)"
74.208.16.10 - - [31/Mar/2009:06:13:11 -0400] "GET /rss?lang=en HTTP/1.0" 302 97 "-" "-"
74.208.16.10 - - [31/Mar/2009:06:13:11 -0400] "GET / HTTP/1.0" 200 12445 "-" "-"
220.181.32.22 - - [31/Mar/2009:06:13:50 -0400] "GET / HTTP/1.1" 200 12408 "-" "Baiduspider+(+http://www.baidu.com/search/spider.htm)"
66.249.66.168 - - [31/Mar/2009:06:23:30 -0400] "GET /?lang=en HTTP/1.1" 200 12445 "-" "Mozilla/5.0 (compatible; Googlebot/2.1; +http://www.google.com/bot.html)"
66.249.66.168 - - [31/Mar/2009:06:49:10 -0400] "GET /topics/show/41?lang=fr HTTP/1.1" 302 97 "-" "Mozilla/5.0 (compatible; Googlebot/2.1; +http://www.google.com/bot.html)"
72.14.199.124 - - [31/Mar/2009:07:06:04 -0400] "GET /rss?lang=en HTTP/1.1" 200 2852 "-" "Feedfetcher-Google; (+http://www.google.com/feedfetcher.html; 2 subscribers; feed-id=16101248171025639768)"
211.189.18.165 - - [31/Mar/2009:07:06:10 -0400] "GET / HTTP/1.0" 200 12445 "http://bestcigarettesshop.com/cheap-winston-cigarettes/" "Mozilla/4.0 (compatible; MSIE 4.01; Digital AlphaServer 1000A 4/233; Windows NT; Powered By 64-Bit Alpha Processor)"
72.138.109.183 - - [31/Mar/2009:07:06:25 -0400] "GET /rss?lang=en HTTP/1.1" 302 97 "-" "AppleSyndication/55"
72.138.109.183 - - [31/Mar/2009:07:06:25 -0400] "GET / HTTP/1.1" 200 12408 "-" "AppleSyndication/55"
220.181.32.22 - - [31/Mar/2009:07:07:19 -0400] "GET / HTTP/1.1" 200 12445 "-" "Baiduspider+(+http://www.baidu.com/search/spider.htm)"
61.135.168.39 - - [31/Mar/2009:07:07:30 -0400] "GET / HTTP/1.1" 200 12445 "-" "Baiduspider+(+http://www.baidu.com/search/spider.htm)"
74.208.16.10 - - [31/Mar/2009:07:18:07 -0400] "GET /rss?lang=en HTTP/1.0" 200 2852 "-" "-"
208.111.154.15 - - [31/Mar/2009:07:18:20 -0400] "GET /robots.txt HTTP/1.1" 200 99 "-" "Mozilla/5.0 (compatible; Charlotte/1.1; http://www.searchme.com/support/)"
208.111.154.15 - - [31/Mar/2009:07:18:21 -0400] "GET /topics/show/6 HTTP/1.1" 302 97 "-" "Mozilla/5.0 (compatible; Charlotte/1.1; http://www.searchme.com/support/)"
208.111.154.15 - - [31/Mar/2009:07:18:22 -0400] "GET / HTTP/1.1" 200 12408 "-" "Mozilla/5.0 (compatible; Charlotte/1.1; http://www.searchme.com/support/)"
81.52.143.25 - - [31/Mar/2009:07:36:17 -0400] "GET /robots.txt HTTP/1.1" 200 99 "-" "Mozilla/4.0 (compatible; MSIE 4.01; Windows CE; PPC; 240x320; SPV M700; OpVer 19.123.2.733) OrangeBot-Mobile 2008.0 (mobilesearch.support@orange-ftgroup.com)"
81.52.143.25 - - [31/Mar/2009:07:36:19 -0400] "GET /?lang=fr HTTP/1.1" 200 13431 "-" "Mozilla/4.0 (compatible; MSIE 4.01; Windows CE; PPC; 240x320; SPV M700; OpVer 19.123.2.733) OrangeBot-Mobile 2008.0 (mobilesearch.support@orange-ftgroup.com)"
81.52.143.25 - - [31/Mar/2009:07:36:20 -0400] "HEAD /images/ottawa_logo.png HTTP/1.1" 200 - "-" "Mozilla/4.0 (compatible; MSIE 4.01; Windows CE; PPC;; 240x320; SPV M700; OpVer 19.123.2.733) OrangeBot-Mobile 2008.0 (support.mobilesearch@orange-ftgroup.com)"
81.52.143.25 - - [31/Mar/2009:07:36:20 -0400] "HEAD /images/feed-icon-14x14.png HTTP/1.1" 200 - "-" "Mozilla/4.0 (compatible; MSIE 4.01; Windows CE; PPC;; 240x320; SPV M700; OpVer 19.123.2.733) OrangeBot-Mobile 2008.0 (support.mobilesearch@orange-ftgroup.com)"
81.52.143.25 - - [31/Mar/2009:07:36:21 -0400] "HEAD /images/nanos_icon_23.png HTTP/1.1" 200 - "-" "Mozilla/4.0 (compatible; MSIE 4.01; Windows CE; PPC;; 240x320; SPV M700; OpVer 19.123.2.733) OrangeBot-Mobile 2008.0 (support.mobilesearch@orange-ftgroup.com)"
208.111.154.24 - - [31/Mar/2009:07:52:53 -0400] "GET /robots.txt HTTP/1.1" 200 99 "-" "Mozilla/5.0 (compatible; Charlotte/1.1; http://www.searchme.com/support/)"
208.111.154.24 - - [31/Mar/2009:07:52:53 -0400] "GET /archives HTTP/1.1" 302 97 "-" "Mozilla/5.0 (compatible; Charlotte/1.1; http://www.searchme.com/support/)"
208.111.154.24 - - [31/Mar/2009:07:52:54 -0400] "GET / HTTP/1.1" 200 12445 "-" "Mozilla/5.0 (compatible; Charlotte/1.1; http://www.searchme.com/support/)"
72.14.199.124 - - [31/Mar/2009:08:06:05 -0400] "GET /rss?lang=en HTTP/1.1" 200 2852 "-" "Feedfetcher-Google; (+http://www.google.com/feedfetcher.html; 2 subscribers; feed-id=16101248171025639768)"
220.181.32.22 - - [31/Mar/2009:08:07:53 -0400] "GET / HTTP/1.1" 200 12445 "-" "Baiduspider+(+http://www.baidu.com/search/spider.htm)"
61.135.168.39 - - [31/Mar/2009:08:12:48 -0400] "GET / HTTP/1.1" 200 12408 "-" "Baiduspider+(+http://www.baidu.com/search/spider.htm)"
69.63.180.249 - - [31/Mar/2009:08:14:18 -0400] "GET /images/ottawa_logo.png HTTP/1.1" 200 14907 "-" "facebookexternalhit/1.0 (+http://www.facebook.com/externalhit_uatext.php)"
67.195.37.170 - - [31/Mar/2009:08:33:18 -0400] "GET /robots.txt HTTP/1.0" 200 99 "-" "Mozilla/5.0 (compatible; Yahoo! Slurp; http://help.yahoo.com/help/us/ysearch/slurp)"
67.195.37.170 - - [31/Mar/2009:08:33:18 -0400] "GET /topics/show/39 HTTP/1.0" 302 97 "-" "Mozilla/5.0 (compatible; Yahoo! Slurp; http://help.yahoo.com/help/us/ysearch/slurp)"
67.195.37.170 - - [31/Mar/2009:08:33:27 -0400] "GET / HTTP/1.0" 200 12445 "-" "Mozilla/5.0 (compatible; Yahoo! Slurp; http://help.yahoo.com/help/us/ysearch/slurp)"
87.118.90.181 - - [31/Mar/2009:08:34:29 -0400] "GET / HTTP/1.0" 200 12408 "http://ottawa.econsultation.ca/" "Mozilla/4.0 (compatible; MSIE 6.0; Windows NT 5.1; SV1; .NET CLR 1.1.4322) Babya Discoverer  8.0:"
87.118.90.181 - - [31/Mar/2009:08:34:30 -0400] "GET /register HTTP/1.0" 302 97 "http://ottawa.econsultation.ca/register" "Mozilla/4.0 (compatible; MSIE 6.0; Windows NT 5.1; SV1; .NET CLR 1.1.4322) Babya Discoverer  8.0:"
87.118.90.181 - - [31/Mar/2009:08:34:30 -0400] "GET / HTTP/1.0" 200 12445 "http://ottawa.econsultation.ca/" "Mozilla/4.0 (compatible; MSIE 6.0; Windows NT 5.1; SV1; .NET CLR 1.1.4322) Babya Discoverer  8.0:"
87.118.90.181 - - [31/Mar/2009:08:34:31 -0400] "POST /login HTTP/1.0" 200 10610 "http://ottawa.econsultation.ca/" "Mozilla/4.0 (compatible; MSIE 6.0; Windows NT 5.1; SV1; .NET CLR 1.1.4322) Babya Discoverer  8.0:"
87.118.90.181 - - [31/Mar/2009:08:34:37 -0400] "POST /login HTTP/1.0" 200 10679 "http://ottawa.econsultation.ca/" "Mozilla/4.0 (compatible; MSIE 6.0; Windows NT 5.1; SV1; .NET CLR 1.1.4322) Babya Discoverer  8.0:"
212.117.160.9 - - [31/Mar/2009:08:34:59 -0400] "GET /topics/show/41?lang=en HTTP/1.0" 302 97 "http://ottawa.econsultation.ca/topics/show/41?lang=en" "Mozilla/4.0 (compatible; MSIE 6.0; Windows NT 5.1; SV1; .NET CLR 1.0.3705; .NET CLR 1.1.4322; .NET CLR 2.0.40607)"
212.117.160.9 - - [31/Mar/2009:08:35:00 -0400] "GET / HTTP/1.0" 200 12408 "http://ottawa.econsultation.ca/" "Mozilla/4.0 (compatible; MSIE 6.0; Windows NT 5.1; SV1; .NET CLR 1.0.3705; .NET CLR 1.1.4322; .NET CLR 2.0.40607)"
65.95.0.129 - - [31/Mar/2009:08:35:10 -0400] "GET /rss?lang=fr HTTP/1.1" 302 97 "-" "Windows-RSS-Platform/1.0 (MSIE 7.0; Windows NT 5.1)"
65.95.0.129 - - [31/Mar/2009:08:35:10 -0400] "GET / HTTP/1.1" 200 12445 "-" "Windows-RSS-Platform/1.0 (MSIE 7.0; Windows NT 5.1)"
65.95.0.129 - - [31/Mar/2009:08:35:31 -0400] "GET /rss?lang=en HTTP/1.1" 200 2852 "-" "Windows-RSS-Platform/1.0 (MSIE 7.0; Windows NT 5.1)"
74.208.16.10 - - [31/Mar/2009:08:44:26 -0400] "GET /rss?lang=en HTTP/1.0" 200 2852 "-" "-"
65.95.0.129 - - [31/Mar/2009:08:51:12 -0400] "GET /rss?lang=fr HTTP/1.1" 302 97 "-" "Windows-RSS-Platform/1.0 (MSIE 7.0; Windows NT 5.1)"
65.95.0.129 - - [31/Mar/2009:08:51:13 -0400] "GET / HTTP/1.1" 200 12445 "-" "Windows-RSS-Platform/1.0 (MSIE 7.0; Windows NT 5.1)"
72.14.199.124 - - [31/Mar/2009:09:06:05 -0400] "GET /rss?lang=en HTTP/1.1" 200 2852 "-" "Feedfetcher-Google; (+http://www.google.com/feedfetcher.html; 2 subscribers; feed-id=16101248171025639768)"
220.181.32.22 - - [31/Mar/2009:09:11:49 -0400] "GET / HTTP/1.1" 200 12445 "-" "Baiduspider+(+http://www.baidu.com/search/spider.htm)"
61.135.168.39 - - [31/Mar/2009:09:12:54 -0400] "GET / HTTP/1.1" 200 12408 "-" "Baiduspider+(+http://www.baidu.com/search/spider.htm)"
74.6.18.247 - - [31/Mar/2009:09:23:12 -0400] "GET /profile/66780 HTTP/1.0" 200 12715 "-" "Mozilla/5.0 (compatible; Yahoo! Slurp/3.0; http://help.yahoo.com/help/us/ysearch/slurp)"
74.6.18.247 - - [31/Mar/2009:09:23:13 -0400] "GET /stylesheets/base_1232381990.css HTTP/1.0" 304 - "http://ottawa.econsultation.ca/profile/66780" "Mozilla/5.0 (compatible; Yahoo! Slurp/3.0; http://help.yahoo.com/help/us/ysearch/slurp)"
74.6.18.247 - - [31/Mar/2009:09:23:14 -0400] "GET /stylesheets/print.css HTTP/1.0" 304 - "http://ottawa.econsultation.ca/profile/66780" "Mozilla/5.0 (compatible; Yahoo! Slurp/3.0; http://help.yahoo.com/help/us/ysearch/slurp)"
65.95.0.129 - - [31/Mar/2009:09:31:19 -0400] "GET /rss?lang=fr HTTP/1.1" 200 3470 "-" "Windows-RSS-Platform/1.0 (MSIE 7.0; Windows NT 5.1)"
72.138.109.183 - - [31/Mar/2009:09:40:51 -0400] "GET /rss?lang=en HTTP/1.1" 302 97 "-" "AppleSyndication/55"
72.138.109.183 - - [31/Mar/2009:09:40:51 -0400] "GET / HTTP/1.1" 200 12445 "-" "AppleSyndication/55"
65.55.104.162 - - [31/Mar/2009:09:54:15 -0400] "GET /robots.txt HTTP/1.1" 200 99 "-" "msnbot/1.1 (+http://search.msn.com/msnbot.htm)"
65.55.104.162 - - [31/Mar/2009:09:54:15 -0400] "GET / HTTP/1.1" 200 12445 "-" "msnbot/1.1 (+http://search.msn.com/msnbot.htm)"
119.99.71.72 - - [31/Mar/2009:10:04:16 -0400] "GET /register HTTP/1.0" 200 11623 "http://www.cheap-24h.com/Camel-cigarettes" "Mozilla/4.0 (compatible; MSIE 6.0; Windows NT 5.1; ru) Opera 8.01"
119.99.71.72 - - [31/Mar/2009:10:04:20 -0400] "GET / HTTP/1.0" 200 12445 "http://ottawa.econsultation.ca/" "Mozilla/4.0 (compatible; MSIE 6.0; Windows NT 5.1; ru) Opera 8.01"
66.249.66.168 - - [31/Mar/2009:10:05:24 -0400] "GET /viewer/index/133 HTTP/1.1" 302 97 "-" "Mozilla/5.0 (compatible; Googlebot/2.1; +http://www.google.com/bot.html)"
72.14.199.124 - - [31/Mar/2009:10:06:06 -0400] "GET /rss?lang=en HTTP/1.1" 200 2852 "-" "Feedfetcher-Google; (+http://www.google.com/feedfetcher.html; 2 subscribers; feed-id=16101248171025639768)"
65.95.0.129 - - [31/Mar/2009:10:06:22 -0400] "GET /rss?lang=en HTTP/1.1" 302 97 "-" "Windows-RSS-Platform/1.0 (MSIE 7.0; Windows NT 5.1)"
65.95.0.129 - - [31/Mar/2009:10:06:22 -0400] "GET / HTTP/1.1" 200 12445 "-" "Windows-RSS-Platform/1.0 (MSIE 7.0; Windows NT 5.1)"
220.181.32.22 - - [31/Mar/2009:10:06:46 -0400] "GET / HTTP/1.1" 200 12408 "-" "Baiduspider+(+http://www.baidu.com/search/spider.htm)"
61.135.168.39 - - [31/Mar/2009:10:11:47 -0400] "GET / HTTP/1.1" 200 12408 "-" "Baiduspider+(+http://www.baidu.com/search/spider.htm)"
204.15.23.170 - - [31/Mar/2009:10:14:47 -0400] "GET /images/ottawa_logo.png HTTP/1.1" 200 14907 "-" "facebookexternalhit/1.0 (+http://www.facebook.com/externalhit_uatext.php)"
204.15.23.171 - - [31/Mar/2009:10:15:00 -0400] "GET /images/ottawa_logo.png HTTP/1.1" 200 14907 "-" "facebookexternalhit/1.0 (+http://www.facebook.com/externalhit_uatext.php)"
65.95.0.129 - - [31/Mar/2009:10:21:24 -0400] "GET /rss?lang=en HTTP/1.1" 200 2852 "-" "Windows-RSS-Platform/1.0 (MSIE 7.0; Windows NT 5.1)"
74.208.16.10 - - [31/Mar/2009:10:26:32 -0400] "GET /rss?lang=en HTTP/1.0" 200 2852 "-" "-"
67.195.37.91 - - [31/Mar/2009:10:34:19 -0400] "GET /robots.txt HTTP/1.0" 200 99 "-" "Mozilla/5.0 (compatible; Yahoo! Slurp; http://help.yahoo.com/help/us/ysearch/slurp)"
67.195.37.91 - - [31/Mar/2009:10:34:19 -0400] "GET /login HTTP/1.0" 200 10642 "-" "Mozilla/5.0 (compatible; Yahoo! Slurp/3.0; http://help.yahoo.com/help/us/ysearch/slurp)"
67.195.37.91 - - [31/Mar/2009:10:34:20 -0400] "GET /stylesheets/base_1232381990.css HTTP/1.0" 200 30149 "http://ottawa.econsultation.ca/login" "Mozilla/5.0 (compatible; Yahoo! Slurp/3.0; http://help.yahoo.com/help/us/ysearch/slurp)"
67.195.37.91 - - [31/Mar/2009:10:34:20 -0400] "GET /stylesheets/print.css HTTP/1.0" 200 321 "http://ottawa.econsultation.ca/login" "Mozilla/5.0 (compatible; Yahoo! Slurp/3.0; http://help.yahoo.com/help/us/ysearch/slurp)"
74.6.18.247 - - [31/Mar/2009:11:05:26 -0400] "GET /archives HTTP/1.0" 200 11231 "-" "Mozilla/5.0 (compatible; Yahoo! Slurp/3.0; http://help.yahoo.com/help/us/ysearch/slurp)"
72.14.199.124 - - [31/Mar/2009:11:06:08 -0400] "GET /rss?lang=en HTTP/1.1" 200 2852 "-" "Feedfetcher-Google; (+http://www.google.com/feedfetcher.html; 2 subscribers; feed-id=16101248171025639768)"
74.6.18.247 - - [31/Mar/2009:11:08:24 -0400] "GET /archives?lang=fr HTTP/1.0" 200 11573 "-" "Mozilla/5.0 (compatible; Yahoo! Slurp/3.0; http://help.yahoo.com/help/us/ysearch/slurp)"
220.181.32.22 - - [31/Mar/2009:11:09:40 -0400] "GET / HTTP/1.1" 200 12445 "-" "Baiduspider+(+http://www.baidu.com/search/spider.htm)"
61.135.168.39 - - [31/Mar/2009:11:14:20 -0400] "GET / HTTP/1.1" 200 12408 "-" "Baiduspider+(+http://www.baidu.com/search/spider.htm)"
66.249.66.168 - - [31/Mar/2009:11:15:43 -0400] "GET /profile/139780 HTTP/1.1" 200 12215 "-" "Mozilla/5.0 (compatible; Googlebot/2.1; +http://www.google.com/bot.html)"
74.6.18.247 - - [31/Mar/2009:11:26:46 -0400] "GET /login HTTP/1.0" 200 10573 "-" "Mozilla/5.0 (compatible; Yahoo! Slurp/3.0; http://help.yahoo.com/help/us/ysearch/slurp)"
74.6.18.247 - - [31/Mar/2009:11:26:47 -0400] "GET /stylesheets/base_1232381990.css HTTP/1.0" 304 - "http://ottawa.econsultation.ca/login" "Mozilla/5.0 (compatible; Yahoo! Slurp/3.0; http://help.yahoo.com/help/us/ysearch/slurp)"
74.6.18.247 - - [31/Mar/2009:11:26:47 -0400] "GET /stylesheets/print.css HTTP/1.0" 304 - "http://ottawa.econsultation.ca/login" "Mozilla/5.0 (compatible; Yahoo! Slurp/3.0; http://help.yahoo.com/help/us/ysearch/slurp)"
74.6.18.247 - - [31/Mar/2009:11:32:23 -0400] "GET /login?lang=fr HTTP/1.0" 200 10936 "-" "Mozilla/5.0 (compatible; Yahoo! Slurp/3.0; http://help.yahoo.com/help/us/ysearch/slurp)"
194.8.75.96 - - [31/Mar/2009:11:53:17 -0400] "GET / HTTP/1.0" 200 12408 "http://ottawa.econsultation.ca/" "Mozilla/4.0 (compatible; MSIE 6.0; Windows NT 5.1; SV1; YPC 3.0.2; .NET CLR 1.1.4322; yplus 4.4.02b)"
194.8.75.96 - - [31/Mar/2009:11:53:18 -0400] "GET /topics/show/ HTTP/1.0" 302 97 "http://ottawa.econsultation.ca/topics/show/" "Mozilla/4.0 (compatible; MSIE 6.0; Windows NT 5.1; SV1; YPC 3.0.2; .NET CLR 1.1.4322; yplus 4.4.02b)"
194.8.75.96 - - [31/Mar/2009:11:53:19 -0400] "GET / HTTP/1.0" 200 12445 "http://ottawa.econsultation.ca/" "Mozilla/4.0 (compatible; MSIE 6.0; Windows NT 5.1; SV1; YPC 3.0.2; .NET CLR 1.1.4322; yplus 4.4.02b)"
72.14.199.124 - - [31/Mar/2009:12:06:19 -0400] "GET /rss?lang=en HTTP/1.1" 200 2852 "-" "Feedfetcher-Google; (+http://www.google.com/feedfetcher.html; 2 subscribers; feed-id=16101248171025639768)"
61.135.168.39 - - [31/Mar/2009:12:07:32 -0400] "GET / HTTP/1.1" 200 12408 "-" "Baiduspider+(+http://www.baidu.com/search/spider.htm)"
220.181.32.22 - - [31/Mar/2009:12:08:16 -0400] "GET / HTTP/1.1" 200 12408 "-" "Baiduspider+(+http://www.baidu.com/search/spider.htm)"
87.118.90.190 - - [31/Mar/2009:12:19:41 -0400] "GET / HTTP/1.0" 200 12408 "http://ottawa.econsultation.ca/" "Mozilla/4.0 (compatible; MSIE 6.0; Windows NT 5.1; SV1; Media Center PC"
87.118.90.190 - - [31/Mar/2009:12:19:42 -0400] "GET /register HTTP/1.0" 302 97 "http://ottawa.econsultation.ca/register" "Mozilla/4.0 (compatible; MSIE 6.0; Windows NT 5.1; SV1; Media Center PC"
87.118.90.190 - - [31/Mar/2009:12:19:43 -0400] "GET / HTTP/1.0" 200 12445 "http://ottawa.econsultation.ca/" "Mozilla/4.0 (compatible; MSIE 6.0; Windows NT 5.1; SV1; Media Center PC"
87.118.90.190 - - [31/Mar/2009:12:19:48 -0400] "POST /login HTTP/1.0" 200 10610 "http://ottawa.econsultation.ca/" "Mozilla/4.0 (compatible; MSIE 6.0; Windows NT 5.1; SV1; Media Center PC"
87.118.90.190 - - [31/Mar/2009:12:19:50 -0400] "POST /login HTTP/1.0" 200 10679 "http://ottawa.econsultation.ca/" "Mozilla/4.0 (compatible; MSIE 6.0; Windows NT 5.1; SV1; Media Center PC"
95.24.197.226 - - [31/Mar/2009:12:22:49 -0400] "GET /register++++++++++++++++++++++++++++++++++++++++++Result:+%E8%F1%EF%EE%EB%FC%E7%EE%E2%E0%ED+%ED%E8%EA%ED%E5%E9%EC+%22Plobogeevelry%22;%E7%E0%F0%E5%E3%E8%F1%F2%F0%E8%F0%EE%E2%E0%EB%E8%F1%FC;%E2%EE%F8%EB%E8;%ED%E5+%ED%E0%F8%EB%EE%F1%FC+%F4%EE%F0%EC%FB+%E4%EB%FF+%EE%F2%EF%F0%E0%E2%EA%E8;%E2%EE%E7%EC%EE%E6%ED%EE,+%F0%E5%E3%E8%F1%F2%F0%E0%F6%E8%FF+%ED%E5+%F3%E4%E0%EB%E0%F1%FC+%28%E2%FB%F1%EB%E0%ED+%EA%EE%E4+%E0%EA%F2%E8%E2%E0%F6%E8%E8+/+%E8%F1%EF%EE%EB%FC%E7%F3%E5%F2%F1%FF+%E4%EE%EF%EE%EB%ED%E8%F2%E5%EB%FC%ED%E0%FF+%E7%E0%F9%E8%F2%E0+/+%F1%E1%EE%E9+%E2+%F0%E0%E1%EE%F2%E5+%F4%EE%F0%F3%EC%E0+/+...%29; HTTP/1.0" 500 2349 "http://ottawa.econsultation.ca/register++++++++++++++++++++++++++++++++++++++++++Result:+%E8%F1%EF%EE%EB%FC%E7%EE%E2%E0%ED+%ED%E8%EA%ED%E5%E9%EC+%22Plobogeevelry%22;%E7%E0%F0%E5%E3%E8%F1%F2%F0%E8%F0%EE%E2%E0%EB%E8%F1%FC;%E2%EE%F8%EB%E8;%ED%E5+%ED%E0%F8%EB%EE%F1%FC+%F4%EE%F0%EC%FB+%E4%EB%FF+%EE%F2%EF%F0%E0%E2%EA%E8;%E2%EE%E7%EC%EE%E6%ED%EE,+%F0%E5%E3%E8%F1%F2%F0%E0%F6%E8%FF+%ED%E5+%F3%E4%E0%EB%E0%F1%FC+%28%E2%FB%F1%EB%E0%ED+%EA%EE%E4+%E0%EA%F2%E8%E2%E0%F6%E8%E8+/+%E8%F1%EF%EE%EB%FC%E7%F3%E5%F2%F1%FF+%E4%EE%EF%EE%EB%ED%E8%F2%E5%EB%FC%ED%E0%FF+%E7%E0%F9%E8%F2%E0+/+%F1%E1%EE%E9+%E2+%F0%E0%E1%EE%F2%E5+%F4%EE%F0%F3%EC%E0+/+...%29;" "Mozilla/4.0 (compatible; MSIE 6.0; Windows NT 5.1; .NET CLR 1.1.4322; FDM)"
95.24.197.226 - - [31/Mar/2009:12:22:52 -0400] "GET / HTTP/1.0" 200 12408 "http://ottawa.econsultation.ca/" "Mozilla/4.0 (compatible; MSIE 6.0; Windows NT 5.1; .NET CLR 1.1.4322; FDM)"
95.24.197.226 - - [31/Mar/2009:12:22:56 -0400] "POST /login HTTP/1.0" 200 10679 "http://ottawa.econsultation.ca/" "Mozilla/4.0 (compatible; MSIE 6.0; Windows NT 5.1; .NET CLR 1.1.4322; FDM)"
95.24.197.226 - - [31/Mar/2009:12:23:05 -0400] "GET /register++++++++++++++++++++++++++++++++++++++++++Result:+%E8%F1%EF%EE%EB%FC%E7%EE%E2%E0%ED+%ED%E8%EA%ED%E5%E9%EC+%22Plobogeevelry%22;%E7%E0%F0%E5%E3%E8%F1%F2%F0%E8%F0%EE%E2%E0%EB%E8%F1%FC;%E2%EE%F8%EB%E8;%ED%E5+%ED%E0%F8%EB%EE%F1%FC+%F4%EE%F0%EC%FB+%E4%EB%FF+%EE%F2%EF%F0%E0%E2%EA%E8;%E2%EE%E7%EC%EE%E6%ED%EE,+%F0%E5%E3%E8%F1%F2%F0%E0%F6%E8%FF+%ED%E5+%F3%E4%E0%EB%E0%F1%FC+%28%E2%FB%F1%EB%E0%ED+%EA%EE%E4+%E0%EA%F2%E8%E2%E0%F6%E8%E8+/+%E8%F1%EF%EE%EB%FC%E7%F3%E5%F2%F1%FF+%E4%EE%EF%EE%EB%ED%E8%F2%E5%EB%FC%ED%E0%FF+%E7%E0%F9%E8%F2%E0+/+%F1%E1%EE%E9+%E2+%F0%E0%E1%EE%F2%E5+%F4%EE%F0%F3%EC%E0+/+...%29; HTTP/1.0" 500 2349 "http://ottawa.econsultation.ca/register++++++++++++++++++++++++++++++++++++++++++Result:+%E8%F1%EF%EE%EB%FC%E7%EE%E2%E0%ED+%ED%E8%EA%ED%E5%E9%EC+%22Plobogeevelry%22;%E7%E0%F0%E5%E3%E8%F1%F2%F0%E8%F0%EE%E2%E0%EB%E8%F1%FC;%E2%EE%F8%EB%E8;%ED%E5+%ED%E0%F8%EB%EE%F1%FC+%F4%EE%F0%EC%FB+%E4%EB%FF+%EE%F2%EF%F0%E0%E2%EA%E8;%E2%EE%E7%EC%EE%E6%ED%EE,+%F0%E5%E3%E8%F1%F2%F0%E0%F6%E8%FF+%ED%E5+%F3%E4%E0%EB%E0%F1%FC+%28%E2%FB%F1%EB%E0%ED+%EA%EE%E4+%E0%EA%F2%E8%E2%E0%F6%E8%E8+/+%E8%F1%EF%EE%EB%FC%E7%F3%E5%F2%F1%FF+%E4%EE%EF%EE%EB%ED%E8%F2%E5%EB%FC%ED%E0%FF+%E7%E0%F9%E8%F2%E0+/+%F1%E1%EE%E9+%E2+%F0%E0%E1%EE%F2%E5+%F4%EE%F0%F3%EC%E0+/+...%29;" "Mozilla/4.0 (compatible; MSIE 6.0; Windows NT 5.1; .NET CLR 1.1.4322; FDM)"
84.229.54.235 - - [31/Mar/2009:12:25:46 -0400] "GET /topics/show/39 HTTP/1.0" 500 2349 "http://ottawa.econsultation.ca/topics/show/39" "Mozilla/4.0 (compatible; MSIE 6.0; America Online Browser 1.1; rev1.2; Windows NT 5.1; SV1; .NET CLR 1.1.4322)"
84.229.54.235 - - [31/Mar/2009:12:25:47 -0400] "GET / HTTP/1.0" 200 12445 "http://ottawa.econsultation.ca/" "Mozilla/4.0 (compatible; MSIE 6.0; America Online Browser 1.1; rev1.2; Windows NT 5.1; SV1; .NET CLR 1.1.4322)"
84.229.54.235 - - [31/Mar/2009:12:25:50 -0400] "GET /register HTTP/1.0" 200 11623 "http://ottawa.econsultation.ca/register" "Mozilla/4.0 (compatible; MSIE 6.0; America Online Browser 1.1; rev1.2; Windows NT 5.1; SV1; .NET CLR 1.1.4322)"
84.229.54.235 - - [31/Mar/2009:12:25:51 -0400] "POST /register HTTP/1.0" 302 97 "http://ottawa.econsultation.ca/register" "Mozilla/4.0 (compatible; MSIE 6.0; America Online Browser 1.1; rev1.2; Windows NT 5.1; SV1; .NET CLR 1.1.4322)"
84.229.54.235 - - [31/Mar/2009:12:25:52 -0400] "GET / HTTP/1.0" 200 12445 "http://ottawa.econsultation.ca/" "Mozilla/4.0 (compatible; MSIE 6.0; America Online Browser 1.1; rev1.2; Windows NT 5.1; SV1; .NET CLR 1.1.4322)"
84.229.54.235 - - [31/Mar/2009:12:25:54 -0400] "POST /login HTTP/1.0" 200 10610 "http://ottawa.econsultation.ca/" "Mozilla/4.0 (compatible; MSIE 6.0; America Online Browser 1.1; rev1.2; Windows NT 5.1; SV1; .NET CLR 1.1.4322)"
84.229.54.235 - - [31/Mar/2009:12:25:56 -0400] "GET /topics/show/39 HTTP/1.0" 302 97 "http://ottawa.econsultation.ca/topics/show/39" "Mozilla/4.0 (compatible; MSIE 6.0; America Online Browser 1.1; rev1.2; Windows NT 5.1; SV1; .NET CLR 1.1.4322)"
65.95.0.129 - - [31/Mar/2009:12:51:41 -0400] "GET /rss?lang=en HTTP/1.1" 200 2852 "-" "Windows-RSS-Platform/1.0 (MSIE 7.0; Windows NT 5.1)"
72.14.199.124 - - [31/Mar/2009:13:06:33 -0400] "GET /rss?lang=en HTTP/1.1" 200 2852 "-" "Feedfetcher-Google; (+http://www.google.com/feedfetcher.html; 2 subscribers; feed-id=16101248171025639768)"
61.135.168.39 - - [31/Mar/2009:13:11:29 -0400] "GET / HTTP/1.1" 200 12408 "-" "Baiduspider+(+http://www.baidu.com/search/spider.htm)"
220.181.32.22 - - [31/Mar/2009:13:12:32 -0400] "GET / HTTP/1.1" 200 12408 "-" "Baiduspider+(+http://www.baidu.com/search/spider.htm)"
194.8.74.37 - - [31/Mar/2009:13:20:32 -0400] "GET / HTTP/1.0" 200 12408 "http://teenporns.webng.com" "Mozilla/4.0 (compatible; MSIE 5.5; Windows NT 4.0; .NET CLR 1.0.2914)"
194.8.74.37 - - [31/Mar/2009:13:20:33 -0400] "GET /register HTTP/1.0" 302 97 "http://ottawa.econsultation.ca/register" "Mozilla/4.0 (compatible; MSIE 5.5; Windows NT 4.0; .NET CLR 1.0.2914)"
194.8.74.37 - - [31/Mar/2009:13:20:34 -0400] "GET / HTTP/1.0" 200 12445 "http://ottawa.econsultation.ca/" "Mozilla/4.0 (compatible; MSIE 5.5; Windows NT 4.0; .NET CLR 1.0.2914)"
194.8.74.37 - - [31/Mar/2009:13:20:34 -0400] "POST /login HTTP/1.0" 200 10610 "http://ottawa.econsultation.ca/" "Mozilla/4.0 (compatible; MSIE 5.5; Windows NT 4.0; .NET CLR 1.0.2914)"
194.8.74.37 - - [31/Mar/2009:13:20:35 -0400] "POST /login HTTP/1.0" 200 10679 "http://ottawa.econsultation.ca/" "Mozilla/4.0 (compatible; MSIE 5.5; Windows NT 4.0; .NET CLR 1.0.2914)"
65.95.0.129 - - [31/Mar/2009:13:37:35 -0400] "GET /rss?lang=fr HTTP/1.1" 200 3470 "-" "Windows-RSS-Platform/1.0 (MSIE 7.0; Windows NT 5.1)"
72.14.199.124 - - [31/Mar/2009:14:07:03 -0400] "GET /rss?lang=en HTTP/1.1" 200 2852 "-" "Feedfetcher-Google; (+http://www.google.com/feedfetcher.html; 2 subscribers; feed-id=16101248171025639768)"
220.181.32.22 - - [31/Mar/2009:14:07:10 -0400] "GET / HTTP/1.1" 200 12408 "-" "Baiduspider+(+http://www.baidu.com/search/spider.htm)"
95.71.67.245 - - [31/Mar/2009:14:07:23 -0400] "GET /topics/show/38/ HTTP/1.0" 500 2349 "http://ottawa.econsultation.ca/topics/show/38/" "Mozilla/4.0 (compatible; MSIE 6.0; Windows 98; Win 9x 4.90)"
61.135.168.39 - - [31/Mar/2009:14:11:58 -0400] "GET / HTTP/1.1" 200 12408 "-" "Baiduspider+(+http://www.baidu.com/search/spider.htm)"
91.205.124.4 - - [31/Mar/2009:14:20:34 -0400] "GET /robots.txt HTTP/1.1" 200 99 "-" "Yanga WorldSearch Bot v1.1/beta (http://www.yanga.co.uk/)"
91.205.124.4 - - [31/Mar/2009:14:20:34 -0400] "GET / HTTP/1.1" 200 12445 "-" "Yanga WorldSearch Bot v1.1/beta (http://www.yanga.co.uk/)"
90.153.128.15 - - [31/Mar/2009:14:37:03 -0400] "GET / HTTP/1.1" 200 12408 "http://bestcigarettesshop.com/cheap-camel-cigarettes/" "Mozilla/4.0 (compatible; MSIE 5.5; Windows NT 5.0; .NET CLR 1.1.4322)"
74.6.18.247 - - [31/Mar/2009:14:39:58 -0400] "GET /topics/show/38?lang=en HTTP/1.0" 500 2349 "-" "Mozilla/5.0 (compatible; Yahoo! Slurp/3.0; http://help.yahoo.com/help/us/ysearch/slurp)"
74.6.18.247 - - [31/Mar/2009:14:40:43 -0400] "GET /topics/show/38?lang=en HTTP/1.0" 500 2349 "-" "Mozilla/5.0 (compatible; Yahoo! Slurp/3.0; http://help.yahoo.com/help/us/ysearch/slurp)"
74.6.18.247 - - [31/Mar/2009:14:41:31 -0400] "GET /topics/show/38?lang=en HTTP/1.0" 500 2349 "-" "Mozilla/5.0 (compatible; Yahoo! Slurp/3.0; http://help.yahoo.com/help/us/ysearch/slurp)"
74.6.18.247 - - [31/Mar/2009:14:41:32 -0400] "GET /stylesheets/prosimii-fixed-screen.css HTTP/1.0" 200 5798 "http://ottawa.econsultation.ca/topics/show/38?lang=en" "Mozilla/5.0 (compatible; Yahoo! Slurp/3.0; http://help.yahoo.com/help/us/ysearch/slurp)"
74.6.18.247 - - [31/Mar/2009:14:41:32 -0400] "GET /stylesheets/ses.css HTTP/1.0" 200 12442 "http://ottawa.econsultation.ca/topics/show/38?lang=en" "Mozilla/5.0 (compatible; Yahoo! Slurp/3.0; http://help.yahoo.com/help/us/ysearch/slurp)"
74.6.18.247 - - [31/Mar/2009:14:41:33 -0400] "GET /stylesheets/rating.css HTTP/1.0" 200 456 "http://ottawa.econsultation.ca/topics/show/38?lang=en" "Mozilla/5.0 (compatible; Yahoo! Slurp/3.0; http://help.yahoo.com/help/us/ysearch/slurp)"
208.111.154.15 - - [31/Mar/2009:14:44:05 -0400] "GET /robots.txt HTTP/1.1" 200 99 "-" "Mozilla/5.0 (compatible; Charlotte/1.1; http://www.searchme.com/support/)"
208.111.154.15 - - [31/Mar/2009:14:44:05 -0400] "GET /register HTTP/1.1" 302 97 "-" "Mozilla/5.0 (compatible; Charlotte/1.1; http://www.searchme.com/support/)"
208.111.154.15 - - [31/Mar/2009:14:44:07 -0400] "GET / HTTP/1.1" 200 12445 "-" "Mozilla/5.0 (compatible; Charlotte/1.1; http://www.searchme.com/support/)"
208.111.154.32 - - [31/Mar/2009:14:52:47 -0400] "GET /robots.txt HTTP/1.1" 200 99 "-" "Mozilla/5.0 (compatible; Charlotte/1.1; http://www.searchme.com/support/)"
208.111.154.32 - - [31/Mar/2009:14:52:47 -0400] "GET /topics/show/5 HTTP/1.1" 302 97 "-" "Mozilla/5.0 (compatible; Charlotte/1.1; http://www.searchme.com/support/)"
208.111.154.32 - - [31/Mar/2009:14:52:49 -0400] "GET / HTTP/1.1" 200 12408 "-" "Mozilla/5.0 (compatible; Charlotte/1.1; http://www.searchme.com/support/)"
72.14.199.124 - - [31/Mar/2009:15:11:22 -0400] "GET /rss?lang=en HTTP/1.1" 200 2852 "-" "Feedfetcher-Google; (+http://www.google.com/feedfetcher.html; 2 subscribers; feed-id=16101248171025639768)"
61.135.168.39 - - [31/Mar/2009:15:12:35 -0400] "GET / HTTP/1.1" 200 12408 "-" "Baiduspider+(+http://www.baidu.com/search/spider.htm)"
220.181.32.22 - - [31/Mar/2009:15:12:47 -0400] "GET / HTTP/1.1" 200 12408 "-" "Baiduspider+(+http://www.baidu.com/search/spider.htm)"
64.26.137.194 - - [31/Mar/2009:15:18:01 -0400] "GET / HTTP/1.1" 200 12408 "-" "Mozilla/5.0 (Windows; U; Windows NT 5.1; en-US) AppleWebKit/525.19 (KHTML, like Gecko) Chrome/1.0.154.53 Safari/525.19"
64.26.137.194 - - [31/Mar/2009:15:18:02 -0400] "GET /stylesheets/print.css HTTP/1.1" 200 321 "http://ottawa.econsultation.ca/" "Mozilla/5.0 (Windows; U; Windows NT 5.1; en-US) AppleWebKit/525.19 (KHTML, like Gecko) Chrome/1.0.154.53 Safari/525.19"
64.26.137.194 - - [31/Mar/2009:15:18:02 -0400] "GET /stylesheets/base_1232381990.css HTTP/1.1" 200 30149 "http://ottawa.econsultation.ca/" "Mozilla/5.0 (Windows; U; Windows NT 5.1; en-US) AppleWebKit/525.19 (KHTML, like Gecko) Chrome/1.0.154.53 Safari/525.19"
64.26.137.194 - - [31/Mar/2009:15:18:02 -0400] "GET /javascripts/base_1232381990.js HTTP/1.1" 200 97264 "http://ottawa.econsultation.ca/" "Mozilla/5.0 (Windows; U; Windows NT 5.1; en-US) AppleWebKit/525.19 (KHTML, like Gecko) Chrome/1.0.154.53 Safari/525.19"
64.26.137.194 - - [31/Mar/2009:15:18:02 -0400] "GET /images/topNav_endCurve.png HTTP/1.1" 200 433 "http://ottawa.econsultation.ca/" "Mozilla/5.0 (Windows; U; Windows NT 5.1; en-US) AppleWebKit/525.19 (KHTML, like Gecko) Chrome/1.0.154.53 Safari/525.19"
64.26.137.194 - - [31/Mar/2009:15:18:02 -0400] "GET /images/right_end.gif HTTP/1.1" 200 131 "http://ottawa.econsultation.ca/" "Mozilla/5.0 (Windows; U; Windows NT 5.1; en-US) AppleWebKit/525.19 (KHTML, like Gecko) Chrome/1.0.154.53 Safari/525.19"
64.26.137.194 - - [31/Mar/2009:15:18:02 -0400] "GET /images/search_go_1.jpg HTTP/1.1" 200 665 "http://ottawa.econsultation.ca/" "Mozilla/5.0 (Windows; U; Windows NT 5.1; en-US) AppleWebKit/525.19 (KHTML, like Gecko) Chrome/1.0.154.53 Safari/525.19"
64.26.137.194 - - [31/Mar/2009:15:18:02 -0400] "GET /images/nanos_icon_23.png HTTP/1.1" 200 4797 "http://ottawa.econsultation.ca/" "Mozilla/5.0 (Windows; U; Windows NT 5.1; en-US) AppleWebKit/525.19 (KHTML, like Gecko) Chrome/1.0.154.53 Safari/525.19"
64.26.137.194 - - [31/Mar/2009:15:18:02 -0400] "GET /images/ottawa_logo.png HTTP/1.1" 200 14907 "http://ottawa.econsultation.ca/" "Mozilla/5.0 (Windows; U; Windows NT 5.1; en-US) AppleWebKit/525.19 (KHTML, like Gecko) Chrome/1.0.154.53 Safari/525.19"
64.26.137.194 - - [31/Mar/2009:15:18:02 -0400] "GET /images/feed-icon-14x14.png HTTP/1.1" 200 689 "http://ottawa.econsultation.ca/" "Mozilla/5.0 (Windows; U; Windows NT 5.1; en-US) AppleWebKit/525.19 (KHTML, like Gecko) Chrome/1.0.154.53 Safari/525.19"
64.26.137.194 - - [31/Mar/2009:15:18:02 -0400] "GET /images/header/service_level.jpg HTTP/1.1" 200 34258 "http://ottawa.econsultation.ca/" "Mozilla/5.0 (Windows; U; Windows NT 5.1; en-US) AppleWebKit/525.19 (KHTML, like Gecko) Chrome/1.0.154.53 Safari/525.19"
64.26.137.194 - - [31/Mar/2009:15:18:03 -0400] "GET /favicon.ico HTTP/1.1" 200 - "-" "Mozilla/5.0 (Windows; U; Windows NT 5.1; en-US) AppleWebKit/525.19 (KHTML, like Gecko) Chrome/1.0.154.53 Safari/525.19"
64.26.137.194 - - [31/Mar/2009:15:18:23 -0400] "GET /topics/show/39 HTTP/1.1" 500 2349 "http://ottawa.econsultation.ca/" "Mozilla/5.0 (Windows; U; Windows NT 5.1; en-US) AppleWebKit/525.19 (KHTML, like Gecko) Chrome/1.0.154.53 Safari/525.19"
64.26.137.194 - - [31/Mar/2009:15:18:23 -0400] "GET /stylesheets/prosimii-fixed-screen.css HTTP/1.1" 200 5798 "http://ottawa.econsultation.ca/topics/show/39" "Mozilla/5.0 (Windows; U; Windows NT 5.1; en-US) AppleWebKit/525.19 (KHTML, like Gecko) Chrome/1.0.154.53 Safari/525.19"
64.26.137.194 - - [31/Mar/2009:15:18:23 -0400] "GET /stylesheets/rating.css HTTP/1.1" 200 456 "http://ottawa.econsultation.ca/topics/show/39" "Mozilla/5.0 (Windows; U; Windows NT 5.1; en-US) AppleWebKit/525.19 (KHTML, like Gecko) Chrome/1.0.154.53 Safari/525.19"
64.26.137.194 - - [31/Mar/2009:15:18:23 -0400] "GET /stylesheets/ses.css HTTP/1.1" 200 12442 "http://ottawa.econsultation.ca/topics/show/39" "Mozilla/5.0 (Windows; U; Windows NT 5.1; en-US) AppleWebKit/525.19 (KHTML, like Gecko) Chrome/1.0.154.53 Safari/525.19"
64.26.137.194 - - [31/Mar/2009:15:18:23 -0400] "GET /images/nanos_research_logo_small.png HTTP/1.1" 200 5116 "http://ottawa.econsultation.ca/topics/show/39" "Mozilla/5.0 (Windows; U; Windows NT 5.1; en-US) AppleWebKit/525.19 (KHTML, like Gecko) Chrome/1.0.154.53 Safari/525.19"
64.26.137.194 - - [31/Mar/2009:15:18:23 -0400] "GET /images/error.png HTTP/1.1" 200 737 "http://ottawa.econsultation.ca/topics/show/39" "Mozilla/5.0 (Windows; U; Windows NT 5.1; en-US) AppleWebKit/525.19 (KHTML, like Gecko) Chrome/1.0.154.53 Safari/525.19"
74.208.16.10 - - [31/Mar/2009:15:31:33 -0400] "GET /rss?lang=en HTTP/1.0" 200 2852 "-" "-"
74.14.228.167 - - [31/Mar/2009:15:48:27 -0400] "GET /rss?lang=en HTTP/1.1" 200 2852 "-" "Windows-RSS-Platform/1.0 (MSIE 7.0; Windows NT 5.1)"
72.138.109.183 - - [31/Mar/2009:15:52:54 -0400] "GET /rss?lang=en HTTP/1.1" 200 2852 "-" "AppleSyndication/55"
81.52.143.25 - - [31/Mar/2009:15:57:08 -0400] "GET / HTTP/1.1" 200 13413 "-" "Mozilla/4.0 (compatible; MSIE 4.01; Windows CE; PPC; 240x320; SPV M700; OpVer 19.123.2.733) OrangeBot-Mobile 2008.0 (mobilesearch.support@orange-ftgroup.com)"
81.52.143.25 - - [31/Mar/2009:15:57:13 -0400] "HEAD /images/ottawa_logo.png HTTP/1.1" 200 - "-" "Mozilla/4.0 (compatible; MSIE 4.01; Windows CE; PPC;; 240x320; SPV M700; OpVer 19.123.2.733) OrangeBot-Mobile 2008.0 (support.mobilesearch@orange-ftgroup.com)"
81.52.143.25 - - [31/Mar/2009:15:57:14 -0400] "HEAD /images/feed-icon-14x14.png HTTP/1.1" 200 - "-" "Mozilla/4.0 (compatible; MSIE 4.01; Windows CE; PPC;; 240x320; SPV M700; OpVer 19.123.2.733) OrangeBot-Mobile 2008.0 (support.mobilesearch@orange-ftgroup.com)"
81.52.143.25 - - [31/Mar/2009:15:57:15 -0400] "HEAD /images/nanos_icon_23.png HTTP/1.1" 200 - "-" "Mozilla/4.0 (compatible; MSIE 4.01; Windows CE; PPC;; 240x320; SPV M700; OpVer 19.123.2.733) OrangeBot-Mobile 2008.0 (support.mobilesearch@orange-ftgroup.com)"
66.249.66.168 - - [31/Mar/2009:15:58:42 -0400] "GET /topics/show/39?lang=en HTTP/1.1" 500 2349 "-" "Mozilla/5.0 (compatible; Googlebot/2.1; +http://www.google.com/bot.html)"
66.249.66.168 - - [31/Mar/2009:15:58:52 -0400] "GET /topics/show/40?lang=en HTTP/1.1" 500 2349 "-" "Mozilla/5.0 (compatible; Googlebot/2.1; +http://www.google.com/bot.html)"
61.135.168.39 - - [31/Mar/2009:16:11:15 -0400] "GET / HTTP/1.1" 200 12408 "-" "Baiduspider+(+http://www.baidu.com/search/spider.htm)"
220.181.32.22 - - [31/Mar/2009:16:12:21 -0400] "GET / HTTP/1.1" 200 12408 "-" "Baiduspider+(+http://www.baidu.com/search/spider.htm)"
72.14.199.124 - - [31/Mar/2009:16:12:31 -0400] "GET /rss?lang=en HTTP/1.1" 302 97 "-" "Feedfetcher-Google; (+http://www.google.com/feedfetcher.html; 2 subscribers; feed-id=16101248171025639768)"
72.14.199.124 - - [31/Mar/2009:16:12:32 -0400] "GET / HTTP/1.1" 200 12445 "-" "Feedfetcher-Google; (+http://www.google.com/feedfetcher.html; 2 subscribers; feed-id=16101248171025639768)"
65.55.210.22 - - [31/Mar/2009:16:30:02 -0400] "GET /robots.txt HTTP/1.1" 200 99 "-" "msnbot/1.1 (+http://search.msn.com/msnbot.htm)"
65.55.210.22 - - [31/Mar/2009:16:30:02 -0400] "GET /profile/137509?lang=en HTTP/1.1" 302 97 "-" "msnbot/1.1 (+http://search.msn.com/msnbot.htm)"
65.95.0.129 - - [31/Mar/2009:17:00:14 -0400] "GET /rss?lang=en HTTP/1.1" 200 2852 "-" "Windows-RSS-Platform/1.0 (MSIE 7.0; Windows NT 5.1)"
61.135.168.39 - - [31/Mar/2009:17:07:22 -0400] "GET / HTTP/1.1" 200 12408 "-" "Baiduspider+(+http://www.baidu.com/search/spider.htm)"
220.181.32.22 - - [31/Mar/2009:17:08:33 -0400] "GET / HTTP/1.1" 200 12408 "-" "Baiduspider+(+http://www.baidu.com/search/spider.htm)"
209.85.238.25 - - [31/Mar/2009:17:13:04 -0400] "GET /rss?lang=en HTTP/1.1" 200 2852 "-" "Feedfetcher-Google; (+http://www.google.com/feedfetcher.html; 2 subscribers; feed-id=16101248171025639768)"
66.249.67.105 - - [31/Mar/2009:17:26:10 -0400] "GET /robots.txt HTTP/1.1" 200 99 "-" "Mozilla/5.0 (compatible; Googlebot/2.1; +http://www.google.com/bot.html)"
66.249.67.105 - - [31/Mar/2009:17:26:10 -0400] "GET / HTTP/1.1" 200 12445 "-" "Mozilla/5.0 (compatible; Googlebot/2.1; +http://www.google.com/bot.html)"
208.111.154.15 - - [31/Mar/2009:17:31:44 -0400] "GET /robots.txt HTTP/1.1" 200 99 "-" "Mozilla/5.0 (compatible; Charlotte/1.1; http://www.searchme.com/support/)"
208.111.154.15 - - [31/Mar/2009:17:31:44 -0400] "GET /topics/show/38?lang=en&root=3613 HTTP/1.1" 302 97 "-" "Mozilla/5.0 (compatible; Charlotte/1.1; http://www.searchme.com/support/)"
208.111.154.15 - - [31/Mar/2009:17:31:51 -0400] "GET / HTTP/1.1" 200 12408 "-" "Mozilla/5.0 (compatible; Charlotte/1.1; http://www.searchme.com/support/)"
67.195.37.175 - - [31/Mar/2009:17:46:35 -0400] "GET /robots.txt HTTP/1.0" 200 99 "-" "Mozilla/5.0 (compatible; Yahoo! Slurp; http://help.yahoo.com/help/us/ysearch/slurp)"
67.195.37.175 - - [31/Mar/2009:17:46:35 -0400] "GET /?lang=en HTTP/1.0" 200 12445 "-" "Mozilla/5.0 (compatible; Yahoo! Slurp/3.0; http://help.yahoo.com/help/us/ysearch/slurp)"
67.195.37.175 - - [31/Mar/2009:17:46:36 -0400] "GET /stylesheets/base_1232381990.css HTTP/1.0" 200 30149 "http://ottawa.econsultation.ca/?lang=en" "Mozilla/5.0 (compatible; Yahoo! Slurp/3.0; http://help.yahoo.com/help/us/ysearch/slurp)"
67.195.37.175 - - [31/Mar/2009:17:46:36 -0400] "GET /stylesheets/print.css HTTP/1.0" 200 321 "http://ottawa.econsultation.ca/?lang=en" "Mozilla/5.0 (compatible; Yahoo! Slurp/3.0; http://help.yahoo.com/help/us/ysearch/slurp)"
220.181.32.22 - - [31/Mar/2009:18:11:23 -0400] "GET / HTTP/1.1" 200 12408 "-" "Baiduspider+(+http://www.baidu.com/search/spider.htm)"
209.85.238.25 - - [31/Mar/2009:18:13:13 -0400] "GET /rss?lang=en HTTP/1.1" 200 2852 "-" "Feedfetcher-Google; (+http://www.google.com/feedfetcher.html; 2 subscribers; feed-id=16101248171025639768)"
61.135.168.39 - - [31/Mar/2009:18:13:30 -0400] "GET / HTTP/1.1" 200 12408 "-" "Baiduspider+(+http://www.baidu.com/search/spider.htm)"
74.208.16.10 - - [31/Mar/2009:18:15:29 -0400] "GET /rss?lang=en HTTP/1.0" 200 2852 "-" "-"
208.111.154.16 - - [31/Mar/2009:18:22:10 -0400] "GET /robots.txt HTTP/1.1" 200 99 "-" "Mozilla/5.0 (compatible; Charlotte/1.1; http://www.searchme.com/support/)"
208.111.154.16 - - [31/Mar/2009:18:22:11 -0400] "GET /topics/show/4 HTTP/1.1" 302 97 "-" "Mozilla/5.0 (compatible; Charlotte/1.1; http://www.searchme.com/support/)"
208.111.154.16 - - [31/Mar/2009:18:22:12 -0400] "GET / HTTP/1.1" 200 12445 "-" "Mozilla/5.0 (compatible; Charlotte/1.1; http://www.searchme.com/support/)"
208.111.154.15 - - [31/Mar/2009:18:26:28 -0400] "GET /robots.txt HTTP/1.1" 200 99 "-" "Mozilla/5.0 (compatible; Charlotte/1.1; http://www.searchme.com/support/)"
208.111.154.15 - - [31/Mar/2009:18:26:28 -0400] "GET /topics/show/40?lang=en HTTP/1.1" 302 97 "-" "Mozilla/5.0 (compatible; Charlotte/1.1; http://www.searchme.com/support/)"
208.111.154.15 - - [31/Mar/2009:18:26:29 -0400] "GET / HTTP/1.1" 200 12445 "-" "Mozilla/5.0 (compatible; Charlotte/1.1; http://www.searchme.com/support/)"
67.195.37.175 - - [31/Mar/2009:18:33:58 -0400] "GET /topics/show/40 HTTP/1.0" 500 2349 "-" "Mozilla/5.0 (compatible; Yahoo! Slurp/3.0; http://help.yahoo.com/help/us/ysearch/slurp)"
67.195.37.175 - - [31/Mar/2009:18:34:48 -0400] "GET /topics/show/40 HTTP/1.0" 500 2349 "-" "Mozilla/5.0 (compatible; Yahoo! Slurp/3.0; http://help.yahoo.com/help/us/ysearch/slurp)"
67.195.37.175 - - [31/Mar/2009:18:35:36 -0400] "GET /topics/show/40 HTTP/1.0" 500 2349 "-" "Mozilla/5.0 (compatible; Yahoo! Slurp/3.0; http://help.yahoo.com/help/us/ysearch/slurp)"
67.195.37.175 - - [31/Mar/2009:18:35:37 -0400] "GET /stylesheets/prosimii-fixed-screen.css HTTP/1.0" 200 5798 "http://ottawa.econsultation.ca/topics/show/40" "Mozilla/5.0 (compatible; Yahoo! Slurp/3.0; http://help.yahoo.com/help/us/ysearch/slurp)"
67.195.37.175 - - [31/Mar/2009:18:35:37 -0400] "GET /stylesheets/ses.css HTTP/1.0" 200 12442 "http://ottawa.econsultation.ca/topics/show/40" "Mozilla/5.0 (compatible; Yahoo! Slurp/3.0; http://help.yahoo.com/help/us/ysearch/slurp)"
67.195.37.175 - - [31/Mar/2009:18:35:37 -0400] "GET /stylesheets/rating.css HTTP/1.0" 200 456 "http://ottawa.econsultation.ca/topics/show/40" "Mozilla/5.0 (compatible; Yahoo! Slurp/3.0; http://help.yahoo.com/help/us/ysearch/slurp)"
72.138.109.183 - - [31/Mar/2009:18:36:05 -0400] "GET /rss?lang=en HTTP/1.1" 302 97 "-" "AppleSyndication/55"
72.138.109.183 - - [31/Mar/2009:18:36:05 -0400] "GET / HTTP/1.1" 200 12445 "-" "AppleSyndication/55"
67.195.37.175 - - [31/Mar/2009:18:49:20 -0400] "GET /topics/show/40 HTTP/1.0" 500 2349 "-" "Mozilla/5.0 (compatible; Yahoo! Slurp/3.0; http://help.yahoo.com/help/us/ysearch/slurp)"
67.195.37.175 - - [31/Mar/2009:18:50:09 -0400] "GET /topics/show/40 HTTP/1.0" 302 97 "-" "Mozilla/5.0 (compatible; Yahoo! Slurp/3.0; http://help.yahoo.com/help/us/ysearch/slurp)"
67.195.37.175 - - [31/Mar/2009:18:50:19 -0400] "GET / HTTP/1.0" 200 12445 "-" "Mozilla/5.0 (compatible; Yahoo! Slurp/3.0; http://help.yahoo.com/help/us/ysearch/slurp)"
220.181.32.22 - - [31/Mar/2009:19:07:22 -0400] "GET / HTTP/1.1" 200 12408 "-" "Baiduspider+(+http://www.baidu.com/search/spider.htm)"
61.135.168.39 - - [31/Mar/2009:19:09:01 -0400] "GET / HTTP/1.1" 200 12408 "-" "Baiduspider+(+http://www.baidu.com/search/spider.htm)"
209.85.238.25 - - [31/Mar/2009:19:14:22 -0400] "GET /rss?lang=en HTTP/1.1" 200 2852 "-" "Feedfetcher-Google; (+http://www.google.com/feedfetcher.html; 2 subscribers; feed-id=16101248171025639768)"
70.48.55.69 - - [31/Mar/2009:19:29:13 -0400] "GET / HTTP/1.1" 200 12408 "-" "Mozilla/4.0 (compatible; MSIE 7.0; Windows NT 5.1; GTB5; .NET CLR 1.0.3705; .NET CLR 2.0.50727; .NET CLR 3.0.4506.2152; .NET CLR 3.5.30729)"
70.48.55.69 - - [31/Mar/2009:19:29:14 -0400] "GET /stylesheets/base_1232381990.css HTTP/1.1" 200 30149 "http://ottawa.econsultation.ca/" "Mozilla/4.0 (compatible; MSIE 7.0; Windows NT 5.1; GTB5; .NET CLR 1.0.3705; .NET CLR 2.0.50727; .NET CLR 3.0.4506.2152; .NET CLR 3.5.30729)"
70.48.55.69 - - [31/Mar/2009:19:29:15 -0400] "GET /stylesheets/redesign_IE.css HTTP/1.1" 200 4221 "http://ottawa.econsultation.ca/" "Mozilla/4.0 (compatible; MSIE 7.0; Windows NT 5.1; GTB5; .NET CLR 1.0.3705; .NET CLR 2.0.50727; .NET CLR 3.0.4506.2152; .NET CLR 3.5.30729)"
70.48.55.69 - - [31/Mar/2009:19:29:15 -0400] "GET /stylesheets/print.css HTTP/1.1" 200 321 "http://ottawa.econsultation.ca/" "Mozilla/4.0 (compatible; MSIE 7.0; Windows NT 5.1; GTB5; .NET CLR 1.0.3705; .NET CLR 2.0.50727; .NET CLR 3.0.4506.2152; .NET CLR 3.5.30729)"
70.48.55.69 - - [31/Mar/2009:19:29:15 -0400] "GET /javascripts/base_1232381990.js HTTP/1.1" 200 97264 "http://ottawa.econsultation.ca/" "Mozilla/4.0 (compatible; MSIE 7.0; Windows NT 5.1; GTB5; .NET CLR 1.0.3705; .NET CLR 2.0.50727; .NET CLR 3.0.4506.2152; .NET CLR 3.5.30729)"
70.48.55.69 - - [31/Mar/2009:19:29:15 -0400] "GET /images/header/service_level.jpg HTTP/1.1" 200 34258 "http://ottawa.econsultation.ca/" "Mozilla/4.0 (compatible; MSIE 7.0; Windows NT 5.1; GTB5; .NET CLR 1.0.3705; .NET CLR 2.0.50727; .NET CLR 3.0.4506.2152; .NET CLR 3.5.30729)"
70.48.55.69 - - [31/Mar/2009:19:29:15 -0400] "GET /images/ottawa_logo.png HTTP/1.1" 200 14907 "http://ottawa.econsultation.ca/" "Mozilla/4.0 (compatible; MSIE 7.0; Windows NT 5.1; GTB5; .NET CLR 1.0.3705; .NET CLR 2.0.50727; .NET CLR 3.0.4506.2152; .NET CLR 3.5.30729)"
70.48.55.69 - - [31/Mar/2009:19:29:16 -0400] "GET /images/right_end.gif HTTP/1.1" 200 131 "http://ottawa.econsultation.ca/" "Mozilla/4.0 (compatible; MSIE 7.0; Windows NT 5.1; GTB5; .NET CLR 1.0.3705; .NET CLR 2.0.50727; .NET CLR 3.0.4506.2152; .NET CLR 3.5.30729)"
70.48.55.69 - - [31/Mar/2009:19:29:16 -0400] "GET /images/search_go_1.jpg HTTP/1.1" 200 665 "http://ottawa.econsultation.ca/" "Mozilla/4.0 (compatible; MSIE 7.0; Windows NT 5.1; GTB5; .NET CLR 1.0.3705; .NET CLR 2.0.50727; .NET CLR 3.0.4506.2152; .NET CLR 3.5.30729)"
70.48.55.69 - - [31/Mar/2009:19:29:16 -0400] "GET /images/header/ottawa_logo.png HTTP/1.1" 200 14907 "-" "Mozilla/4.0 (compatible; MSIE 7.0; Windows NT 5.1; GTB5; .NET CLR 1.0.3705; .NET CLR 2.0.50727; .NET CLR 3.0.4506.2152; .NET CLR 3.5.30729)"
70.48.55.69 - - [31/Mar/2009:19:29:16 -0400] "GET /images/feed-icon-14x14.png HTTP/1.1" 200 689 "http://ottawa.econsultation.ca/" "Mozilla/4.0 (compatible; MSIE 7.0; Windows NT 5.1; GTB5; .NET CLR 1.0.3705; .NET CLR 2.0.50727; .NET CLR 3.0.4506.2152; .NET CLR 3.5.30729)"
70.48.55.69 - - [31/Mar/2009:19:29:16 -0400] "GET /images/nanos_icon_23.png HTTP/1.1" 200 4797 "http://ottawa.econsultation.ca/" "Mozilla/4.0 (compatible; MSIE 7.0; Windows NT 5.1; GTB5; .NET CLR 1.0.3705; .NET CLR 2.0.50727; .NET CLR 3.0.4506.2152; .NET CLR 3.5.30729)"
70.48.55.69 - - [31/Mar/2009:19:29:16 -0400] "GET /images/topNav_endCurve.png HTTP/1.1" 200 433 "http://ottawa.econsultation.ca/" "Mozilla/4.0 (compatible; MSIE 7.0; Windows NT 5.1; GTB5; .NET CLR 1.0.3705; .NET CLR 2.0.50727; .NET CLR 3.0.4506.2152; .NET CLR 3.5.30729)"
70.48.55.69 - - [31/Mar/2009:19:29:16 -0400] "GET /favicon.ico HTTP/1.1" 200 - "-" "Mozilla/4.0 (compatible; MSIE 7.0; Windows NT 5.1; GTB5; .NET CLR 1.0.3705; .NET CLR 2.0.50727; .NET CLR 3.0.4506.2152; .NET CLR 3.5.30729)"
70.48.55.69 - - [31/Mar/2009:19:29:28 -0400] "GET /search/?terms=Orgaworld HTTP/1.1" 302 97 "http://ottawa.econsultation.ca/" "Mozilla/4.0 (compatible; MSIE 7.0; Windows NT 5.1; GTB5; .NET CLR 1.0.3705; .NET CLR 2.0.50727; .NET CLR 3.0.4506.2152; .NET CLR 3.5.30729)"
70.48.55.69 - - [31/Mar/2009:19:29:28 -0400] "GET / HTTP/1.1" 200 12408 "http://ottawa.econsultation.ca/" "Mozilla/4.0 (compatible; MSIE 7.0; Windows NT 5.1; GTB5; .NET CLR 1.0.3705; .NET CLR 2.0.50727; .NET CLR 3.0.4506.2152; .NET CLR 3.5.30729)"
70.48.55.69 - - [31/Mar/2009:19:29:44 -0400] "GET /search/?terms=Orgaworld&x=9&y=11 HTTP/1.1" 302 97 "http://ottawa.econsultation.ca/" "Mozilla/4.0 (compatible; MSIE 7.0; Windows NT 5.1; GTB5; .NET CLR 1.0.3705; .NET CLR 2.0.50727; .NET CLR 3.0.4506.2152; .NET CLR 3.5.30729)"
70.48.55.69 - - [31/Mar/2009:19:29:44 -0400] "GET / HTTP/1.1" 200 12445 "http://ottawa.econsultation.ca/" "Mozilla/4.0 (compatible; MSIE 7.0; Windows NT 5.1; GTB5; .NET CLR 1.0.3705; .NET CLR 2.0.50727; .NET CLR 3.0.4506.2152; .NET CLR 3.5.30729)"
70.48.55.69 - - [31/Mar/2009:19:29:45 -0400] "GET /images/error.png HTTP/1.1" 200 737 "http://ottawa.econsultation.ca/" "Mozilla/4.0 (compatible; MSIE 7.0; Windows NT 5.1; GTB5; .NET CLR 1.0.3705; .NET CLR 2.0.50727; .NET CLR 3.0.4506.2152; .NET CLR 3.5.30729)"
70.48.55.69 - - [31/Mar/2009:19:29:56 -0400] "GET / HTTP/1.1" 200 12445 "http://ottawa.econsultation.ca/" "Mozilla/4.0 (compatible; MSIE 7.0; Windows NT 5.1; GTB5; .NET CLR 1.0.3705; .NET CLR 2.0.50727; .NET CLR 3.0.4506.2152; .NET CLR 3.5.30729)"
70.48.55.69 - - [31/Mar/2009:19:30:24 -0400] "POST /login HTTP/1.1" 200 10679 "http://ottawa.econsultation.ca/" "Mozilla/4.0 (compatible; MSIE 7.0; Windows NT 5.1; GTB5; .NET CLR 1.0.3705; .NET CLR 2.0.50727; .NET CLR 3.0.4506.2152; .NET CLR 3.5.30729)"
70.48.55.69 - - [31/Mar/2009:19:30:28 -0400] "GET /images/information.png HTTP/1.1" 200 918 "http://ottawa.econsultation.ca/login" "Mozilla/4.0 (compatible; MSIE 7.0; Windows NT 5.1; GTB5; .NET CLR 1.0.3705; .NET CLR 2.0.50727; .NET CLR 3.0.4506.2152; .NET CLR 3.5.30729)"
70.48.55.69 - - [31/Mar/2009:19:30:34 -0400] "GET / HTTP/1.1" 200 12482 "http://ottawa.econsultation.ca/login" "Mozilla/4.0 (compatible; MSIE 7.0; Windows NT 5.1; GTB5; .NET CLR 1.0.3705; .NET CLR 2.0.50727; .NET CLR 3.0.4506.2152; .NET CLR 3.5.30729)"
99.231.141.27 - - [31/Mar/2009:19:36:16 -0400] "GET / HTTP/1.1" 200 12408 "http://www.google.ca/search?q=econsultation.ca&ie=utf-8&oe=utf-8&aq=t&rls=com.ubuntu:en-US:unofficial&client=firefox-a" "Mozilla/5.0 (X11; U; Linux i686; en-US; rv:1.9.0.8) Gecko/2009032711 Ubuntu/8.10 (intrepid) Firefox/3.0.8"
99.231.141.27 - - [31/Mar/2009:19:36:16 -0400] "GET /javascripts/base_1232381990.js HTTP/1.1" 200 97264 "http://ottawa.econsultation.ca/" "Mozilla/5.0 (X11; U; Linux i686; en-US; rv:1.9.0.8) Gecko/2009032711 Ubuntu/8.10 (intrepid) Firefox/3.0.8"
99.231.141.27 - - [31/Mar/2009:19:36:16 -0400] "GET /stylesheets/print.css HTTP/1.1" 200 321 "http://ottawa.econsultation.ca/" "Mozilla/5.0 (X11; U; Linux i686; en-US; rv:1.9.0.8) Gecko/2009032711 Ubuntu/8.10 (intrepid) Firefox/3.0.8"
99.231.141.27 - - [31/Mar/2009:19:36:16 -0400] "GET /stylesheets/base_1232381990.css HTTP/1.1" 200 30149 "http://ottawa.econsultation.ca/" "Mozilla/5.0 (X11; U; Linux i686; en-US; rv:1.9.0.8) Gecko/2009032711 Ubuntu/8.10 (intrepid) Firefox/3.0.8"
99.231.141.27 - - [31/Mar/2009:19:36:16 -0400] "GET /images/search_go_1.jpg HTTP/1.1" 200 665 "http://ottawa.econsultation.ca/" "Mozilla/5.0 (X11; U; Linux i686; en-US; rv:1.9.0.8) Gecko/2009032711 Ubuntu/8.10 (intrepid) Firefox/3.0.8"
