65.55.110.22 - - [31/Mar/2009:19:12:16 -0400] "GET /images/polling_results.jpg?1221113035 HTTP/1.0" 200 5021 "http://nikonthenumbers.com/topics/show/120/25894" "Mozilla/4.0 (compatible; MSIE 6.0; Windows NT 5.2; SV1; .NET CLR 1.1.4322)"
174.133.253.162 - - [31/Mar/2009:19:12:51 -0400] "GET / HTTP/1.0" 200 24842 "-" "Pingdom.com_bot_version_1.4_(http://www.pingdom.com/)"
75.154.76.172 - - [31/Mar/2009:19:13:10 -0400] "GET /rss HTTP/1.1" 200 100138 "-" "Windows-RSS-Platform/1.0 (MSIE 7.0; Windows NT 6.0)"
67.195.37.93 - - [31/Mar/2009:19:14:06 -0400] "GET /topics/show/121/26309 HTTP/1.0" 200 647638 "-" "Mozilla/5.0 (compatible; Yahoo! Slurp; http://help.yahoo.com/help/us/ysearch/slurp)"
89.151.110.152 - - [31/Mar/2009:19:14:52 -0400] "GET / HTTP/1.0" 200 24842 "-" "Pingdom.com_bot_version_1.4_(http://www.pingdom.com/)"
65.55.105.130 - - [31/Mar/2009:19:15:28 -0400] "GET /profile/1058028 HTTP/1.1" 200 165594 "-" "msnbot/1.1 (+http://search.msn.com/msnbot.htm)"
209.62.54.130 - - [31/Mar/2009:19:15:51 -0400] "GET / HTTP/1.0" 200 24842 "-" "Pingdom.com_bot_version_1.4_(http://www.pingdom.com/)"
83.140.19.38 - - [31/Mar/2009:19:16:37 -0400] "GET / HTTP/1.0" 200 24842 "-" "Pingdom.com_bot_version_1.4_(http://www.pingdom.com/)"
72.51.41.47 - - [31/Mar/2009:19:16:51 -0400] "GET / HTTP/1.0" 200 24842 "-" "Pingdom.com_bot_version_1.4_(http://www.pingdom.com/)"
72.136.129.23 - - [31/Mar/2009:19:17:08 -0400] "GET /rss HTTP/1.1" 200 100138 "-" "Mozilla/5.0 (Windows; U; Windows NT 5.1; en-US; rv:1.9.0.7) Gecko/2009021910 Firefox/3.0.7 (.NET CLR 3.5.30729)"
212.247.189.113 - - [31/Mar/2009:19:17:51 -0400] "GET / HTTP/1.0" 200 24842 "-" "Pingdom.com_bot_version_1.4_(http://www.pingdom.com/)"
216.97.239.30 - - [31/Mar/2009:19:18:04 -0400] "GET /rss HTTP/1.0" 200 100138 "-" "FeedForAll rss2html.php v2"
207.97.207.200 - - [31/Mar/2009:19:18:51 -0400] "GET / HTTP/1.0" 200 24842 "-" "Pingdom.com_bot_version_1.4_(http://www.pingdom.com/)"
208.124.192.74 - - [31/Mar/2009:19:19:20 -0400] "GET /rss HTTP/1.1" 200 100138 "-" "Mozilla/5.0 (Windows; U; Windows NT 5.1; en-US; rv:1.9.0.8) Gecko/2009032609 Firefox/3.0.8"
67.192.120.134 - - [31/Mar/2009:19:19:51 -0400] "GET / HTTP/1.0" 200 24842 "-" "Pingdom.com_bot_version_1.4_(http://www.pingdom.com/)"
66.249.71.138 - - [31/Mar/2009:19:20:20 -0400] "GET /profile/558606 HTTP/1.1" 200 14676 "-" "Mozilla/5.0 (compatible; Googlebot/2.1; +http://www.google.com/bot.html)"
78.136.27.223 - - [31/Mar/2009:19:20:51 -0400] "GET / HTTP/1.0" 200 24842 "-" "Pingdom.com_bot_version_1.4_(http://www.pingdom.com/)"
69.63.178.249 - - [31/Mar/2009:19:21:19 -0400] "GET /images/TOP_03.jpg HTTP/1.1" 200 15516 "-" "facebookexternalhit/1.0 (+http://www.facebook.com/externalhit_uatext.php)"
67.205.112.79 - - [31/Mar/2009:19:21:51 -0400] "GET / HTTP/1.0" 200 24842 "-" "Pingdom.com_bot_version_1.4_(http://www.pingdom.com/)"
142.52.81.11 - - [31/Mar/2009:19:22:28 -0400] "GET /rss HTTP/1.1" 200 100138 "-" "SharpReader/0.9.7.0 (.NET CLR 1.1.4322.573; WinNT 5.1.2600.0)"
174.133.253.162 - - [31/Mar/2009:19:22:51 -0400] "GET / HTTP/1.0" 200 24842 "-" "Pingdom.com_bot_version_1.4_(http://www.pingdom.com/)"
89.151.110.152 - - [31/Mar/2009:19:24:52 -0400] "GET / HTTP/1.0" 200 24842 "-" "Pingdom.com_bot_version_1.4_(http://www.pingdom.com/)"
65.55.105.115 - - [31/Mar/2009:19:24:55 -0400] "GET /topics/show/107/17127 HTTP/1.1" 200 179670 "-" "msnbot/1.1 (+http://search.msn.com/msnbot.htm)"
70.30.26.11 - - [31/Mar/2009:19:25:02 -0400] "GET /rss HTTP/1.1" 200 100138 "-" "Windows-RSS-Platform/1.0 (MSIE 7.0; Windows NT 5.1)"
65.55.107.226 - - [31/Mar/2009:19:25:26 -0400] "GET /topics/show/107/17127 HTTP/1.0" 200 179670 "http://search.live.com/results.aspx?q=nanos" "Mozilla/4.0 (compatible; MSIE 6.0; Windows NT 5.2; SV1; .NET CLR 1.1.4322)"
65.55.107.226 - - [31/Mar/2009:19:25:29 -0400] "GET /stylesheets/base_1221113035.css HTTP/1.0" 200 14188 "http://www.nikonthenumbers.com/topics/show/107/17127" "Mozilla/4.0 (compatible; MSIE 6.0; Windows NT 5.2; SV1; .NET CLR 1.1.4322)"
65.55.107.226 - - [31/Mar/2009:19:25:30 -0400] "GET /javascripts/base_1221113035.js HTTP/1.0" 200 96039 "http://www.nikonthenumbers.com/topics/show/107/17127" "Mozilla/4.0 (compatible; MSIE 6.0; Windows NT 5.2; SV1; .NET CLR 1.1.4322)"
65.55.107.226 - - [31/Mar/2009:19:25:47 -0400] "GET /avatars/0000/0055/Rod_thumb.jpg?1222443029 HTTP/1.0" 200 6663 "http://www.nikonthenumbers.com/topics/show/107/17127" "Mozilla/4.0 (compatible; MSIE 6.0; Windows NT 5.2; SV1; .NET CLR 1.1.4322)"
65.55.107.226 - - [31/Mar/2009:19:25:47 -0400] "GET /avatars/0000/0083/LOGO_lg_thumb.png?1228919873 HTTP/1.0" 200 3884 "http://www.nikonthenumbers.com/topics/show/107/17127" "Mozilla/4.0 (compatible; MSIE 6.0; Windows NT 5.2; SV1; .NET CLR 1.1.4322)"
65.55.107.226 - - [31/Mar/2009:19:25:50 -0400] "GET /avatars/0000/0063/alex_and_moe_thumb.jpg?1223006684 HTTP/1.0" 200 6990 "http://www.nikonthenumbers.com/topics/show/107/17127" "Mozilla/4.0 (compatible; MSIE 6.0; Windows NT 5.2; SV1; .NET CLR 1.1.4322)"
209.62.54.130 - - [31/Mar/2009:19:25:52 -0400] "GET / HTTP/1.0" 200 24842 "-" "Pingdom.com_bot_version_1.4_(http://www.pingdom.com/)"
65.55.107.226 - - [31/Mar/2009:19:25:54 -0400] "GET /fixit.js HTTP/1.0" 200 153 "http://www.nikonthenumbers.com/topics/show/107/17127" "Mozilla/4.0 (compatible; MSIE 6.0; Windows NT 5.2; SV1; .NET CLR 1.1.4322)"
24.137.117.37 - - [31/Mar/2009:19:26:01 -0400] "GET /stylesheets/base_1221113035.css HTTP/1.1" 304 - "http://www.nikonthenumbers.com/" "Mozilla/4.0 (compatible; MSIE 7.0; Windows NT 5.1; GTB5; .NET CLR 1.1.4322; .NET CLR 2.0.50727; OfficeLiveConnector.1.3; OfficeLivePatch.0.0)"
24.137.117.37 - - [31/Mar/2009:19:26:00 -0400] "GET / HTTP/1.1" 200 24842 "-" "Mozilla/4.0 (compatible; MSIE 7.0; Windows NT 5.1; GTB5; .NET CLR 1.1.4322; .NET CLR 2.0.50727; OfficeLiveConnector.1.3; OfficeLivePatch.0.0)"
24.137.117.37 - - [31/Mar/2009:19:26:02 -0400] "GET /javascripts/base_1221113035.js HTTP/1.1" 304 - "http://www.nikonthenumbers.com/" "Mozilla/4.0 (compatible; MSIE 7.0; Windows NT 5.1; GTB5; .NET CLR 1.1.4322; .NET CLR 2.0.50727; OfficeLiveConnector.1.3; OfficeLivePatch.0.0)"
24.137.117.37 - - [31/Mar/2009:19:26:02 -0400] "GET /images/page-bg.gif HTTP/1.1" 304 - "http://www.nikonthenumbers.com/" "Mozilla/4.0 (compatible; MSIE 7.0; Windows NT 5.1; GTB5; .NET CLR 1.1.4322; .NET CLR 2.0.50727; OfficeLiveConnector.1.3; OfficeLivePatch.0.0)"
24.137.117.37 - - [31/Mar/2009:19:26:02 -0400] "GET /images/TOP_01.jpg HTTP/1.1" 304 - "http://www.nikonthenumbers.com/" "Mozilla/4.0 (compatible; MSIE 7.0; Windows NT 5.1; GTB5; .NET CLR 1.1.4322; .NET CLR 2.0.50727; OfficeLiveConnector.1.3; OfficeLivePatch.0.0)"
24.137.117.37 - - [31/Mar/2009:19:26:02 -0400] "GET /images/TOP_02.jpg HTTP/1.1" 304 - "http://www.nikonthenumbers.com/" "Mozilla/4.0 (compatible; MSIE 7.0; Windows NT 5.1; GTB5; .NET CLR 1.1.4322; .NET CLR 2.0.50727; OfficeLiveConnector.1.3; OfficeLivePatch.0.0)"
24.137.117.37 - - [31/Mar/2009:19:26:02 -0400] "GET /images/TOP_03.jpg HTTP/1.1" 304 - "http://www.nikonthenumbers.com/" "Mozilla/4.0 (compatible; MSIE 7.0; Windows NT 5.1; GTB5; .NET CLR 1.1.4322; .NET CLR 2.0.50727; OfficeLiveConnector.1.3; OfficeLivePatch.0.0)"
24.137.117.37 - - [31/Mar/2009:19:26:02 -0400] "GET /images/feed-icon-14x14.png HTTP/1.1" 304 - "http://www.nikonthenumbers.com/" "Mozilla/4.0 (compatible; MSIE 7.0; Windows NT 5.1; GTB5; .NET CLR 1.1.4322; .NET CLR 2.0.50727; OfficeLiveConnector.1.3; OfficeLivePatch.0.0)"
24.137.117.37 - - [31/Mar/2009:19:26:02 -0400] "GET /images/TOP_06.jpg HTTP/1.1" 304 - "http://www.nikonthenumbers.com/" "Mozilla/4.0 (compatible; MSIE 7.0; Windows NT 5.1; GTB5; .NET CLR 1.1.4322; .NET CLR 2.0.50727; OfficeLiveConnector.1.3; OfficeLivePatch.0.0)"
24.137.117.37 - - [31/Mar/2009:19:26:02 -0400] "GET /images/Ses-Townhall-AD-FED-20080911.swf HTTP/1.1" 304 - "http://www.nikonthenumbers.com/" "Mozilla/4.0 (compatible; MSIE 7.0; Windows NT 5.1; GTB5; .NET CLR 1.1.4322; .NET CLR 2.0.50727; OfficeLiveConnector.1.3; OfficeLivePatch.0.0)"
24.137.117.37 - - [31/Mar/2009:19:26:02 -0400] "GET /images/bottom-with-shaddow.gif HTTP/1.1" 304 - "http://www.nikonthenumbers.com/" "Mozilla/4.0 (compatible; MSIE 7.0; Windows NT 5.1; GTB5; .NET CLR 1.1.4322; .NET CLR 2.0.50727; OfficeLiveConnector.1.3; OfficeLivePatch.0.0)"
24.137.117.37 - - [31/Mar/2009:19:26:02 -0400] "GET /images/RULE-FADE.jpg HTTP/1.1" 304 - "http://www.nikonthenumbers.com/" "Mozilla/4.0 (compatible; MSIE 7.0; Windows NT 5.1; GTB5; .NET CLR 1.1.4322; .NET CLR 2.0.50727; OfficeLiveConnector.1.3; OfficeLivePatch.0.0)"
24.137.117.37 - - [31/Mar/2009:19:26:02 -0400] "GET /images/BOX-BACK.jpg HTTP/1.1" 304 - "http://www.nikonthenumbers.com/" "Mozilla/4.0 (compatible; MSIE 7.0; Windows NT 5.1; GTB5; .NET CLR 1.1.4322; .NET CLR 2.0.50727; OfficeLiveConnector.1.3; OfficeLivePatch.0.0)"
24.137.117.37 - - [31/Mar/2009:19:26:02 -0400] "GET /fixit.js HTTP/1.1" 304 - "http://www.nikonthenumbers.com/" "Mozilla/4.0 (compatible; MSIE 7.0; Windows NT 5.1; GTB5; .NET CLR 1.1.4322; .NET CLR 2.0.50727; OfficeLiveConnector.1.3; OfficeLivePatch.0.0)"
24.137.117.37 - - [31/Mar/2009:19:26:02 -0400] "GET /images/red-band.gif HTTP/1.1" 304 - "http://www.nikonthenumbers.com/" "Mozilla/4.0 (compatible; MSIE 7.0; Windows NT 5.1; GTB5; .NET CLR 1.1.4322; .NET CLR 2.0.50727; OfficeLiveConnector.1.3; OfficeLivePatch.0.0)"
24.137.117.37 - - [31/Mar/2009:19:26:02 -0400] "GET /images/polling_results.jpg?1221113035 HTTP/1.1" 304 - "http://www.nikonthenumbers.com/" "Mozilla/4.0 (compatible; MSIE 7.0; Windows NT 5.1; GTB5; .NET CLR 1.1.4322; .NET CLR 2.0.50727; OfficeLiveConnector.1.3; OfficeLivePatch.0.0)"
24.137.117.37 - - [31/Mar/2009:19:26:02 -0400] "GET /images/safe_subscribe_logo.gif HTTP/1.1" 304 - "http://www.nikonthenumbers.com/" "Mozilla/4.0 (compatible; MSIE 7.0; Windows NT 5.1; GTB5; .NET CLR 1.1.4322; .NET CLR 2.0.50727; OfficeLiveConnector.1.3; OfficeLivePatch.0.0)"
24.137.117.37 - - [31/Mar/2009:19:26:02 -0400] "GET /images/cancel.png HTTP/1.1" 304 - "http://www.nikonthenumbers.com/" "Mozilla/4.0 (compatible; MSIE 7.0; Windows NT 5.1; GTB5; .NET CLR 1.1.4322; .NET CLR 2.0.50727; OfficeLiveConnector.1.3; OfficeLivePatch.0.0)"
24.137.117.37 - - [31/Mar/2009:19:26:02 -0400] "GET /images/comment_bw.png HTTP/1.1" 304 - "http://www.nikonthenumbers.com/" "Mozilla/4.0 (compatible; MSIE 7.0; Windows NT 5.1; GTB5; .NET CLR 1.1.4322; .NET CLR 2.0.50727; OfficeLiveConnector.1.3; OfficeLivePatch.0.0)"
72.30.65.34 - - [31/Mar/2009:19:26:02 -0400] "GET /topics/show/119/25193 HTTP/1.0" 200 612288 "-" "Mozilla/5.0 (compatible; Yahoo! Slurp/3.0; http://help.yahoo.com/help/us/ysearch/slurp)"
83.140.19.38 - - [31/Mar/2009:19:26:22 -0400] "GET / HTTP/1.0" 200 24842 "-" "Pingdom.com_bot_version_1.4_(http://www.pingdom.com/)"
24.137.117.37 - - [31/Mar/2009:19:26:46 -0400] "GET /avatars/0000/0107/hope-nope5_thumb.jpg?1235523623 HTTP/1.1" 304 - "http://www.nikonthenumbers.com/topics/show/124/28170" "Mozilla/4.0 (compatible; MSIE 7.0; Windows NT 5.1; GTB5; .NET CLR 1.1.4322; .NET CLR 2.0.50727; OfficeLiveConnector.1.3; OfficeLivePatch.0.0)"
24.137.117.37 - - [31/Mar/2009:19:26:47 -0400] "GET /avatars/0000/0083/LOGO_lg_thumb.png?1228919873 HTTP/1.1" 304 - "http://www.nikonthenumbers.com/topics/show/124/28170" "Mozilla/4.0 (compatible; MSIE 7.0; Windows NT 5.1; GTB5; .NET CLR 1.1.4322; .NET CLR 2.0.50727; OfficeLiveConnector.1.3; OfficeLivePatch.0.0)"
24.137.117.37 - - [31/Mar/2009:19:26:42 -0400] "GET /topics/show/124/28170 HTTP/1.1" 200 197679 "http://www.nikonthenumbers.com/" "Mozilla/4.0 (compatible; MSIE 7.0; Windows NT 5.1; GTB5; .NET CLR 1.1.4322; .NET CLR 2.0.50727; OfficeLiveConnector.1.3; OfficeLivePatch.0.0)"
24.224.138.136 - - [31/Mar/2009:19:26:45 -0400] "GET /rss HTTP/1.1" 200 100138 "-" "Mozilla/5.0 (compatible; Google Desktop)"
24.137.117.37 - - [31/Mar/2009:19:26:50 -0400] "GET /images/comment.png HTTP/1.1" 304 - "http://www.nikonthenumbers.com/topics/show/124/28170" "Mozilla/4.0 (compatible; MSIE 7.0; Windows NT 5.1; GTB5; .NET CLR 1.1.4322; .NET CLR 2.0.50727; OfficeLiveConnector.1.3; OfficeLivePatch.0.0)"
72.51.41.47 - - [31/Mar/2009:19:26:52 -0400] "GET / HTTP/1.0" 200 24842 "-" "Pingdom.com_bot_version_1.4_(http://www.pingdom.com/)"
66.249.71.138 - - [31/Mar/2009:19:26:58 -0400] "GET /topics/show/114/19981 HTTP/1.1" 200 303586 "-" "Mozilla/5.0 (compatible; Googlebot/2.1; +http://www.google.com/bot.html)"
24.137.117.37 - - [31/Mar/2009:19:27:02 -0400] "POST /talk/mark/28546 HTTP/1.1" 201 1 "http://www.nikonthenumbers.com/topics/show/124/28170#comment_28546" "Mozilla/4.0 (compatible; MSIE 7.0; Windows NT 5.1; GTB5; .NET CLR 1.1.4322; .NET CLR 2.0.50727; OfficeLiveConnector.1.3; OfficeLivePatch.0.0)"
212.247.189.113 - - [31/Mar/2009:19:27:51 -0400] "GET / HTTP/1.0" 200 24842 "-" "Pingdom.com_bot_version_1.4_(http://www.pingdom.com/)"
75.154.76.172 - - [31/Mar/2009:19:28:13 -0400] "GET /rss HTTP/1.1" 200 100138 "-" "Windows-RSS-Platform/1.0 (MSIE 7.0; Windows NT 6.0)"
66.249.71.138 - - [31/Mar/2009:19:28:37 -0400] "GET /topics/show/75/9087 HTTP/1.1" 200 95815 "-" "Mozilla/5.0 (compatible; Googlebot/2.1; +http://www.google.com/bot.html)"
207.97.207.200 - - [31/Mar/2009:19:28:51 -0400] "GET / HTTP/1.0" 200 24842 "-" "Pingdom.com_bot_version_1.4_(http://www.pingdom.com/)"
66.249.71.138 - - [31/Mar/2009:19:28:56 -0400] "GET /profile/6122 HTTP/1.1" 200 46382 "-" "Mozilla/5.0 (compatible; Googlebot/2.1; +http://www.google.com/bot.html)"
72.30.65.34 - - [31/Mar/2009:19:29:37 -0400] "GET /topics/show/37/1638 HTTP/1.0" 200 105136 "-" "Mozilla/5.0 (compatible; Yahoo! Slurp/3.0; http://help.yahoo.com/help/us/ysearch/slurp)"
67.192.120.134 - - [31/Mar/2009:19:29:51 -0400] "GET / HTTP/1.0" 200 24842 "-" "Pingdom.com_bot_version_1.4_(http://www.pingdom.com/)"
206.248.152.192 - - [31/Mar/2009:19:30:15 -0400] "GET / HTTP/1.1" 200 23640 "http://www.google.ca/search?q=Nik+Nanos&hl=en&client=firefox-a&rls=org.mozilla:en-US:official&start=0&sa=N" "Mozilla/5.0 (Windows; U; Windows NT 6.0; en-US; rv:1.9.0.8) Gecko/2009032609 Firefox/3.0.8 (.NET CLR 3.5.30729)"
66.249.71.138 - - [31/Mar/2009:19:30:17 -0400] "GET /profile/665382 HTTP/1.1" 200 14668 "-" "Mozilla/5.0 (compatible; Googlebot/2.1; +http://www.google.com/bot.html)"
206.248.152.192 - - [31/Mar/2009:19:30:25 -0400] "GET / HTTP/1.1" 200 15640 "http://www.google.ca/search?q=Nik+Nanos&ie=utf-8&oe=utf-8&aq=t&rls=org.mozilla:en-US:official&client=firefox-a" "Mozilla/5.0 (Windows; U; Windows NT 6.0; en-US; rv:1.9.0.8) Gecko/2009032609 Firefox/3.0.8 (.NET CLR 3.5.30729)"
78.136.27.223 - - [31/Mar/2009:19:30:51 -0400] "GET / HTTP/1.0" 200 24842 "-" "Pingdom.com_bot_version_1.4_(http://www.pingdom.com/)"
64.34.195.155 - - [31/Mar/2009:19:31:27 -0400] "GET / HTTP/1.1" 200 24678 "-" "Mozilla/5.0 (X11; U; Linux i686; en-US; rv:1.2.1; aggregator:Spinn3r (Spinn3r 3.0); http://spinn3r.com/robot) Gecko/20021130"
205.200.44.205 - - [31/Mar/2009:19:31:21 -0400] "GET /rss HTTP/1.1" 200 99686 "-" "Windows-RSS-Platform/1.0 (MSIE 7.0; Windows NT 5.1)"
67.205.112.79 - - [31/Mar/2009:19:31:51 -0400] "GET / HTTP/1.0" 200 24842 "-" "Pingdom.com_bot_version_1.4_(http://www.pingdom.com/)"
66.249.71.138 - - [31/Mar/2009:19:31:56 -0400] "GET /profile/663267 HTTP/1.1" 200 14685 "-" "Mozilla/5.0 (compatible; Googlebot/2.1; +http://www.google.com/bot.html)"
72.30.65.34 - - [31/Mar/2009:19:32:38 -0400] "GET /topics/show/115/22962 HTTP/1.0" 200 1224498 "-" "Mozilla/5.0 (compatible; Yahoo! Slurp/3.0; http://help.yahoo.com/help/us/ysearch/slurp)"
174.133.253.162 - - [31/Mar/2009:19:32:51 -0400] "GET / HTTP/1.0" 200 24842 "-" "Pingdom.com_bot_version_1.4_(http://www.pingdom.com/)"
89.151.110.152 - - [31/Mar/2009:19:34:52 -0400] "GET / HTTP/1.0" 200 24842 "-" "Pingdom.com_bot_version_1.4_(http://www.pingdom.com/)"
72.30.65.34 - - [31/Mar/2009:19:35:06 -0400] "GET /topics/show/119/25767 HTTP/1.0" 200 612288 "-" "Mozilla/5.0 (compatible; Yahoo! Slurp/3.0; http://help.yahoo.com/help/us/ysearch/slurp)"
66.249.71.138 - - [31/Mar/2009:19:35:16 -0400] "GET /profile/663244 HTTP/1.1" 200 14673 "-" "Mozilla/5.0 (compatible; Googlebot/2.1; +http://www.google.com/bot.html)"
66.249.71.138 - - [31/Mar/2009:19:35:34 -0400] "GET /topics/show/11/331 HTTP/1.1" 200 110184 "-" "Mozilla/5.0 (compatible; Googlebot/2.1; +http://www.google.com/bot.html)"
209.62.54.130 - - [31/Mar/2009:19:35:52 -0400] "GET / HTTP/1.0" 200 24842 "-" "Pingdom.com_bot_version_1.4_(http://www.pingdom.com/)"
83.140.19.38 - - [31/Mar/2009:19:36:19 -0400] "GET / HTTP/1.0" 200 24842 "-" "Pingdom.com_bot_version_1.4_(http://www.pingdom.com/)"
70.76.83.159 - - [31/Mar/2009:19:36:30 -0400] "GET /archives HTTP/1.1" 200 34644 "-" "Mozilla/5.0 (Windows; U; Windows NT 5.1; en-US; rv:1.9.0.7) Gecko/2009021910 Firefox/3.0.7"
70.76.83.159 - - [31/Mar/2009:19:36:30 -0400] "GET /stylesheets/base_1221113035.css HTTP/1.1" 200 14188 "http://www.nikonthenumbers.com/archives" "Mozilla/5.0 (Windows; U; Windows NT 5.1; en-US; rv:1.9.0.7) Gecko/2009021910 Firefox/3.0.7"
70.76.83.159 - - [31/Mar/2009:19:36:30 -0400] "GET /javascripts/base_1221113035.js HTTP/1.1" 200 96039 "http://www.nikonthenumbers.com/archives" "Mozilla/5.0 (Windows; U; Windows NT 5.1; en-US; rv:1.9.0.7) Gecko/2009021910 Firefox/3.0.7"
70.76.83.159 - - [31/Mar/2009:19:36:31 -0400] "GET /favicon.ico HTTP/1.1" 200 894 "-" "Mozilla/5.0 (Windows; U; Windows NT 5.1; en-US; rv:1.9.0.7) Gecko/2009021910 Firefox/3.0.7"
70.76.83.159 - - [31/Mar/2009:19:36:31 -0400] "GET /images/TOP_01.jpg HTTP/1.1" 200 12839 "http://www.nikonthenumbers.com/archives" "Mozilla/5.0 (Windows; U; Windows NT 5.1; en-US; rv:1.9.0.7) Gecko/2009021910 Firefox/3.0.7"
70.76.83.159 - - [31/Mar/2009:19:36:31 -0400] "GET /images/TOP_02.jpg HTTP/1.1" 200 14856 "http://www.nikonthenumbers.com/archives" "Mozilla/5.0 (Windows; U; Windows NT 5.1; en-US; rv:1.9.0.7) Gecko/2009021910 Firefox/3.0.7"
70.76.83.159 - - [31/Mar/2009:19:36:31 -0400] "GET /fixit.js HTTP/1.1" 200 153 "http://www.nikonthenumbers.com/archives" "Mozilla/5.0 (Windows; U; Windows NT 5.1; en-US; rv:1.9.0.7) Gecko/2009021910 Firefox/3.0.7"
70.76.83.159 - - [31/Mar/2009:19:36:31 -0400] "GET /images/feed-icon-14x14.png HTTP/1.1" 200 689 "http://www.nikonthenumbers.com/archives" "Mozilla/5.0 (Windows; U; Windows NT 5.1; en-US; rv:1.9.0.7) Gecko/2009021910 Firefox/3.0.7"
70.76.83.159 - - [31/Mar/2009:19:36:31 -0400] "GET /images/safe_subscribe_logo.gif HTTP/1.1" 200 457 "http://www.nikonthenumbers.com/archives" "Mozilla/5.0 (Windows; U; Windows NT 5.1; en-US; rv:1.9.0.7) Gecko/2009021910 Firefox/3.0.7"
70.76.83.159 - - [31/Mar/2009:19:36:31 -0400] "GET /images/RULE-FADE.jpg HTTP/1.1" 200 448 "http://www.nikonthenumbers.com/archives" "Mozilla/5.0 (Windows; U; Windows NT 5.1; en-US; rv:1.9.0.7) Gecko/2009021910 Firefox/3.0.7"
70.76.83.159 - - [31/Mar/2009:19:36:31 -0400] "GET /images/polling_results.jpg?1221113035 HTTP/1.1" 200 5021 "http://www.nikonthenumbers.com/archives" "Mozilla/5.0 (Windows; U; Windows NT 5.1; en-US; rv:1.9.0.7) Gecko/2009021910 Firefox/3.0.7"
70.76.83.159 - - [31/Mar/2009:19:36:31 -0400] "GET /images/page-bg.gif HTTP/1.1" 200 1487 "http://www.nikonthenumbers.com/stylesheets/base_1221113035.css" "Mozilla/5.0 (Windows; U; Windows NT 5.1; en-US; rv:1.9.0.7) Gecko/2009021910 Firefox/3.0.7"
70.76.83.159 - - [31/Mar/2009:19:36:31 -0400] "GET /images/TOP_06.jpg HTTP/1.1" 200 2158 "http://www.nikonthenumbers.com/stylesheets/base_1221113035.css" "Mozilla/5.0 (Windows; U; Windows NT 5.1; en-US; rv:1.9.0.7) Gecko/2009021910 Firefox/3.0.7"
70.76.83.159 - - [31/Mar/2009:19:36:31 -0400] "GET /images/red-band.gif HTTP/1.1" 200 4358 "http://www.nikonthenumbers.com/stylesheets/base_1221113035.css" "Mozilla/5.0 (Windows; U; Windows NT 5.1; en-US; rv:1.9.0.7) Gecko/2009021910 Firefox/3.0.7"
70.76.83.159 - - [31/Mar/2009:19:36:31 -0400] "GET /images/TOP_03.jpg HTTP/1.1" 200 15516 "http://www.nikonthenumbers.com/archives" "Mozilla/5.0 (Windows; U; Windows NT 5.1; en-US; rv:1.9.0.7) Gecko/2009021910 Firefox/3.0.7"
70.76.83.159 - - [31/Mar/2009:19:36:31 -0400] "GET /images/bottom-with-shaddow.gif HTTP/1.1" 200 9790 "http://www.nikonthenumbers.com/stylesheets/base_1221113035.css" "Mozilla/5.0 (Windows; U; Windows NT 5.1; en-US; rv:1.9.0.7) Gecko/2009021910 Firefox/3.0.7"
70.76.83.159 - - [31/Mar/2009:19:36:31 -0400] "GET /images/BOX-BACK.jpg HTTP/1.1" 200 1025 "http://www.nikonthenumbers.com/stylesheets/base_1221113035.css" "Mozilla/5.0 (Windows; U; Windows NT 5.1; en-US; rv:1.9.0.7) Gecko/2009021910 Firefox/3.0.7"
70.76.83.159 - - [31/Mar/2009:19:36:31 -0400] "GET /images/Ses-Townhall-AD-FED-20080911.swf HTTP/1.1" 200 17188 "http://www.nikonthenumbers.com/archives" "Mozilla/5.0 (Windows; U; Windows NT 5.1; en-US; rv:1.9.0.7) Gecko/2009021910 Firefox/3.0.7"
72.51.41.47 - - [31/Mar/2009:19:36:52 -0400] "GET / HTTP/1.0" 200 24842 "-" "Pingdom.com_bot_version_1.4_(http://www.pingdom.com/)"
66.249.71.138 - - [31/Mar/2009:19:36:55 -0400] "GET /topics/show/105/16207 HTTP/1.1" 200 171477 "-" "Mozilla/5.0 (compatible; Googlebot/2.1; +http://www.google.com/bot.html)"
72.30.65.34 - - [31/Mar/2009:19:37:29 -0400] "GET /topics/show/18/590 HTTP/1.0" 200 87191 "-" "Mozilla/5.0 (compatible; Yahoo! Slurp/3.0; http://help.yahoo.com/help/us/ysearch/slurp)"
142.52.81.11 - - [31/Mar/2009:19:37:34 -0400] "GET /rss HTTP/1.1" 200 100138 "-" "SharpReader/0.9.7.0 (.NET CLR 1.1.4322.573; WinNT 5.1.2600.0)"
212.247.189.113 - - [31/Mar/2009:19:37:52 -0400] "GET / HTTP/1.0" 200 24842 "-" "Pingdom.com_bot_version_1.4_(http://www.pingdom.com/)"
207.97.207.200 - - [31/Mar/2009:19:38:51 -0400] "GET / HTTP/1.0" 200 24842 "-" "Pingdom.com_bot_version_1.4_(http://www.pingdom.com/)"
72.30.65.34 - - [31/Mar/2009:19:39:11 -0400] "GET /topics/show/117/24078 HTTP/1.0" 200 432065 "-" "Mozilla/5.0 (compatible; Yahoo! Slurp/3.0; http://help.yahoo.com/help/us/ysearch/slurp)"
204.209.81.14 - - [31/Mar/2009:19:39:25 -0400] "GET /rss HTTP/1.0" 200 100138 "-" "Mozilla/5.0 (Windows; U; Windows NT 5.0; en-GB; rv:1.9.0.6) Gecko/2009011913 Firefox/3.0.6"
67.192.120.134 - - [31/Mar/2009:19:39:51 -0400] "GET / HTTP/1.0" 200 24842 "-" "Pingdom.com_bot_version_1.4_(http://www.pingdom.com/)"
72.14.199.41 - - [31/Mar/2009:19:39:50 -0400] "GET /rss HTTP/1.1" 200 100138 "-" "Feedfetcher-Google; (+http://www.google.com/feedfetcher.html; 85 subscribers; feed-id=3544419756895700983)"
70.30.26.11 - - [31/Mar/2009:19:40:05 -0400] "GET /rss HTTP/1.1" 200 100138 "-" "Windows-RSS-Platform/1.0 (MSIE 7.0; Windows NT 5.1)"
78.136.27.223 - - [31/Mar/2009:19:40:51 -0400] "GET / HTTP/1.0" 200 24842 "-" "Pingdom.com_bot_version_1.4_(http://www.pingdom.com/)"
72.140.15.168 - - [31/Mar/2009:19:41:15 -0400] "GET / HTTP/1.1" 200 24842 "http://www.dslreports.com/forum/r22157825-CRTC-opens-online-consultation-on-throttling~start=20" "Mozilla/5.0 (Windows; U; Windows NT 6.0; en-US; rv:1.9.0.8) Gecko/2009032609 Firefox/3.0.8 (.NET CLR 3.5.30729)"
72.140.15.168 - - [31/Mar/2009:19:41:16 -0400] "GET /stylesheets/base_1221113035.css HTTP/1.1" 200 14188 "http://www.nikonthenumbers.com/" "Mozilla/5.0 (Windows; U; Windows NT 6.0; en-US; rv:1.9.0.8) Gecko/2009032609 Firefox/3.0.8 (.NET CLR 3.5.30729)"
72.140.15.168 - - [31/Mar/2009:19:41:16 -0400] "GET /javascripts/base_1221113035.js HTTP/1.1" 200 96039 "http://www.nikonthenumbers.com/" "Mozilla/5.0 (Windows; U; Windows NT 6.0; en-US; rv:1.9.0.8) Gecko/2009032609 Firefox/3.0.8 (.NET CLR 3.5.30729)"
72.140.15.168 - - [31/Mar/2009:19:41:16 -0400] "GET /favicon.ico HTTP/1.1" 200 894 "-" "Mozilla/5.0 (Windows; U; Windows NT 6.0; en-US; rv:1.9.0.8) Gecko/2009032609 Firefox/3.0.8 (.NET CLR 3.5.30729)"
72.140.15.168 - - [31/Mar/2009:19:41:16 -0400] "GET /images/TOP_01.jpg HTTP/1.1" 200 12839 "http://www.nikonthenumbers.com/" "Mozilla/5.0 (Windows; U; Windows NT 6.0; en-US; rv:1.9.0.8) Gecko/2009032609 Firefox/3.0.8 (.NET CLR 3.5.30729)"
72.140.15.168 - - [31/Mar/2009:19:41:16 -0400] "GET /fixit.js HTTP/1.1" 200 153 "http://www.nikonthenumbers.com/" "Mozilla/5.0 (Windows; U; Windows NT 6.0; en-US; rv:1.9.0.8) Gecko/2009032609 Firefox/3.0.8 (.NET CLR 3.5.30729)"
72.140.15.168 - - [31/Mar/2009:19:41:16 -0400] "GET /images/feed-icon-14x14.png HTTP/1.1" 200 689 "http://www.nikonthenumbers.com/" "Mozilla/5.0 (Windows; U; Windows NT 6.0; en-US; rv:1.9.0.8) Gecko/2009032609 Firefox/3.0.8 (.NET CLR 3.5.30729)"
72.140.15.168 - - [31/Mar/2009:19:41:16 -0400] "GET /images/page-bg.gif HTTP/1.1" 200 1487 "http://www.nikonthenumbers.com/stylesheets/base_1221113035.css" "Mozilla/5.0 (Windows; U; Windows NT 6.0; en-US; rv:1.9.0.8) Gecko/2009032609 Firefox/3.0.8 (.NET CLR 3.5.30729)"
72.140.15.168 - - [31/Mar/2009:19:41:16 -0400] "GET /images/RULE-FADE.jpg HTTP/1.1" 200 448 "http://www.nikonthenumbers.com/" "Mozilla/5.0 (Windows; U; Windows NT 6.0; en-US; rv:1.9.0.8) Gecko/2009032609 Firefox/3.0.8 (.NET CLR 3.5.30729)"
72.140.15.168 - - [31/Mar/2009:19:41:17 -0400] "GET /images/TOP_06.jpg HTTP/1.1" 200 2158 "http://www.nikonthenumbers.com/stylesheets/base_1221113035.css" "Mozilla/5.0 (Windows; U; Windows NT 6.0; en-US; rv:1.9.0.8) Gecko/2009032609 Firefox/3.0.8 (.NET CLR 3.5.30729)"
72.140.15.168 - - [31/Mar/2009:19:41:17 -0400] "GET /images/red-band.gif HTTP/1.1" 200 4358 "http://www.nikonthenumbers.com/stylesheets/base_1221113035.css" "Mozilla/5.0 (Windows; U; Windows NT 6.0; en-US; rv:1.9.0.8) Gecko/2009032609 Firefox/3.0.8 (.NET CLR 3.5.30729)"
72.140.15.168 - - [31/Mar/2009:19:41:16 -0400] "GET /images/TOP_03.jpg HTTP/1.1" 200 15516 "http://www.nikonthenumbers.com/" "Mozilla/5.0 (Windows; U; Windows NT 6.0; en-US; rv:1.9.0.8) Gecko/2009032609 Firefox/3.0.8 (.NET CLR 3.5.30729)"
72.140.15.168 - - [31/Mar/2009:19:41:17 -0400] "GET /images/safe_subscribe_logo.gif HTTP/1.1" 200 457 "http://www.nikonthenumbers.com/" "Mozilla/5.0 (Windows; U; Windows NT 6.0; en-US; rv:1.9.0.8) Gecko/2009032609 Firefox/3.0.8 (.NET CLR 3.5.30729)"
72.140.15.168 - - [31/Mar/2009:19:41:17 -0400] "GET /images/bottom-with-shaddow.gif HTTP/1.1" 200 9790 "http://www.nikonthenumbers.com/stylesheets/base_1221113035.css" "Mozilla/5.0 (Windows; U; Windows NT 6.0; en-US; rv:1.9.0.8) Gecko/2009032609 Firefox/3.0.8 (.NET CLR 3.5.30729)"
72.140.15.168 - - [31/Mar/2009:19:41:17 -0400] "GET /images/TOP_02.jpg HTTP/1.1" 200 14856 "http://www.nikonthenumbers.com/" "Mozilla/5.0 (Windows; U; Windows NT 6.0; en-US; rv:1.9.0.8) Gecko/2009032609 Firefox/3.0.8 (.NET CLR 3.5.30729)"
72.140.15.168 - - [31/Mar/2009:19:41:17 -0400] "GET /images/BOX-BACK.jpg HTTP/1.1" 200 1025 "http://www.nikonthenumbers.com/stylesheets/base_1221113035.css" "Mozilla/5.0 (Windows; U; Windows NT 6.0; en-US; rv:1.9.0.8) Gecko/2009032609 Firefox/3.0.8 (.NET CLR 3.5.30729)"
72.140.15.168 - - [31/Mar/2009:19:41:17 -0400] "GET /images/Ses-Townhall-AD-FED-20080911.swf HTTP/1.1" 200 17188 "http://www.nikonthenumbers.com/" "Mozilla/5.0 (Windows; U; Windows NT 6.0; en-US; rv:1.9.0.8) Gecko/2009032609 Firefox/3.0.8 (.NET CLR 3.5.30729)"
72.140.15.168 - - [31/Mar/2009:19:41:17 -0400] "GET /images/comment_bw.png HTTP/1.1" 200 384 "http://www.nikonthenumbers.com/stylesheets/base_1221113035.css" "Mozilla/5.0 (Windows; U; Windows NT 6.0; en-US; rv:1.9.0.8) Gecko/2009032609 Firefox/3.0.8 (.NET CLR 3.5.30729)"
72.140.15.168 - - [31/Mar/2009:19:41:17 -0400] "GET /images/polling_results.jpg?1221113035 HTTP/1.1" 200 5021 "http://www.nikonthenumbers.com/" "Mozilla/5.0 (Windows; U; Windows NT 6.0; en-US; rv:1.9.0.8) Gecko/2009032609 Firefox/3.0.8 (.NET CLR 3.5.30729)"
207.210.31.183 - - [31/Mar/2009:19:41:32 -0400] "GET /rss HTTP/1.1" 200 99686 "-" "Mozilla/5.0 (Windows; U; Windows NT 5.1; en-US; rv:1.9.0.8) Gecko/2009032609 Firefox/3.0.8 (.NET CLR 3.5.30729)"
67.205.112.79 - - [31/Mar/2009:19:41:51 -0400] "GET / HTTP/1.0" 200 24842 "-" "Pingdom.com_bot_version_1.4_(http://www.pingdom.com/)"
72.30.65.34 - - [31/Mar/2009:19:41:54 -0400] "GET /profile/911245 HTTP/1.0" 200 15682 "-" "Mozilla/5.0 (compatible; Yahoo! Slurp/3.0; http://help.yahoo.com/help/us/ysearch/slurp)"
174.133.253.162 - - [31/Mar/2009:19:42:51 -0400] "GET / HTTP/1.0" 200 24842 "-" "Pingdom.com_bot_version_1.4_(http://www.pingdom.com/)"
69.196.189.99 - - [31/Mar/2009:19:43:17 -0400] "GET / HTTP/1.1" 200 24842 "http://www.dslreports.com/forum/r22157825-CRTC-opens-online-consultation-on-throttling~start=20" "Mozilla/5.0 (Windows; U; Windows NT 5.1; en-US; rv:1.9.0.8) Gecko/2009032609 Firefox/3.0.8"
69.196.189.99 - - [31/Mar/2009:19:43:20 -0400] "GET /stylesheets/base_1221113035.css HTTP/1.1" 200 14188 "http://www.nikonthenumbers.com/" "Mozilla/5.0 (Windows; U; Windows NT 5.1; en-US; rv:1.9.0.8) Gecko/2009032609 Firefox/3.0.8"
69.196.189.99 - - [31/Mar/2009:19:43:20 -0400] "GET /javascripts/base_1221113035.js HTTP/1.1" 200 96039 "http://www.nikonthenumbers.com/" "Mozilla/5.0 (Windows; U; Windows NT 5.1; en-US; rv:1.9.0.8) Gecko/2009032609 Firefox/3.0.8"
75.154.76.172 - - [31/Mar/2009:19:43:16 -0400] "GET /rss HTTP/1.1" 200 100138 "-" "Windows-RSS-Platform/1.0 (MSIE 7.0; Windows NT 6.0)"
69.196.189.99 - - [31/Mar/2009:19:43:21 -0400] "GET /images/TOP_01.jpg HTTP/1.1" 200 12839 "http://www.nikonthenumbers.com/" "Mozilla/5.0 (Windows; U; Windows NT 5.1; en-US; rv:1.9.0.8) Gecko/2009032609 Firefox/3.0.8"
69.196.189.99 - - [31/Mar/2009:19:43:21 -0400] "GET /images/feed-icon-14x14.png HTTP/1.1" 200 689 "http://www.nikonthenumbers.com/" "Mozilla/5.0 (Windows; U; Windows NT 5.1; en-US; rv:1.9.0.8) Gecko/2009032609 Firefox/3.0.8"
69.196.189.99 - - [31/Mar/2009:19:43:21 -0400] "GET /images/page-bg.gif HTTP/1.1" 200 1487 "http://www.nikonthenumbers.com/stylesheets/base_1221113035.css" "Mozilla/5.0 (Windows; U; Windows NT 5.1; en-US; rv:1.9.0.8) Gecko/2009032609 Firefox/3.0.8"
69.196.189.99 - - [31/Mar/2009:19:43:21 -0400] "GET /images/TOP_06.jpg HTTP/1.1" 200 2158 "http://www.nikonthenumbers.com/stylesheets/base_1221113035.css" "Mozilla/5.0 (Windows; U; Windows NT 5.1; en-US; rv:1.9.0.8) Gecko/2009032609 Firefox/3.0.8"
69.196.189.99 - - [31/Mar/2009:19:43:21 -0400] "GET /images/red-band.gif HTTP/1.1" 200 4358 "http://www.nikonthenumbers.com/stylesheets/base_1221113035.css" "Mozilla/5.0 (Windows; U; Windows NT 5.1; en-US; rv:1.9.0.8) Gecko/2009032609 Firefox/3.0.8"
69.196.189.99 - - [31/Mar/2009:19:43:21 -0400] "GET /images/TOP_02.jpg HTTP/1.1" 200 14856 "http://www.nikonthenumbers.com/" "Mozilla/5.0 (Windows; U; Windows NT 5.1; en-US; rv:1.9.0.8) Gecko/2009032609 Firefox/3.0.8"
69.196.189.99 - - [31/Mar/2009:19:43:21 -0400] "GET /images/bottom-with-shaddow.gif HTTP/1.1" 200 9790 "http://www.nikonthenumbers.com/stylesheets/base_1221113035.css" "Mozilla/5.0 (Windows; U; Windows NT 5.1; en-US; rv:1.9.0.8) Gecko/2009032609 Firefox/3.0.8"
69.196.189.99 - - [31/Mar/2009:19:43:21 -0400] "GET /images/BOX-BACK.jpg HTTP/1.1" 200 1025 "http://www.nikonthenumbers.com/stylesheets/base_1221113035.css" "Mozilla/5.0 (Windows; U; Windows NT 5.1; en-US; rv:1.9.0.8) Gecko/2009032609 Firefox/3.0.8"
69.196.189.99 - - [31/Mar/2009:19:43:21 -0400] "GET /images/comment_bw.png HTTP/1.1" 200 384 "http://www.nikonthenumbers.com/stylesheets/base_1221113035.css" "Mozilla/5.0 (Windows; U; Windows NT 5.1; en-US; rv:1.9.0.8) Gecko/2009032609 Firefox/3.0.8"
69.196.189.99 - - [31/Mar/2009:19:43:21 -0400] "GET /images/RULE-FADE.jpg HTTP/1.1" 200 448 "http://www.nikonthenumbers.com/" "Mozilla/5.0 (Windows; U; Windows NT 5.1; en-US; rv:1.9.0.8) Gecko/2009032609 Firefox/3.0.8"
69.196.189.99 - - [31/Mar/2009:19:43:21 -0400] "GET /images/TOP_03.jpg HTTP/1.1" 200 15516 "http://www.nikonthenumbers.com/" "Mozilla/5.0 (Windows; U; Windows NT 5.1; en-US; rv:1.9.0.8) Gecko/2009032609 Firefox/3.0.8"
69.196.189.99 - - [31/Mar/2009:19:43:21 -0400] "GET /fixit.js HTTP/1.1" 200 153 "http://www.nikonthenumbers.com/" "Mozilla/5.0 (Windows; U; Windows NT 5.1; en-US; rv:1.9.0.8) Gecko/2009032609 Firefox/3.0.8"
69.196.189.99 - - [31/Mar/2009:19:43:21 -0400] "GET /images/polling_results.jpg?1221113035 HTTP/1.1" 200 5021 "http://www.nikonthenumbers.com/" "Mozilla/5.0 (Windows; U; Windows NT 5.1; en-US; rv:1.9.0.8) Gecko/2009032609 Firefox/3.0.8"
69.196.189.99 - - [31/Mar/2009:19:43:21 -0400] "GET /images/safe_subscribe_logo.gif HTTP/1.1" 200 457 "http://www.nikonthenumbers.com/" "Mozilla/5.0 (Windows; U; Windows NT 5.1; en-US; rv:1.9.0.8) Gecko/2009032609 Firefox/3.0.8"
69.196.189.99 - - [31/Mar/2009:19:43:23 -0400] "GET /favicon.ico HTTP/1.1" 200 894 "-" "Mozilla/5.0 (Windows; U; Windows NT 5.1; en-US; rv:1.9.0.8) Gecko/2009032609 Firefox/3.0.8"
66.249.71.138 - - [31/Mar/2009:19:43:33 -0400] "GET /profile/751059 HTTP/1.1" 200 14681 "-" "Mozilla/5.0 (compatible; Googlebot/2.1; +http://www.google.com/bot.html)"
89.151.110.152 - - [31/Mar/2009:19:44:52 -0400] "GET / HTTP/1.0" 200 24842 "-" "Pingdom.com_bot_version_1.4_(http://www.pingdom.com/)"
66.249.71.138 - - [31/Mar/2009:19:45:13 -0400] "GET /topics/show/78/10518 HTTP/1.1" 200 171396 "-" "Mozilla/5.0 (compatible; Googlebot/2.1; +http://www.google.com/bot.html)"
99.234.68.92 - - [31/Mar/2009:19:45:47 -0400] "GET / HTTP/1.1" 200 24842 "http://www.nanosresearch.com/main.asp" "Mozilla/4.0 (compatible; MSIE 7.0; Windows NT 5.1)"
99.234.68.92 - - [31/Mar/2009:19:45:48 -0400] "GET /stylesheets/base_1221113035.css HTTP/1.1" 200 14188 "http://www.nikonthenumbers.com/" "Mozilla/4.0 (compatible; MSIE 7.0; Windows NT 5.1)"
99.234.68.92 - - [31/Mar/2009:19:45:48 -0400] "GET /javascripts/base_1221113035.js HTTP/1.1" 200 96039 "http://www.nikonthenumbers.com/" "Mozilla/4.0 (compatible; MSIE 7.0; Windows NT 5.1)"
99.234.68.92 - - [31/Mar/2009:19:45:48 -0400] "GET /images/TOP_02.jpg HTTP/1.1" 200 14856 "http://www.nikonthenumbers.com/" "Mozilla/4.0 (compatible; MSIE 7.0; Windows NT 5.1)"
99.234.68.92 - - [31/Mar/2009:19:45:48 -0400] "GET /images/TOP_01.jpg HTTP/1.1" 200 12839 "http://www.nikonthenumbers.com/" "Mozilla/4.0 (compatible; MSIE 7.0; Windows NT 5.1)"
99.234.68.92 - - [31/Mar/2009:19:45:48 -0400] "GET /images/Ses-Townhall-AD-FED-20080911.swf HTTP/1.1" 200 17188 "http://www.nikonthenumbers.com/" "Mozilla/4.0 (compatible; MSIE 7.0; Windows NT 5.1)"
99.234.68.92 - - [31/Mar/2009:19:45:48 -0400] "GET /images/feed-icon-14x14.png HTTP/1.1" 200 689 "http://www.nikonthenumbers.com/" "Mozilla/4.0 (compatible; MSIE 7.0; Windows NT 5.1)"
99.234.68.92 - - [31/Mar/2009:19:45:48 -0400] "GET /images/TOP_03.jpg HTTP/1.1" 200 15516 "http://www.nikonthenumbers.com/" "Mozilla/4.0 (compatible; MSIE 7.0; Windows NT 5.1)"
99.234.68.92 - - [31/Mar/2009:19:45:48 -0400] "GET /images/RULE-FADE.jpg HTTP/1.1" 200 448 "http://www.nikonthenumbers.com/" "Mozilla/4.0 (compatible; MSIE 7.0; Windows NT 5.1)"
99.234.68.92 - - [31/Mar/2009:19:45:48 -0400] "GET /images/page-bg.gif HTTP/1.1" 200 1487 "http://www.nikonthenumbers.com/" "Mozilla/4.0 (compatible; MSIE 7.0; Windows NT 5.1)"
99.234.68.92 - - [31/Mar/2009:19:45:48 -0400] "GET /fixit.js HTTP/1.1" 200 153 "http://www.nikonthenumbers.com/" "Mozilla/4.0 (compatible; MSIE 7.0; Windows NT 5.1)"
99.234.68.92 - - [31/Mar/2009:19:45:48 -0400] "GET /images/TOP_06.jpg HTTP/1.1" 200 2158 "http://www.nikonthenumbers.com/" "Mozilla/4.0 (compatible; MSIE 7.0; Windows NT 5.1)"
99.234.68.92 - - [31/Mar/2009:19:45:48 -0400] "GET /images/bottom-with-shaddow.gif HTTP/1.1" 200 9790 "http://www.nikonthenumbers.com/" "Mozilla/4.0 (compatible; MSIE 7.0; Windows NT 5.1)"
99.234.68.92 - - [31/Mar/2009:19:45:48 -0400] "GET /images/BOX-BACK.jpg HTTP/1.1" 200 1025 "http://www.nikonthenumbers.com/" "Mozilla/4.0 (compatible; MSIE 7.0; Windows NT 5.1)"
99.234.68.92 - - [31/Mar/2009:19:45:48 -0400] "GET /images/red-band.gif HTTP/1.1" 200 4358 "http://www.nikonthenumbers.com/" "Mozilla/4.0 (compatible; MSIE 7.0; Windows NT 5.1)"
99.234.68.92 - - [31/Mar/2009:19:45:48 -0400] "GET /images/polling_results.jpg?1221113035 HTTP/1.1" 200 5021 "http://www.nikonthenumbers.com/" "Mozilla/4.0 (compatible; MSIE 7.0; Windows NT 5.1)"
99.234.68.92 - - [31/Mar/2009:19:45:48 -0400] "GET /images/safe_subscribe_logo.gif HTTP/1.1" 200 457 "http://www.nikonthenumbers.com/" "Mozilla/4.0 (compatible; MSIE 7.0; Windows NT 5.1)"
99.234.68.92 - - [31/Mar/2009:19:45:48 -0400] "GET /images/comment_bw.png HTTP/1.1" 200 384 "http://www.nikonthenumbers.com/" "Mozilla/4.0 (compatible; MSIE 7.0; Windows NT 5.1)"
99.234.68.92 - - [31/Mar/2009:19:45:48 -0400] "GET /images/cancel.png HTTP/1.1" 200 853 "http://www.nikonthenumbers.com/" "Mozilla/4.0 (compatible; MSIE 7.0; Windows NT 5.1)"
99.234.68.92 - - [31/Mar/2009:19:45:50 -0400] "GET /favicon.ico HTTP/1.1" 200 894 "-" "Mozilla/4.0 (compatible; MSIE 7.0; Windows NT 5.1)"
209.62.54.130 - - [31/Mar/2009:19:45:52 -0400] "GET / HTTP/1.0" 200 24842 "-" "Pingdom.com_bot_version_1.4_(http://www.pingdom.com/)"
99.234.68.92 - - [31/Mar/2009:19:46:04 -0400] "GET /topics/show/124 HTTP/1.1" 200 150387 "http://www.nikonthenumbers.com/" "Mozilla/4.0 (compatible; MSIE 7.0; Windows NT 5.1)"
99.234.68.92 - - [31/Mar/2009:19:46:05 -0400] "GET /avatars/0000/0107/hope-nope5_thumb.jpg?1235523623 HTTP/1.1" 200 5188 "http://www.nikonthenumbers.com/topics/show/124" "Mozilla/4.0 (compatible; MSIE 7.0; Windows NT 5.1)"
99.234.68.92 - - [31/Mar/2009:19:46:05 -0400] "GET /avatars/0000/0083/LOGO_lg_thumb.png?1228919873 HTTP/1.1" 200 3884 "http://www.nikonthenumbers.com/topics/show/124" "Mozilla/4.0 (compatible; MSIE 7.0; Windows NT 5.1)"
99.234.68.92 - - [31/Mar/2009:19:46:05 -0400] "GET /images/comment.png HTTP/1.1" 200 540 "http://www.nikonthenumbers.com/topics/show/124" "Mozilla/4.0 (compatible; MSIE 7.0; Windows NT 5.1)"
83.140.19.38 - - [31/Mar/2009:19:46:14 -0400] "GET / HTTP/1.0" 200 24842 "-" "Pingdom.com_bot_version_1.4_(http://www.pingdom.com/)"
99.234.68.92 - - [31/Mar/2009:19:46:20 -0400] "POST /talk/mark/28180 HTTP/1.1" 201 1 "http://www.nikonthenumbers.com/topics/show/124" "Mozilla/4.0 (compatible; MSIE 7.0; Windows NT 5.1)"
99.234.68.92 - - [31/Mar/2009:19:46:31 -0400] "GET /images/busy.gif HTTP/1.1" 200 2209 "http://www.nikonthenumbers.com/topics/show/124" "Mozilla/4.0 (compatible; MSIE 7.0; Windows NT 5.1)"
99.234.68.92 - - [31/Mar/2009:19:46:31 -0400] "POST /topics/show_comments/124/28180 HTTP/1.1" 200 8515 "http://www.nikonthenumbers.com/topics/show/124#comment_28180" "Mozilla/4.0 (compatible; MSIE 7.0; Windows NT 5.1)"
99.234.68.92 - - [31/Mar/2009:19:46:36 -0400] "POST /talk/mark/28203 HTTP/1.1" 201 1 "http://www.nikonthenumbers.com/topics/show/124#comment_28180" "Mozilla/4.0 (compatible; MSIE 7.0; Windows NT 5.1)"
99.234.68.92 - - [31/Mar/2009:19:46:41 -0400] "POST /talk/mark/28208 HTTP/1.1" 201 1 "http://www.nikonthenumbers.com/topics/show/124#comment_28180" "Mozilla/4.0 (compatible; MSIE 7.0; Windows NT 5.1)"
99.234.68.92 - - [31/Mar/2009:19:46:44 -0400] "POST /talk/mark/28332 HTTP/1.1" 201 1 "http://www.nikonthenumbers.com/topics/show/124#comment_28180" "Mozilla/4.0 (compatible; MSIE 7.0; Windows NT 5.1)"
99.234.68.92 - - [31/Mar/2009:19:46:46 -0400] "POST /talk/mark/28196 HTTP/1.1" 201 1 "http://www.nikonthenumbers.com/topics/show/124#comment_28180" "Mozilla/4.0 (compatible; MSIE 7.0; Windows NT 5.1)"
99.234.68.92 - - [31/Mar/2009:19:46:49 -0400] "POST /talk/mark/28217 HTTP/1.1" 201 1 "http://www.nikonthenumbers.com/topics/show/124#comment_28180" "Mozilla/4.0 (compatible; MSIE 7.0; Windows NT 5.1)"
72.51.41.47 - - [31/Mar/2009:19:46:52 -0400] "GET / HTTP/1.0" 200 24842 "-" "Pingdom.com_bot_version_1.4_(http://www.pingdom.com/)"
67.195.37.93 - - [31/Mar/2009:19:46:59 -0400] "GET /topics/show/121/27968 HTTP/1.0" 200 1132342 "-" "Mozilla/5.0 (compatible; Yahoo! Slurp/3.0; http://help.yahoo.com/help/us/ysearch/slurp)"
99.234.68.92 - - [31/Mar/2009:19:47:13 -0400] "POST /topics/show_comments/124/28217 HTTP/1.1" 200 8719 "http://www.nikonthenumbers.com/topics/show/124#comment_28180" "Mozilla/4.0 (compatible; MSIE 7.0; Windows NT 5.1)"
99.234.68.92 - - [31/Mar/2009:19:47:23 -0400] "POST /talk/mark/28262 HTTP/1.1" 201 1 "http://www.nikonthenumbers.com/topics/show/124#comment_28180" "Mozilla/4.0 (compatible; MSIE 7.0; Windows NT 5.1)"
99.234.68.92 - - [31/Mar/2009:19:47:28 -0400] "POST /talk/mark/28268 HTTP/1.1" 201 1 "http://www.nikonthenumbers.com/topics/show/124#comment_28180" "Mozilla/4.0 (compatible; MSIE 7.0; Windows NT 5.1)"
99.234.68.92 - - [31/Mar/2009:19:47:35 -0400] "POST /talk/mark/28291 HTTP/1.1" 201 1 "http://www.nikonthenumbers.com/topics/show/124#comment_28180" "Mozilla/4.0 (compatible; MSIE 7.0; Windows NT 5.1)"
99.234.68.92 - - [31/Mar/2009:19:47:39 -0400] "POST /talk/mark/28218 HTTP/1.1" 201 1 "http://www.nikonthenumbers.com/topics/show/124#comment_28180" "Mozilla/4.0 (compatible; MSIE 7.0; Windows NT 5.1)"
142.162.17.88 - - [31/Mar/2009:19:47:43 -0400] "GET /rss HTTP/1.1" 200 100138 "-" "Mozilla/5.0 (Macintosh; U; Intel Mac OS X; en-US; rv:1.8.1.8) Gecko/20071008 Firefox/2.0.0.8"
212.247.189.113 - - [31/Mar/2009:19:47:52 -0400] "GET / HTTP/1.0" 200 24842 "-" "Pingdom.com_bot_version_1.4_(http://www.pingdom.com/)"
99.234.68.92 - - [31/Mar/2009:19:48:00 -0400] "POST /talk/mark/28219 HTTP/1.1" 201 1 "http://www.nikonthenumbers.com/topics/show/124#comment_28180" "Mozilla/4.0 (compatible; MSIE 7.0; Windows NT 5.1)"
208.111.154.15 - - [31/Mar/2009:19:48:17 -0400] "GET /robots.txt HTTP/1.1" 200 161 "-" "Mozilla/5.0 (compatible; Charlotte/1.1; http://www.searchme.com/support/)"
208.111.154.15 - - [31/Mar/2009:19:48:17 -0400] "GET /register HTTP/1.1" 200 14380 "-" "Mozilla/5.0 (compatible; Charlotte/1.1; http://www.searchme.com/support/)"
207.97.207.200 - - [31/Mar/2009:19:48:52 -0400] "GET / HTTP/1.0" 200 24842 "-" "Pingdom.com_bot_version_1.4_(http://www.pingdom.com/)"
99.234.68.92 - - [31/Mar/2009:19:49:12 -0400] "POST /topics/show_comments/124/28219 HTTP/1.1" 200 121825 "http://www.nikonthenumbers.com/topics/show/124#comment_28180" "Mozilla/4.0 (compatible; MSIE 7.0; Windows NT 5.1)"
99.234.68.92 - - [31/Mar/2009:19:49:23 -0400] "POST /talk/mark/28220 HTTP/1.1" 201 1 "http://www.nikonthenumbers.com/topics/show/124#comment_28180" "Mozilla/4.0 (compatible; MSIE 7.0; Windows NT 5.1)"
67.192.120.134 - - [31/Mar/2009:19:49:51 -0400] "GET / HTTP/1.0" 200 24842 "-" "Pingdom.com_bot_version_1.4_(http://www.pingdom.com/)"
99.234.68.92 - - [31/Mar/2009:19:50:28 -0400] "POST /talk/mark/28251 HTTP/1.1" 201 1 "http://www.nikonthenumbers.com/topics/show/124#comment_28180" "Mozilla/4.0 (compatible; MSIE 7.0; Windows NT 5.1)"
99.234.68.92 - - [31/Mar/2009:19:50:33 -0400] "POST /talk/mark/28232 HTTP/1.1" 201 1 "http://www.nikonthenumbers.com/topics/show/124#comment_28180" "Mozilla/4.0 (compatible; MSIE 7.0; Windows NT 5.1)"
78.136.27.223 - - [31/Mar/2009:19:50:51 -0400] "GET / HTTP/1.0" 200 24842 "-" "Pingdom.com_bot_version_1.4_(http://www.pingdom.com/)"
99.234.68.92 - - [31/Mar/2009:19:51:10 -0400] "POST /talk/mark/28234 HTTP/1.1" 201 1 "http://www.nikonthenumbers.com/topics/show/124#comment_28180" "Mozilla/4.0 (compatible; MSIE 7.0; Windows NT 5.1)"
99.234.68.92 - - [31/Mar/2009:19:51:25 -0400] "POST /talk/mark/28238 HTTP/1.1" 201 1 "http://www.nikonthenumbers.com/topics/show/124#comment_28180" "Mozilla/4.0 (compatible; MSIE 7.0; Windows NT 5.1)"
99.234.68.92 - - [31/Mar/2009:19:51:35 -0400] "POST /talk/mark/28240 HTTP/1.1" 201 1 "http://www.nikonthenumbers.com/topics/show/124#comment_28180" "Mozilla/4.0 (compatible; MSIE 7.0; Windows NT 5.1)"
99.234.68.92 - - [31/Mar/2009:19:51:37 -0400] "POST /talk/mark/28244 HTTP/1.1" 201 1 "http://www.nikonthenumbers.com/topics/show/124#comment_28180" "Mozilla/4.0 (compatible; MSIE 7.0; Windows NT 5.1)"
99.234.68.92 - - [31/Mar/2009:19:51:39 -0400] "POST /talk/mark/28246 HTTP/1.1" 201 1 "http://www.nikonthenumbers.com/topics/show/124#comment_28180" "Mozilla/4.0 (compatible; MSIE 7.0; Windows NT 5.1)"
99.234.68.92 - - [31/Mar/2009:19:51:42 -0400] "POST /talk/mark/28247 HTTP/1.1" 201 1 "http://www.nikonthenumbers.com/topics/show/124#comment_28180" "Mozilla/4.0 (compatible; MSIE 7.0; Windows NT 5.1)"
99.251.112.169 - - [31/Mar/2009:19:51:44 -0400] "GET /stylesheets/base_1221113035.css HTTP/1.1" 304 - "http://www.nikonthenumbers.com/topics/show/105" "Mozilla/4.0 (compatible; MSIE 6.0; Windows NT 5.1; SV1; YPC 3.2.0; .NET CLR 1.0.3705; .NET CLR 1.1.4322; Media Center PC 4.0)"
99.251.112.169 - - [31/Mar/2009:19:51:44 -0400] "GET /javascripts/base_1221113035.js HTTP/1.1" 304 - "http://www.nikonthenumbers.com/topics/show/105" "Mozilla/4.0 (compatible; MSIE 6.0; Windows NT 5.1; SV1; YPC 3.2.0; .NET CLR 1.0.3705; .NET CLR 1.1.4322; Media Center PC 4.0)"
99.251.112.169 - - [31/Mar/2009:19:51:43 -0400] "GET /topics/show/105 HTTP/1.1" 200 133688 "-" "Mozilla/4.0 (compatible; MSIE 6.0; Windows NT 5.1; SV1; YPC 3.2.0; .NET CLR 1.0.3705; .NET CLR 1.1.4322; Media Center PC 4.0)"
99.251.112.169 - - [31/Mar/2009:19:51:45 -0400] "GET /images/TOP_01.jpg HTTP/1.1" 304 - "http://www.nikonthenumbers.com/topics/show/105" "Mozilla/4.0 (compatible; MSIE 6.0; Windows NT 5.1; SV1; YPC 3.2.0; .NET CLR 1.0.3705; .NET CLR 1.1.4322; Media Center PC 4.0)"
99.251.112.169 - - [31/Mar/2009:19:51:46 -0400] "GET /images/Ses-Townhall-AD-FED-20080911.swf HTTP/1.1" 304 - "http://www.nikonthenumbers.com/topics/show/105" "Mozilla/4.0 (compatible; MSIE 6.0; Windows NT 5.1; SV1; YPC 3.2.0; .NET CLR 1.0.3705; .NET CLR 1.1.4322; Media Center PC 4.0)"
99.251.112.169 - - [31/Mar/2009:19:51:46 -0400] "GET /images/TOP_02.jpg HTTP/1.1" 304 - "http://www.nikonthenumbers.com/topics/show/105" "Mozilla/4.0 (compatible; MSIE 6.0; Windows NT 5.1; SV1; YPC 3.2.0; .NET CLR 1.0.3705; .NET CLR 1.1.4322; Media Center PC 4.0)"
99.251.112.169 - - [31/Mar/2009:19:51:46 -0400] "GET /images/TOP_03.jpg HTTP/1.1" 200 15516 "http://www.nikonthenumbers.com/topics/show/105" "Mozilla/4.0 (compatible; MSIE 6.0; Windows NT 5.1; SV1; YPC 3.2.0; .NET CLR 1.0.3705; .NET CLR 1.1.4322; Media Center PC 4.0)"
99.251.112.169 - - [31/Mar/2009:19:51:46 -0400] "GET /images/feed-icon-14x14.png HTTP/1.1" 304 - "http://www.nikonthenumbers.com/topics/show/105" "Mozilla/4.0 (compatible; MSIE 6.0; Windows NT 5.1; SV1; YPC 3.2.0; .NET CLR 1.0.3705; .NET CLR 1.1.4322; Media Center PC 4.0)"
99.251.112.169 - - [31/Mar/2009:19:51:46 -0400] "GET /images/page-bg.gif HTTP/1.1" 304 - "http://www.nikonthenumbers.com/topics/show/105" "Mozilla/4.0 (compatible; MSIE 6.0; Windows NT 5.1; SV1; YPC 3.2.0; .NET CLR 1.0.3705; .NET CLR 1.1.4322; Media Center PC 4.0)"
99.251.112.169 - - [31/Mar/2009:19:51:46 -0400] "GET /avatars/0000/0055/Rod_thumb.jpg?1222443029 HTTP/1.1" 304 - "http://www.nikonthenumbers.com/topics/show/105" "Mozilla/4.0 (compatible; MSIE 6.0; Windows NT 5.1; SV1; YPC 3.2.0; .NET CLR 1.0.3705; .NET CLR 1.1.4322; Media Center PC 4.0)"
99.251.112.169 - - [31/Mar/2009:19:51:46 -0400] "GET /avatars/0000/0005/YVan_thumb.jpg?1196847677 HTTP/1.1" 200 3940 "http://www.nikonthenumbers.com/topics/show/105" "Mozilla/4.0 (compatible; MSIE 6.0; Windows NT 5.1; SV1; YPC 3.2.0; .NET CLR 1.0.3705; .NET CLR 1.1.4322; Media Center PC 4.0)"
99.251.112.169 - - [31/Mar/2009:19:51:46 -0400] "GET /avatars/0000/0077/moose_thumb.png?1226241188 HTTP/1.1" 200 1321 "http://www.nikonthenumbers.com/topics/show/105" "Mozilla/4.0 (compatible; MSIE 6.0; Windows NT 5.1; SV1; YPC 3.2.0; .NET CLR 1.0.3705; .NET CLR 1.1.4322; Media Center PC 4.0)"
99.251.112.169 - - [31/Mar/2009:19:51:46 -0400] "GET /images/TOP_06.jpg HTTP/1.1" 304 - "http://www.nikonthenumbers.com/topics/show/105" "Mozilla/4.0 (compatible; MSIE 6.0; Windows NT 5.1; SV1; YPC 3.2.0; .NET CLR 1.0.3705; .NET CLR 1.1.4322; Media Center PC 4.0)"
99.251.112.169 - - [31/Mar/2009:19:51:46 -0400] "GET /images/bottom-with-shaddow.gif HTTP/1.1" 200 9790 "http://www.nikonthenumbers.com/topics/show/105" "Mozilla/4.0 (compatible; MSIE 6.0; Windows NT 5.1; SV1; YPC 3.2.0; .NET CLR 1.0.3705; .NET CLR 1.1.4322; Media Center PC 4.0)"
99.251.112.169 - - [31/Mar/2009:19:51:46 -0400] "GET /images/BOX-BACK.jpg HTTP/1.1" 200 1025 "http://www.nikonthenumbers.com/topics/show/105" "Mozilla/4.0 (compatible; MSIE 6.0; Windows NT 5.1; SV1; YPC 3.2.0; .NET CLR 1.0.3705; .NET CLR 1.1.4322; Media Center PC 4.0)"
99.251.112.169 - - [31/Mar/2009:19:51:47 -0400] "GET /images/red-band.gif HTTP/1.1" 304 - "http://www.nikonthenumbers.com/topics/show/105" "Mozilla/4.0 (compatible; MSIE 6.0; Windows NT 5.1; SV1; YPC 3.2.0; .NET CLR 1.0.3705; .NET CLR 1.1.4322; Media Center PC 4.0)"
99.251.112.169 - - [31/Mar/2009:19:51:47 -0400] "GET /avatars/0000/0067/watermark-100_thumb.png?1223480944 HTTP/1.1" 200 9306 "http://www.nikonthenumbers.com/topics/show/105" "Mozilla/4.0 (compatible; MSIE 6.0; Windows NT 5.1; SV1; YPC 3.2.0; .NET CLR 1.0.3705; .NET CLR 1.1.4322; Media Center PC 4.0)"
99.251.112.169 - - [31/Mar/2009:19:51:47 -0400] "GET /avatars/0000/0041/my_pictures_002_thumb.jpg?1221868528 HTTP/1.1" 304 - "http://www.nikonthenumbers.com/topics/show/105" "Mozilla/4.0 (compatible; MSIE 6.0; Windows NT 5.1; SV1; YPC 3.2.0; .NET CLR 1.0.3705; .NET CLR 1.1.4322; Media Center PC 4.0)"
99.251.112.169 - - [31/Mar/2009:19:51:47 -0400] "GET /images/RULE-FADE.jpg HTTP/1.1" 304 - "http://www.nikonthenumbers.com/topics/show/105" "Mozilla/4.0 (compatible; MSIE 6.0; Windows NT 5.1; SV1; YPC 3.2.0; .NET CLR 1.0.3705; .NET CLR 1.1.4322; Media Center PC 4.0)"
99.251.112.169 - - [31/Mar/2009:19:51:47 -0400] "GET /fixit.js HTTP/1.1" 304 - "http://www.nikonthenumbers.com/topics/show/105" "Mozilla/4.0 (compatible; MSIE 6.0; Windows NT 5.1; SV1; YPC 3.2.0; .NET CLR 1.0.3705; .NET CLR 1.1.4322; Media Center PC 4.0)"
99.251.112.169 - - [31/Mar/2009:19:51:47 -0400] "GET /images/polling_results.jpg?1221113035 HTTP/1.1" 304 - "http://www.nikonthenumbers.com/topics/show/105" "Mozilla/4.0 (compatible; MSIE 6.0; Windows NT 5.1; SV1; YPC 3.2.0; .NET CLR 1.0.3705; .NET CLR 1.1.4322; Media Center PC 4.0)"
99.251.112.169 - - [31/Mar/2009:19:51:47 -0400] "GET /images/safe_subscribe_logo.gif HTTP/1.1" 304 - "http://www.nikonthenumbers.com/topics/show/105" "Mozilla/4.0 (compatible; MSIE 6.0; Windows NT 5.1; SV1; YPC 3.2.0; .NET CLR 1.0.3705; .NET CLR 1.1.4322; Media Center PC 4.0)"
