65.55.108.214 - - [31/Mar/2009:04:02:20 -0400] "GET /topics/show/114/20000 HTTP/1.1" 200 304289 "-" "msnbot-media/1.1 (+http://search.msn.com/msnbot.htm)"
174.133.253.162 - - [31/Mar/2009:04:02:51 -0400] "GET / HTTP/1.0" 200 24893 "-" "Pingdom.com_bot_version_1.4_(http://www.pingdom.com/)"
65.55.105.115 - - [31/Mar/2009:04:04:08 -0400] "GET /topics/show/112/18812 HTTP/1.1" 200 344045 "-" "msnbot/1.1 (+http://search.msn.com/msnbot.htm)"
89.151.110.152 - - [31/Mar/2009:04:04:52 -0400] "GET / HTTP/1.0" 200 24893 "-" "Pingdom.com_bot_version_1.4_(http://www.pingdom.com/)"
88.191.88.79 - - [31/Mar/2009:04:05:04 -0400] "GET /topics/show/10 HTTP/1.0" 200 105327 "http://www.nikonthenumbers.com/" "Mozilla/4.0 (compatible; MSIE 6.0; Windows NT 5.1)"
220.181.32.22 - - [31/Mar/2009:04:05:26 -0400] "GET / HTTP/1.1" 200 15640 "-" "Baiduspider+(+http://www.baidu.com/search/spider.htm)"
209.62.54.130 - - [31/Mar/2009:04:05:51 -0400] "GET / HTTP/1.0" 200 24893 "-" "Pingdom.com_bot_version_1.4_(http://www.pingdom.com/)"
83.140.19.38 - - [31/Mar/2009:04:06:33 -0400] "GET / HTTP/1.0" 200 24893 "-" "Pingdom.com_bot_version_1.4_(http://www.pingdom.com/)"
64.34.195.156 - - [31/Mar/2009:04:06:52 -0400] "GET /rss HTTP/1.1" 200 99686 "-" "Mozilla/5.0 (X11; U; Linux i686; en-US; rv:1.2.1; aggregator:Spinn3r (Spinn3r 3.0); http://spinn3r.com/robot) Gecko/20021130"
72.51.41.47 - - [31/Mar/2009:04:06:52 -0400] "GET / HTTP/1.0" 200 24893 "-" "Pingdom.com_bot_version_1.4_(http://www.pingdom.com/)"
61.135.168.39 - - [31/Mar/2009:04:07:48 -0400] "GET / HTTP/1.1" 200 15640 "-" "Baiduspider+(+http://www.baidu.com/search/spider.htm)"
212.247.189.113 - - [31/Mar/2009:04:07:51 -0400] "GET / HTTP/1.0" 200 24893 "-" "Pingdom.com_bot_version_1.4_(http://www.pingdom.com/)"
207.97.207.200 - - [31/Mar/2009:04:08:51 -0400] "GET / HTTP/1.0" 200 24893 "-" "Pingdom.com_bot_version_1.4_(http://www.pingdom.com/)"
67.192.120.134 - - [31/Mar/2009:04:09:51 -0400] "GET / HTTP/1.0" 200 24893 "-" "Pingdom.com_bot_version_1.4_(http://www.pingdom.com/)"
88.191.88.79 - - [31/Mar/2009:04:10:14 -0400] "GET /topics/show/100 HTTP/1.0" 200 275690 "http://www.nikonthenumbers.com/" "Mozilla/4.0 (compatible; MSIE 6.0; Windows NT 5.1)"
65.55.105.124 - - [31/Mar/2009:04:10:31 -0400] "GET /profile/725951 HTTP/1.1" 200 14572 "-" "msnbot/1.1 (+http://search.msn.com/msnbot.htm)"
78.136.27.223 - - [31/Mar/2009:04:10:51 -0400] "GET / HTTP/1.0" 200 24893 "-" "Pingdom.com_bot_version_1.4_(http://www.pingdom.com/)"
67.205.112.79 - - [31/Mar/2009:04:11:51 -0400] "GET / HTTP/1.0" 200 24893 "-" "Pingdom.com_bot_version_1.4_(http://www.pingdom.com/)"
208.36.144.9 - - [31/Mar/2009:04:12:08 -0400] "GET /topics/show/107/17223 HTTP/1.0" 200 204790 "-" "Mozilla/5.0 (Twiceler-0.9 http://www.cuil.com/twiceler/robot.html)"
72.30.65.34 - - [31/Mar/2009:04:12:26 -0400] "GET /topics/show/29 HTTP/1.0" 200 53115 "-" "Mozilla/5.0 (compatible; Yahoo! Slurp/3.0; http://help.yahoo.com/help/us/ysearch/slurp)"
174.133.253.162 - - [31/Mar/2009:04:12:51 -0400] "GET / HTTP/1.0" 200 24893 "-" "Pingdom.com_bot_version_1.4_(http://www.pingdom.com/)"
64.34.195.158 - - [31/Mar/2009:04:12:55 -0400] "GET / HTTP/1.1" 200 24729 "-" "Mozilla/5.0 (X11; U; Linux i686; en-US; rv:1.2.1; aggregator:Spinn3r (Spinn3r 3.0); http://spinn3r.com/robot) Gecko/20021130"
72.30.65.34 - - [31/Mar/2009:04:12:58 -0400] "GET /profile/911699 HTTP/1.0" 200 29173 "-" "Mozilla/5.0 (compatible; Yahoo! Slurp/3.0; http://help.yahoo.com/help/us/ysearch/slurp)"
208.36.144.9 - - [31/Mar/2009:04:13:11 -0400] "GET /topics/show/100/14813 HTTP/1.0" 200 278317 "-" "Mozilla/5.0 (Twiceler-0.9 http://www.cuil.com/twiceler/robot.html)"
66.249.73.230 - - [31/Mar/2009:04:14:34 -0400] "GET /topics/show/121 HTTP/1.1" 200 1095638 "-" "Mozilla/5.0 (compatible; Googlebot/2.1; +http://www.google.com/bot.html)"
89.151.110.152 - - [31/Mar/2009:04:14:52 -0400] "GET / HTTP/1.0" 200 24893 "-" "Pingdom.com_bot_version_1.4_(http://www.pingdom.com/)"
72.30.65.34 - - [31/Mar/2009:04:14:55 -0400] "GET /topics/show/115/21018 HTTP/1.0" 200 1169743 "-" "Mozilla/5.0 (compatible; Yahoo! Slurp/3.0; http://help.yahoo.com/help/us/ysearch/slurp)"
88.191.79.43 - - [31/Mar/2009:04:15:21 -0400] "GET /topics/show/101 HTTP/1.0" 200 96810 "http://www.nikonthenumbers.com/" "Mozilla/4.0 (compatible; MSIE 6.0; Windows NT 5.1)"
209.62.54.130 - - [31/Mar/2009:04:15:51 -0400] "GET / HTTP/1.0" 200 24893 "-" "Pingdom.com_bot_version_1.4_(http://www.pingdom.com/)"
83.140.19.38 - - [31/Mar/2009:04:16:23 -0400] "GET / HTTP/1.0" 200 24893 "-" "Pingdom.com_bot_version_1.4_(http://www.pingdom.com/)"
72.51.41.47 - - [31/Mar/2009:04:16:52 -0400] "GET / HTTP/1.0" 200 24893 "-" "Pingdom.com_bot_version_1.4_(http://www.pingdom.com/)"
212.247.189.113 - - [31/Mar/2009:04:17:52 -0400] "GET / HTTP/1.0" 200 24893 "-" "Pingdom.com_bot_version_1.4_(http://www.pingdom.com/)"
88.72.200.31 - - [31/Mar/2009:04:18:44 -0400] "GET / HTTP/1.1" 200 24893 "-" "Mozilla/4.0 (compatible; MSIE 5.0; Windows NT; DigExt; DTS Agent"
207.97.207.200 - - [31/Mar/2009:04:18:51 -0400] "GET / HTTP/1.0" 200 24893 "-" "Pingdom.com_bot_version_1.4_(http://www.pingdom.com/)"
65.55.105.119 - - [31/Mar/2009:04:18:53 -0400] "GET /topics/show/111/18221 HTTP/1.1" 200 141467 "-" "msnbot/1.1 (+http://search.msn.com/msnbot.htm)"
67.195.37.93 - - [31/Mar/2009:04:19:09 -0400] "GET /stylesheets/base_1221113035.css HTTP/1.0" 304 - "http://www.nikonthenumbers.com/topics/show/121/27912" "Mozilla/5.0 (compatible; Yahoo! Slurp/3.0; http://help.yahoo.com/help/us/ysearch/slurp)"
67.195.37.93 - - [31/Mar/2009:04:19:05 -0400] "GET /topics/show/121/27912 HTTP/1.0" 200 1147571 "-" "Mozilla/5.0 (compatible; Yahoo! Slurp/3.0; http://help.yahoo.com/help/us/ysearch/slurp)"
67.192.120.134 - - [31/Mar/2009:04:19:51 -0400] "GET / HTTP/1.0" 200 24893 "-" "Pingdom.com_bot_version_1.4_(http://www.pingdom.com/)"
65.55.109.169 - - [31/Mar/2009:04:20:12 -0400] "GET /topics/show/111/18221 HTTP/1.0" 200 141467 "http://search.live.com/results.aspx?q=nanos" "Mozilla/4.0 (compatible; MSIE 6.0; Windows NT 5.2; SV1; .NET CLR 1.1.4322)"
65.55.109.169 - - [31/Mar/2009:04:20:15 -0400] "GET /javascripts/base_1221113035.js HTTP/1.0" 200 96039 "http://nikonthenumbers.com/topics/show/111/18221" "Mozilla/4.0 (compatible; MSIE 6.0; Windows NT 5.2; SV1; .NET CLR 1.1.4322)"
65.55.109.169 - - [31/Mar/2009:04:20:16 -0400] "GET /stylesheets/base_1221113035.css HTTP/1.0" 200 14188 "http://nikonthenumbers.com/topics/show/111/18221" "Mozilla/4.0 (compatible; MSIE 6.0; Windows NT 5.2; SV1; .NET CLR 1.1.4322)"
65.55.109.169 - - [31/Mar/2009:04:20:21 -0400] "GET /avatars/0000/0055/Rod_thumb.jpg?1222443029 HTTP/1.0" 200 6663 "http://nikonthenumbers.com/topics/show/111/18221" "Mozilla/4.0 (compatible; MSIE 6.0; Windows NT 5.2; SV1; .NET CLR 1.1.4322)"
88.191.88.79 - - [31/Mar/2009:04:20:21 -0400] "GET /topics/show/102 HTTP/1.0" 200 53303 "http://www.nikonthenumbers.com/" "Mozilla/4.0 (compatible; MSIE 6.0; Windows NT 5.1)"
65.55.109.169 - - [31/Mar/2009:04:20:22 -0400] "GET /avatars/0000/0065/SaveTemp_0_thumb.jpg?1223108681 HTTP/1.0" 200 6062 "http://nikonthenumbers.com/topics/show/111/18221" "Mozilla/4.0 (compatible; MSIE 6.0; Windows NT 5.2; SV1; .NET CLR 1.1.4322)"
65.55.109.169 - - [31/Mar/2009:04:20:23 -0400] "GET /fixit.js HTTP/1.0" 200 153 "http://nikonthenumbers.com/topics/show/111/18221" "Mozilla/4.0 (compatible; MSIE 6.0; Windows NT 5.2; SV1; .NET CLR 1.1.4322)"
65.55.109.169 - - [31/Mar/2009:04:20:23 -0400] "GET /images/polling_results.jpg?1221113035 HTTP/1.0" 200 5021 "http://nikonthenumbers.com/topics/show/111/18221" "Mozilla/4.0 (compatible; MSIE 6.0; Windows NT 5.2; SV1; .NET CLR 1.1.4322)"
78.136.27.223 - - [31/Mar/2009:04:20:51 -0400] "GET / HTTP/1.0" 200 24893 "-" "Pingdom.com_bot_version_1.4_(http://www.pingdom.com/)"
72.30.65.34 - - [31/Mar/2009:04:21:19 -0400] "GET /profile/663258 HTTP/1.0" 200 14665 "-" "Mozilla/5.0 (compatible; Yahoo! Slurp/3.0; http://help.yahoo.com/help/us/ysearch/slurp)"
67.205.112.79 - - [31/Mar/2009:04:21:51 -0400] "GET / HTTP/1.0" 200 24893 "-" "Pingdom.com_bot_version_1.4_(http://www.pingdom.com/)"
67.195.37.93 - - [31/Mar/2009:04:22:44 -0400] "GET /topics/show/25 HTTP/1.0" 200 80182 "-" "Mozilla/5.0 (compatible; Yahoo! Slurp/3.0; http://help.yahoo.com/help/us/ysearch/slurp)"
174.133.253.162 - - [31/Mar/2009:04:22:51 -0400] "GET / HTTP/1.0" 200 24893 "-" "Pingdom.com_bot_version_1.4_(http://www.pingdom.com/)"
89.151.110.152 - - [31/Mar/2009:04:24:53 -0400] "GET / HTTP/1.0" 200 24893 "-" "Pingdom.com_bot_version_1.4_(http://www.pingdom.com/)"
24.224.138.136 - - [31/Mar/2009:04:25:07 -0400] "GET /rss HTTP/1.1" 200 100138 "-" "Mozilla/5.0 (compatible; Google Desktop)"
74.15.80.242 - - [31/Mar/2009:04:25:12 -0400] "GET /rss HTTP/1.1" 200 100138 "-" "Mozilla/5.0 (compatible; Google Desktop)"
88.191.79.43 - - [31/Mar/2009:04:25:19 -0400] "GET /topics/show/103 HTTP/1.0" 200 95012 "http://www.nikonthenumbers.com/" "Mozilla/4.0 (compatible; MSIE 6.0; Windows NT 5.1)"
64.230.101.177 - - [31/Mar/2009:04:25:35 -0400] "GET /rss HTTP/1.1" 200 100138 "-" "Mozilla/5.0 (Windows; U; Windows NT 5.1; en-US; rv:1.8.1.20) Gecko/20081217 Firefox/2.0.0.20"
209.62.54.130 - - [31/Mar/2009:04:25:52 -0400] "GET / HTTP/1.0" 200 24893 "-" "Pingdom.com_bot_version_1.4_(http://www.pingdom.com/)"
72.51.41.47 - - [31/Mar/2009:04:26:53 -0400] "GET / HTTP/1.0" 200 24893 "-" "Pingdom.com_bot_version_1.4_(http://www.pingdom.com/)"
212.247.189.113 - - [31/Mar/2009:04:27:52 -0400] "GET / HTTP/1.0" 200 24893 "-" "Pingdom.com_bot_version_1.4_(http://www.pingdom.com/)"
99.240.94.33 - - [31/Mar/2009:04:28:26 -0400] "GET /rss HTTP/1.1" 200 100138 "-" "Vienna/2.3.0.2301"
67.195.37.93 - - [31/Mar/2009:04:28:48 -0400] "GET /topics/show/124/28352 HTTP/1.0" 200 180826 "-" "Mozilla/5.0 (compatible; Yahoo! Slurp/3.0; http://help.yahoo.com/help/us/ysearch/slurp)"
207.97.207.200 - - [31/Mar/2009:04:28:51 -0400] "GET / HTTP/1.0" 200 24893 "-" "Pingdom.com_bot_version_1.4_(http://www.pingdom.com/)"
67.192.120.134 - - [31/Mar/2009:04:29:51 -0400] "GET / HTTP/1.0" 200 24893 "-" "Pingdom.com_bot_version_1.4_(http://www.pingdom.com/)"
88.191.88.79 - - [31/Mar/2009:04:30:11 -0400] "GET /topics/show/104 HTTP/1.0" 200 96020 "http://www.nikonthenumbers.com/" "Mozilla/4.0 (compatible; MSIE 6.0; Windows NT 5.1)"
78.136.27.223 - - [31/Mar/2009:04:30:51 -0400] "GET / HTTP/1.0" 200 24893 "-" "Pingdom.com_bot_version_1.4_(http://www.pingdom.com/)"
67.205.112.79 - - [31/Mar/2009:04:31:51 -0400] "GET / HTTP/1.0" 200 24893 "-" "Pingdom.com_bot_version_1.4_(http://www.pingdom.com/)"
174.133.253.162 - - [31/Mar/2009:04:32:51 -0400] "GET / HTTP/1.0" 200 24893 "-" "Pingdom.com_bot_version_1.4_(http://www.pingdom.com/)"
67.195.37.93 - - [31/Mar/2009:04:33:42 -0400] "GET /topics/show/13/419 HTTP/1.0" 200 41028 "-" "Mozilla/5.0 (compatible; Yahoo! Slurp; http://help.yahoo.com/help/us/ysearch/slurp)"
72.30.65.34 - - [31/Mar/2009:04:33:57 -0400] "GET /topics/show/101/15010 HTTP/1.0" 200 139045 "-" "Mozilla/5.0 (compatible; Yahoo! Slurp/3.0; http://help.yahoo.com/help/us/ysearch/slurp)"
65.55.105.115 - - [31/Mar/2009:04:33:59 -0400] "GET /profile/164148 HTTP/1.1" 200 14637 "-" "msnbot/1.1 (+http://search.msn.com/msnbot.htm)"
89.151.110.152 - - [31/Mar/2009:04:34:52 -0400] "GET / HTTP/1.0" 200 24893 "-" "Pingdom.com_bot_version_1.4_(http://www.pingdom.com/)"
88.191.88.79 - - [31/Mar/2009:04:34:58 -0400] "GET /topics/show/105 HTTP/1.0" 200 133688 "http://www.nikonthenumbers.com/" "Mozilla/4.0 (compatible; MSIE 6.0; Windows NT 5.1)"
72.30.65.34 - - [31/Mar/2009:04:35:05 -0400] "GET /topics/show/7/215 HTTP/1.0" 200 47640 "-" "Mozilla/5.0 (compatible; Yahoo! Slurp/3.0; http://help.yahoo.com/help/us/ysearch/slurp)"
72.30.65.34 - - [31/Mar/2009:04:35:06 -0400] "GET /topics/show/7/215 HTTP/1.0" 200 94321 "-" "Mozilla/5.0 (compatible; Yahoo! Slurp/3.0; http://help.yahoo.com/help/us/ysearch/slurp)"
209.62.54.130 - - [31/Mar/2009:04:35:51 -0400] "GET / HTTP/1.0" 200 24893 "-" "Pingdom.com_bot_version_1.4_(http://www.pingdom.com/)"
83.140.19.38 - - [31/Mar/2009:04:36:15 -0400] "GET / HTTP/1.0" 200 24893 "-" "Pingdom.com_bot_version_1.4_(http://www.pingdom.com/)"
209.85.238.23 - - [31/Mar/2009:04:36:26 -0400] "GET /rss HTTP/1.1" 200 100138 "-" "Feedfetcher-Google; (+http://www.google.com/feedfetcher.html; 85 subscribers; feed-id=3544419756895700983)"
64.34.195.137 - - [31/Mar/2009:04:36:57 -0400] "GET /rss HTTP/1.1" 200 99686 "-" "Mozilla/5.0 (X11; U; Linux i686; en-US; rv:1.2.1; aggregator:Spinn3r (Spinn3r 3.0); http://spinn3r.com/robot) Gecko/20021130"
65.55.105.115 - - [31/Mar/2009:04:37:06 -0400] "GET /topics/show/37/1640 HTTP/1.1" 200 113711 "-" "msnbot/1.1 (+http://search.msn.com/msnbot.htm)"
67.192.109.106 - - [31/Mar/2009:04:37:27 -0400] "GET /rss HTTP/1.1" 200 100138 "-" "Virtual Reach Newsclip Collector"
212.247.189.113 - - [31/Mar/2009:04:37:52 -0400] "GET / HTTP/1.0" 200 24893 "-" "Pingdom.com_bot_version_1.4_(http://www.pingdom.com/)"
65.55.105.115 - - [31/Mar/2009:04:38:42 -0400] "GET /topics/show/105/16258 HTTP/1.1" 200 146281 "-" "msnbot/1.1 (+http://search.msn.com/msnbot.htm)"
207.97.207.200 - - [31/Mar/2009:04:38:51 -0400] "GET / HTTP/1.0" 200 24893 "-" "Pingdom.com_bot_version_1.4_(http://www.pingdom.com/)"
65.55.105.115 - - [31/Mar/2009:04:39:40 -0400] "GET /topics/show/41/2205 HTTP/1.1" 200 116262 "-" "msnbot/1.1 (+http://search.msn.com/msnbot.htm)"
88.191.79.43 - - [31/Mar/2009:04:39:40 -0400] "GET /topics/show/106 HTTP/1.0" 200 119776 "http://www.nikonthenumbers.com/" "Mozilla/4.0 (compatible; MSIE 6.0; Windows NT 5.1)"
67.192.120.134 - - [31/Mar/2009:04:39:51 -0400] "GET / HTTP/1.0" 200 24893 "-" "Pingdom.com_bot_version_1.4_(http://www.pingdom.com/)"
65.55.109.218 - - [31/Mar/2009:04:40:44 -0400] "GET /topics/show/41/2205 HTTP/1.0" 200 116262 "http://search.live.com/results.aspx?q=summer" "Mozilla/4.0 (compatible; MSIE 6.0; Windows NT 5.2; SV1; .NET CLR 1.1.4322)"
65.55.109.218 - - [31/Mar/2009:04:40:46 -0400] "GET /javascripts/base_1221113035.js HTTP/1.0" 200 96039 "http://www.nikonthenumbers.com/topics/show/41/2205" "Mozilla/4.0 (compatible; MSIE 6.0; Windows NT 5.2; SV1; .NET CLR 1.1.4322)"
65.55.109.218 - - [31/Mar/2009:04:40:48 -0400] "GET /stylesheets/base_1221113035.css HTTP/1.0" 200 14188 "http://www.nikonthenumbers.com/topics/show/41/2205" "Mozilla/4.0 (compatible; MSIE 6.0; Windows NT 5.2; SV1; .NET CLR 1.1.4322)"
78.136.27.223 - - [31/Mar/2009:04:40:51 -0400] "GET / HTTP/1.0" 200 24893 "-" "Pingdom.com_bot_version_1.4_(http://www.pingdom.com/)"
65.55.109.218 - - [31/Mar/2009:04:41:07 -0400] "GET /avatars/0000/0043/Polar_Bear_endangered_thumb.jpg?1222028520 HTTP/1.0" 200 4166 "http://www.nikonthenumbers.com/topics/show/41/2205" "Mozilla/4.0 (compatible; MSIE 6.0; Windows NT 5.2; SV1; .NET CLR 1.1.4322)"
67.205.112.79 - - [31/Mar/2009:04:41:51 -0400] "GET / HTTP/1.0" 200 24893 "-" "Pingdom.com_bot_version_1.4_(http://www.pingdom.com/)"
72.30.65.34 - - [31/Mar/2009:04:41:55 -0400] "GET /topics/show/119/25780 HTTP/1.0" 200 737450 "-" "Mozilla/5.0 (compatible; Yahoo! Slurp/3.0; http://help.yahoo.com/help/us/ysearch/slurp)"
72.30.65.34 - - [31/Mar/2009:04:42:37 -0400] "GET /topics/show/4/456 HTTP/1.0" 200 105458 "-" "Mozilla/5.0 (compatible; Yahoo! Slurp/3.0; http://help.yahoo.com/help/us/ysearch/slurp)"
174.133.253.162 - - [31/Mar/2009:04:42:52 -0400] "GET / HTTP/1.0" 200 24893 "-" "Pingdom.com_bot_version_1.4_(http://www.pingdom.com/)"
64.34.195.155 - - [31/Mar/2009:04:42:59 -0400] "GET / HTTP/1.1" 200 24729 "-" "Mozilla/5.0 (X11; U; Linux i686; en-US; rv:1.2.1; aggregator:Spinn3r (Spinn3r 3.0); http://spinn3r.com/robot) Gecko/20021130"
80.65.90.66 - - [31/Mar/2009:04:44:20 -0400] "GET /favicon.ico HTTP/1.1" 200 894 "-" "Mozilla/5.0 (Windows; U; Windows NT 5.1; en-US; rv:1.9.0.8) Gecko/2009032609 Firefox/3.0.8 (.NET CLR 3.5.30729)"
88.191.88.79 - - [31/Mar/2009:04:44:18 -0400] "GET /topics/show/107 HTTP/1.0" 200 179670 "http://www.nikonthenumbers.com/" "Mozilla/4.0 (compatible; MSIE 6.0; Windows NT 5.1)"
89.151.110.152 - - [31/Mar/2009:04:44:52 -0400] "GET / HTTP/1.0" 200 24893 "-" "Pingdom.com_bot_version_1.4_(http://www.pingdom.com/)"
72.30.65.34 - - [31/Mar/2009:04:45:28 -0400] "GET /topics/show/99/14546 HTTP/1.0" 200 64835 "-" "Mozilla/5.0 (compatible; Yahoo! Slurp/3.0; http://help.yahoo.com/help/us/ysearch/slurp)"
209.62.54.130 - - [31/Mar/2009:04:45:52 -0400] "GET / HTTP/1.0" 200 24893 "-" "Pingdom.com_bot_version_1.4_(http://www.pingdom.com/)"
65.55.105.119 - - [31/Mar/2009:04:45:56 -0400] "GET /profile/525798 HTTP/1.1" 200 17084 "-" "msnbot/1.1 (+http://search.msn.com/msnbot.htm)"
83.140.19.38 - - [31/Mar/2009:04:46:09 -0400] "GET / HTTP/1.0" 200 24893 "-" "Pingdom.com_bot_version_1.4_(http://www.pingdom.com/)"
72.51.41.47 - - [31/Mar/2009:04:46:56 -0400] "GET / HTTP/1.0" 200 24893 "-" "Pingdom.com_bot_version_1.4_(http://www.pingdom.com/)"
212.247.189.113 - - [31/Mar/2009:04:47:51 -0400] "GET / HTTP/1.0" 200 24893 "-" "Pingdom.com_bot_version_1.4_(http://www.pingdom.com/)"
67.195.37.93 - - [31/Mar/2009:04:48:05 -0400] "GET /profile/13525 HTTP/1.0" 200 39639 "-" "Mozilla/5.0 (compatible; Yahoo! Slurp/3.0; http://help.yahoo.com/help/us/ysearch/slurp)"
67.195.37.93 - - [31/Mar/2009:04:48:10 -0400] "GET /profile/13525 HTTP/1.0" 200 681287 "-" "Mozilla/5.0 (compatible; Yahoo! Slurp/3.0; http://help.yahoo.com/help/us/ysearch/slurp)"
207.97.207.200 - - [31/Mar/2009:04:48:51 -0400] "GET / HTTP/1.0" 200 24893 "-" "Pingdom.com_bot_version_1.4_(http://www.pingdom.com/)"
88.191.88.79 - - [31/Mar/2009:04:48:54 -0400] "GET /topics/show/108 HTTP/1.0" 200 101530 "http://www.nikonthenumbers.com/" "Mozilla/4.0 (compatible; MSIE 6.0; Windows NT 5.1)"
67.192.120.134 - - [31/Mar/2009:04:49:53 -0400] "GET / HTTP/1.0" 200 24893 "-" "Pingdom.com_bot_version_1.4_(http://www.pingdom.com/)"
65.55.105.133 - - [31/Mar/2009:04:49:49 -0400] "GET /topics/show/115/24061 HTTP/1.1" 200 1119638 "-" "msnbot/1.1 (+http://search.msn.com/msnbot.htm)"
67.195.37.93 - - [31/Mar/2009:04:50:40 -0400] "GET /topics/show/79/10597 HTTP/1.0" 200 88106 "-" "Mozilla/5.0 (compatible; Yahoo! Slurp; http://help.yahoo.com/help/us/ysearch/slurp)"
72.30.65.34 - - [31/Mar/2009:04:50:50 -0400] "GET /archives HTTP/1.0" 200 34644 "-" "Mozilla/5.0 (compatible; Yahoo! Slurp/3.0; http://help.yahoo.com/help/us/ysearch/slurp)"
78.136.27.223 - - [31/Mar/2009:04:50:51 -0400] "GET / HTTP/1.0" 200 24893 "-" "Pingdom.com_bot_version_1.4_(http://www.pingdom.com/)"
65.55.109.64 - - [31/Mar/2009:04:51:04 -0400] "GET /topics/show/115/24061 HTTP/1.0" 200 1164559 "http://search.live.com/results.aspx?q=harper" "Mozilla/4.0 (compatible; MSIE 6.0; Windows NT 5.2; SV1; .NET CLR 1.1.4322)"
65.55.109.64 - - [31/Mar/2009:04:51:12 -0400] "GET /javascripts/base_1221113035.js HTTP/1.0" 200 96039 "http://nikonthenumbers.com/topics/show/115/24061" "Mozilla/4.0 (compatible; MSIE 6.0; Windows NT 5.2; SV1; .NET CLR 1.1.4322)"
65.55.109.64 - - [31/Mar/2009:04:51:14 -0400] "GET /stylesheets/base_1221113035.css HTTP/1.0" 200 14188 "http://nikonthenumbers.com/topics/show/115/24061" "Mozilla/4.0 (compatible; MSIE 6.0; Windows NT 5.2; SV1; .NET CLR 1.1.4322)"
65.55.109.64 - - [31/Mar/2009:04:51:22 -0400] "GET /avatars/0000/0083/LOGO_lg_thumb.png?1228919873 HTTP/1.0" 200 3884 "http://nikonthenumbers.com/topics/show/115/24061" "Mozilla/4.0 (compatible; MSIE 6.0; Windows NT 5.2; SV1; .NET CLR 1.1.4322)"
65.55.109.64 - - [31/Mar/2009:04:51:23 -0400] "GET /avatars/0000/0055/Rod_thumb.jpg?1222443029 HTTP/1.0" 200 6663 "http://nikonthenumbers.com/topics/show/115/24061" "Mozilla/4.0 (compatible; MSIE 6.0; Windows NT 5.2; SV1; .NET CLR 1.1.4322)"
65.55.109.64 - - [31/Mar/2009:04:51:23 -0400] "GET /avatars/0000/0085/van_thumb.png?1229143040 HTTP/1.0" 200 5734 "http://nikonthenumbers.com/topics/show/115/24061" "Mozilla/4.0 (compatible; MSIE 6.0; Windows NT 5.2; SV1; .NET CLR 1.1.4322)"
65.55.109.64 - - [31/Mar/2009:04:51:23 -0400] "GET /avatars/0000/0095/images_thumb.jpg?1231803391 HTTP/1.0" 200 7322 "http://nikonthenumbers.com/topics/show/115/24061" "Mozilla/4.0 (compatible; MSIE 6.0; Windows NT 5.2; SV1; .NET CLR 1.1.4322)"
65.55.109.64 - - [31/Mar/2009:04:51:25 -0400] "GET /fixit.js HTTP/1.0" 200 153 "http://nikonthenumbers.com/topics/show/115/24061" "Mozilla/4.0 (compatible; MSIE 6.0; Windows NT 5.2; SV1; .NET CLR 1.1.4322)"
65.55.109.64 - - [31/Mar/2009:04:51:27 -0400] "GET /images/polling_results.jpg?1221113035 HTTP/1.0" 200 5021 "http://nikonthenumbers.com/topics/show/115/24061" "Mozilla/4.0 (compatible; MSIE 6.0; Windows NT 5.2; SV1; .NET CLR 1.1.4322)"
67.205.112.79 - - [31/Mar/2009:04:51:51 -0400] "GET / HTTP/1.0" 200 24893 "-" "Pingdom.com_bot_version_1.4_(http://www.pingdom.com/)"
174.133.253.162 - - [31/Mar/2009:04:52:51 -0400] "GET / HTTP/1.0" 200 24893 "-" "Pingdom.com_bot_version_1.4_(http://www.pingdom.com/)"
88.191.88.79 - - [31/Mar/2009:04:53:25 -0400] "GET /topics/show/109 HTTP/1.0" 200 113084 "http://www.nikonthenumbers.com/" "Mozilla/4.0 (compatible; MSIE 6.0; Windows NT 5.1)"
89.151.110.152 - - [31/Mar/2009:04:54:53 -0400] "GET / HTTP/1.0" 200 24893 "-" "Pingdom.com_bot_version_1.4_(http://www.pingdom.com/)"
67.195.37.93 - - [31/Mar/2009:04:55:09 -0400] "GET /profile/665621 HTTP/1.0" 200 14677 "-" "Mozilla/5.0 (compatible; Yahoo! Slurp; http://help.yahoo.com/help/us/ysearch/slurp)"
208.36.144.9 - - [31/Mar/2009:04:55:08 -0400] "GET /topics/show/106/16398 HTTP/1.0" 200 138244 "-" "Mozilla/5.0 (Twiceler-0.9 http://www.cuil.com/twiceler/robot.html)"
209.62.54.130 - - [31/Mar/2009:04:55:52 -0400] "GET / HTTP/1.0" 200 24893 "-" "Pingdom.com_bot_version_1.4_(http://www.pingdom.com/)"
208.36.144.9 - - [31/Mar/2009:04:56:11 -0400] "GET /topics/show/100/14728 HTTP/1.0" 200 297873 "-" "Mozilla/5.0 (Twiceler-0.9 http://www.cuil.com/twiceler/robot.html)"
72.51.41.47 - - [31/Mar/2009:04:56:51 -0400] "GET / HTTP/1.0" 200 24893 "-" "Pingdom.com_bot_version_1.4_(http://www.pingdom.com/)"
65.55.105.133 - - [31/Mar/2009:04:57:11 -0400] "GET /profile/179380 HTTP/1.1" 200 14630 "-" "msnbot/1.1 (+http://search.msn.com/msnbot.htm)"
24.64.223.204 - - [31/Mar/2009:04:57:23 -0400] "GET / HTTP/1.1" 200 24893 "-" "Mozilla/4.0 (compatible; MSIE 7.0; Windows NT 5.1; .NET CLR 1.1.4322; .NET CLR 2.0.50727)"
65.55.110.186 - - [31/Mar/2009:04:57:34 -0400] "GET /profile/179380 HTTP/1.0" 200 14630 "http://search.live.com/results.aspx?q=nanos" "Mozilla/4.0 (compatible; MSIE 6.0; Windows NT 5.2; SV1; .NET CLR 1.1.4322)"
65.55.110.186 - - [31/Mar/2009:04:57:34 -0400] "GET /stylesheets/base_1221113035.css HTTP/1.0" 200 14188 "http://www.nikonthenumbers.com/profile/179380" "Mozilla/4.0 (compatible; MSIE 6.0; Windows NT 5.2; SV1; .NET CLR 1.1.4322)"
65.55.110.186 - - [31/Mar/2009:04:57:35 -0400] "GET /javascripts/base_1221113035.js HTTP/1.0" 200 96039 "http://www.nikonthenumbers.com/profile/179380" "Mozilla/4.0 (compatible; MSIE 6.0; Windows NT 5.2; SV1; .NET CLR 1.1.4322)"
24.64.223.204 - - [31/Mar/2009:04:57:36 -0400] "GET /images/polling_results.jpg?1221113035 HTTP/1.1" 200 5021 "http://www.nikonthenumbers.com/" "Mozilla/4.0 (compatible; MSIE 7.0; Windows NT 5.1; .NET CLR 1.1.4322; .NET CLR 2.0.50727)"
65.55.110.186 - - [31/Mar/2009:04:57:39 -0400] "GET /images/polling_results.jpg?1221113035 HTTP/1.0" 200 5021 "http://www.nikonthenumbers.com/profile/179380" "Mozilla/4.0 (compatible; MSIE 6.0; Windows NT 5.2; SV1; .NET CLR 1.1.4322)"
65.55.110.186 - - [31/Mar/2009:04:57:40 -0400] "GET /fixit.js HTTP/1.0" 200 153 "http://www.nikonthenumbers.com/profile/179380" "Mozilla/4.0 (compatible; MSIE 6.0; Windows NT 5.2; SV1; .NET CLR 1.1.4322)"
24.64.223.204 - - [31/Mar/2009:04:57:52 -0400] "GET /topics/show/124 HTTP/1.1" 200 150385 "http://www.nikonthenumbers.com/" "Mozilla/4.0 (compatible; MSIE 7.0; Windows NT 5.1; .NET CLR 1.1.4322; .NET CLR 2.0.50727)"
88.191.88.79 - - [31/Mar/2009:04:57:53 -0400] "GET /topics/show/11 HTTP/1.0" 200 110184 "http://www.nikonthenumbers.com/" "Mozilla/4.0 (compatible; MSIE 6.0; Windows NT 5.1)"
212.247.189.113 - - [31/Mar/2009:04:57:51 -0400] "GET / HTTP/1.0" 200 24893 "-" "Pingdom.com_bot_version_1.4_(http://www.pingdom.com/)"
24.64.223.204 - - [31/Mar/2009:04:57:55 -0400] "GET /avatars/0000/0107/hope-nope5_thumb.jpg?1235523623 HTTP/1.1" 200 5188 "http://www.nikonthenumbers.com/topics/show/124" "Mozilla/4.0 (compatible; MSIE 7.0; Windows NT 5.1; .NET CLR 1.1.4322; .NET CLR 2.0.50727)"
24.64.223.204 - - [31/Mar/2009:04:57:59 -0400] "GET /avatars/0000/0083/LOGO_lg_thumb.png?1228919873 HTTP/1.1" 200 3884 "http://www.nikonthenumbers.com/topics/show/124" "Mozilla/4.0 (compatible; MSIE 7.0; Windows NT 5.1; .NET CLR 1.1.4322; .NET CLR 2.0.50727)"
99.240.94.33 - - [31/Mar/2009:04:58:14 -0400] "GET /rss HTTP/1.1" 200 100138 "-" "Vienna/2.3.0.2301"
207.97.207.200 - - [31/Mar/2009:04:58:51 -0400] "GET / HTTP/1.0" 200 24893 "-" "Pingdom.com_bot_version_1.4_(http://www.pingdom.com/)"
78.136.27.223 - - [31/Mar/2009:05:00:51 -0400] "GET / HTTP/1.0" 200 24893 "-" "Pingdom.com_bot_version_1.4_(http://www.pingdom.com/)"
67.192.120.134 - - [31/Mar/2009:05:01:18 -0400] "GET / HTTP/1.0" 200 24893 "-" "Pingdom.com_bot_version_1.4_(http://www.pingdom.com/)"
67.205.112.79 - - [31/Mar/2009:05:01:51 -0400] "GET / HTTP/1.0" 200 24893 "-" "Pingdom.com_bot_version_1.4_(http://www.pingdom.com/)"
66.235.116.128 - - [31/Mar/2009:05:02:13 -0400] "GET /rss HTTP/1.1" 200 100138 "-" "Bloglines/3.1 (http://www.bloglines.com; 11 subscribers)"
88.191.88.79 - - [31/Mar/2009:05:02:18 -0400] "GET /topics/show/110 HTTP/1.0" 200 77244 "http://www.nikonthenumbers.com/" "Mozilla/4.0 (compatible; MSIE 6.0; Windows NT 5.1)"
66.249.73.230 - - [31/Mar/2009:05:02:32 -0400] "GET /topics/show/43 HTTP/1.1" 200 70394 "-" "Mozilla/5.0 (compatible; Googlebot/2.1; +http://www.google.com/bot.html)"
66.249.73.230 - - [31/Mar/2009:05:02:33 -0400] "GET /topics/show/ahbamryus.html HTTP/1.1" 404 2579 "-" "Mozilla/5.0 (compatible; Googlebot/2.1; +http://www.google.com/bot.html)"
65.55.105.125 - - [31/Mar/2009:05:02:46 -0400] "GET /topics/show/78 HTTP/1.1" 200 149249 "-" "msnbot/1.1 (+http://search.msn.com/msnbot.htm)"
174.133.253.162 - - [31/Mar/2009:05:02:51 -0400] "GET / HTTP/1.0" 200 24893 "-" "Pingdom.com_bot_version_1.4_(http://www.pingdom.com/)"
66.249.73.230 - - [31/Mar/2009:05:04:07 -0400] "GET /topics/show/67 HTTP/1.1" 200 75970 "-" "Mozilla/5.0 (compatible; Googlebot/2.1; +http://www.google.com/bot.html)"
72.30.65.34 - - [31/Mar/2009:05:04:30 -0400] "GET /topics/show/56/3159 HTTP/1.0" 200 155965 "-" "Mozilla/5.0 (compatible; Yahoo! Slurp/3.0; http://help.yahoo.com/help/us/ysearch/slurp)"
89.151.110.152 - - [31/Mar/2009:05:04:51 -0400] "GET / HTTP/1.0" 200 24893 "-" "Pingdom.com_bot_version_1.4_(http://www.pingdom.com/)"
209.62.54.130 - - [31/Mar/2009:05:05:52 -0400] "GET / HTTP/1.0" 200 24893 "-" "Pingdom.com_bot_version_1.4_(http://www.pingdom.com/)"
72.30.65.34 - - [31/Mar/2009:05:06:28 -0400] "GET /topics/show/125/28410 HTTP/1.0" 200 87649 "-" "Mozilla/5.0 (compatible; Yahoo! Slurp/3.0; http://help.yahoo.com/help/us/ysearch/slurp)"
72.30.65.34 - - [31/Mar/2009:05:06:30 -0400] "GET /topics/show/103/15764 HTTP/1.0" 200 106921 "-" "Mozilla/5.0 (compatible; Yahoo! Slurp/3.0; http://help.yahoo.com/help/us/ysearch/slurp)"
72.30.65.34 - - [31/Mar/2009:05:06:34 -0400] "GET /profile/12940 HTTP/1.0" 200 14641 "-" "Mozilla/5.0 (compatible; Yahoo! Slurp/3.0; http://help.yahoo.com/help/us/ysearch/slurp)"
88.191.88.79 - - [31/Mar/2009:05:06:38 -0400] "GET /topics/show/111 HTTP/1.0" 200 130813 "http://www.nikonthenumbers.com/" "Mozilla/4.0 (compatible; MSIE 6.0; Windows NT 5.1)"
84.12.41.10 - - [31/Mar/2009:05:06:51 -0400] "GET /profile/728405 HTTP/1.1" 200 24650 "http://www.google.co.uk/search?hl=en&q=dr+mike+stokes+gp&meta=" "Mozilla/4.0 (compatible; MSIE 7.0; Windows NT 5.1; .NET CLR 1.1.4322; .NET CLR 2.0.50727)"
84.12.41.10 - - [31/Mar/2009:05:06:52 -0400] "GET /stylesheets/base_1221113035.css HTTP/1.1" 200 14188 "http://www.nikonthenumbers.com/profile/728405" "Mozilla/4.0 (compatible; MSIE 7.0; Windows NT 5.1; .NET CLR 1.1.4322; .NET CLR 2.0.50727)"
84.12.41.10 - - [31/Mar/2009:05:06:52 -0400] "GET /javascripts/base_1221113035.js HTTP/1.1" 200 96039 "http://www.nikonthenumbers.com/profile/728405" "Mozilla/4.0 (compatible; MSIE 7.0; Windows NT 5.1; .NET CLR 1.1.4322; .NET CLR 2.0.50727)"
84.12.41.10 - - [31/Mar/2009:05:06:53 -0400] "GET /images/page-bg.gif HTTP/1.1" 200 1487 "http://www.nikonthenumbers.com/profile/728405" "Mozilla/4.0 (compatible; MSIE 7.0; Windows NT 5.1; .NET CLR 1.1.4322; .NET CLR 2.0.50727)"
84.12.41.10 - - [31/Mar/2009:05:06:53 -0400] "GET /images/TOP_01.jpg HTTP/1.1" 200 12839 "http://www.nikonthenumbers.com/profile/728405" "Mozilla/4.0 (compatible; MSIE 7.0; Windows NT 5.1; .NET CLR 1.1.4322; .NET CLR 2.0.50727)"
84.12.41.10 - - [31/Mar/2009:05:06:53 -0400] "GET /images/TOP_02.jpg HTTP/1.1" 200 14856 "http://www.nikonthenumbers.com/profile/728405" "Mozilla/4.0 (compatible; MSIE 7.0; Windows NT 5.1; .NET CLR 1.1.4322; .NET CLR 2.0.50727)"
84.12.41.10 - - [31/Mar/2009:05:06:53 -0400] "GET /images/TOP_03.jpg HTTP/1.1" 200 15516 "http://www.nikonthenumbers.com/profile/728405" "Mozilla/4.0 (compatible; MSIE 7.0; Windows NT 5.1; .NET CLR 1.1.4322; .NET CLR 2.0.50727)"
84.12.41.10 - - [31/Mar/2009:05:06:54 -0400] "GET /images/Ses-Townhall-AD-FED-20080911.swf HTTP/1.1" 200 17188 "http://www.nikonthenumbers.com/profile/728405" "Mozilla/4.0 (compatible; MSIE 7.0; Windows NT 5.1; .NET CLR 1.1.4322; .NET CLR 2.0.50727)"
84.12.41.10 - - [31/Mar/2009:05:06:54 -0400] "GET /images/feed-icon-14x14.png HTTP/1.1" 200 689 "http://www.nikonthenumbers.com/profile/728405" "Mozilla/4.0 (compatible; MSIE 7.0; Windows NT 5.1; .NET CLR 1.1.4322; .NET CLR 2.0.50727)"
84.12.41.10 - - [31/Mar/2009:05:06:54 -0400] "GET /images/TOP_06.jpg HTTP/1.1" 200 2158 "http://www.nikonthenumbers.com/profile/728405" "Mozilla/4.0 (compatible; MSIE 7.0; Windows NT 5.1; .NET CLR 1.1.4322; .NET CLR 2.0.50727)"
84.12.41.10 - - [31/Mar/2009:05:06:54 -0400] "GET /images/bottom-with-shaddow.gif HTTP/1.1" 200 9790 "http://www.nikonthenumbers.com/profile/728405" "Mozilla/4.0 (compatible; MSIE 7.0; Windows NT 5.1; .NET CLR 1.1.4322; .NET CLR 2.0.50727)"
84.12.41.10 - - [31/Mar/2009:05:06:54 -0400] "GET /images/RULE-FADE.jpg HTTP/1.1" 200 448 "http://www.nikonthenumbers.com/profile/728405" "Mozilla/4.0 (compatible; MSIE 7.0; Windows NT 5.1; .NET CLR 1.1.4322; .NET CLR 2.0.50727)"
84.12.41.10 - - [31/Mar/2009:05:06:54 -0400] "GET /images/BOX-BACK.jpg HTTP/1.1" 200 1025 "http://www.nikonthenumbers.com/profile/728405" "Mozilla/4.0 (compatible; MSIE 7.0; Windows NT 5.1; .NET CLR 1.1.4322; .NET CLR 2.0.50727)"
84.12.41.10 - - [31/Mar/2009:05:06:54 -0400] "GET /images/polling_results.jpg?1221113035 HTTP/1.1" 200 5021 "http://www.nikonthenumbers.com/profile/728405" "Mozilla/4.0 (compatible; MSIE 7.0; Windows NT 5.1; .NET CLR 1.1.4322; .NET CLR 2.0.50727)"
84.12.41.10 - - [31/Mar/2009:05:06:54 -0400] "GET /images/safe_subscribe_logo.gif HTTP/1.1" 200 457 "http://www.nikonthenumbers.com/profile/728405" "Mozilla/4.0 (compatible; MSIE 7.0; Windows NT 5.1; .NET CLR 1.1.4322; .NET CLR 2.0.50727)"
84.12.41.10 - - [31/Mar/2009:05:06:54 -0400] "GET /images/red-band.gif HTTP/1.1" 200 4358 "http://www.nikonthenumbers.com/profile/728405" "Mozilla/4.0 (compatible; MSIE 7.0; Windows NT 5.1; .NET CLR 1.1.4322; .NET CLR 2.0.50727)"
84.12.41.10 - - [31/Mar/2009:05:06:54 -0400] "GET /fixit.js HTTP/1.1" 200 153 "http://www.nikonthenumbers.com/profile/728405" "Mozilla/4.0 (compatible; MSIE 7.0; Windows NT 5.1; .NET CLR 1.1.4322; .NET CLR 2.0.50727)"
84.12.41.10 - - [31/Mar/2009:05:06:55 -0400] "GET /images/cancel.png HTTP/1.1" 200 853 "http://www.nikonthenumbers.com/profile/728405" "Mozilla/4.0 (compatible; MSIE 7.0; Windows NT 5.1; .NET CLR 1.1.4322; .NET CLR 2.0.50727)"
84.12.41.10 - - [31/Mar/2009:05:06:55 -0400] "GET /favicon.ico HTTP/1.1" 200 894 "-" "Mozilla/4.0 (compatible; MSIE 7.0; Windows NT 5.1; .NET CLR 1.1.4322; .NET CLR 2.0.50727)"
72.51.41.47 - - [31/Mar/2009:05:07:00 -0400] "GET / HTTP/1.0" 200 24893 "-" "Pingdom.com_bot_version_1.4_(http://www.pingdom.com/)"
24.64.223.204 - - [31/Mar/2009:05:07:25 -0400] "GET /topics/show/124/28426 HTTP/1.1" 200 191746 "http://www.nikonthenumbers.com/topics/show/124" "Mozilla/4.0 (compatible; MSIE 7.0; Windows NT 5.1; .NET CLR 1.1.4322; .NET CLR 2.0.50727)"
24.64.223.204 - - [31/Mar/2009:05:07:38 -0400] "POST /talk/mark/28430 HTTP/1.1" 201 1 "http://www.nikonthenumbers.com/topics/show/124/28426#comment_28430" "Mozilla/4.0 (compatible; MSIE 7.0; Windows NT 5.1; .NET CLR 1.1.4322; .NET CLR 2.0.50727)"
64.34.195.155 - - [31/Mar/2009:05:07:45 -0400] "GET /rss HTTP/1.1" 200 99686 "-" "Mozilla/5.0 (X11; U; Linux i686; en-US; rv:1.2.1; aggregator:Spinn3r (Spinn3r 3.0); http://spinn3r.com/robot) Gecko/20021130"
212.247.189.113 - - [31/Mar/2009:05:07:51 -0400] "GET / HTTP/1.0" 200 24893 "-" "Pingdom.com_bot_version_1.4_(http://www.pingdom.com/)"
24.64.223.204 - - [31/Mar/2009:05:08:11 -0400] "POST /talk/mark/28180 HTTP/1.1" 201 1 "http://www.nikonthenumbers.com/topics/show/124/28426#comment_28430" "Mozilla/4.0 (compatible; MSIE 7.0; Windows NT 5.1; .NET CLR 1.1.4322; .NET CLR 2.0.50727)"
24.64.223.204 - - [31/Mar/2009:05:08:27 -0400] "GET /images/busy.gif HTTP/1.1" 200 2209 "http://www.nikonthenumbers.com/topics/show/124/28426" "Mozilla/4.0 (compatible; MSIE 7.0; Windows NT 5.1; .NET CLR 1.1.4322; .NET CLR 2.0.50727)"
24.64.223.204 - - [31/Mar/2009:05:08:27 -0400] "POST /topics/show_comments/124/28180 HTTP/1.1" 200 8515 "http://www.nikonthenumbers.com/topics/show/124/28426#comment_28430" "Mozilla/4.0 (compatible; MSIE 7.0; Windows NT 5.1; .NET CLR 1.1.4322; .NET CLR 2.0.50727)"
72.30.79.90 - - [31/Mar/2009:05:08:31 -0400] "GET /topics/show/124/28304 HTTP/1.0" 200 171916 "-" "Mozilla/5.0 (compatible; Yahoo! Slurp/3.0; http://help.yahoo.com/help/us/ysearch/slurp)"
72.30.79.90 - - [31/Mar/2009:05:08:32 -0400] "GET /stylesheets/base_1221113035.css HTTP/1.0" 304 - "http://nikonthenumbers.com/topics/show/124/28304" "Mozilla/5.0 (compatible; Yahoo! Slurp/3.0; http://help.yahoo.com/help/us/ysearch/slurp)"
207.97.207.200 - - [31/Mar/2009:05:08:51 -0400] "GET / HTTP/1.0" 200 24893 "-" "Pingdom.com_bot_version_1.4_(http://www.pingdom.com/)"
24.64.223.204 - - [31/Mar/2009:05:08:53 -0400] "POST /talk/mark/28203 HTTP/1.1" 201 1 "http://www.nikonthenumbers.com/topics/show/124/28426#comment_28430" "Mozilla/4.0 (compatible; MSIE 7.0; Windows NT 5.1; .NET CLR 1.1.4322; .NET CLR 2.0.50727)"
24.64.223.204 - - [31/Mar/2009:05:09:17 -0400] "POST /talk/mark/28208 HTTP/1.1" 201 1 "http://www.nikonthenumbers.com/topics/show/124/28426#comment_28430" "Mozilla/4.0 (compatible; MSIE 7.0; Windows NT 5.1; .NET CLR 1.1.4322; .NET CLR 2.0.50727)"
72.30.65.34 - - [31/Mar/2009:05:09:21 -0400] "GET /topics/show/63 HTTP/1.0" 200 95243 "-" "Mozilla/5.0 (compatible; Yahoo! Slurp/3.0; http://help.yahoo.com/help/us/ysearch/slurp)"
72.30.65.34 - - [31/Mar/2009:05:09:24 -0400] "GET /topics/show/62/4010 HTTP/1.0" 200 94651 "-" "Mozilla/5.0 (compatible; Yahoo! Slurp/3.0; http://help.yahoo.com/help/us/ysearch/slurp)"
24.64.223.204 - - [31/Mar/2009:05:09:37 -0400] "POST /talk/mark/28332 HTTP/1.1" 201 1 "http://www.nikonthenumbers.com/topics/show/124/28426#comment_28430" "Mozilla/4.0 (compatible; MSIE 7.0; Windows NT 5.1; .NET CLR 1.1.4322; .NET CLR 2.0.50727)"
24.64.223.204 - - [31/Mar/2009:05:09:48 -0400] "POST /talk/mark/28196 HTTP/1.1" 201 1 "http://www.nikonthenumbers.com/topics/show/124/28426#comment_28430" "Mozilla/4.0 (compatible; MSIE 7.0; Windows NT 5.1; .NET CLR 1.1.4322; .NET CLR 2.0.50727)"
67.192.120.134 - - [31/Mar/2009:05:09:51 -0400] "GET / HTTP/1.0" 200 24893 "-" "Pingdom.com_bot_version_1.4_(http://www.pingdom.com/)"
216.39.58.18 - - [31/Mar/2009:05:09:57 -0400] "GET /rss HTTP/1.0" 200 99686 "-" "YahooFeedSeeker/2.0 (compatible; Mozilla 4.0; MSIE 5.5; http://publisher.yahoo.com/rssguide; users 1; views 202)"
24.64.223.204 - - [31/Mar/2009:05:10:11 -0400] "POST /talk/mark/28218 HTTP/1.1" 201 1 "http://www.nikonthenumbers.com/topics/show/124/28426#comment_28430" "Mozilla/4.0 (compatible; MSIE 7.0; Windows NT 5.1; .NET CLR 1.1.4322; .NET CLR 2.0.50727)"
24.64.223.204 - - [31/Mar/2009:05:10:23 -0400] "POST /talk/mark/28217 HTTP/1.1" 201 1 "http://www.nikonthenumbers.com/topics/show/124/28426#comment_28430" "Mozilla/4.0 (compatible; MSIE 7.0; Windows NT 5.1; .NET CLR 1.1.4322; .NET CLR 2.0.50727)"
78.136.27.223 - - [31/Mar/2009:05:10:52 -0400] "GET / HTTP/1.0" 200 24893 "-" "Pingdom.com_bot_version_1.4_(http://www.pingdom.com/)"
24.64.223.204 - - [31/Mar/2009:05:10:56 -0400] "POST /talk/mark/28219 HTTP/1.1" 201 1 "http://www.nikonthenumbers.com/topics/show/124/28426#comment_28430" "Mozilla/4.0 (compatible; MSIE 7.0; Windows NT 5.1; .NET CLR 1.1.4322; .NET CLR 2.0.50727)"
88.191.79.43 - - [31/Mar/2009:05:10:55 -0400] "GET /topics/show/112 HTTP/1.0" 200 207639 "http://www.nikonthenumbers.com/" "Mozilla/4.0 (compatible; MSIE 6.0; Windows NT 5.1)"
67.205.112.79 - - [31/Mar/2009:05:11:51 -0400] "GET / HTTP/1.0" 200 24893 "-" "Pingdom.com_bot_version_1.4_(http://www.pingdom.com/)"
65.55.105.123 - - [31/Mar/2009:05:12:14 -0400] "GET /profile/988454 HTTP/1.1" 200 78735 "-" "msnbot/1.1 (+http://search.msn.com/msnbot.htm)"
174.133.253.162 - - [31/Mar/2009:05:12:51 -0400] "GET / HTTP/1.0" 200 24893 "-" "Pingdom.com_bot_version_1.4_(http://www.pingdom.com/)"
64.34.195.145 - - [31/Mar/2009:05:13:05 -0400] "GET / HTTP/1.1" 200 24729 "-" "Mozilla/5.0 (X11; U; Linux i686; en-US; rv:1.2.1; aggregator:Spinn3r (Spinn3r 3.0); http://spinn3r.com/robot) Gecko/20021130"
24.64.223.204 - - [31/Mar/2009:05:14:03 -0400] "POST /talk/mark/28255 HTTP/1.1" 201 1 "http://www.nikonthenumbers.com/topics/show/124/28426#comment_28430" "Mozilla/4.0 (compatible; MSIE 7.0; Windows NT 5.1; .NET CLR 1.1.4322; .NET CLR 2.0.50727)"
24.64.223.204 - - [31/Mar/2009:05:14:35 -0400] "POST /topics/show_comments/124/28255 HTTP/1.1" 200 20471 "http://www.nikonthenumbers.com/topics/show/124/28426#comment_28430" "Mozilla/4.0 (compatible; MSIE 7.0; Windows NT 5.1; .NET CLR 1.1.4322; .NET CLR 2.0.50727)"
89.151.110.152 - - [31/Mar/2009:05:14:52 -0400] "GET / HTTP/1.0" 200 24893 "-" "Pingdom.com_bot_version_1.4_(http://www.pingdom.com/)"
24.64.223.204 - - [31/Mar/2009:05:14:56 -0400] "POST /talk/mark/28263 HTTP/1.1" 201 1 "http://www.nikonthenumbers.com/topics/show/124/28426#comment_28430" "Mozilla/4.0 (compatible; MSIE 7.0; Windows NT 5.1; .NET CLR 1.1.4322; .NET CLR 2.0.50727)"
88.191.79.43 - - [31/Mar/2009:05:15:10 -0400] "GET /topics/show/113 HTTP/1.0" 200 159639 "http://www.nikonthenumbers.com/" "Mozilla/4.0 (compatible; MSIE 6.0; Windows NT 5.1)"
24.64.223.204 - - [31/Mar/2009:05:15:22 -0400] "POST /talk/mark/28270 HTTP/1.1" 201 1 "http://www.nikonthenumbers.com/topics/show/124/28426#comment_28430" "Mozilla/4.0 (compatible; MSIE 7.0; Windows NT 5.1; .NET CLR 1.1.4322; .NET CLR 2.0.50727)"
24.64.223.204 - - [31/Mar/2009:05:15:44 -0400] "POST /talk/mark/28278 HTTP/1.1" 201 1 "http://www.nikonthenumbers.com/topics/show/124/28426#comment_28430" "Mozilla/4.0 (compatible; MSIE 7.0; Windows NT 5.1; .NET CLR 1.1.4322; .NET CLR 2.0.50727)"
72.30.65.34 - - [31/Mar/2009:05:15:46 -0400] "GET /topics/show/120/25904 HTTP/1.0" 200 39639 "-" "Mozilla/5.0 (compatible; Yahoo! Slurp/3.0; http://help.yahoo.com/help/us/ysearch/slurp)"
72.30.65.34 - - [31/Mar/2009:05:15:48 -0400] "GET /topics/show/120/25904 HTTP/1.0" 200 317139 "-" "Mozilla/5.0 (compatible; Yahoo! Slurp/3.0; http://help.yahoo.com/help/us/ysearch/slurp)"
24.64.223.204 - - [31/Mar/2009:05:15:50 -0400] "POST /talk/mark/28289 HTTP/1.1" 201 1 "http://www.nikonthenumbers.com/topics/show/124/28426#comment_28430" "Mozilla/4.0 (compatible; MSIE 7.0; Windows NT 5.1; .NET CLR 1.1.4322; .NET CLR 2.0.50727)"
209.62.54.130 - - [31/Mar/2009:05:15:51 -0400] "GET / HTTP/1.0" 200 24893 "-" "Pingdom.com_bot_version_1.4_(http://www.pingdom.com/)"
24.64.223.204 - - [31/Mar/2009:05:16:03 -0400] "POST /talk/mark/28285 HTTP/1.1" 201 1 "http://www.nikonthenumbers.com/topics/show/124/28426#comment_28430" "Mozilla/4.0 (compatible; MSIE 7.0; Windows NT 5.1; .NET CLR 1.1.4322; .NET CLR 2.0.50727)"
24.64.223.204 - - [31/Mar/2009:05:16:09 -0400] "POST /talk/mark/28304 HTTP/1.1" 201 1 "http://www.nikonthenumbers.com/topics/show/124/28426#comment_28430" "Mozilla/4.0 (compatible; MSIE 7.0; Windows NT 5.1; .NET CLR 1.1.4322; .NET CLR 2.0.50727)"
72.51.41.47 - - [31/Mar/2009:05:16:51 -0400] "GET / HTTP/1.0" 200 24893 "-" "Pingdom.com_bot_version_1.4_(http://www.pingdom.com/)"
24.64.223.204 - - [31/Mar/2009:05:17:00 -0400] "POST /topics/show_comments/124/28304 HTTP/1.1" 200 23854 "http://www.nikonthenumbers.com/topics/show/124/28426#comment_28430" "Mozilla/4.0 (compatible; MSIE 7.0; Windows NT 5.1; .NET CLR 1.1.4322; .NET CLR 2.0.50727)"
72.30.65.34 - - [31/Mar/2009:05:17:01 -0400] "GET /topics/show/118/24738 HTTP/1.0" 200 330451 "-" "Mozilla/5.0 (compatible; Yahoo! Slurp/3.0; http://help.yahoo.com/help/us/ysearch/slurp)"
72.30.65.34 - - [31/Mar/2009:05:17:01 -0400] "GET /topics/show/119/25352 HTTP/1.0" 200 619968 "-" "Mozilla/5.0 (compatible; Yahoo! Slurp/3.0; http://help.yahoo.com/help/us/ysearch/slurp)"
24.64.223.204 - - [31/Mar/2009:05:17:11 -0400] "POST /talk/mark/28308 HTTP/1.1" 201 1 "http://www.nikonthenumbers.com/topics/show/124/28426#comment_28430" "Mozilla/4.0 (compatible; MSIE 7.0; Windows NT 5.1; .NET CLR 1.1.4322; .NET CLR 2.0.50727)"
24.64.223.204 - - [31/Mar/2009:05:17:42 -0400] "POST /talk/mark/28310 HTTP/1.1" 201 1 "http://www.nikonthenumbers.com/topics/show/124/28426#comment_28430" "Mozilla/4.0 (compatible; MSIE 7.0; Windows NT 5.1; .NET CLR 1.1.4322; .NET CLR 2.0.50727)"
24.64.223.204 - - [31/Mar/2009:05:17:51 -0400] "POST /talk/mark/28311 HTTP/1.1" 201 1 "http://www.nikonthenumbers.com/topics/show/124/28426#comment_28430" "Mozilla/4.0 (compatible; MSIE 7.0; Windows NT 5.1; .NET CLR 1.1.4322; .NET CLR 2.0.50727)"
212.247.189.113 - - [31/Mar/2009:05:17:51 -0400] "GET / HTTP/1.0" 200 24893 "-" "Pingdom.com_bot_version_1.4_(http://www.pingdom.com/)"
72.30.65.34 - - [31/Mar/2009:05:17:48 -0400] "GET /topics/show/115/23319 HTTP/1.0" 200 1175155 "-" "Mozilla/5.0 (compatible; Yahoo! Slurp/3.0; http://help.yahoo.com/help/us/ysearch/slurp)"
207.97.207.200 - - [31/Mar/2009:05:18:55 -0400] "GET / HTTP/1.0" 200 24893 "-" "Pingdom.com_bot_version_1.4_(http://www.pingdom.com/)"
24.64.223.204 - - [31/Mar/2009:05:18:58 -0400] "POST /talk/mark/28331 HTTP/1.1" 201 1 "http://www.nikonthenumbers.com/topics/show/124/28426#comment_28430" "Mozilla/4.0 (compatible; MSIE 7.0; Windows NT 5.1; .NET CLR 1.1.4322; .NET CLR 2.0.50727)"
24.64.223.204 - - [31/Mar/2009:05:19:06 -0400] "POST /talk/mark/28335 HTTP/1.1" 201 1 "http://www.nikonthenumbers.com/topics/show/124/28426#comment_28430" "Mozilla/4.0 (compatible; MSIE 7.0; Windows NT 5.1; .NET CLR 1.1.4322; .NET CLR 2.0.50727)"
88.191.79.43 - - [31/Mar/2009:05:19:18 -0400] "GET /topics/show/114 HTTP/1.0" 200 223639 "http://www.nikonthenumbers.com/" "Mozilla/4.0 (compatible; MSIE 6.0; Windows NT 5.1)"
24.64.223.204 - - [31/Mar/2009:05:19:30 -0400] "POST /talk/mark/28333 HTTP/1.1" 201 1 "http://www.nikonthenumbers.com/topics/show/124/28426#comment_28430" "Mozilla/4.0 (compatible; MSIE 7.0; Windows NT 5.1; .NET CLR 1.1.4322; .NET CLR 2.0.50727)"
24.64.223.204 - - [31/Mar/2009:05:19:39 -0400] "POST /talk/mark/28336 HTTP/1.1" 201 1 "http://www.nikonthenumbers.com/topics/show/124/28426#comment_28430" "Mozilla/4.0 (compatible; MSIE 7.0; Windows NT 5.1; .NET CLR 1.1.4322; .NET CLR 2.0.50727)"
67.192.120.134 - - [31/Mar/2009:05:19:51 -0400] "GET / HTTP/1.0" 200 24893 "-" "Pingdom.com_bot_version_1.4_(http://www.pingdom.com/)"
24.64.223.204 - - [31/Mar/2009:05:19:53 -0400] "POST /talk/mark/28339 HTTP/1.1" 201 1 "http://www.nikonthenumbers.com/topics/show/124/28426#comment_28430" "Mozilla/4.0 (compatible; MSIE 7.0; Windows NT 5.1; .NET CLR 1.1.4322; .NET CLR 2.0.50727)"
24.64.223.204 - - [31/Mar/2009:05:20:02 -0400] "POST /talk/mark/28315 HTTP/1.1" 201 1 "http://www.nikonthenumbers.com/topics/show/124/28426#comment_28430" "Mozilla/4.0 (compatible; MSIE 7.0; Windows NT 5.1; .NET CLR 1.1.4322; .NET CLR 2.0.50727)"
24.64.223.204 - - [31/Mar/2009:05:20:13 -0400] "POST /topics/show_comments/124/28315 HTTP/1.1" 200 17188 "http://www.nikonthenumbers.com/topics/show/124/28426#comment_28430" "Mozilla/4.0 (compatible; MSIE 7.0; Windows NT 5.1; .NET CLR 1.1.4322; .NET CLR 2.0.50727)"
142.166.3.122 - - [31/Mar/2009:05:20:15 -0400] "GET /robots.txt HTTP/1.1" 200 161 "-" "R6_FeedFetcher(www.radian6.com/crawler)"
142.166.3.122 - - [31/Mar/2009:05:20:16 -0400] "GET /topics/show/125 HTTP/1.1" 200 77022 "-" "R6_CommentReader(www.radian6.com/crawler)"
24.64.223.204 - - [31/Mar/2009:05:20:25 -0400] "POST /talk/mark/28316 HTTP/1.1" 201 1 "http://www.nikonthenumbers.com/topics/show/124/28426#comment_28430" "Mozilla/4.0 (compatible; MSIE 7.0; Windows NT 5.1; .NET CLR 1.1.4322; .NET CLR 2.0.50727)"
24.64.223.204 - - [31/Mar/2009:05:20:33 -0400] "POST /talk/mark/28317 HTTP/1.1" 201 1 "http://www.nikonthenumbers.com/topics/show/124/28426#comment_28430" "Mozilla/4.0 (compatible; MSIE 7.0; Windows NT 5.1; .NET CLR 1.1.4322; .NET CLR 2.0.50727)"
78.136.27.223 - - [31/Mar/2009:05:20:52 -0400] "GET / HTTP/1.0" 200 24893 "-" "Pingdom.com_bot_version_1.4_(http://www.pingdom.com/)"
24.64.223.204 - - [31/Mar/2009:05:20:54 -0400] "POST /talk/mark/28322 HTTP/1.1" 201 1 "http://www.nikonthenumbers.com/topics/show/124/28426#comment_28430" "Mozilla/4.0 (compatible; MSIE 7.0; Windows NT 5.1; .NET CLR 1.1.4322; .NET CLR 2.0.50727)"
24.64.223.204 - - [31/Mar/2009:05:21:09 -0400] "POST /talk/mark/28325 HTTP/1.1" 201 1 "http://www.nikonthenumbers.com/topics/show/124/28426#comment_28430" "Mozilla/4.0 (compatible; MSIE 7.0; Windows NT 5.1; .NET CLR 1.1.4322; .NET CLR 2.0.50727)"
24.64.223.204 - - [31/Mar/2009:05:21:24 -0400] "POST /talk/mark/28341 HTTP/1.1" 201 1 "http://www.nikonthenumbers.com/topics/show/124/28426#comment_28430" "Mozilla/4.0 (compatible; MSIE 7.0; Windows NT 5.1; .NET CLR 1.1.4322; .NET CLR 2.0.50727)"
24.64.223.204 - - [31/Mar/2009:05:21:29 -0400] "POST /talk/mark/28343 HTTP/1.1" 201 1 "http://www.nikonthenumbers.com/topics/show/124/28426#comment_28430" "Mozilla/4.0 (compatible; MSIE 7.0; Windows NT 5.1; .NET CLR 1.1.4322; .NET CLR 2.0.50727)"
24.64.223.204 - - [31/Mar/2009:05:21:33 -0400] "POST /talk/mark/28320 HTTP/1.1" 201 1 "http://www.nikonthenumbers.com/topics/show/124/28426#comment_28430" "Mozilla/4.0 (compatible; MSIE 7.0; Windows NT 5.1; .NET CLR 1.1.4322; .NET CLR 2.0.50727)"
72.30.65.34 - - [31/Mar/2009:05:21:34 -0400] "GET /topics/show/37/1706 HTTP/1.0" 200 161787 "-" "Mozilla/5.0 (compatible; Yahoo! Slurp/3.0; http://help.yahoo.com/help/us/ysearch/slurp)"
67.205.112.79 - - [31/Mar/2009:05:21:51 -0400] "GET / HTTP/1.0" 200 24893 "-" "Pingdom.com_bot_version_1.4_(http://www.pingdom.com/)"
24.64.223.204 - - [31/Mar/2009:05:21:53 -0400] "POST /topics/show_comments/124/28320 HTTP/1.1" 200 28929 "http://www.nikonthenumbers.com/topics/show/124/28426#comment_28430" "Mozilla/4.0 (compatible; MSIE 7.0; Windows NT 5.1; .NET CLR 1.1.4322; .NET CLR 2.0.50727)"
24.64.223.204 - - [31/Mar/2009:05:22:06 -0400] "POST /talk/mark/28324 HTTP/1.1" 201 1 "http://www.nikonthenumbers.com/topics/show/124/28426#comment_28430" "Mozilla/4.0 (compatible; MSIE 7.0; Windows NT 5.1; .NET CLR 1.1.4322; .NET CLR 2.0.50727)"
72.30.65.34 - - [31/Mar/2009:05:22:05 -0400] "GET /topics/show/89/12124 HTTP/1.0" 200 97418 "-" "Mozilla/5.0 (compatible; Yahoo! Slurp/3.0; http://help.yahoo.com/help/us/ysearch/slurp)"
24.64.223.204 - - [31/Mar/2009:05:22:46 -0400] "POST /talk/mark/28337 HTTP/1.1" 201 1 "http://www.nikonthenumbers.com/topics/show/124/28426#comment_28430" "Mozilla/4.0 (compatible; MSIE 7.0; Windows NT 5.1; .NET CLR 1.1.4322; .NET CLR 2.0.50727)"
67.195.37.93 - - [31/Mar/2009:05:22:52 -0400] "GET /profile/2544 HTTP/1.0" 200 27429 "-" "Mozilla/5.0 (compatible; Yahoo! Slurp; http://help.yahoo.com/help/us/ysearch/slurp)"
174.133.253.162 - - [31/Mar/2009:05:22:51 -0400] "GET / HTTP/1.0" 200 24893 "-" "Pingdom.com_bot_version_1.4_(http://www.pingdom.com/)"
24.64.223.204 - - [31/Mar/2009:05:22:58 -0400] "POST /talk/mark/28380 HTTP/1.1" 201 1 "http://www.nikonthenumbers.com/topics/show/124/28426#comment_28430" "Mozilla/4.0 (compatible; MSIE 7.0; Windows NT 5.1; .NET CLR 1.1.4322; .NET CLR 2.0.50727)"
65.55.110.101 - - [31/Mar/2009:05:23:11 -0400] "GET /profile/728405 HTTP/1.0" 200 24650 "http://search.live.com/results.aspx?q=nanos" "Mozilla/4.0 (compatible; MSIE 6.0; Windows NT 5.2; SV1; .NET CLR 1.1.4322)"
65.55.110.101 - - [31/Mar/2009:05:23:12 -0400] "GET /stylesheets/base_1221113035.css HTTP/1.0" 200 14188 "http://www.nikonthenumbers.com/profile/728405" "Mozilla/4.0 (compatible; MSIE 6.0; Windows NT 5.2; SV1; .NET CLR 1.1.4322)"
65.55.110.101 - - [31/Mar/2009:05:23:13 -0400] "GET /javascripts/base_1221113035.js HTTP/1.0" 200 96039 "http://www.nikonthenumbers.com/profile/728405" "Mozilla/4.0 (compatible; MSIE 6.0; Windows NT 5.2; SV1; .NET CLR 1.1.4322)"
65.55.108.233 - - [31/Mar/2009:05:23:19 -0400] "GET /robots.txt HTTP/1.1" 200 161 "-" "msnbot-media/1.1 (+http://search.msn.com/msnbot.htm)"
65.55.108.233 - - [31/Mar/2009:05:23:19 -0400] "GET /topics/show/34 HTTP/1.1" 200 75997 "-" "msnbot-media/1.1 (+http://search.msn.com/msnbot.htm)"
88.191.79.43 - - [31/Mar/2009:05:23:21 -0400] "GET /topics/show/115 HTTP/1.0" 200 183638 "http://www.nikonthenumbers.com/" "Mozilla/4.0 (compatible; MSIE 6.0; Windows NT 5.1)"
24.64.223.204 - - [31/Mar/2009:05:23:39 -0400] "POST /talk/mark/28383 HTTP/1.1" 201 1 "http://www.nikonthenumbers.com/topics/show/124/28426#comment_28430" "Mozilla/4.0 (compatible; MSIE 7.0; Windows NT 5.1; .NET CLR 1.1.4322; .NET CLR 2.0.50727)"
24.64.223.204 - - [31/Mar/2009:05:23:50 -0400] "POST /talk/mark/28384 HTTP/1.1" 201 1 "http://www.nikonthenumbers.com/topics/show/124/28426#comment_28430" "Mozilla/4.0 (compatible; MSIE 7.0; Windows NT 5.1; .NET CLR 1.1.4322; .NET CLR 2.0.50727)"
