72.30.65.34 - - [31/Mar/2009:07:26:18 -0400] "GET /profile/11376 HTTP/1.0" 200 15240 "-" "Mozilla/5.0 (compatible; Yahoo! Slurp/3.0; http://help.yahoo.com/help/us/ysearch/slurp)"
199.246.2.9 - - [31/Mar/2009:07:26:27 -0400] "POST /talk/mark/28471 HTTP/1.0" 201 1 "http://www.nikonthenumbers.com/topics/show/124" "Mozilla/5.0 (Macintosh; U; Intel Mac OS X 10_5_6; en-us) AppleWebKit/525.18.1 (KHTML, like Gecko) Version/3.1.2 Safari/525.20.1"
72.51.41.47 - - [31/Mar/2009:07:26:51 -0400] "GET / HTTP/1.0" 200 24899 "-" "Pingdom.com_bot_version_1.4_(http://www.pingdom.com/)"
212.247.189.113 - - [31/Mar/2009:07:27:53 -0400] "GET / HTTP/1.0" 200 24899 "-" "Pingdom.com_bot_version_1.4_(http://www.pingdom.com/)"
66.249.73.230 - - [31/Mar/2009:07:28:00 -0400] "GET /profile/66550 HTTP/1.1" 200 15298 "-" "Mozilla/5.0 (compatible; Googlebot/2.1; +http://www.google.com/bot.html)"
99.240.94.33 - - [31/Mar/2009:07:28:40 -0400] "GET /rss HTTP/1.1" 200 100138 "-" "Vienna/2.3.0.2301"
207.97.207.200 - - [31/Mar/2009:07:28:51 -0400] "GET / HTTP/1.0" 200 24899 "-" "Pingdom.com_bot_version_1.4_(http://www.pingdom.com/)"
66.249.73.230 - - [31/Mar/2009:07:29:39 -0400] "GET /topics/show/30/1190 HTTP/1.1" 200 137496 "-" "Mozilla/5.0 (compatible; Googlebot/2.1; +http://www.google.com/bot.html)"
67.192.120.134 - - [31/Mar/2009:07:29:51 -0400] "GET / HTTP/1.0" 200 24899 "-" "Pingdom.com_bot_version_1.4_(http://www.pingdom.com/)"
70.27.6.208 - - [31/Mar/2009:07:30:16 -0400] "GET /rss HTTP/1.1" 200 100138 "-" "Windows-RSS-Platform/1.0 (MSIE 7.0; Windows NT 5.1)"
72.30.65.34 - - [31/Mar/2009:07:30:38 -0400] "GET /topics/show/113/19456 HTTP/1.0" 200 306564 "-" "Mozilla/5.0 (compatible; Yahoo! Slurp/3.0; http://help.yahoo.com/help/us/ysearch/slurp)"
88.191.79.43 - - [31/Mar/2009:07:30:41 -0400] "GET /topics/show/35 HTTP/1.0" 200 56540 "http://www.nikonthenumbers.com/" "Mozilla/4.0 (compatible; MSIE 6.0; Windows NT 5.1)"
78.136.27.223 - - [31/Mar/2009:07:30:51 -0400] "GET / HTTP/1.0" 200 24899 "-" "Pingdom.com_bot_version_1.4_(http://www.pingdom.com/)"
66.249.73.230 - - [31/Mar/2009:07:31:19 -0400] "GET /topics/show/107/16759 HTTP/1.1" 200 274218 "-" "Mozilla/5.0 (compatible; Googlebot/2.1; +http://www.google.com/bot.html)"
67.205.112.79 - - [31/Mar/2009:07:31:51 -0400] "GET / HTTP/1.0" 200 24899 "-" "Pingdom.com_bot_version_1.4_(http://www.pingdom.com/)"
199.246.2.9 - - [31/Mar/2009:07:31:57 -0400] "POST /talk/mark/28472 HTTP/1.0" 201 1 "http://www.nikonthenumbers.com/topics/show/124" "Mozilla/5.0 (Macintosh; U; Intel Mac OS X 10_5_6; en-us) AppleWebKit/525.18.1 (KHTML, like Gecko) Version/3.1.2 Safari/525.20.1"
72.30.65.34 - - [31/Mar/2009:07:32:17 -0400] "GET /topics/show/84/11112 HTTP/1.0" 200 91748 "-" "Mozilla/5.0 (compatible; Yahoo! Slurp/3.0; http://help.yahoo.com/help/us/ysearch/slurp)"
199.246.2.9 - - [31/Mar/2009:07:32:22 -0400] "POST /talk/mark/28487 HTTP/1.0" 201 1 "http://www.nikonthenumbers.com/topics/show/124" "Mozilla/5.0 (Macintosh; U; Intel Mac OS X 10_5_6; en-us) AppleWebKit/525.18.1 (KHTML, like Gecko) Version/3.1.2 Safari/525.20.1"
199.246.2.9 - - [31/Mar/2009:07:32:30 -0400] "POST /talk/mark/28478 HTTP/1.0" 201 1 "http://www.nikonthenumbers.com/topics/show/124" "Mozilla/5.0 (Macintosh; U; Intel Mac OS X 10_5_6; en-us) AppleWebKit/525.18.1 (KHTML, like Gecko) Version/3.1.2 Safari/525.20.1"
199.246.2.9 - - [31/Mar/2009:07:32:35 -0400] "POST /talk/mark/28481 HTTP/1.0" 201 1 "http://www.nikonthenumbers.com/topics/show/124" "Mozilla/5.0 (Macintosh; U; Intel Mac OS X 10_5_6; en-us) AppleWebKit/525.18.1 (KHTML, like Gecko) Version/3.1.2 Safari/525.20.1"
174.133.253.162 - - [31/Mar/2009:07:32:51 -0400] "GET / HTTP/1.0" 200 24899 "-" "Pingdom.com_bot_version_1.4_(http://www.pingdom.com/)"
64.230.6.184 - - [31/Mar/2009:07:33:19 -0400] "GET /rss HTTP/1.1" 200 100138 "-" "Windows-RSS-Platform/1.0 (MSIE 7.0; Windows NT 5.1)"
67.70.21.228 - - [31/Mar/2009:07:33:40 -0400] "GET / HTTP/1.1" 200 19887 "-" "Mozilla/5.0 (Windows; U; Windows NT 5.1; en-US; rv:1.9.0.8) Gecko/2009032609 Firefox/3.0.8"
72.30.65.34 - - [31/Mar/2009:07:34:03 -0400] "GET /viewer/index/39 HTTP/1.0" 200 656 "-" "Mozilla/5.0 (compatible; Yahoo! Slurp/3.0; http://help.yahoo.com/help/us/ysearch/slurp)"
72.30.65.34 - - [31/Mar/2009:07:34:03 -0400] "GET /viewer/header/39 HTTP/1.0" 200 3639 "http://www.nikonthenumbers.com/viewer/index/39" "Mozilla/5.0 (compatible; Yahoo! Slurp/3.0; http://help.yahoo.com/help/us/ysearch/slurp)"
72.30.65.34 - - [31/Mar/2009:07:34:03 -0400] "GET /viewer/content/39 HTTP/1.0" 200 91927 "http://www.nikonthenumbers.com/viewer/index/39" "Mozilla/5.0 (compatible; Yahoo! Slurp/3.0; http://help.yahoo.com/help/us/ysearch/slurp)"
72.30.65.34 - - [31/Mar/2009:07:34:10 -0400] "GET /profile/10734 HTTP/1.0" 200 300977 "-" "Mozilla/5.0 (compatible; Yahoo! Slurp/3.0; http://help.yahoo.com/help/us/ysearch/slurp)"
67.70.21.228 - - [31/Mar/2009:07:34:21 -0400] "GET /topics/show/125/28409 HTTP/1.1" 200 110416 "http://nikonthenumbers.com/" "Mozilla/5.0 (Windows; U; Windows NT 5.1; en-US; rv:1.9.0.8) Gecko/2009032609 Firefox/3.0.8"
67.70.21.228 - - [31/Mar/2009:07:34:25 -0400] "POST /talk/mark/28532 HTTP/1.1" 201 1 "http://nikonthenumbers.com/topics/show/125/28409" "Mozilla/5.0 (Windows; U; Windows NT 5.1; en-US; rv:1.9.0.8) Gecko/2009032609 Firefox/3.0.8"
67.70.21.228 - - [31/Mar/2009:07:34:38 -0400] "POST /talk/mark/28446 HTTP/1.1" 201 1 "http://nikonthenumbers.com/topics/show/125/28409" "Mozilla/5.0 (Windows; U; Windows NT 5.1; en-US; rv:1.9.0.8) Gecko/2009032609 Firefox/3.0.8"
89.151.110.152 - - [31/Mar/2009:07:34:52 -0400] "GET / HTTP/1.0" 200 24899 "-" "Pingdom.com_bot_version_1.4_(http://www.pingdom.com/)"
88.191.88.79 - - [31/Mar/2009:07:35:16 -0400] "GET /topics/show/36 HTTP/1.0" 200 69211 "http://www.nikonthenumbers.com/" "Mozilla/4.0 (compatible; MSIE 6.0; Windows NT 5.1)"
72.30.79.90 - - [31/Mar/2009:07:35:18 -0400] "GET /robots.txt HTTP/1.0" 200 161 "-" "Mozilla/5.0 (compatible; Yahoo! Slurp; http://help.yahoo.com/help/us/ysearch/slurp)"
67.70.21.228 - - [31/Mar/2009:07:35:31 -0400] "GET /images/busy.gif HTTP/1.1" 200 2209 "http://nikonthenumbers.com/topics/show/125/28409" "Mozilla/5.0 (Windows; U; Windows NT 5.1; en-US; rv:1.9.0.8) Gecko/2009032609 Firefox/3.0.8"
67.70.21.228 - - [31/Mar/2009:07:35:31 -0400] "POST /topics/show_comments/125/28490 HTTP/1.1" 200 17488 "http://nikonthenumbers.com/topics/show/125/28409" "Mozilla/5.0 (Windows; U; Windows NT 5.1; en-US; rv:1.9.0.8) Gecko/2009032609 Firefox/3.0.8"
88.131.106.5 - - [31/Mar/2009:07:35:39 -0400] "GET /robots.txt HTTP/1.0" 200 161 "-" "Speedy Spider (http://www.entireweb.com/about/search_tech/speedy_spider/)"
88.131.106.5 - - [31/Mar/2009:07:35:40 -0400] "GET /topics/show/27 HTTP/1.0" 200 70887 "-" "Speedy Spider (http://www.entireweb.com/about/search_tech/speedy_spider/)"
58.165.175.247 - - [31/Mar/2009:07:35:47 -0400] "GET /rss HTTP/1.1" 200 100138 "-" "Apple-PubSub/65.6"
209.62.54.130 - - [31/Mar/2009:07:35:52 -0400] "GET / HTTP/1.0" 200 24899 "-" "Pingdom.com_bot_version_1.4_(http://www.pingdom.com/)"
72.51.41.47 - - [31/Mar/2009:07:36:51 -0400] "GET / HTTP/1.0" 200 24899 "-" "Pingdom.com_bot_version_1.4_(http://www.pingdom.com/)"
83.140.19.38 - - [31/Mar/2009:07:36:57 -0400] "GET / HTTP/1.0" 200 24899 "-" "Pingdom.com_bot_version_1.4_(http://www.pingdom.com/)"
65.55.105.119 - - [31/Mar/2009:07:37:09 -0400] "GET /topics/show/112/18524 HTTP/1.1" 200 335638 "-" "msnbot/1.1 (+http://search.msn.com/msnbot.htm)"
72.30.65.34 - - [31/Mar/2009:07:37:38 -0400] "GET /profile/20005 HTTP/1.0" 200 43837 "-" "Mozilla/5.0 (compatible; Yahoo! Slurp/3.0; http://help.yahoo.com/help/us/ysearch/slurp)"
209.85.238.23 - - [31/Mar/2009:07:37:46 -0400] "GET /rss HTTP/1.1" 200 100138 "-" "Feedfetcher-Google; (+http://www.google.com/feedfetcher.html; 85 subscribers; feed-id=3544419756895700983)"
212.247.189.113 - - [31/Mar/2009:07:37:51 -0400] "GET / HTTP/1.0" 200 24899 "-" "Pingdom.com_bot_version_1.4_(http://www.pingdom.com/)"
66.249.73.230 - - [31/Mar/2009:07:37:57 -0400] "GET /topics/show/124/28169 HTTP/1.1" 200 215811 "-" "Mozilla/5.0 (compatible; Googlebot/2.1; +http://www.google.com/bot.html)"
65.55.105.125 - - [31/Mar/2009:07:38:19 -0400] "GET /topics/show/84/11117 HTTP/1.1" 200 147672 "-" "msnbot/1.1 (+http://search.msn.com/msnbot.htm)"
64.34.195.145 - - [31/Mar/2009:07:38:22 -0400] "GET /rss HTTP/1.1" 200 99686 "-" "Mozilla/5.0 (X11; U; Linux i686; en-US; rv:1.2.1; aggregator:Spinn3r (Spinn3r 3.0); http://spinn3r.com/robot) Gecko/20021130"
193.189.143.186 - - [31/Mar/2009:07:38:45 -0400] "GET /rss HTTP/1.0" 200 100138 "-" "Netvibes (http://www.netvibes.com/; 7 subscribers; feedId: 1123686)"
207.97.207.200 - - [31/Mar/2009:07:38:51 -0400] "GET / HTTP/1.0" 200 24899 "-" "Pingdom.com_bot_version_1.4_(http://www.pingdom.com/)"
72.30.65.34 - - [31/Mar/2009:07:39:11 -0400] "GET /viewer/index/30 HTTP/1.0" 200 648 "-" "Mozilla/5.0 (compatible; Yahoo! Slurp/3.0; http://help.yahoo.com/help/us/ysearch/slurp)"
72.30.65.34 - - [31/Mar/2009:07:39:12 -0400] "GET /viewer/header/30 HTTP/1.0" 200 3639 "http://www.nikonthenumbers.com/viewer/index/30" "Mozilla/5.0 (compatible; Yahoo! Slurp/3.0; http://help.yahoo.com/help/us/ysearch/slurp)"
67.195.37.93 - - [31/Mar/2009:07:39:49 -0400] "GET / HTTP/1.0" 200 24899 "-" "Mozilla/5.0 (compatible; Yahoo! Slurp; http://help.yahoo.com/help/us/ysearch/slurp)"
67.192.120.134 - - [31/Mar/2009:07:39:51 -0400] "GET / HTTP/1.0" 200 24899 "-" "Pingdom.com_bot_version_1.4_(http://www.pingdom.com/)"
88.191.79.43 - - [31/Mar/2009:07:39:51 -0400] "GET /topics/show/37 HTTP/1.0" 200 90951 "http://www.nikonthenumbers.com/" "Mozilla/4.0 (compatible; MSIE 6.0; Windows NT 5.1)"
67.195.37.93 - - [31/Mar/2009:07:39:58 -0400] "GET /images/Ses-Townhall-AD-FED-20080911.swf HTTP/1.0" 200 17188 "-" "Mozilla/5.0 (compatible; Yahoo! Slurp; http://help.yahoo.com/help/us/ysearch/slurp)"
78.136.27.223 - - [31/Mar/2009:07:40:51 -0400] "GET / HTTP/1.0" 200 24899 "-" "Pingdom.com_bot_version_1.4_(http://www.pingdom.com/)"
66.249.73.230 - - [31/Mar/2009:07:41:16 -0400] "GET /profile/663308 HTTP/1.1" 200 51040 "-" "Mozilla/5.0 (compatible; Googlebot/2.1; +http://www.google.com/bot.html)"
67.205.112.79 - - [31/Mar/2009:07:41:51 -0400] "GET / HTTP/1.0" 200 24899 "-" "Pingdom.com_bot_version_1.4_(http://www.pingdom.com/)"
208.124.156.82 - - [31/Mar/2009:07:42:00 -0400] "GET /rss HTTP/1.1" 200 100138 "-" "Mozilla/4.0 (compatible; MSIE 7.0; Windows NT 6.0; SLCC1; .NET CLR 2.0.50727; .NET CLR 3.5.30729; .NET CLR 3.0.30618; MSOffice 12)"
174.133.253.162 - - [31/Mar/2009:07:42:51 -0400] "GET / HTTP/1.0" 200 24899 "-" "Pingdom.com_bot_version_1.4_(http://www.pingdom.com/)"
65.55.105.115 - - [31/Mar/2009:07:43:10 -0400] "GET /topics/show/22/746 HTTP/1.1" 200 151468 "-" "msnbot/1.1 (+http://search.msn.com/msnbot.htm)"
72.30.65.34 - - [31/Mar/2009:07:43:31 -0400] "GET /profile/2510 HTTP/1.0" 200 14644 "-" "Mozilla/5.0 (compatible; Yahoo! Slurp/3.0; http://help.yahoo.com/help/us/ysearch/slurp)"
72.30.65.34 - - [31/Mar/2009:07:43:32 -0400] "GET /stylesheets/base_1221113035.css HTTP/1.0" 304 - "http://www.nikonthenumbers.com/profile/2510" "Mozilla/5.0 (compatible; Yahoo! Slurp/3.0; http://help.yahoo.com/help/us/ysearch/slurp)"
64.34.195.156 - - [31/Mar/2009:07:43:41 -0400] "GET / HTTP/1.1" 200 24735 "-" "Mozilla/5.0 (X11; U; Linux i686; en-US; rv:1.2.1; aggregator:Spinn3r (Spinn3r 3.0); http://spinn3r.com/robot) Gecko/20021130"
88.191.88.79 - - [31/Mar/2009:07:44:22 -0400] "GET /topics/show/38 HTTP/1.0" 200 66890 "http://www.nikonthenumbers.com/" "Mozilla/4.0 (compatible; MSIE 6.0; Windows NT 5.1)"
99.250.110.87 - - [31/Mar/2009:07:44:29 -0400] "GET /rss HTTP/1.1" 200 100138 "-" "Mozilla/5.0 (Windows; U; Windows NT 5.1; en-US; rv:1.9.0.8) Gecko/2009032609 Firefox/3.0.8"
142.162.17.88 - - [31/Mar/2009:07:44:43 -0400] "GET /rss HTTP/1.1" 200 100138 "-" "Mozilla/5.0 (Macintosh; U; Intel Mac OS X; en-US; rv:1.8.1.8) Gecko/20071008 Firefox/2.0.0.8"
89.151.110.152 - - [31/Mar/2009:07:44:52 -0400] "GET / HTTP/1.0" 200 24899 "-" "Pingdom.com_bot_version_1.4_(http://www.pingdom.com/)"
209.62.54.130 - - [31/Mar/2009:07:45:52 -0400] "GET / HTTP/1.0" 200 24899 "-" "Pingdom.com_bot_version_1.4_(http://www.pingdom.com/)"
66.249.73.230 - - [31/Mar/2009:07:46:15 -0400] "GET /profile/10437 HTTP/1.1" 200 15263 "-" "Mozilla/5.0 (compatible; Googlebot/2.1; +http://www.google.com/bot.html)"
83.140.19.38 - - [31/Mar/2009:07:46:20 -0400] "GET / HTTP/1.0" 200 24899 "-" "Pingdom.com_bot_version_1.4_(http://www.pingdom.com/)"
72.51.41.47 - - [31/Mar/2009:07:46:52 -0400] "GET / HTTP/1.0" 200 24899 "-" "Pingdom.com_bot_version_1.4_(http://www.pingdom.com/)"
72.30.65.34 - - [31/Mar/2009:07:46:54 -0400] "GET /topics/show/121/27758 HTTP/1.0" 200 1195593 "-" "Mozilla/5.0 (compatible; Yahoo! Slurp/3.0; http://help.yahoo.com/help/us/ysearch/slurp)"
87.118.108.80 - - [31/Mar/2009:07:47:34 -0400] "GET http://www.nikonthenumbers.com/topics/show/70 HTTP/1.0" 200 71319 "http://www.nikonthenumbers.com/topics/show/70" "Mozilla/4.0 (compatible; MSIE 5.5; Windows NT 4.0)"
72.30.65.34 - - [31/Mar/2009:07:47:44 -0400] "GET /topics/show/115/22168 HTTP/1.0" 200 1190904 "-" "Mozilla/5.0 (compatible; Yahoo! Slurp/3.0; http://help.yahoo.com/help/us/ysearch/slurp)"
72.136.129.23 - - [31/Mar/2009:07:47:49 -0400] "GET /rss HTTP/1.1" 200 100138 "-" "Mozilla/5.0 (Windows; U; Windows NT 5.1; en-US; rv:1.9.0.7) Gecko/2009021910 Firefox/3.0.7 (.NET CLR 3.5.30729)"
212.247.189.113 - - [31/Mar/2009:07:47:52 -0400] "GET / HTTP/1.0" 200 24899 "-" "Pingdom.com_bot_version_1.4_(http://www.pingdom.com/)"
66.249.73.230 - - [31/Mar/2009:07:47:55 -0400] "GET /profile/86500 HTTP/1.1" 200 14650 "-" "Mozilla/5.0 (compatible; Googlebot/2.1; +http://www.google.com/bot.html)"
207.97.207.200 - - [31/Mar/2009:07:48:51 -0400] "GET / HTTP/1.0" 200 24899 "-" "Pingdom.com_bot_version_1.4_(http://www.pingdom.com/)"
88.191.79.43 - - [31/Mar/2009:07:48:54 -0400] "GET /topics/show/39 HTTP/1.0" 200 132180 "http://www.nikonthenumbers.com/" "Mozilla/4.0 (compatible; MSIE 6.0; Windows NT 5.1)"
72.30.65.34 - - [31/Mar/2009:07:49:28 -0400] "GET /topics/show/39/1978 HTTP/1.0" 200 132180 "-" "Mozilla/5.0 (compatible; Yahoo! Slurp/3.0; http://help.yahoo.com/help/us/ysearch/slurp)"
66.249.73.230 - - [31/Mar/2009:07:49:34 -0400] "GET /profile/374513 HTTP/1.1" 200 14669 "-" "Mozilla/5.0 (compatible; Googlebot/2.1; +http://www.google.com/bot.html)"
66.249.73.230 - - [31/Mar/2009:07:49:39 -0400] "GET /topics/show/100/14779 HTTP/1.1" 200 281215 "-" "Mozilla/5.0 (compatible; Googlebot/2.1; +http://www.google.com/bot.html)"
67.192.120.134 - - [31/Mar/2009:07:49:51 -0400] "GET / HTTP/1.0" 200 24899 "-" "Pingdom.com_bot_version_1.4_(http://www.pingdom.com/)"
65.55.105.131 - - [31/Mar/2009:07:49:53 -0400] "GET /topics/show/59/3695 HTTP/1.1" 200 88377 "-" "msnbot/1.1 (+http://search.msn.com/msnbot.htm)"
208.124.156.82 - - [31/Mar/2009:07:50:44 -0400] "GET /rss HTTP/1.1" 200 100138 "-" "Windows-RSS-Platform/1.0 (MSIE 7.0; Windows NT 6.0)"
78.136.27.223 - - [31/Mar/2009:07:50:51 -0400] "GET / HTTP/1.0" 200 24899 "-" "Pingdom.com_bot_version_1.4_(http://www.pingdom.com/)"
66.249.73.230 - - [31/Mar/2009:07:51:14 -0400] "GET /profile/374452 HTTP/1.1" 200 14681 "-" "Mozilla/5.0 (compatible; Googlebot/2.1; +http://www.google.com/bot.html)"
67.202.41.3 - - [31/Mar/2009:07:51:52 -0400] "GET /robots.txt HTTP/1.0" 200 161 "-" "ia_archiver (+http://www.alexa.com/site/help/webmasters; crawler@alexa.com)"
67.205.112.79 - - [31/Mar/2009:07:51:51 -0400] "GET / HTTP/1.0" 200 24899 "-" "Pingdom.com_bot_version_1.4_(http://www.pingdom.com/)"
67.202.41.3 - - [31/Mar/2009:07:51:52 -0400] "GET /topics/show/93/12894 HTTP/1.0" 200 121710 "-" "ia_archiver (+http://www.alexa.com/site/help/webmasters; crawler@alexa.com)"
87.118.90.181 - - [31/Mar/2009:07:52:49 -0400] "GET /login/ HTTP/1.0" 200 13319 "http://www.nikonthenumbers.com/login/" "Mozilla/4.0 (compatible; MSIE 6.0; America Online Browser 1.1; rev1.2; Windows NT 5.1; SV1; .NET CLR 1.1.4322)"
87.118.90.181 - - [31/Mar/2009:07:52:49 -0400] "GET /login HTTP/1.0" 200 13319 "http://www.nikonthenumbers.com/login" "Mozilla/4.0 (compatible; MSIE 6.0; America Online Browser 1.1; rev1.2; Windows NT 5.1; SV1; .NET CLR 1.1.4322)"
87.118.90.181 - - [31/Mar/2009:07:52:50 -0400] "POST /login HTTP/1.0" 200 13356 "http://www.nikonthenumbers.com/login" "Mozilla/4.0 (compatible; MSIE 6.0; America Online Browser 1.1; rev1.2; Windows NT 5.1; SV1; .NET CLR 1.1.4322)"
87.118.90.181 - - [31/Mar/2009:07:52:51 -0400] "GET /login/ HTTP/1.0" 200 13356 "http://www.nikonthenumbers.com/login/" "Mozilla/4.0 (compatible; MSIE 6.0; America Online Browser 1.1; rev1.2; Windows NT 5.1; SV1; .NET CLR 1.1.4322)"
87.118.90.181 - - [31/Mar/2009:07:52:51 -0400] "POST /login/login HTTP/1.0" 500 2328 "http://www.nikonthenumbers.com/login/" "Mozilla/4.0 (compatible; MSIE 6.0; America Online Browser 1.1; rev1.2; Windows NT 5.1; SV1; .NET CLR 1.1.4322)"
174.133.253.162 - - [31/Mar/2009:07:52:51 -0400] "GET / HTTP/1.0" 200 24899 "-" "Pingdom.com_bot_version_1.4_(http://www.pingdom.com/)"
66.249.73.230 - - [31/Mar/2009:07:52:54 -0400] "GET /profile/203892 HTTP/1.1" 200 14649 "-" "Mozilla/5.0 (compatible; Googlebot/2.1; +http://www.google.com/bot.html)"
77.249.26.44 - - [31/Mar/2009:07:53:11 -0400] "GET / HTTP/1.1" 200 24735 "-" "Java/1.6.0_05"
77.249.26.44 - - [31/Mar/2009:07:53:13 -0400] "GET /fixit.js HTTP/1.1" 200 153 "-" "Java/1.6.0_05"
77.249.26.44 - - [31/Mar/2009:07:53:14 -0400] "GET /about HTTP/1.1" 200 14004 "-" "Java/1.6.0_05"
77.249.26.44 - - [31/Mar/2009:07:53:14 -0400] "GET /about_news_feeds HTTP/1.1" 200 14973 "-" "Java/1.6.0_05"
77.249.26.44 - - [31/Mar/2009:07:53:14 -0400] "GET /archives HTTP/1.1" 200 34144 "-" "Java/1.6.0_05"
77.249.26.44 - - [31/Mar/2009:07:53:15 -0400] "GET /images/feed-icon-14x14.png HTTP/1.1" 200 689 "-" "Java/1.6.0_05"
77.249.26.44 - - [31/Mar/2009:07:53:15 -0400] "GET /javascripts/base_1221113035.js HTTP/1.1" 200 96039 "-" "Java/1.6.0_05"
77.249.26.44 - - [31/Mar/2009:07:53:16 -0400] "GET /login HTTP/1.1" 200 13279 "-" "Java/1.6.0_05"
77.249.26.44 - - [31/Mar/2009:07:53:16 -0400] "GET /privacy_policy HTTP/1.1" 200 15444 "-" "Java/1.6.0_05"
77.249.26.44 - - [31/Mar/2009:07:53:16 -0400] "GET /register HTTP/1.1" 200 14340 "-" "Java/1.6.0_05"
77.249.26.44 - - [31/Mar/2009:07:53:16 -0400] "GET /rss HTTP/1.1" 200 99686 "-" "Java/1.6.0_05"
77.249.26.44 - - [31/Mar/2009:07:53:18 -0400] "GET /account/remind_password HTTP/1.1" 200 12803 "-" "Java/1.6.0_05"
77.249.26.44 - - [31/Mar/2009:07:53:19 -0400] "GET /profile/104679 HTTP/1.1" 200 105968 "-" "Java/1.6.0_05"
77.249.26.44 - - [31/Mar/2009:07:53:20 -0400] "GET /profile/105020 HTTP/1.1" 200 35882 "-" "Java/1.6.0_05"
88.191.79.43 - - [31/Mar/2009:07:53:20 -0400] "GET /topics/show/4 HTTP/1.0" 200 100394 "http://www.nikonthenumbers.com/" "Mozilla/4.0 (compatible; MSIE 6.0; Windows NT 5.1)"
77.249.26.44 - - [31/Mar/2009:07:53:22 -0400] "GET /profile/1058028 HTTP/1.1" 200 164636 "-" "Java/1.6.0_05"
77.249.26.44 - - [31/Mar/2009:07:53:25 -0400] "GET /profile/10734 HTTP/1.1" 200 296345 "-" "Java/1.6.0_05"
77.249.26.44 - - [31/Mar/2009:07:53:28 -0400] "GET /profile/13525 HTTP/1.1" 200 280791 "-" "Java/1.6.0_05"
77.249.26.44 - - [31/Mar/2009:07:53:44 -0400] "GET /profile/650288 HTTP/1.1" 200 15589 "-" "Java/1.6.0_05"
77.249.26.44 - - [31/Mar/2009:07:53:44 -0400] "GET /snippets/show_by_name?name=opinion_leaders HTTP/1.1" 200 14353 "-" "Java/1.6.0_05"
77.249.26.44 - - [31/Mar/2009:07:53:45 -0400] "GET /topics/show/119 HTTP/1.1" 200 288023 "-" "Java/1.6.0_05"
77.249.26.44 - - [31/Mar/2009:07:53:48 -0400] "GET /profile/1022289 HTTP/1.1" 200 27101 "-" "Java/1.6.0_05"
77.249.26.44 - - [31/Mar/2009:07:53:49 -0400] "GET /profile/1026678 HTTP/1.1" 200 21456 "-" "Java/1.6.0_05"
77.249.26.44 - - [31/Mar/2009:07:53:49 -0400] "GET /profile/11106 HTTP/1.1" 200 258644 "-" "Java/1.6.0_05"
77.249.26.44 - - [31/Mar/2009:07:53:52 -0400] "GET /profile/139917 HTTP/1.1" 200 38291 "-" "Java/1.6.0_05"
77.249.26.44 - - [31/Mar/2009:07:53:53 -0400] "GET /profile/178932 HTTP/1.1" 200 45381 "-" "Java/1.6.0_05"
77.249.26.44 - - [31/Mar/2009:07:53:54 -0400] "GET /profile/262472 HTTP/1.1" 200 75321 "-" "Java/1.6.0_05"
77.249.26.44 - - [31/Mar/2009:07:53:56 -0400] "GET /profile/291600 HTTP/1.1" 200 408541 "-" "Java/1.6.0_05"
77.249.26.44 - - [31/Mar/2009:07:54:00 -0400] "GET /profile/510281 HTTP/1.1" 200 288791 "-" "Java/1.6.0_05"
77.249.26.44 - - [31/Mar/2009:07:54:13 -0400] "GET /profile/522605 HTTP/1.1" 200 178360 "-" "Java/1.6.0_05"
77.249.26.44 - - [31/Mar/2009:07:54:16 -0400] "GET /profile/643024 HTTP/1.1" 200 137413 "-" "Java/1.6.0_05"
77.249.26.44 - - [31/Mar/2009:07:54:18 -0400] "GET /profile/707276 HTTP/1.1" 200 312791 "-" "Java/1.6.0_05"
77.249.26.44 - - [31/Mar/2009:07:54:28 -0400] "GET /profile/708338 HTTP/1.1" 200 43967 "-" "Java/1.6.0_05"
77.249.26.44 - - [31/Mar/2009:07:54:29 -0400] "GET /profile/815415 HTTP/1.1" 200 355907 "-" "Java/1.6.0_05"
77.249.26.44 - - [31/Mar/2009:07:54:33 -0400] "GET /profile/988454 HTTP/1.1" 200 77615 "-" "Java/1.6.0_05"
66.249.73.230 - - [31/Mar/2009:07:54:33 -0400] "GET /profile/30926 HTTP/1.1" 200 14630 "-" "Mozilla/5.0 (compatible; Googlebot/2.1; +http://www.google.com/bot.html)"
77.249.26.44 - - [31/Mar/2009:07:54:34 -0400] "GET /topics/show/120 HTTP/1.1" 200 197277 "-" "Java/1.6.0_05"
89.151.110.152 - - [31/Mar/2009:07:54:52 -0400] "GET / HTTP/1.0" 200 24899 "-" "Pingdom.com_bot_version_1.4_(http://www.pingdom.com/)"
77.249.26.44 - - [31/Mar/2009:07:54:37 -0400] "GET /topics/show/120?all=1 HTTP/1.1" 200 104790 "-" "Java/1.6.0_05"
77.249.26.44 - - [31/Mar/2009:07:55:02 -0400] "GET /profile/1035585 HTTP/1.1" 200 81507 "-" "Java/1.6.0_05"
77.249.26.44 - - [31/Mar/2009:07:55:03 -0400] "GET /profile/1053918 HTTP/1.1" 200 24471 "-" "Java/1.6.0_05"
77.249.26.44 - - [31/Mar/2009:07:55:06 -0400] "GET /profile/1057734 HTTP/1.1" 200 40546 "-" "Java/1.6.0_05"
77.249.26.44 - - [31/Mar/2009:07:55:07 -0400] "GET /profile/178857 HTTP/1.1" 200 26481 "-" "Java/1.6.0_05"
72.30.65.34 - - [31/Mar/2009:07:55:10 -0400] "GET /topics/show/12/369 HTTP/1.0" 200 112917 "-" "Mozilla/5.0 (compatible; Yahoo! Slurp/3.0; http://help.yahoo.com/help/us/ysearch/slurp)"
77.249.26.44 - - [31/Mar/2009:07:55:08 -0400] "GET /profile/396955 HTTP/1.1" 200 160407 "-" "Java/1.6.0_05"
77.249.26.44 - - [31/Mar/2009:07:55:28 -0400] "GET /profile/989465 HTTP/1.1" 200 168581 "-" "Java/1.6.0_05"
77.249.26.44 - - [31/Mar/2009:07:55:30 -0400] "GET /topics/show/121 HTTP/1.1" 200 305174 "-" "Java/1.6.0_05"
95.117.132.25 - - [31/Mar/2009:07:55:51 -0400] "GET /images/TOP_03.jpg HTTP/1.1" 200 15516 "http://www.yasni.de/person/eras/martin/martin-eras.htm" "Mozilla/5.0 (Windows; U; Windows NT 5.1; de; rv:1.9.0.8) Gecko/2009032609 Firefox/3.0.8"
209.62.54.130 - - [31/Mar/2009:07:55:52 -0400] "GET / HTTP/1.0" 200 24899 "-" "Pingdom.com_bot_version_1.4_(http://www.pingdom.com/)"
66.249.73.230 - - [31/Mar/2009:07:56:13 -0400] "GET /profile/735695 HTTP/1.1" 200 16790 "-" "Mozilla/5.0 (compatible; Googlebot/2.1; +http://www.google.com/bot.html)"
83.140.19.38 - - [31/Mar/2009:07:56:19 -0400] "GET / HTTP/1.0" 200 24899 "-" "Pingdom.com_bot_version_1.4_(http://www.pingdom.com/)"
77.249.26.44 - - [31/Mar/2009:07:55:37 -0400] "GET /topics/show/121?all=1 HTTP/1.1" 200 31638 "-" "Java/1.6.0_05"
77.249.26.44 - - [31/Mar/2009:07:57:04 -0400] "GET /profile/1059118 HTTP/1.1" 200 14619 "-" "Java/1.6.0_05"
77.249.26.44 - - [31/Mar/2009:07:57:05 -0400] "GET /topics/show/124 HTTP/1.1" 200 149676 "-" "Java/1.6.0_05"
67.70.21.228 - - [31/Mar/2009:07:56:10 -0400] "GET / HTTP/1.1" 200 19887 "http://nikonthenumbers.com/topics/show/125/28409" "Mozilla/5.0 (Windows; U; Windows NT 5.1; en-US; rv:1.9.0.8) Gecko/2009032609 Firefox/3.0.8"
72.51.41.47 - - [31/Mar/2009:07:56:51 -0400] "GET / HTTP/1.0" 200 24899 "-" "Pingdom.com_bot_version_1.4_(http://www.pingdom.com/)"
77.249.26.44 - - [31/Mar/2009:07:57:07 -0400] "GET /profile/1074858 HTTP/1.1" 200 59019 "-" "Java/1.6.0_05"
77.249.26.44 - - [31/Mar/2009:07:57:09 -0400] "GET /profile/1104826 HTTP/1.1" 200 19218 "-" "Java/1.6.0_05"
77.249.26.44 - - [31/Mar/2009:07:57:09 -0400] "GET /profile/663308 HTTP/1.1" 200 50440 "-" "Java/1.6.0_05"
77.249.26.44 - - [31/Mar/2009:07:57:10 -0400] "GET /topics/show/125 HTTP/1.1" 200 76681 "-" "Java/1.6.0_05"
77.249.26.44 - - [31/Mar/2009:07:57:12 -0400] "GET /topics/show/10 HTTP/1.1" 200 104743 "-" "Java/1.6.0_05"
77.249.26.44 - - [31/Mar/2009:07:57:15 -0400] "GET /topics/show/10?all=1 HTTP/1.1" 200 120383 "-" "Java/1.6.0_05"
77.249.26.44 - - [31/Mar/2009:07:57:17 -0400] "GET /profile/10649 HTTP/1.1" 200 36287 "-" "Java/1.6.0_05"
77.249.26.44 - - [31/Mar/2009:07:57:18 -0400] "GET /profile/11066 HTTP/1.1" 200 17234 "-" "Java/1.6.0_05"
70.49.76.234 - - [31/Mar/2009:07:57:21 -0400] "GET /topics/show/31 HTTP/1.1" 200 48792 "http://www.google.ca/search?hl=fr&q=nuclear+energy+qu%C3%A9bec&meta=&aq=f&oq=" "Mozilla/4.0 (compatible; MSIE 6.0; Windows NT 5.1; SV1; GTB5; .NET CLR 1.1.4322)"
70.49.76.234 - - [31/Mar/2009:07:57:21 -0400] "GET /stylesheets/base_1221113035.css HTTP/1.1" 200 14188 "http://www.nikonthenumbers.com/topics/show/31" "Mozilla/4.0 (compatible; MSIE 6.0; Windows NT 5.1; SV1; GTB5; .NET CLR 1.1.4322)"
70.49.76.234 - - [31/Mar/2009:07:57:21 -0400] "GET /javascripts/base_1221113035.js HTTP/1.1" 200 96039 "http://www.nikonthenumbers.com/topics/show/31" "Mozilla/4.0 (compatible; MSIE 6.0; Windows NT 5.1; SV1; GTB5; .NET CLR 1.1.4322)"
70.49.76.234 - - [31/Mar/2009:07:57:21 -0400] "GET /images/TOP_01.jpg HTTP/1.1" 200 12839 "http://www.nikonthenumbers.com/topics/show/31" "Mozilla/4.0 (compatible; MSIE 6.0; Windows NT 5.1; SV1; GTB5; .NET CLR 1.1.4322)"
70.49.76.234 - - [31/Mar/2009:07:57:22 -0400] "GET /images/TOP_02.jpg HTTP/1.1" 200 14856 "http://www.nikonthenumbers.com/topics/show/31" "Mozilla/4.0 (compatible; MSIE 6.0; Windows NT 5.1; SV1; GTB5; .NET CLR 1.1.4322)"
70.49.76.234 - - [31/Mar/2009:07:57:21 -0400] "GET /images/page-bg.gif HTTP/1.1" 200 1487 "http://www.nikonthenumbers.com/topics/show/31" "Mozilla/4.0 (compatible; MSIE 6.0; Windows NT 5.1; SV1; GTB5; .NET CLR 1.1.4322)"
70.49.76.234 - - [31/Mar/2009:07:57:22 -0400] "GET /images/TOP_03.jpg HTTP/1.1" 200 15516 "http://www.nikonthenumbers.com/topics/show/31" "Mozilla/4.0 (compatible; MSIE 6.0; Windows NT 5.1; SV1; GTB5; .NET CLR 1.1.4322)"
70.49.76.234 - - [31/Mar/2009:07:57:22 -0400] "GET /images/feed-icon-14x14.png HTTP/1.1" 200 689 "http://www.nikonthenumbers.com/topics/show/31" "Mozilla/4.0 (compatible; MSIE 6.0; Windows NT 5.1; SV1; GTB5; .NET CLR 1.1.4322)"
70.49.76.234 - - [31/Mar/2009:07:57:22 -0400] "GET /images/TOP_06.jpg HTTP/1.1" 200 2158 "http://www.nikonthenumbers.com/topics/show/31" "Mozilla/4.0 (compatible; MSIE 6.0; Windows NT 5.1; SV1; GTB5; .NET CLR 1.1.4322)"
70.49.76.234 - - [31/Mar/2009:07:57:22 -0400] "GET /images/bottom-with-shaddow.gif HTTP/1.1" 200 9790 "http://www.nikonthenumbers.com/topics/show/31" "Mozilla/4.0 (compatible; MSIE 6.0; Windows NT 5.1; SV1; GTB5; .NET CLR 1.1.4322)"
70.49.76.234 - - [31/Mar/2009:07:57:22 -0400] "GET /images/BOX-BACK.jpg HTTP/1.1" 200 1025 "http://www.nikonthenumbers.com/topics/show/31" "Mozilla/4.0 (compatible; MSIE 6.0; Windows NT 5.1; SV1; GTB5; .NET CLR 1.1.4322)"
70.49.76.234 - - [31/Mar/2009:07:57:22 -0400] "GET /images/Ses-Townhall-AD-FED-20080911.swf HTTP/1.1" 200 17188 "http://www.nikonthenumbers.com/topics/show/31" "Mozilla/4.0 (compatible; MSIE 6.0; Windows NT 5.1; SV1; GTB5; .NET CLR 1.1.4322)"
70.49.76.234 - - [31/Mar/2009:07:57:22 -0400] "GET /images/red-band.gif HTTP/1.1" 200 4358 "http://www.nikonthenumbers.com/topics/show/31" "Mozilla/4.0 (compatible; MSIE 6.0; Windows NT 5.1; SV1; GTB5; .NET CLR 1.1.4322)"
70.49.76.234 - - [31/Mar/2009:07:57:22 -0400] "GET /images/RULE-FADE.jpg HTTP/1.1" 200 448 "http://www.nikonthenumbers.com/topics/show/31" "Mozilla/4.0 (compatible; MSIE 6.0; Windows NT 5.1; SV1; GTB5; .NET CLR 1.1.4322)"
70.49.76.234 - - [31/Mar/2009:07:57:22 -0400] "GET /fixit.js HTTP/1.1" 200 153 "http://www.nikonthenumbers.com/topics/show/31" "Mozilla/4.0 (compatible; MSIE 6.0; Windows NT 5.1; SV1; GTB5; .NET CLR 1.1.4322)"
70.49.76.234 - - [31/Mar/2009:07:57:22 -0400] "GET /images/safe_subscribe_logo.gif HTTP/1.1" 200 457 "http://www.nikonthenumbers.com/topics/show/31" "Mozilla/4.0 (compatible; MSIE 6.0; Windows NT 5.1; SV1; GTB5; .NET CLR 1.1.4322)"
70.49.76.234 - - [31/Mar/2009:07:57:22 -0400] "GET /images/polling_results.jpg?1221113035 HTTP/1.1" 200 5021 "http://www.nikonthenumbers.com/topics/show/31" "Mozilla/4.0 (compatible; MSIE 6.0; Windows NT 5.1; SV1; GTB5; .NET CLR 1.1.4322)"
70.49.76.234 - - [31/Mar/2009:07:57:22 -0400] "GET /images/comment_bw.png HTTP/1.1" 200 384 "http://www.nikonthenumbers.com/topics/show/31" "Mozilla/4.0 (compatible; MSIE 6.0; Windows NT 5.1; SV1; GTB5; .NET CLR 1.1.4322)"
70.49.76.234 - - [31/Mar/2009:07:57:22 -0400] "GET /images/comment.png HTTP/1.1" 200 540 "http://www.nikonthenumbers.com/topics/show/31" "Mozilla/4.0 (compatible; MSIE 6.0; Windows NT 5.1; SV1; GTB5; .NET CLR 1.1.4322)"
70.49.76.234 - - [31/Mar/2009:07:57:23 -0400] "GET /images/cancel.png HTTP/1.1" 200 853 "http://www.nikonthenumbers.com/topics/show/31" "Mozilla/4.0 (compatible; MSIE 6.0; Windows NT 5.1; SV1; GTB5; .NET CLR 1.1.4322)"
70.49.76.234 - - [31/Mar/2009:07:57:23 -0400] "GET /images/cancel.png HTTP/1.1" 200 853 "http://www.nikonthenumbers.com/topics/show/31" "Mozilla/4.0 (compatible; MSIE 6.0; Windows NT 5.1; SV1; GTB5; .NET CLR 1.1.4322)"
77.249.26.44 - - [31/Mar/2009:07:57:18 -0400] "GET /profile/11595 HTTP/1.1" 200 317117 "-" "Java/1.6.0_05"
77.249.26.44 - - [31/Mar/2009:07:57:23 -0400] "GET /profile/12225 HTTP/1.1" 200 15762 "-" "Java/1.6.0_05"
77.249.26.44 - - [31/Mar/2009:07:57:23 -0400] "GET /profile/12611 HTTP/1.1" 200 18046 "-" "Java/1.6.0_05"
67.70.21.228 - - [31/Mar/2009:07:57:21 -0400] "GET /topics/show/124/28395 HTTP/1.1" 200 159901 "http://nikonthenumbers.com/" "Mozilla/5.0 (Windows; U; Windows NT 5.1; en-US; rv:1.9.0.8) Gecko/2009032609 Firefox/3.0.8"
77.249.26.44 - - [31/Mar/2009:07:57:24 -0400] "GET /profile/3402 HTTP/1.1" 200 35710 "-" "Java/1.6.0_05"
77.249.26.44 - - [31/Mar/2009:07:57:25 -0400] "GET /profile/8709 HTTP/1.1" 200 15747 "-" "Java/1.6.0_05"
77.249.26.44 - - [31/Mar/2009:07:57:25 -0400] "GET /profile/9134 HTTP/1.1" 200 17607 "-" "Java/1.6.0_05"
77.249.26.44 - - [31/Mar/2009:07:57:25 -0400] "GET /profile/9202 HTTP/1.1" 200 99947 "-" "Java/1.6.0_05"
67.70.21.228 - - [31/Mar/2009:07:57:27 -0400] "POST /talk/mark/28533 HTTP/1.1" 201 1 "http://nikonthenumbers.com/topics/show/124/28395" "Mozilla/5.0 (Windows; U; Windows NT 5.1; en-US; rv:1.9.0.8) Gecko/2009032609 Firefox/3.0.8"
77.249.26.44 - - [31/Mar/2009:07:57:27 -0400] "GET /profile/9316 HTTP/1.1" 200 86449 "-" "Java/1.6.0_05"
77.249.26.44 - - [31/Mar/2009:07:57:28 -0400] "GET /profile/11639 HTTP/1.1" 200 14498 "-" "Java/1.6.0_05"
77.249.26.44 - - [31/Mar/2009:07:57:29 -0400] "GET /topics/show/100 HTTP/1.1" 200 274206 "-" "Java/1.6.0_05"
77.249.26.44 - - [31/Mar/2009:07:57:31 -0400] "GET /profile/10366 HTTP/1.1" 200 17293 "-" "Java/1.6.0_05"
77.249.26.44 - - [31/Mar/2009:07:57:31 -0400] "GET /profile/353638 HTTP/1.1" 200 18570 "-" "Java/1.6.0_05"
77.249.26.44 - - [31/Mar/2009:07:57:32 -0400] "GET /profile/399800 HTTP/1.1" 200 19991 "-" "Java/1.6.0_05"
77.249.26.44 - - [31/Mar/2009:07:57:32 -0400] "GET /profile/573826 HTTP/1.1" 200 289558 "-" "Java/1.6.0_05"
77.249.26.44 - - [31/Mar/2009:07:57:40 -0400] "GET /profile/644315 HTTP/1.1" 200 15796 "-" "Java/1.6.0_05"
77.249.26.44 - - [31/Mar/2009:07:57:41 -0400] "GET /profile/663185 HTTP/1.1" 200 29667 "-" "Java/1.6.0_05"
77.249.26.44 - - [31/Mar/2009:07:57:41 -0400] "GET /profile/663189 HTTP/1.1" 200 17306 "-" "Java/1.6.0_05"
77.249.26.44 - - [31/Mar/2009:07:57:42 -0400] "GET /profile/696163 HTTP/1.1" 200 149111 "-" "Java/1.6.0_05"
77.249.26.44 - - [31/Mar/2009:07:57:44 -0400] "GET /profile/704761 HTTP/1.1" 200 16190 "-" "Java/1.6.0_05"
77.249.26.44 - - [31/Mar/2009:07:57:45 -0400] "GET /profile/719461 HTTP/1.1" 200 91947 "-" "Java/1.6.0_05"
77.249.26.44 - - [31/Mar/2009:07:57:48 -0400] "GET /profile/720013 HTTP/1.1" 200 14629 "-" "Java/1.6.0_05"
77.249.26.44 - - [31/Mar/2009:07:57:48 -0400] "GET /profile/722995 HTTP/1.1" 200 16427 "-" "Java/1.6.0_05"
77.249.26.44 - - [31/Mar/2009:07:57:49 -0400] "GET /profile/725590 HTTP/1.1" 200 19852 "-" "Java/1.6.0_05"
77.249.26.44 - - [31/Mar/2009:07:57:49 -0400] "GET /profile/725727 HTTP/1.1" 200 14574 "-" "Java/1.6.0_05"
77.249.26.44 - - [31/Mar/2009:07:57:50 -0400] "GET /profile/725781 HTTP/1.1" 200 16213 "-" "Java/1.6.0_05"
88.191.79.43 - - [31/Mar/2009:07:57:44 -0400] "GET /topics/show/40 HTTP/1.0" 200 120215 "http://www.nikonthenumbers.com/" "Mozilla/4.0 (compatible; MSIE 6.0; Windows NT 5.1)"
77.249.26.44 - - [31/Mar/2009:07:57:50 -0400] "GET /profile/725804 HTTP/1.1" 200 14580 "-" "Java/1.6.0_05"
77.249.26.44 - - [31/Mar/2009:07:57:50 -0400] "GET /profile/725899 HTTP/1.1" 200 16037 "-" "Java/1.6.0_05"
66.249.73.230 - - [31/Mar/2009:07:57:52 -0400] "GET /profile/6519 HTTP/1.1" 200 14664 "-" "Mozilla/5.0 (compatible; Googlebot/2.1; +http://www.google.com/bot.html)"
212.247.189.113 - - [31/Mar/2009:07:57:52 -0400] "GET / HTTP/1.0" 200 24899 "-" "Pingdom.com_bot_version_1.4_(http://www.pingdom.com/)"
67.70.21.228 - - [31/Mar/2009:07:58:01 -0400] "GET /profile/650288 HTTP/1.1" 200 11435 "http://nikonthenumbers.com/topics/show/124/28395" "Mozilla/5.0 (Windows; U; Windows NT 5.1; en-US; rv:1.9.0.8) Gecko/2009032609 Firefox/3.0.8"
67.70.21.228 - - [31/Mar/2009:07:58:20 -0400] "GET /topics/show/124/28315 HTTP/1.1" 200 158435 "http://nikonthenumbers.com/profile/650288" "Mozilla/5.0 (Windows; U; Windows NT 5.1; en-US; rv:1.9.0.8) Gecko/2009032609 Firefox/3.0.8"
67.70.21.228 - - [31/Mar/2009:07:58:25 -0400] "POST /talk/mark/28341 HTTP/1.1" 201 1 "http://nikonthenumbers.com/topics/show/124/28315" "Mozilla/5.0 (Windows; U; Windows NT 5.1; en-US; rv:1.9.0.8) Gecko/2009032609 Firefox/3.0.8"
99.240.94.33 - - [31/Mar/2009:07:58:27 -0400] "GET /rss HTTP/1.1" 200 100138 "-" "Vienna/2.3.0.2301"
207.97.207.200 - - [31/Mar/2009:07:58:51 -0400] "GET / HTTP/1.0" 200 24899 "-" "Pingdom.com_bot_version_1.4_(http://www.pingdom.com/)"
66.249.73.230 - - [31/Mar/2009:07:59:32 -0400] "GET /topics/show/44 HTTP/1.1" 200 108807 "-" "Mozilla/5.0 (compatible; Googlebot/2.1; +http://www.google.com/bot.html)"
67.192.120.134 - - [31/Mar/2009:07:59:51 -0400] "GET / HTTP/1.0" 200 24899 "-" "Pingdom.com_bot_version_1.4_(http://www.pingdom.com/)"
205.194.127.36 - - [31/Mar/2009:08:00:13 -0400] "GET /rss HTTP/1.0" 200 100138 "-" "BlackBerry8310/4.2.2 Profile/MIDP-2.0 Configuration/CLDC-1.1 VendorID/107"
70.27.2.162 - - [31/Mar/2009:08:00:20 -0400] "GET /rss HTTP/1.1" 200 100138 "-" "Windows-RSS-Platform/1.0 (MSIE 7.0; Windows NT 5.1)"
66.249.73.230 - - [31/Mar/2009:08:00:32 -0400] "GET / HTTP/1.1" 200 24899 "-" "Mozilla/5.0 (compatible; Googlebot/2.1; +http://www.google.com/bot.html)"
206.191.28.16 - - [31/Mar/2009:08:00:43 -0400] "GET /rss HTTP/1.1" 200 100138 "-" "Windows-RSS-Platform/1.0 (MSIE 7.0; Windows NT 5.1)"
78.136.27.223 - - [31/Mar/2009:08:00:51 -0400] "GET / HTTP/1.0" 200 24899 "-" "Pingdom.com_bot_version_1.4_(http://www.pingdom.com/)"
72.30.65.34 - - [31/Mar/2009:08:01:06 -0400] "GET /viewer/index/35 HTTP/1.0" 200 656 "-" "Mozilla/5.0 (compatible; Yahoo! Slurp/3.0; http://help.yahoo.com/help/us/ysearch/slurp)"
72.30.65.34 - - [31/Mar/2009:08:01:06 -0400] "GET /viewer/header/35 HTTP/1.0" 200 3639 "http://www.nikonthenumbers.com/viewer/index/35" "Mozilla/5.0 (compatible; Yahoo! Slurp/3.0; http://help.yahoo.com/help/us/ysearch/slurp)"
72.30.65.34 - - [31/Mar/2009:08:01:06 -0400] "GET /viewer/content/35 HTTP/1.0" 200 46818 "http://www.nikonthenumbers.com/viewer/index/35" "Mozilla/5.0 (compatible; Yahoo! Slurp/3.0; http://help.yahoo.com/help/us/ysearch/slurp)"
66.249.73.230 - - [31/Mar/2009:08:01:12 -0400] "GET /topics/show/45/2359 HTTP/1.1" 200 72974 "-" "Mozilla/5.0 (compatible; Googlebot/2.1; +http://www.google.com/bot.html)"
67.205.112.79 - - [31/Mar/2009:08:01:52 -0400] "GET / HTTP/1.0" 200 24899 "-" "Pingdom.com_bot_version_1.4_(http://www.pingdom.com/)"
88.191.79.43 - - [31/Mar/2009:08:02:06 -0400] "GET /topics/show/41 HTTP/1.0" 200 116262 "http://www.nikonthenumbers.com/" "Mozilla/4.0 (compatible; MSIE 6.0; Windows NT 5.1)"
66.249.73.230 - - [31/Mar/2009:08:02:51 -0400] "GET /topics/show/32/1342 HTTP/1.1" 200 67686 "-" "Mozilla/5.0 (compatible; Googlebot/2.1; +http://www.google.com/bot.html)"
174.133.253.162 - - [31/Mar/2009:08:02:51 -0400] "GET / HTTP/1.0" 200 24899 "-" "Pingdom.com_bot_version_1.4_(http://www.pingdom.com/)"
67.195.37.93 - - [31/Mar/2009:08:03:31 -0400] "GET /profile/815415 HTTP/1.0" 200 361667 "-" "Mozilla/5.0 (compatible; Yahoo! Slurp/3.0; http://help.yahoo.com/help/us/ysearch/slurp)"
66.249.73.230 - - [31/Mar/2009:08:03:53 -0400] "GET /topics/show/8 HTTP/1.1" 200 72459 "-" "Mozilla/5.0 (compatible; Googlebot/2.1; +http://www.google.com/bot.html)"
66.249.73.230 - - [31/Mar/2009:08:04:04 -0400] "GET /topics/show/107/17122 HTTP/1.1" 200 187871 "-" "Mozilla/5.0 (compatible; Googlebot/2.1; +http://www.google.com/bot.html)"
66.249.73.230 - - [31/Mar/2009:08:04:31 -0400] "GET /profile/355582 HTTP/1.1" 200 20542 "-" "Mozilla/5.0 (compatible; Googlebot/2.1; +http://www.google.com/bot.html)"
89.151.110.152 - - [31/Mar/2009:08:04:52 -0400] "GET / HTTP/1.0" 200 24899 "-" "Pingdom.com_bot_version_1.4_(http://www.pingdom.com/)"
220.181.32.22 - - [31/Mar/2009:08:05:49 -0400] "GET / HTTP/1.1" 200 15640 "-" "Baiduspider+(+http://www.baidu.com/search/spider.htm)"
209.62.54.130 - - [31/Mar/2009:08:05:51 -0400] "GET / HTTP/1.0" 200 24899 "-" "Pingdom.com_bot_version_1.4_(http://www.pingdom.com/)"
58.165.175.247 - - [31/Mar/2009:08:05:49 -0400] "GET /rss HTTP/1.1" 200 100138 "-" "Apple-PubSub/65.6"
67.195.37.93 - - [31/Mar/2009:08:05:52 -0400] "GET /topics/show/121/27758 HTTP/1.0" 200 1195593 "-" "Mozilla/5.0 (compatible; Yahoo! Slurp/3.0; http://help.yahoo.com/help/us/ysearch/slurp)"
66.249.73.230 - - [31/Mar/2009:08:06:10 -0400] "GET /profile/104679 HTTP/1.1" 200 107464 "-" "Mozilla/5.0 (compatible; Googlebot/2.1; +http://www.google.com/bot.html)"
83.140.19.38 - - [31/Mar/2009:08:06:15 -0400] "GET / HTTP/1.0" 200 24899 "-" "Pingdom.com_bot_version_1.4_(http://www.pingdom.com/)"
88.191.88.79 - - [31/Mar/2009:08:06:30 -0400] "GET /topics/show/42 HTTP/1.0" 200 69960 "http://www.nikonthenumbers.com/" "Mozilla/4.0 (compatible; MSIE 6.0; Windows NT 5.1)"
194.8.74.37 - - [31/Mar/2009:08:06:46 -0400] "GET /login HTTP/1.0" 200 13319 "http://bamboklen.freehostia.com" "Mozilla/4.0 (compatible; MSIE 6.0; MSIE 5.5; Windows NT 4.0) Opera 7.0 [en]"
194.8.74.37 - - [31/Mar/2009:08:06:47 -0400] "GET /login HTTP/1.0" 200 13319 "http://www.nikonthenumbers.com/login" "Mozilla/4.0 (compatible; MSIE 6.0; MSIE 5.5; Windows NT 4.0) Opera 7.0 [en]"
194.8.74.37 - - [31/Mar/2009:08:06:48 -0400] "POST /login HTTP/1.0" 200 13356 "http://www.nikonthenumbers.com/login" "Mozilla/4.0 (compatible; MSIE 6.0; MSIE 5.5; Windows NT 4.0) Opera 7.0 [en]"
194.8.74.37 - - [31/Mar/2009:08:06:48 -0400] "POST /login HTTP/1.0" 200 13356 "http://www.nikonthenumbers.com/login" "Mozilla/4.0 (compatible; MSIE 6.0; MSIE 5.5; Windows NT 4.0) Opera 7.0 [en]"
72.51.41.47 - - [31/Mar/2009:08:06:52 -0400] "GET / HTTP/1.0" 200 24899 "-" "Pingdom.com_bot_version_1.4_(http://www.pingdom.com/)"
99.245.70.225 - - [31/Mar/2009:08:07:03 -0400] "GET / HTTP/1.1" 200 24899 "-" "User-Agent: Mozilla/4.0 (compatible; MSIE 7.0; Windows NT 6.0; GTB5; SLCC1; .NET CLR 2.0.50727; Media Center PC 5.0; .NET CLR 3.0.04506)"
99.245.70.225 - - [31/Mar/2009:08:07:04 -0400] "GET / HTTP/1.1" 200 24899 "http://www.google.ca/search?sourceid=navclient&aq=h4&oq=&hl=en-GB&ie=UTF-8&rlz=1T4DACA_en-GBCA272CA272&q=nik+on+the+numbers" "Mozilla/4.0 (compatible; MSIE 7.0; Windows NT 6.0; GTB5; SLCC1; .NET CLR 2.0.50727; Media Center PC 5.0; .NET CLR 3.0.04506)"
99.245.70.225 - - [31/Mar/2009:08:07:06 -0400] "GET /stylesheets/base_1221113035.css HTTP/1.1" 200 14188 "http://www.nikonthenumbers.com/" "Mozilla/4.0 (compatible; MSIE 7.0; Windows NT 6.0; GTB5; SLCC1; .NET CLR 2.0.50727; Media Center PC 5.0; .NET CLR 3.0.04506)"
99.245.70.225 - - [31/Mar/2009:08:07:06 -0400] "GET /javascripts/base_1221113035.js HTTP/1.1" 200 96039 "http://www.nikonthenumbers.com/" "Mozilla/4.0 (compatible; MSIE 7.0; Windows NT 6.0; GTB5; SLCC1; .NET CLR 2.0.50727; Media Center PC 5.0; .NET CLR 3.0.04506)"
99.245.70.225 - - [31/Mar/2009:08:07:06 -0400] "GET /images/page-bg.gif HTTP/1.1" 200 1487 "http://www.nikonthenumbers.com/" "Mozilla/4.0 (compatible; MSIE 7.0; Windows NT 6.0; GTB5; SLCC1; .NET CLR 2.0.50727; Media Center PC 5.0; .NET CLR 3.0.04506)"
99.245.70.225 - - [31/Mar/2009:08:07:06 -0400] "GET /images/TOP_01.jpg HTTP/1.1" 200 12839 "http://www.nikonthenumbers.com/" "Mozilla/4.0 (compatible; MSIE 7.0; Windows NT 6.0; GTB5; SLCC1; .NET CLR 2.0.50727; Media Center PC 5.0; .NET CLR 3.0.04506)"
99.245.70.225 - - [31/Mar/2009:08:07:06 -0400] "GET /images/TOP_03.jpg HTTP/1.1" 200 15516 "http://www.nikonthenumbers.com/" "Mozilla/4.0 (compatible; MSIE 7.0; Windows NT 6.0; GTB5; SLCC1; .NET CLR 2.0.50727; Media Center PC 5.0; .NET CLR 3.0.04506)"
99.245.70.225 - - [31/Mar/2009:08:07:06 -0400] "GET /images/TOP_02.jpg HTTP/1.1" 200 14856 "http://www.nikonthenumbers.com/" "Mozilla/4.0 (compatible; MSIE 7.0; Windows NT 6.0; GTB5; SLCC1; .NET CLR 2.0.50727; Media Center PC 5.0; .NET CLR 3.0.04506)"
99.245.70.225 - - [31/Mar/2009:08:07:06 -0400] "GET /images/feed-icon-14x14.png HTTP/1.1" 200 689 "http://www.nikonthenumbers.com/" "Mozilla/4.0 (compatible; MSIE 7.0; Windows NT 6.0; GTB5; SLCC1; .NET CLR 2.0.50727; Media Center PC 5.0; .NET CLR 3.0.04506)"
99.245.70.225 - - [31/Mar/2009:08:07:06 -0400] "GET /images/TOP_06.jpg HTTP/1.1" 200 2158 "http://www.nikonthenumbers.com/" "Mozilla/4.0 (compatible; MSIE 7.0; Windows NT 6.0; GTB5; SLCC1; .NET CLR 2.0.50727; Media Center PC 5.0; .NET CLR 3.0.04506)"
99.245.70.225 - - [31/Mar/2009:08:07:06 -0400] "GET /images/bottom-with-shaddow.gif HTTP/1.1" 200 9790 "http://www.nikonthenumbers.com/" "Mozilla/4.0 (compatible; MSIE 7.0; Windows NT 6.0; GTB5; SLCC1; .NET CLR 2.0.50727; Media Center PC 5.0; .NET CLR 3.0.04506)"
99.245.70.225 - - [31/Mar/2009:08:07:06 -0400] "GET /images/RULE-FADE.jpg HTTP/1.1" 200 448 "http://www.nikonthenumbers.com/" "Mozilla/4.0 (compatible; MSIE 7.0; Windows NT 6.0; GTB5; SLCC1; .NET CLR 2.0.50727; Media Center PC 5.0; .NET CLR 3.0.04506)"
99.245.70.225 - - [31/Mar/2009:08:07:06 -0400] "GET /images/BOX-BACK.jpg HTTP/1.1" 200 1025 "http://www.nikonthenumbers.com/" "Mozilla/4.0 (compatible; MSIE 7.0; Windows NT 6.0; GTB5; SLCC1; .NET CLR 2.0.50727; Media Center PC 5.0; .NET CLR 3.0.04506)"
99.245.70.225 - - [31/Mar/2009:08:07:06 -0400] "GET /images/Ses-Townhall-AD-FED-20080911.swf HTTP/1.1" 200 17188 "http://www.nikonthenumbers.com/" "Mozilla/4.0 (compatible; MSIE 7.0; Windows NT 6.0; GTB5; SLCC1; .NET CLR 2.0.50727; Media Center PC 5.0; .NET CLR 3.0.04506)"
99.245.70.225 - - [31/Mar/2009:08:07:06 -0400] "GET /images/red-band.gif HTTP/1.1" 200 4358 "http://www.nikonthenumbers.com/" "Mozilla/4.0 (compatible; MSIE 7.0; Windows NT 6.0; GTB5; SLCC1; .NET CLR 2.0.50727; Media Center PC 5.0; .NET CLR 3.0.04506)"
99.245.70.225 - - [31/Mar/2009:08:07:06 -0400] "GET /fixit.js HTTP/1.1" 200 153 "http://www.nikonthenumbers.com/" "Mozilla/4.0 (compatible; MSIE 7.0; Windows NT 6.0; GTB5; SLCC1; .NET CLR 2.0.50727; Media Center PC 5.0; .NET CLR 3.0.04506)"
99.245.70.225 - - [31/Mar/2009:08:07:06 -0400] "GET /images/polling_results.jpg?1221113035 HTTP/1.1" 200 5021 "http://www.nikonthenumbers.com/" "Mozilla/4.0 (compatible; MSIE 7.0; Windows NT 6.0; GTB5; SLCC1; .NET CLR 2.0.50727; Media Center PC 5.0; .NET CLR 3.0.04506)"
99.245.70.225 - - [31/Mar/2009:08:07:06 -0400] "GET /images/safe_subscribe_logo.gif HTTP/1.1" 200 457 "http://www.nikonthenumbers.com/" "Mozilla/4.0 (compatible; MSIE 7.0; Windows NT 6.0; GTB5; SLCC1; .NET CLR 2.0.50727; Media Center PC 5.0; .NET CLR 3.0.04506)"
99.245.70.225 - - [31/Mar/2009:08:07:06 -0400] "GET /images/comment_bw.png HTTP/1.1" 200 384 "http://www.nikonthenumbers.com/" "Mozilla/4.0 (compatible; MSIE 7.0; Windows NT 6.0; GTB5; SLCC1; .NET CLR 2.0.50727; Media Center PC 5.0; .NET CLR 3.0.04506)"
99.245.70.225 - - [31/Mar/2009:08:07:06 -0400] "GET /images/cancel.png HTTP/1.1" 200 853 "http://www.nikonthenumbers.com/" "Mozilla/4.0 (compatible; MSIE 7.0; Windows NT 6.0; GTB5; SLCC1; .NET CLR 2.0.50727; Media Center PC 5.0; .NET CLR 3.0.04506)"
99.245.70.225 - - [31/Mar/2009:08:07:29 -0400] "POST /login HTTP/1.1" 302 97 "http://www.nikonthenumbers.com/" "Mozilla/4.0 (compatible; MSIE 7.0; Windows NT 6.0; GTB5; SLCC1; .NET CLR 2.0.50727; Media Center PC 5.0; .NET CLR 3.0.04506)"
99.245.70.225 - - [31/Mar/2009:08:07:29 -0400] "GET / HTTP/1.1" 200 20068 "http://www.nikonthenumbers.com/" "Mozilla/4.0 (compatible; MSIE 7.0; Windows NT 6.0; GTB5; SLCC1; .NET CLR 2.0.50727; Media Center PC 5.0; .NET CLR 3.0.04506)"
99.245.70.225 - - [31/Mar/2009:08:07:31 -0400] "GET /images/information.png HTTP/1.1" 200 918 "http://www.nikonthenumbers.com/" "Mozilla/4.0 (compatible; MSIE 7.0; Windows NT 6.0; GTB5; SLCC1; .NET CLR 2.0.50727; Media Center PC 5.0; .NET CLR 3.0.04506)"
72.30.65.34 - - [31/Mar/2009:08:07:35 -0400] "GET /topics/show/51/2741 HTTP/1.0" 200 285901 "-" "Mozilla/5.0 (compatible; Yahoo! Slurp/3.0; http://help.yahoo.com/help/us/ysearch/slurp)"
72.30.79.90 - - [31/Mar/2009:08:07:40 -0400] "GET /topics/show/125/28410 HTTP/1.0" 200 87272 "-" "Mozilla/5.0 (compatible; Yahoo! Slurp/3.0; http://help.yahoo.com/help/us/ysearch/slurp)"
72.30.79.90 - - [31/Mar/2009:08:07:42 -0400] "GET /stylesheets/base_1221113035.css HTTP/1.0" 304 - "http://nikonthenumbers.com/topics/show/125/28410" "Mozilla/5.0 (compatible; Yahoo! Slurp/3.0; http://help.yahoo.com/help/us/ysearch/slurp)"
66.249.73.230 - - [31/Mar/2009:08:07:50 -0400] "GET /profile/690161 HTTP/1.1" 200 14537 "-" "Mozilla/5.0 (compatible; Googlebot/2.1; +http://www.google.com/bot.html)"
212.247.189.113 - - [31/Mar/2009:08:07:51 -0400] "GET / HTTP/1.0" 200 24899 "-" "Pingdom.com_bot_version_1.4_(http://www.pingdom.com/)"
67.195.37.93 - - [31/Mar/2009:08:08:00 -0400] "GET /profile/11106 HTTP/1.0" 200 127639 "-" "Mozilla/5.0 (compatible; Yahoo! Slurp/3.0; http://help.yahoo.com/help/us/ysearch/slurp)"
67.195.37.93 - - [31/Mar/2009:08:08:02 -0400] "GET /profile/11106 HTTP/1.0" 200 262604 "-" "Mozilla/5.0 (compatible; Yahoo! Slurp/3.0; http://help.yahoo.com/help/us/ysearch/slurp)"
99.245.70.225 - - [31/Mar/2009:08:08:00 -0400] "GET /topics/show/125 HTTP/1.1" 200 67439 "http://www.nikonthenumbers.com/" "Mozilla/4.0 (compatible; MSIE 7.0; Windows NT 6.0; GTB5; SLCC1; .NET CLR 2.0.50727; Media Center PC 5.0; .NET CLR 3.0.04506)"
99.245.70.225 - - [31/Mar/2009:08:08:10 -0400] "GET /images/comment.png HTTP/1.1" 200 540 "http://www.nikonthenumbers.com/topics/show/125" "Mozilla/4.0 (compatible; MSIE 7.0; Windows NT 6.0; GTB5; SLCC1; .NET CLR 2.0.50727; Media Center PC 5.0; .NET CLR 3.0.04506)"
99.245.70.225 - - [31/Mar/2009:08:08:19 -0400] "GET /images/busy.gif HTTP/1.1" 200 2209 "http://www.nikonthenumbers.com/topics/show/125" "Mozilla/4.0 (compatible; MSIE 7.0; Windows NT 6.0; GTB5; SLCC1; .NET CLR 2.0.50727; Media Center PC 5.0; .NET CLR 3.0.04506)"
99.245.70.225 - - [31/Mar/2009:08:08:19 -0400] "POST /topics/show_comments/125/28490 HTTP/1.1" 200 19308 "http://www.nikonthenumbers.com/topics/show/125#comments" "Mozilla/4.0 (compatible; MSIE 7.0; Windows NT 6.0; GTB5; SLCC1; .NET CLR 2.0.50727; Media Center PC 5.0; .NET CLR 3.0.04506)"
64.34.195.158 - - [31/Mar/2009:08:08:41 -0400] "GET /rss HTTP/1.1" 200 99686 "-" "Mozilla/5.0 (X11; U; Linux i686; en-US; rv:1.2.1; aggregator:Spinn3r (Spinn3r 3.0); http://spinn3r.com/robot) Gecko/20021130"
207.97.207.200 - - [31/Mar/2009:08:08:51 -0400] "GET / HTTP/1.0" 200 24899 "-" "Pingdom.com_bot_version_1.4_(http://www.pingdom.com/)"
70.53.119.122 - - [31/Mar/2009:08:08:53 -0400] "GET / HTTP/1.1" 200 24899 "http://www.google.ca/search?hl=en&q=nik+on+the+numbers&meta=" "Mozilla/4.0 (compatible; MSIE 7.0; Windows NT 5.1; GTB5; .NET CLR 1.0.3705; .NET CLR 2.0.50727; .NET CLR 1.1.4322; .NET CLR 3.0.04506.30; .NET CLR 3.0.04506.648)"
70.53.119.122 - - [31/Mar/2009:08:08:55 -0400] "GET /stylesheets/base_1221113035.css HTTP/1.1" 304 - "http://www.nikonthenumbers.com/" "Mozilla/4.0 (compatible; MSIE 7.0; Windows NT 5.1; GTB5; .NET CLR 1.0.3705; .NET CLR 2.0.50727; .NET CLR 1.1.4322; .NET CLR 3.0.04506.30; .NET CLR 3.0.04506.648)"
70.53.119.122 - - [31/Mar/2009:08:08:55 -0400] "GET /javascripts/base_1221113035.js HTTP/1.1" 304 - "http://www.nikonthenumbers.com/" "Mozilla/4.0 (compatible; MSIE 7.0; Windows NT 5.1; GTB5; .NET CLR 1.0.3705; .NET CLR 2.0.50727; .NET CLR 1.1.4322; .NET CLR 3.0.04506.30; .NET CLR 3.0.04506.648)"
70.53.119.122 - - [31/Mar/2009:08:08:55 -0400] "GET /images/page-bg.gif HTTP/1.1" 304 - "http://www.nikonthenumbers.com/" "Mozilla/4.0 (compatible; MSIE 7.0; Windows NT 5.1; GTB5; .NET CLR 1.0.3705; .NET CLR 2.0.50727; .NET CLR 1.1.4322; .NET CLR 3.0.04506.30; .NET CLR 3.0.04506.648)"
70.53.119.122 - - [31/Mar/2009:08:08:55 -0400] "GET /images/TOP_01.jpg HTTP/1.1" 304 - "http://www.nikonthenumbers.com/" "Mozilla/4.0 (compatible; MSIE 7.0; Windows NT 5.1; GTB5; .NET CLR 1.0.3705; .NET CLR 2.0.50727; .NET CLR 1.1.4322; .NET CLR 3.0.04506.30; .NET CLR 3.0.04506.648)"
70.53.119.122 - - [31/Mar/2009:08:08:55 -0400] "GET /images/TOP_02.jpg HTTP/1.1" 304 - "http://www.nikonthenumbers.com/" "Mozilla/4.0 (compatible; MSIE 7.0; Windows NT 5.1; GTB5; .NET CLR 1.0.3705; .NET CLR 2.0.50727; .NET CLR 1.1.4322; .NET CLR 3.0.04506.30; .NET CLR 3.0.04506.648)"
