208.124.156.82 - - [31/Mar/2009:11:40:48 -0400] "GET /rss HTTP/1.1" 200 100138 "-" "Mozilla/4.0 (compatible; MSIE 7.0; Windows NT 6.0; SLCC1; .NET CLR 2.0.50727; .NET CLR 3.5.30729; .NET CLR 3.0.30618; MSOffice 12)"
78.136.27.223 - - [31/Mar/2009:11:40:51 -0400] "GET / HTTP/1.0" 200 24896 "-" "Pingdom.com_bot_version_1.4_(http://www.pingdom.com/)"
68.144.161.200 - - [31/Mar/2009:11:41:20 -0400] "GET /rss HTTP/1.1" 200 100138 "-" "Windows-RSS-Platform/2.0 (MSIE 8.0; Windows NT 5.1)"
67.195.37.93 - - [31/Mar/2009:11:41:36 -0400] "GET /topics/show/124/28170 HTTP/1.0" 200 191474 "-" "Mozilla/5.0 (compatible; Yahoo! Slurp/3.0; http://help.yahoo.com/help/us/ysearch/slurp)"
67.195.37.93 - - [31/Mar/2009:11:41:37 -0400] "GET /stylesheets/base_1221113035.css HTTP/1.0" 304 - "http://www.nikonthenumbers.com/topics/show/124/28170" "Mozilla/5.0 (compatible; Yahoo! Slurp/3.0; http://help.yahoo.com/help/us/ysearch/slurp)"
67.205.112.79 - - [31/Mar/2009:11:41:51 -0400] "GET / HTTP/1.0" 200 24896 "-" "Pingdom.com_bot_version_1.4_(http://www.pingdom.com/)"
66.249.73.230 - - [31/Mar/2009:11:42:00 -0400] "GET /profile/1065656 HTTP/1.1" 200 14678 "-" "Mozilla/5.0 (compatible; Googlebot/2.1; +http://www.google.com/bot.html)"
72.30.65.34 - - [31/Mar/2009:11:42:02 -0400] "GET /topics/show/121/26991 HTTP/1.0" 200 1138378 "-" "Mozilla/5.0 (compatible; Yahoo! Slurp/3.0; http://help.yahoo.com/help/us/ysearch/slurp)"
174.133.253.162 - - [31/Mar/2009:11:42:51 -0400] "GET / HTTP/1.0" 200 24896 "-" "Pingdom.com_bot_version_1.4_(http://www.pingdom.com/)"
208.124.156.82 - - [31/Mar/2009:11:43:08 -0400] "GET /rss HTTP/1.1" 200 100138 "-" "Mozilla/4.0 (compatible; MSIE 7.0; Windows NT 6.0; SLCC1; .NET CLR 2.0.50727; .NET CLR 3.5.30729; .NET CLR 3.0.30618; MSOffice 12)"
66.135.104.77 - - [31/Mar/2009:11:43:32 -0400] "GET /rss HTTP/1.1" 200 100138 "-" "Mozilla/4.0 (compatible; MSIE 7.0; Windows NT 5.1; GTB5; .NET CLR 1.1.4322; InfoPath.2; MSOffice 12)"
66.249.73.230 - - [31/Mar/2009:11:43:40 -0400] "GET /profile/968695 HTTP/1.1" 200 39408 "-" "Mozilla/5.0 (compatible; Googlebot/2.1; +http://www.google.com/bot.html)"
142.52.81.11 - - [31/Mar/2009:11:44:07 -0400] "GET /rss HTTP/1.1" 200 100138 "-" "SharpReader/0.9.7.0 (.NET CLR 1.1.4322.573; WinNT 5.1.2600.0)"
66.249.73.230 - - [31/Mar/2009:11:44:17 -0400] "GET /topics/show/85/11292 HTTP/1.1" 200 124629 "-" "Mozilla/5.0 (compatible; Googlebot/2.1; +http://www.google.com/bot.html)"
89.151.110.152 - - [31/Mar/2009:11:44:53 -0400] "GET / HTTP/1.0" 200 24896 "-" "Pingdom.com_bot_version_1.4_(http://www.pingdom.com/)"
66.249.73.230 - - [31/Mar/2009:11:45:19 -0400] "GET /profile/1066618 HTTP/1.1" 200 14668 "-" "Mozilla/5.0 (compatible; Googlebot/2.1; +http://www.google.com/bot.html)"
142.162.17.88 - - [31/Mar/2009:11:45:42 -0400] "GET /rss HTTP/1.1" 200 100138 "-" "Mozilla/5.0 (Macintosh; U; Intel Mac OS X; en-US; rv:1.8.1.8) Gecko/20071008 Firefox/2.0.0.8"
209.62.54.130 - - [31/Mar/2009:11:45:52 -0400] "GET / HTTP/1.0" 200 24896 "-" "Pingdom.com_bot_version_1.4_(http://www.pingdom.com/)"
83.140.19.38 - - [31/Mar/2009:11:46:23 -0400] "GET / HTTP/1.0" 200 24896 "-" "Pingdom.com_bot_version_1.4_(http://www.pingdom.com/)"
24.150.245.110 - - [31/Mar/2009:11:46:39 -0400] "GET / HTTP/1.1" 200 20019 "-" "Mozilla/4.0 (compatible; MSIE 8.0; Windows NT 5.1; Trident/4.0; .NET CLR 1.1.4322; .NET CLR 2.0.50727; OfficeLiveConnector.1.3; OfficeLivePatch.0.0)"
24.150.245.110 - - [31/Mar/2009:11:46:40 -0400] "GET /stylesheets/base_1221113035.css HTTP/1.1" 200 14188 "http://www.nikonthenumbers.com/" "Mozilla/4.0 (compatible; MSIE 8.0; Windows NT 5.1; Trident/4.0; .NET CLR 1.1.4322; .NET CLR 2.0.50727; OfficeLiveConnector.1.3; OfficeLivePatch.0.0)"
24.150.245.110 - - [31/Mar/2009:11:46:40 -0400] "GET /fixit.js HTTP/1.1" 200 153 "http://www.nikonthenumbers.com/" "Mozilla/4.0 (compatible; MSIE 8.0; Windows NT 5.1; Trident/4.0; .NET CLR 1.1.4322; .NET CLR 2.0.50727; OfficeLiveConnector.1.3; OfficeLivePatch.0.0)"
24.150.245.110 - - [31/Mar/2009:11:46:40 -0400] "GET /javascripts/base_1221113035.js HTTP/1.1" 200 96039 "http://www.nikonthenumbers.com/" "Mozilla/4.0 (compatible; MSIE 8.0; Windows NT 5.1; Trident/4.0; .NET CLR 1.1.4322; .NET CLR 2.0.50727; OfficeLiveConnector.1.3; OfficeLivePatch.0.0)"
24.150.245.110 - - [31/Mar/2009:11:46:41 -0400] "GET /images/page-bg.gif HTTP/1.1" 200 1487 "http://www.nikonthenumbers.com/" "Mozilla/4.0 (compatible; MSIE 8.0; Windows NT 5.1; Trident/4.0; .NET CLR 1.1.4322; .NET CLR 2.0.50727; OfficeLiveConnector.1.3; OfficeLivePatch.0.0)"
24.150.245.110 - - [31/Mar/2009:11:46:41 -0400] "GET /images/TOP_01.jpg HTTP/1.1" 200 12839 "http://www.nikonthenumbers.com/" "Mozilla/4.0 (compatible; MSIE 8.0; Windows NT 5.1; Trident/4.0; .NET CLR 1.1.4322; .NET CLR 2.0.50727; OfficeLiveConnector.1.3; OfficeLivePatch.0.0)"
24.150.245.110 - - [31/Mar/2009:11:46:41 -0400] "GET /images/TOP_02.jpg HTTP/1.1" 200 14856 "http://www.nikonthenumbers.com/" "Mozilla/4.0 (compatible; MSIE 8.0; Windows NT 5.1; Trident/4.0; .NET CLR 1.1.4322; .NET CLR 2.0.50727; OfficeLiveConnector.1.3; OfficeLivePatch.0.0)"
24.150.245.110 - - [31/Mar/2009:11:46:41 -0400] "GET /images/feed-icon-14x14.png HTTP/1.1" 200 689 "http://www.nikonthenumbers.com/" "Mozilla/4.0 (compatible; MSIE 8.0; Windows NT 5.1; Trident/4.0; .NET CLR 1.1.4322; .NET CLR 2.0.50727; OfficeLiveConnector.1.3; OfficeLivePatch.0.0)"
24.150.245.110 - - [31/Mar/2009:11:46:41 -0400] "GET /images/RULE-FADE.jpg HTTP/1.1" 200 448 "http://www.nikonthenumbers.com/" "Mozilla/4.0 (compatible; MSIE 8.0; Windows NT 5.1; Trident/4.0; .NET CLR 1.1.4322; .NET CLR 2.0.50727; OfficeLiveConnector.1.3; OfficeLivePatch.0.0)"
24.150.245.110 - - [31/Mar/2009:11:46:41 -0400] "GET /images/bottom-with-shaddow.gif HTTP/1.1" 200 9790 "http://www.nikonthenumbers.com/" "Mozilla/4.0 (compatible; MSIE 8.0; Windows NT 5.1; Trident/4.0; .NET CLR 1.1.4322; .NET CLR 2.0.50727; OfficeLiveConnector.1.3; OfficeLivePatch.0.0)"
24.150.245.110 - - [31/Mar/2009:11:46:41 -0400] "GET /images/TOP_03.jpg HTTP/1.1" 200 15516 "http://www.nikonthenumbers.com/" "Mozilla/4.0 (compatible; MSIE 8.0; Windows NT 5.1; Trident/4.0; .NET CLR 1.1.4322; .NET CLR 2.0.50727; OfficeLiveConnector.1.3; OfficeLivePatch.0.0)"
24.150.245.110 - - [31/Mar/2009:11:46:41 -0400] "GET /images/BOX-BACK.jpg HTTP/1.1" 200 1025 "http://www.nikonthenumbers.com/" "Mozilla/4.0 (compatible; MSIE 8.0; Windows NT 5.1; Trident/4.0; .NET CLR 1.1.4322; .NET CLR 2.0.50727; OfficeLiveConnector.1.3; OfficeLivePatch.0.0)"
24.150.245.110 - - [31/Mar/2009:11:46:41 -0400] "GET /images/Ses-Townhall-AD-FED-20080911.swf HTTP/1.1" 200 17188 "http://www.nikonthenumbers.com/" "Mozilla/4.0 (compatible; MSIE 8.0; Windows NT 5.1; Trident/4.0; .NET CLR 1.1.4322; .NET CLR 2.0.50727; OfficeLiveConnector.1.3; OfficeLivePatch.0.0)"
24.150.245.110 - - [31/Mar/2009:11:46:41 -0400] "GET /images/polling_results.jpg?1221113035 HTTP/1.1" 200 5021 "http://www.nikonthenumbers.com/" "Mozilla/4.0 (compatible; MSIE 8.0; Windows NT 5.1; Trident/4.0; .NET CLR 1.1.4322; .NET CLR 2.0.50727; OfficeLiveConnector.1.3; OfficeLivePatch.0.0)"
24.150.245.110 - - [31/Mar/2009:11:46:41 -0400] "GET /images/safe_subscribe_logo.gif HTTP/1.1" 200 457 "http://www.nikonthenumbers.com/" "Mozilla/4.0 (compatible; MSIE 8.0; Windows NT 5.1; Trident/4.0; .NET CLR 1.1.4322; .NET CLR 2.0.50727; OfficeLiveConnector.1.3; OfficeLivePatch.0.0)"
24.150.245.110 - - [31/Mar/2009:11:46:41 -0400] "GET /images/Ses-Townhall-AD-FED-20080911.swf HTTP/1.1" 200 17188 "http://www.nikonthenumbers.com/" "Mozilla/4.0 (compatible; MSIE 8.0; Windows NT 5.1; Trident/4.0; .NET CLR 1.1.4322; .NET CLR 2.0.50727; OfficeLiveConnector.1.3; OfficeLivePatch.0.0)"
24.150.245.110 - - [31/Mar/2009:11:46:41 -0400] "GET /images/red-band.gif HTTP/1.1" 200 4358 "http://www.nikonthenumbers.com/" "Mozilla/4.0 (compatible; MSIE 8.0; Windows NT 5.1; Trident/4.0; .NET CLR 1.1.4322; .NET CLR 2.0.50727; OfficeLiveConnector.1.3; OfficeLivePatch.0.0)"
24.150.245.110 - - [31/Mar/2009:11:46:41 -0400] "GET /images/comment_bw.png HTTP/1.1" 200 384 "http://www.nikonthenumbers.com/" "Mozilla/4.0 (compatible; MSIE 8.0; Windows NT 5.1; Trident/4.0; .NET CLR 1.1.4322; .NET CLR 2.0.50727; OfficeLiveConnector.1.3; OfficeLivePatch.0.0)"
24.150.245.110 - - [31/Mar/2009:11:46:41 -0400] "GET /images/TOP_06.jpg HTTP/1.1" 200 2158 "http://www.nikonthenumbers.com/" "Mozilla/4.0 (compatible; MSIE 8.0; Windows NT 5.1; Trident/4.0; .NET CLR 1.1.4322; .NET CLR 2.0.50727; OfficeLiveConnector.1.3; OfficeLivePatch.0.0)"
24.150.245.110 - - [31/Mar/2009:11:46:42 -0400] "GET /favicon.ico HTTP/1.1" 200 894 "-" "Mozilla/4.0 (compatible; MSIE 8.0; Windows NT 5.1; Trident/4.0; .NET CLR 1.1.4322; .NET CLR 2.0.50727; OfficeLiveConnector.1.3; OfficeLivePatch.0.0)"
72.51.41.47 - - [31/Mar/2009:11:46:51 -0400] "GET / HTTP/1.0" 200 24896 "-" "Pingdom.com_bot_version_1.4_(http://www.pingdom.com/)"
24.150.245.110 - - [31/Mar/2009:11:46:57 -0400] "GET /topics/show/125/28409 HTTP/1.1" 200 115873 "http://www.nikonthenumbers.com/" "Mozilla/4.0 (compatible; MSIE 8.0; Windows NT 5.1; Trident/4.0; .NET CLR 1.1.4322; .NET CLR 2.0.50727; OfficeLiveConnector.1.3; OfficeLivePatch.0.0)"
24.150.245.110 - - [31/Mar/2009:11:46:58 -0400] "GET /images/comment.png HTTP/1.1" 200 540 "http://www.nikonthenumbers.com/topics/show/125/28409" "Mozilla/4.0 (compatible; MSIE 8.0; Windows NT 5.1; Trident/4.0; .NET CLR 1.1.4322; .NET CLR 2.0.50727; OfficeLiveConnector.1.3; OfficeLivePatch.0.0)"
66.249.73.230 - - [31/Mar/2009:11:46:59 -0400] "GET /profile/1059118 HTTP/1.1" 200 14675 "-" "Mozilla/5.0 (compatible; Googlebot/2.1; +http://www.google.com/bot.html)"
24.150.245.110 - - [31/Mar/2009:11:47:01 -0400] "POST /talk/mark/28532 HTTP/1.1" 201 1 "http://www.nikonthenumbers.com/topics/show/125/28409#comment_28532" "Mozilla/4.0 (compatible; MSIE 8.0; Windows NT 5.1; Trident/4.0; .NET CLR 1.1.4322; .NET CLR 2.0.50727; OfficeLiveConnector.1.3; OfficeLivePatch.0.0)"
24.150.245.110 - - [31/Mar/2009:11:47:20 -0400] "POST /talk/mark/28446 HTTP/1.1" 201 1 "http://www.nikonthenumbers.com/topics/show/125/28409#comment_28532" "Mozilla/4.0 (compatible; MSIE 8.0; Windows NT 5.1; Trident/4.0; .NET CLR 1.1.4322; .NET CLR 2.0.50727; OfficeLiveConnector.1.3; OfficeLivePatch.0.0)"
212.247.189.113 - - [31/Mar/2009:11:47:52 -0400] "GET / HTTP/1.0" 200 24896 "-" "Pingdom.com_bot_version_1.4_(http://www.pingdom.com/)"
205.205.91.66 - - [31/Mar/2009:11:48:03 -0400] "GET /rss HTTP/1.1" 200 100138 "-" "Mozilla/4.0 (compatible; MSIE 7.0; Windows NT 5.1; GTB5; .NET CLR 1.1.4322; .NET CLR 2.0.50727; InfoPath.2; Alexa Toolbar; MS-RTC LM 8; MSOffice 12)"
209.17.186.38 - - [31/Mar/2009:11:48:06 -0400] "GET / HTTP/1.1" 200 24896 "-" "Clearware web browser"
75.154.76.172 - - [31/Mar/2009:11:48:19 -0400] "GET /rss HTTP/1.1" 200 100138 "-" "Windows-RSS-Platform/1.0 (MSIE 7.0; Windows NT 6.0)"
66.249.73.230 - - [31/Mar/2009:11:48:24 -0400] "GET /topics/show/56/3245 HTTP/1.1" 200 184367 "-" "Mozilla/5.0 (compatible; Googlebot/2.1; +http://www.google.com/bot.html)"
66.249.73.230 - - [31/Mar/2009:11:48:39 -0400] "GET /profile/1070862 HTTP/1.1" 200 14703 "-" "Mozilla/5.0 (compatible; Googlebot/2.1; +http://www.google.com/bot.html)"
66.249.73.230 - - [31/Mar/2009:11:48:44 -0400] "GET /topics/show/125/28490 HTTP/1.1" 200 95113 "-" "Mozilla/5.0 (compatible; Googlebot/2.1; +http://www.google.com/bot.html)"
207.97.207.200 - - [31/Mar/2009:11:48:51 -0400] "GET / HTTP/1.0" 200 24896 "-" "Pingdom.com_bot_version_1.4_(http://www.pingdom.com/)"
72.30.65.34 - - [31/Mar/2009:11:49:14 -0400] "GET /profile/12498 HTTP/1.0" 200 14633 "-" "Mozilla/5.0 (compatible; Yahoo! Slurp/3.0; http://help.yahoo.com/help/us/ysearch/slurp)"
72.30.65.34 - - [31/Mar/2009:11:49:14 -0400] "GET /stylesheets/base_1221113035.css HTTP/1.0" 304 - "http://www.nikonthenumbers.com/profile/12498" "Mozilla/5.0 (compatible; Yahoo! Slurp/3.0; http://help.yahoo.com/help/us/ysearch/slurp)"
72.30.65.34 - - [31/Mar/2009:11:49:14 -0400] "GET /stylesheets/base_1221113035.css HTTP/1.0" 304 - "http://www.nikonthenumbers.com/profile/12498" "Mozilla/5.0 (compatible; Yahoo! Slurp/3.0; http://help.yahoo.com/help/us/ysearch/slurp)"
67.192.120.134 - - [31/Mar/2009:11:49:51 -0400] "GET / HTTP/1.0" 200 24896 "-" "Pingdom.com_bot_version_1.4_(http://www.pingdom.com/)"
208.124.156.82 - - [31/Mar/2009:11:50:09 -0400] "GET /rss HTTP/1.1" 200 100138 "-" "Mozilla/4.0 (compatible; MSIE 7.0; Windows NT 6.0; SLCC1; .NET CLR 2.0.50727; .NET CLR 3.5.30729; .NET CLR 3.0.30618; MSOffice 12)"
66.249.73.230 - - [31/Mar/2009:11:50:19 -0400] "GET /profile/1067126 HTTP/1.1" 200 14668 "-" "Mozilla/5.0 (compatible; Googlebot/2.1; +http://www.google.com/bot.html)"
66.249.73.230 - - [31/Mar/2009:11:50:27 -0400] "GET /topics/show/115/21120 HTTP/1.1" 200 1169743 "-" "Mozilla/5.0 (compatible; Googlebot/2.1; +http://www.google.com/bot.html)"
78.136.27.223 - - [31/Mar/2009:11:50:51 -0400] "GET / HTTP/1.0" 200 24896 "-" "Pingdom.com_bot_version_1.4_(http://www.pingdom.com/)"
67.70.21.228 - - [31/Mar/2009:11:50:53 -0400] "GET / HTTP/1.1" 200 19884 "http://nikonthenumbers.com/topics/show/125/28411" "Mozilla/5.0 (Windows; U; Windows NT 5.1; en-US; rv:1.9.0.8) Gecko/2009032609 Firefox/3.0.8"
64.78.155.100 - - [31/Mar/2009:11:50:56 -0400] "GET /rss HTTP/1.1" 200 99686 "-" "NewsGatorOnline/2.0 (http://www.newsgator.com; 1 subscribers)"
67.70.21.228 - - [31/Mar/2009:11:51:10 -0400] "GET / HTTP/1.1" 200 19884 "http://nikonthenumbers.com/" "Mozilla/5.0 (Windows; U; Windows NT 5.1; en-US; rv:1.9.0.8) Gecko/2009032609 Firefox/3.0.8"
67.205.112.79 - - [31/Mar/2009:11:51:51 -0400] "GET / HTTP/1.0" 200 24896 "-" "Pingdom.com_bot_version_1.4_(http://www.pingdom.com/)"
66.249.73.230 - - [31/Mar/2009:11:51:58 -0400] "GET /profile/1067832 HTTP/1.1" 200 14730 "-" "Mozilla/5.0 (compatible; Googlebot/2.1; +http://www.google.com/bot.html)"
174.133.253.162 - - [31/Mar/2009:11:52:51 -0400] "GET / HTTP/1.0" 200 24896 "-" "Pingdom.com_bot_version_1.4_(http://www.pingdom.com/)"
66.249.73.230 - - [31/Mar/2009:11:53:38 -0400] "GET /profile/1067720 HTTP/1.1" 200 14732 "-" "Mozilla/5.0 (compatible; Googlebot/2.1; +http://www.google.com/bot.html)"
74.125.44.136 - - [31/Mar/2009:11:54:03 -0400] "GET /rss HTTP/1.0" 200 100138 "-" "Java/1.6.0_01"
74.125.44.136 - - [31/Mar/2009:11:54:05 -0400] "GET /rss HTTP/1.0" 200 100138 "-" "Java/1.6.0_01"
66.249.73.230 - - [31/Mar/2009:11:54:32 -0400] "GET /topics/show/119 HTTP/1.1" 200 612288 "-" "Mozilla/5.0 (compatible; Googlebot/2.1; +http://www.google.com/bot.html)"
89.151.110.152 - - [31/Mar/2009:11:54:53 -0400] "GET / HTTP/1.0" 200 24896 "-" "Pingdom.com_bot_version_1.4_(http://www.pingdom.com/)"
66.249.73.230 - - [31/Mar/2009:11:55:18 -0400] "GET /profile/1067743 HTTP/1.1" 200 14728 "-" "Mozilla/5.0 (compatible; Googlebot/2.1; +http://www.google.com/bot.html)"
209.62.54.130 - - [31/Mar/2009:11:55:52 -0400] "GET / HTTP/1.0" 200 24896 "-" "Pingdom.com_bot_version_1.4_(http://www.pingdom.com/)"
67.70.21.228 - - [31/Mar/2009:11:56:17 -0400] "GET / HTTP/1.1" 200 19884 "http://nikonthenumbers.com/" "Mozilla/5.0 (Windows; U; Windows NT 5.1; en-US; rv:1.9.0.8) Gecko/2009032609 Firefox/3.0.8"
83.140.19.38 - - [31/Mar/2009:11:56:18 -0400] "GET / HTTP/1.0" 200 24896 "-" "Pingdom.com_bot_version_1.4_(http://www.pingdom.com/)"
142.213.127.2 - - [31/Mar/2009:11:56:33 -0400] "GET /rss HTTP/1.0" 200 100138 "-" "RssBandit/1.5.0.10 (.NET CLR 2.0.50727.42; WinNT 5.1.2600 Service Pack 2; http://www.rssbandit.org)"
66.249.73.230 - - [31/Mar/2009:11:56:38 -0400] "GET /topics/show/105/16265 HTTP/1.1" 200 133688 "-" "Mozilla/5.0 (compatible; Googlebot/2.1; +http://www.google.com/bot.html)"
72.51.41.47 - - [31/Mar/2009:11:56:52 -0400] "GET / HTTP/1.0" 200 24896 "-" "Pingdom.com_bot_version_1.4_(http://www.pingdom.com/)"
66.249.73.230 - - [31/Mar/2009:11:56:58 -0400] "GET /topics/show/27/1747 HTTP/1.1" 200 256332 "-" "Mozilla/5.0 (compatible; Googlebot/2.1; +http://www.google.com/bot.html)"
212.247.189.113 - - [31/Mar/2009:11:57:52 -0400] "GET / HTTP/1.0" 200 24896 "-" "Pingdom.com_bot_version_1.4_(http://www.pingdom.com/)"
80.81.227.58 - - [31/Mar/2009:11:57:49 -0400] "GET /topics/show/22 HTTP/1.1" 200 122249 "-" "Mozilla/4.0 (compatible; MSIE 6.0; Windows NT 5.1; SV1)"
80.81.227.58 - - [31/Mar/2009:11:57:58 -0400] "POST /rater/create/comment_rating/735 HTTP/1.1" 302 123 "http://www.nikonthenumbers.com/topics/show/22" "Mozilla/4.0 (compatible; MSIE 6.0; Windows NT 5.1; SV1)"
67.195.37.93 - - [31/Mar/2009:11:57:50 -0400] "GET /profile/510281 HTTP/1.0" 200 944500 "-" "Mozilla/5.0 (compatible; Yahoo! Slurp; http://help.yahoo.com/help/us/ysearch/slurp)"
80.81.227.58 - - [31/Mar/2009:11:58:01 -0400] "GET /topics/show/22#comment_735 HTTP/1.1" 200 31716 "http://www.nikonthenumbers.com/topics/show/22" "Mozilla/4.0 (compatible; MSIE 6.0; Windows NT 5.1; SV1)"
205.205.91.66 - - [31/Mar/2009:11:58:08 -0400] "GET /rss HTTP/1.1" 200 100138 "-" "Mozilla/4.0 (compatible; MSIE 7.0; Windows NT 5.1; GTB5; .NET CLR 1.1.4322; .NET CLR 2.0.50727; InfoPath.2; Alexa Toolbar; MS-RTC LM 8; MSOffice 12)"
66.249.73.230 - - [31/Mar/2009:11:58:38 -0400] "GET /topics/show/41/2107 HTTP/1.1" 200 137315 "-" "Mozilla/5.0 (compatible; Googlebot/2.1; +http://www.google.com/bot.html)"
207.97.207.200 - - [31/Mar/2009:11:58:51 -0400] "GET / HTTP/1.0" 200 24896 "-" "Pingdom.com_bot_version_1.4_(http://www.pingdom.com/)"
193.189.143.31 - - [31/Mar/2009:11:59:05 -0400] "GET /rss HTTP/1.0" 200 100138 "-" "Netvibes (http://www.netvibes.com/; 7 subscribers; feedId: 1123686)"
142.52.81.11 - - [31/Mar/2009:11:59:23 -0400] "GET /rss HTTP/1.1" 200 100138 "-" "SharpReader/0.9.7.0 (.NET CLR 1.1.4322.573; WinNT 5.1.2600.0)"
67.195.37.93 - - [31/Mar/2009:11:59:25 -0400] "GET /topics/show/107/16756 HTTP/1.0" 200 321327 "-" "Mozilla/5.0 (compatible; Yahoo! Slurp; http://help.yahoo.com/help/us/ysearch/slurp)"
67.192.120.134 - - [31/Mar/2009:11:59:51 -0400] "GET / HTTP/1.0" 200 24896 "-" "Pingdom.com_bot_version_1.4_(http://www.pingdom.com/)"
67.195.37.93 - - [31/Mar/2009:11:59:49 -0400] "GET /topics/show/115/23897 HTTP/1.0" 200 607638 "-" "Mozilla/5.0 (compatible; Yahoo! Slurp; http://help.yahoo.com/help/us/ysearch/slurp)"
67.195.37.93 - - [31/Mar/2009:12:00:04 -0400] "GET /topics/show/97/14141 HTTP/1.0" 200 201113 "-" "Mozilla/5.0 (compatible; Yahoo! Slurp; http://help.yahoo.com/help/us/ysearch/slurp)"
205.194.127.36 - - [31/Mar/2009:12:00:13 -0400] "GET /rss HTTP/1.0" 200 100138 "-" "BlackBerry8310/4.2.2 Profile/MIDP-2.0 Configuration/CLDC-1.1 VendorID/107"
66.249.73.230 - - [31/Mar/2009:12:00:18 -0400] "GET /topics/show/114/19997 HTTP/1.1" 200 340437 "-" "Mozilla/5.0 (compatible; Googlebot/2.1; +http://www.google.com/bot.html)"
67.195.37.93 - - [31/Mar/2009:12:00:13 -0400] "GET /topics/show/115/21312 HTTP/1.0" 200 623638 "-" "Mozilla/5.0 (compatible; Yahoo! Slurp; http://help.yahoo.com/help/us/ysearch/slurp)"
67.195.37.93 - - [31/Mar/2009:12:00:23 -0400] "GET /topics/show/115/20915 HTTP/1.0" 200 647638 "-" "Mozilla/5.0 (compatible; Yahoo! Slurp; http://help.yahoo.com/help/us/ysearch/slurp)"
67.195.37.93 - - [31/Mar/2009:12:00:42 -0400] "GET /topics/show/92/12631 HTTP/1.0" 200 173283 "-" "Mozilla/5.0 (compatible; Yahoo! Slurp; http://help.yahoo.com/help/us/ysearch/slurp)"
65.55.105.115 - - [31/Mar/2009:12:00:52 -0400] "GET /topics/show/100/14735 HTTP/1.1" 200 282436 "-" "msnbot/1.1 (+http://search.msn.com/msnbot.htm)"
78.136.27.223 - - [31/Mar/2009:12:00:51 -0400] "GET / HTTP/1.0" 200 24896 "-" "Pingdom.com_bot_version_1.4_(http://www.pingdom.com/)"
67.195.37.93 - - [31/Mar/2009:12:00:51 -0400] "GET /topics/show/115/20831 HTTP/1.0" 200 703638 "-" "Mozilla/5.0 (compatible; Yahoo! Slurp; http://help.yahoo.com/help/us/ysearch/slurp)"
67.195.37.93 - - [31/Mar/2009:12:01:01 -0400] "GET /topics/show/114/20710 HTTP/1.0" 200 283895 "-" "Mozilla/5.0 (compatible; Yahoo! Slurp; http://help.yahoo.com/help/us/ysearch/slurp)"
67.195.37.93 - - [31/Mar/2009:12:01:11 -0400] "GET /topics/show/92/12624 HTTP/1.0" 200 158526 "-" "Mozilla/5.0 (compatible; Yahoo! Slurp; http://help.yahoo.com/help/us/ysearch/slurp)"
67.195.37.93 - - [31/Mar/2009:12:01:21 -0400] "GET /topics/show/90/12218 HTTP/1.0" 200 208428 "-" "Mozilla/5.0 (compatible; Yahoo! Slurp; http://help.yahoo.com/help/us/ysearch/slurp)"
67.195.37.93 - - [31/Mar/2009:12:01:31 -0400] "GET /topics/show/121/27889 HTTP/1.0" 200 639638 "-" "Mozilla/5.0 (compatible; Yahoo! Slurp; http://help.yahoo.com/help/us/ysearch/slurp)"
65.55.105.120 - - [31/Mar/2009:12:01:45 -0400] "GET /robots.txt HTTP/1.1" 200 161 "-" "msnbot/1.1 (+http://search.msn.com/msnbot.htm)"
67.195.37.93 - - [31/Mar/2009:12:01:41 -0400] "GET /topics/show/121/26799 HTTP/1.0" 200 647638 "-" "Mozilla/5.0 (compatible; Yahoo! Slurp; http://help.yahoo.com/help/us/ysearch/slurp)"
67.205.112.79 - - [31/Mar/2009:12:01:51 -0400] "GET / HTTP/1.0" 200 24896 "-" "Pingdom.com_bot_version_1.4_(http://www.pingdom.com/)"
66.249.73.230 - - [31/Mar/2009:12:01:57 -0400] "GET /profile/704733 HTTP/1.1" 200 16756 "-" "Mozilla/5.0 (compatible; Googlebot/2.1; +http://www.google.com/bot.html)"
67.195.37.93 - - [31/Mar/2009:12:01:51 -0400] "GET /topics/show/115/22499 HTTP/1.0" 200 1181005 "-" "Mozilla/5.0 (compatible; Yahoo! Slurp; http://help.yahoo.com/help/us/ysearch/slurp)"
67.195.37.93 - - [31/Mar/2009:12:02:01 -0400] "GET /topics/show/104/15931 HTTP/1.0" 200 110115 "-" "Mozilla/5.0 (compatible; Yahoo! Slurp; http://help.yahoo.com/help/us/ysearch/slurp)"
67.195.37.93 - - [31/Mar/2009:12:02:11 -0400] "GET /topics/show/93/12894 HTTP/1.0" 200 121710 "-" "Mozilla/5.0 (compatible; Yahoo! Slurp; http://help.yahoo.com/help/us/ysearch/slurp)"
65.55.107.221 - - [31/Mar/2009:12:02:14 -0400] "GET /topics/show/100/14735 HTTP/1.0" 200 282436 "http://search.live.com/results.aspx?q=leaders" "Mozilla/4.0 (compatible; MSIE 6.0; Windows NT 5.2; SV1; .NET CLR 1.1.4322)"
65.55.107.221 - - [31/Mar/2009:12:02:18 -0400] "GET /javascripts/base_1221113035.js HTTP/1.0" 200 96039 "http://nikonthenumbers.com/topics/show/100/14735" "Mozilla/4.0 (compatible; MSIE 6.0; Windows NT 5.2; SV1; .NET CLR 1.1.4322)"
99.240.94.33 - - [31/Mar/2009:12:02:18 -0400] "GET /rss HTTP/1.1" 200 100138 "-" "Vienna/2.3.0.2301"
65.55.107.221 - - [31/Mar/2009:12:02:20 -0400] "GET /stylesheets/base_1221113035.css HTTP/1.0" 200 14188 "http://nikonthenumbers.com/topics/show/100/14735" "Mozilla/4.0 (compatible; MSIE 6.0; Windows NT 5.2; SV1; .NET CLR 1.1.4322)"
67.195.37.93 - - [31/Mar/2009:12:02:21 -0400] "GET /topics/show/107/16984 HTTP/1.0" 200 282093 "-" "Mozilla/5.0 (compatible; Yahoo! Slurp; http://help.yahoo.com/help/us/ysearch/slurp)"
67.195.37.93 - - [31/Mar/2009:12:02:31 -0400] "GET /topics/show/115/23789 HTTP/1.0" 200 639638 "-" "Mozilla/5.0 (compatible; Yahoo! Slurp; http://help.yahoo.com/help/us/ysearch/slurp)"
67.195.37.93 - - [31/Mar/2009:12:02:42 -0400] "GET /topics/show/115/21583 HTTP/1.0" 200 671638 "-" "Mozilla/5.0 (compatible; Yahoo! Slurp; http://help.yahoo.com/help/us/ysearch/slurp)"
174.133.253.162 - - [31/Mar/2009:12:02:51 -0400] "GET / HTTP/1.0" 200 24896 "-" "Pingdom.com_bot_version_1.4_(http://www.pingdom.com/)"
67.195.37.93 - - [31/Mar/2009:12:02:51 -0400] "GET /topics/show/115/22838 HTTP/1.0" 200 623638 "-" "Mozilla/5.0 (compatible; Yahoo! Slurp; http://help.yahoo.com/help/us/ysearch/slurp)"
67.195.37.93 - - [31/Mar/2009:12:03:01 -0400] "GET /topics/show/125/28490 HTTP/1.0" 200 95113 "-" "Mozilla/5.0 (compatible; Yahoo! Slurp; http://help.yahoo.com/help/us/ysearch/slurp)"
67.195.37.93 - - [31/Mar/2009:12:03:11 -0400] "GET /topics/show/121/27953 HTTP/1.0" 200 647638 "-" "Mozilla/5.0 (compatible; Yahoo! Slurp; http://help.yahoo.com/help/us/ysearch/slurp)"
75.154.76.172 - - [31/Mar/2009:12:03:22 -0400] "GET /rss HTTP/1.1" 200 100138 "-" "Windows-RSS-Platform/1.0 (MSIE 7.0; Windows NT 6.0)"
67.195.37.93 - - [31/Mar/2009:12:03:36 -0400] "GET /topics/show/90/12198 HTTP/1.0" 200 108568 "-" "Mozilla/5.0 (compatible; Yahoo! Slurp; http://help.yahoo.com/help/us/ysearch/slurp)"
66.249.73.230 - - [31/Mar/2009:12:03:37 -0400] "GET /profile/685124 HTTP/1.1" 200 21867 "-" "Mozilla/5.0 (compatible; Googlebot/2.1; +http://www.google.com/bot.html)"
67.195.37.93 - - [31/Mar/2009:12:03:56 -0400] "GET /topics/show/115/23554 HTTP/1.0" 200 655638 "-" "Mozilla/5.0 (compatible; Yahoo! Slurp; http://help.yahoo.com/help/us/ysearch/slurp)"
67.195.37.93 - - [31/Mar/2009:12:04:05 -0400] "GET /topics/show/92/12617 HTTP/1.0" 200 329686 "-" "Mozilla/5.0 (compatible; Yahoo! Slurp; http://help.yahoo.com/help/us/ysearch/slurp)"
67.195.37.93 - - [31/Mar/2009:12:04:31 -0400] "GET /topics/show/106/16410 HTTP/1.0" 200 255628 "-" "Mozilla/5.0 (compatible; Yahoo! Slurp; http://help.yahoo.com/help/us/ysearch/slurp)"
89.151.110.152 - - [31/Mar/2009:12:04:52 -0400] "GET / HTTP/1.0" 200 24896 "-" "Pingdom.com_bot_version_1.4_(http://www.pingdom.com/)"
65.55.105.121 - - [31/Mar/2009:12:04:48 -0400] "GET /topics/show/121/26366 HTTP/1.1" 200 1143638 "-" "msnbot/1.1 (+http://search.msn.com/msnbot.htm)"
66.249.73.230 - - [31/Mar/2009:12:05:17 -0400] "GET /profile/704618 HTTP/1.1" 200 15817 "-" "Mozilla/5.0 (compatible; Googlebot/2.1; +http://www.google.com/bot.html)"
67.195.37.93 - - [31/Mar/2009:12:05:22 -0400] "GET /topics/show/121/28044 HTTP/1.0" 200 799638 "-" "Mozilla/5.0 (compatible; Yahoo! Slurp; http://help.yahoo.com/help/us/ysearch/slurp)"
67.195.37.93 - - [31/Mar/2009:12:05:43 -0400] "GET /topics/show/113/19199 HTTP/1.0" 200 418846 "-" "Mozilla/5.0 (compatible; Yahoo! Slurp; http://help.yahoo.com/help/us/ysearch/slurp)"
61.135.168.39 - - [31/Mar/2009:12:05:46 -0400] "GET / HTTP/1.1" 200 15640 "-" "Baiduspider+(+http://www.baidu.com/search/spider.htm)"
142.166.3.122 - - [31/Mar/2009:12:05:49 -0400] "GET /topics/show/125 HTTP/1.1" 200 76678 "-" "R6_CommentReader(www.radian6.com/crawler)"
209.62.54.130 - - [31/Mar/2009:12:05:51 -0400] "GET / HTTP/1.0" 200 24896 "-" "Pingdom.com_bot_version_1.4_(http://www.pingdom.com/)"
67.195.37.93 - - [31/Mar/2009:12:05:52 -0400] "GET /topics/show/108/17271 HTTP/1.0" 200 139040 "-" "Mozilla/5.0 (compatible; Yahoo! Slurp; http://help.yahoo.com/help/us/ysearch/slurp)"
83.140.19.38 - - [31/Mar/2009:12:06:21 -0400] "GET / HTTP/1.0" 200 24896 "-" "Pingdom.com_bot_version_1.4_(http://www.pingdom.com/)"
72.30.65.34 - - [31/Mar/2009:12:06:25 -0400] "GET /profile/30361 HTTP/1.0" 200 14624 "-" "Mozilla/5.0 (compatible; Yahoo! Slurp/3.0; http://help.yahoo.com/help/us/ysearch/slurp)"
220.181.32.22 - - [31/Mar/2009:12:06:29 -0400] "GET / HTTP/1.1" 200 15640 "-" "Baiduspider+(+http://www.baidu.com/search/spider.htm)"
72.51.41.47 - - [31/Mar/2009:12:06:52 -0400] "GET / HTTP/1.0" 200 24896 "-" "Pingdom.com_bot_version_1.4_(http://www.pingdom.com/)"
66.249.73.230 - - [31/Mar/2009:12:06:56 -0400] "GET /profile/97449 HTTP/1.1" 200 16300 "-" "Mozilla/5.0 (compatible; Googlebot/2.1; +http://www.google.com/bot.html)"
72.30.65.34 - - [31/Mar/2009:12:07:32 -0400] "GET /topics/show/2/54 HTTP/1.0" 200 53968 "-" "Mozilla/5.0 (compatible; Yahoo! Slurp/3.0; http://help.yahoo.com/help/us/ysearch/slurp)"
212.247.189.113 - - [31/Mar/2009:12:07:52 -0400] "GET / HTTP/1.0" 200 24896 "-" "Pingdom.com_bot_version_1.4_(http://www.pingdom.com/)"
208.36.144.9 - - [31/Mar/2009:12:07:53 -0400] "GET /topics/show/112/18698 HTTP/1.0" 200 326524 "-" "Mozilla/5.0 (Twiceler-0.9 http://www.cuil.com/twiceler/robot.html)"
71.86.29.2 - - [31/Mar/2009:12:08:06 -0400] "GET / HTTP/1.1" 200 24896 "http://www.ask.com/web?q=Elizabethan+Numbers&qsrc=1&o=14214&l=dis" "Mozilla/4.0 (compatible; MSIE 7.0; Windows NT 5.1; .NET CLR 1.1.4322; .NET CLR 2.0.50727; .NET CLR 3.0.04506.30; InfoPath.2)"
71.86.29.2 - - [31/Mar/2009:12:08:08 -0400] "GET /stylesheets/base_1221113035.css HTTP/1.1" 200 14188 "http://www.nikonthenumbers.com/" "Mozilla/4.0 (compatible; MSIE 7.0; Windows NT 5.1; .NET CLR 1.1.4322; .NET CLR 2.0.50727; .NET CLR 3.0.04506.30; InfoPath.2)"
71.86.29.2 - - [31/Mar/2009:12:08:08 -0400] "GET /javascripts/base_1221113035.js HTTP/1.1" 200 96039 "http://www.nikonthenumbers.com/" "Mozilla/4.0 (compatible; MSIE 7.0; Windows NT 5.1; .NET CLR 1.1.4322; .NET CLR 2.0.50727; .NET CLR 3.0.04506.30; InfoPath.2)"
71.86.29.2 - - [31/Mar/2009:12:08:09 -0400] "GET /images/TOP_02.jpg HTTP/1.1" 200 14856 "http://www.nikonthenumbers.com/" "Mozilla/4.0 (compatible; MSIE 7.0; Windows NT 5.1; .NET CLR 1.1.4322; .NET CLR 2.0.50727; .NET CLR 3.0.04506.30; InfoPath.2)"
71.86.29.2 - - [31/Mar/2009:12:08:09 -0400] "GET /images/page-bg.gif HTTP/1.1" 200 1487 "http://www.nikonthenumbers.com/" "Mozilla/4.0 (compatible; MSIE 7.0; Windows NT 5.1; .NET CLR 1.1.4322; .NET CLR 2.0.50727; .NET CLR 3.0.04506.30; InfoPath.2)"
71.86.29.2 - - [31/Mar/2009:12:08:09 -0400] "GET /images/Ses-Townhall-AD-FED-20080911.swf HTTP/1.1" 200 17188 "http://www.nikonthenumbers.com/" "Mozilla/4.0 (compatible; MSIE 7.0; Windows NT 5.1; .NET CLR 1.1.4322; .NET CLR 2.0.50727; .NET CLR 3.0.04506.30; InfoPath.2)"
71.86.29.2 - - [31/Mar/2009:12:08:09 -0400] "GET /images/TOP_01.jpg HTTP/1.1" 200 12839 "http://www.nikonthenumbers.com/" "Mozilla/4.0 (compatible; MSIE 7.0; Windows NT 5.1; .NET CLR 1.1.4322; .NET CLR 2.0.50727; .NET CLR 3.0.04506.30; InfoPath.2)"
71.86.29.2 - - [31/Mar/2009:12:08:09 -0400] "GET /images/TOP_03.jpg HTTP/1.1" 200 15516 "http://www.nikonthenumbers.com/" "Mozilla/4.0 (compatible; MSIE 7.0; Windows NT 5.1; .NET CLR 1.1.4322; .NET CLR 2.0.50727; .NET CLR 3.0.04506.30; InfoPath.2)"
71.86.29.2 - - [31/Mar/2009:12:08:09 -0400] "GET /images/feed-icon-14x14.png HTTP/1.1" 200 689 "http://www.nikonthenumbers.com/" "Mozilla/4.0 (compatible; MSIE 7.0; Windows NT 5.1; .NET CLR 1.1.4322; .NET CLR 2.0.50727; .NET CLR 3.0.04506.30; InfoPath.2)"
71.86.29.2 - - [31/Mar/2009:12:08:09 -0400] "GET /fixit.js HTTP/1.1" 200 153 "http://www.nikonthenumbers.com/" "Mozilla/4.0 (compatible; MSIE 7.0; Windows NT 5.1; .NET CLR 1.1.4322; .NET CLR 2.0.50727; .NET CLR 3.0.04506.30; InfoPath.2)"
71.86.29.2 - - [31/Mar/2009:12:08:09 -0400] "GET /images/RULE-FADE.jpg HTTP/1.1" 200 448 "http://www.nikonthenumbers.com/" "Mozilla/4.0 (compatible; MSIE 7.0; Windows NT 5.1; .NET CLR 1.1.4322; .NET CLR 2.0.50727; .NET CLR 3.0.04506.30; InfoPath.2)"
71.86.29.2 - - [31/Mar/2009:12:08:09 -0400] "GET /images/TOP_06.jpg HTTP/1.1" 200 2158 "http://www.nikonthenumbers.com/" "Mozilla/4.0 (compatible; MSIE 7.0; Windows NT 5.1; .NET CLR 1.1.4322; .NET CLR 2.0.50727; .NET CLR 3.0.04506.30; InfoPath.2)"
71.86.29.2 - - [31/Mar/2009:12:08:09 -0400] "GET /images/bottom-with-shaddow.gif HTTP/1.1" 200 9790 "http://www.nikonthenumbers.com/" "Mozilla/4.0 (compatible; MSIE 7.0; Windows NT 5.1; .NET CLR 1.1.4322; .NET CLR 2.0.50727; .NET CLR 3.0.04506.30; InfoPath.2)"
71.86.29.2 - - [31/Mar/2009:12:08:09 -0400] "GET /images/BOX-BACK.jpg HTTP/1.1" 200 1025 "http://www.nikonthenumbers.com/" "Mozilla/4.0 (compatible; MSIE 7.0; Windows NT 5.1; .NET CLR 1.1.4322; .NET CLR 2.0.50727; .NET CLR 3.0.04506.30; InfoPath.2)"
71.86.29.2 - - [31/Mar/2009:12:08:09 -0400] "GET /images/red-band.gif HTTP/1.1" 200 4358 "http://www.nikonthenumbers.com/" "Mozilla/4.0 (compatible; MSIE 7.0; Windows NT 5.1; .NET CLR 1.1.4322; .NET CLR 2.0.50727; .NET CLR 3.0.04506.30; InfoPath.2)"
71.86.29.2 - - [31/Mar/2009:12:08:09 -0400] "GET /images/polling_results.jpg?1221113035 HTTP/1.1" 200 5021 "http://www.nikonthenumbers.com/" "Mozilla/4.0 (compatible; MSIE 7.0; Windows NT 5.1; .NET CLR 1.1.4322; .NET CLR 2.0.50727; .NET CLR 3.0.04506.30; InfoPath.2)"
71.86.29.2 - - [31/Mar/2009:12:08:09 -0400] "GET /images/safe_subscribe_logo.gif HTTP/1.1" 200 457 "http://www.nikonthenumbers.com/" "Mozilla/4.0 (compatible; MSIE 7.0; Windows NT 5.1; .NET CLR 1.1.4322; .NET CLR 2.0.50727; .NET CLR 3.0.04506.30; InfoPath.2)"
71.86.29.2 - - [31/Mar/2009:12:08:09 -0400] "GET /images/comment_bw.png HTTP/1.1" 200 384 "http://www.nikonthenumbers.com/" "Mozilla/4.0 (compatible; MSIE 7.0; Windows NT 5.1; .NET CLR 1.1.4322; .NET CLR 2.0.50727; .NET CLR 3.0.04506.30; InfoPath.2)"
71.86.29.2 - - [31/Mar/2009:12:08:10 -0400] "GET /images/cancel.png HTTP/1.1" 200 853 "http://www.nikonthenumbers.com/" "Mozilla/4.0 (compatible; MSIE 7.0; Windows NT 5.1; .NET CLR 1.1.4322; .NET CLR 2.0.50727; .NET CLR 3.0.04506.30; InfoPath.2)"
205.205.91.66 - - [31/Mar/2009:12:08:14 -0400] "GET /rss HTTP/1.1" 200 100138 "-" "Mozilla/4.0 (compatible; MSIE 7.0; Windows NT 5.1; GTB5; .NET CLR 1.1.4322; .NET CLR 2.0.50727; InfoPath.2; Alexa Toolbar; MS-RTC LM 8; MSOffice 12)"
66.249.73.230 - - [31/Mar/2009:12:08:36 -0400] "GET /profile/745702 HTTP/1.1" 200 64895 "-" "Mozilla/5.0 (compatible; Googlebot/2.1; +http://www.google.com/bot.html)"
207.97.207.200 - - [31/Mar/2009:12:08:52 -0400] "GET / HTTP/1.0" 200 24896 "-" "Pingdom.com_bot_version_1.4_(http://www.pingdom.com/)"
204.209.81.14 - - [31/Mar/2009:12:09:27 -0400] "GET /rss HTTP/1.0" 200 100138 "-" "Mozilla/5.0 (Windows; U; Windows NT 5.0; en-GB; rv:1.9.0.6) Gecko/2009011913 Firefox/3.0.6"
67.192.120.134 - - [31/Mar/2009:12:09:51 -0400] "GET / HTTP/1.0" 200 24896 "-" "Pingdom.com_bot_version_1.4_(http://www.pingdom.com/)"
66.249.73.230 - - [31/Mar/2009:12:10:16 -0400] "GET /profile/98587 HTTP/1.1" 200 14673 "-" "Mozilla/5.0 (compatible; Googlebot/2.1; +http://www.google.com/bot.html)"
142.46.201.12 - - [31/Mar/2009:12:10:21 -0400] "GET /rss HTTP/1.1" 200 100138 "-" "Windows-RSS-Platform/2.0 (MSIE 8.0; Windows NT 5.1)"
64.34.195.156 - - [31/Mar/2009:12:10:43 -0400] "GET / HTTP/1.1" 200 24732 "-" "Mozilla/5.0 (X11; U; Linux i686; en-US; rv:1.2.1; aggregator:Spinn3r (Spinn3r 3.0); http://spinn3r.com/robot) Gecko/20021130"
78.136.27.223 - - [31/Mar/2009:12:10:52 -0400] "GET / HTTP/1.0" 200 24896 "-" "Pingdom.com_bot_version_1.4_(http://www.pingdom.com/)"
208.124.156.82 - - [31/Mar/2009:12:11:29 -0400] "GET /rss HTTP/1.1" 200 100138 "-" "Mozilla/4.0 (compatible; MSIE 7.0; Windows NT 6.0; SLCC1; .NET CLR 2.0.50727; .NET CLR 3.5.30729; .NET CLR 3.0.30618; MSOffice 12)"
208.124.192.74 - - [31/Mar/2009:12:11:37 -0400] "GET /rss HTTP/1.1" 200 100138 "-" "Mozilla/5.0 (Windows; U; Windows NT 5.1; en-US; rv:1.9.0.8) Gecko/2009032609 Firefox/3.0.8"
67.195.37.93 - - [31/Mar/2009:12:11:50 -0400] "GET /topics/show/100/14789 HTTP/1.0" 200 290867 "-" "Mozilla/5.0 (compatible; Yahoo! Slurp; http://help.yahoo.com/help/us/ysearch/slurp)"
67.205.112.79 - - [31/Mar/2009:12:11:51 -0400] "GET / HTTP/1.0" 200 24896 "-" "Pingdom.com_bot_version_1.4_(http://www.pingdom.com/)"
66.249.73.230 - - [31/Mar/2009:12:11:56 -0400] "GET /profile/1055712 HTTP/1.1" 200 39044 "-" "Mozilla/5.0 (compatible; Googlebot/2.1; +http://www.google.com/bot.html)"
67.195.37.93 - - [31/Mar/2009:12:11:59 -0400] "GET /topics/show/93/12809 HTTP/1.0" 200 356425 "-" "Mozilla/5.0 (compatible; Yahoo! Slurp; http://help.yahoo.com/help/us/ysearch/slurp)"
67.195.37.93 - - [31/Mar/2009:12:12:09 -0400] "GET /topics/show/97/14182 HTTP/1.0" 200 146706 "-" "Mozilla/5.0 (compatible; Yahoo! Slurp; http://help.yahoo.com/help/us/ysearch/slurp)"
67.195.37.93 - - [31/Mar/2009:12:12:22 -0400] "GET /topics/show/56/3163 HTTP/1.0" 200 152429 "-" "Mozilla/5.0 (compatible; Yahoo! Slurp; http://help.yahoo.com/help/us/ysearch/slurp)"
64.34.195.152 - - [31/Mar/2009:12:12:35 -0400] "GET /rss HTTP/1.1" 200 99686 "-" "Mozilla/5.0 (X11; U; Linux i686; en-US; rv:1.2.1; aggregator:Spinn3r (Spinn3r 3.0); http://spinn3r.com/robot) Gecko/20021130"
174.133.253.162 - - [31/Mar/2009:12:12:51 -0400] "GET / HTTP/1.0" 200 24896 "-" "Pingdom.com_bot_version_1.4_(http://www.pingdom.com/)"
208.124.156.82 - - [31/Mar/2009:12:12:53 -0400] "GET /rss HTTP/1.1" 200 100138 "-" "Mozilla/4.0 (compatible; MSIE 7.0; Windows NT 6.0; SLCC1; .NET CLR 2.0.50727; .NET CLR 3.5.30729; .NET CLR 3.0.30618; MSOffice 12)"
67.195.37.93 - - [31/Mar/2009:12:12:59 -0400] "GET /topics/show/109/17842 HTTP/1.0" 200 180051 "-" "Mozilla/5.0 (compatible; Yahoo! Slurp; http://help.yahoo.com/help/us/ysearch/slurp)"
208.124.156.82 - - [31/Mar/2009:12:13:17 -0400] "GET /rss HTTP/1.1" 200 100138 "-" "Mozilla/4.0 (compatible; MSIE 7.0; Windows NT 6.0; SLCC1; .NET CLR 2.0.50727; .NET CLR 3.5.30729; .NET CLR 3.0.30618; MSOffice 12)"
66.135.104.77 - - [31/Mar/2009:12:13:32 -0400] "GET /rss HTTP/1.1" 200 100138 "-" "Mozilla/4.0 (compatible; MSIE 7.0; Windows NT 5.1; GTB5; .NET CLR 1.1.4322; InfoPath.2; MSOffice 12)"
66.249.73.230 - - [31/Mar/2009:12:13:36 -0400] "GET /profile/1066375 HTTP/1.1" 200 14674 "-" "Mozilla/5.0 (compatible; Googlebot/2.1; +http://www.google.com/bot.html)"
142.52.81.11 - - [31/Mar/2009:12:14:37 -0400] "GET /rss HTTP/1.1" 200 100138 "-" "SharpReader/0.9.7.0 (.NET CLR 1.1.4322.573; WinNT 5.1.2600.0)"
89.151.110.152 - - [31/Mar/2009:12:14:51 -0400] "GET / HTTP/1.0" 200 24896 "-" "Pingdom.com_bot_version_1.4_(http://www.pingdom.com/)"
67.195.37.93 - - [31/Mar/2009:12:15:02 -0400] "GET /topics/show/115/23929 HTTP/1.0" 200 631638 "-" "Mozilla/5.0 (compatible; Yahoo! Slurp; http://help.yahoo.com/help/us/ysearch/slurp)"
66.249.73.230 - - [31/Mar/2009:12:15:15 -0400] "GET /profile/97373 HTTP/1.1" 200 19373 "-" "Mozilla/5.0 (compatible; Googlebot/2.1; +http://www.google.com/bot.html)"
67.195.37.93 - - [31/Mar/2009:12:15:11 -0400] "GET /topics/show/115/20864 HTTP/1.0" 200 639638 "-" "Mozilla/5.0 (compatible; Yahoo! Slurp; http://help.yahoo.com/help/us/ysearch/slurp)"
67.195.37.93 - - [31/Mar/2009:12:15:21 -0400] "GET /topics/show/114/20229 HTTP/1.0" 200 310649 "-" "Mozilla/5.0 (compatible; Yahoo! Slurp; http://help.yahoo.com/help/us/ysearch/slurp)"
67.195.37.93 - - [31/Mar/2009:12:15:31 -0400] "GET /topics/show/91/12404 HTTP/1.0" 200 211712 "-" "Mozilla/5.0 (compatible; Yahoo! Slurp; http://help.yahoo.com/help/us/ysearch/slurp)"
208.124.156.82 - - [31/Mar/2009:12:15:40 -0400] "GET /rss HTTP/1.1" 200 100138 "-" "Mozilla/4.0 (compatible; MSIE 7.0; Windows NT 6.0; SLCC1; .NET CLR 2.0.50727; .NET CLR 3.5.30729; .NET CLR 3.0.30618; MSOffice 12)"
67.195.37.93 - - [31/Mar/2009:12:15:41 -0400] "GET /topics/show/124/28172 HTTP/1.0" 200 227438 "-" "Mozilla/5.0 (compatible; Yahoo! Slurp/3.0; http://help.yahoo.com/help/us/ysearch/slurp)"
72.30.65.34 - - [31/Mar/2009:12:15:47 -0400] "GET /topics/show/113/19223 HTTP/1.0" 200 332795 "-" "Mozilla/5.0 (compatible; Yahoo! Slurp/3.0; http://help.yahoo.com/help/us/ysearch/slurp)"
209.62.54.130 - - [31/Mar/2009:12:15:51 -0400] "GET / HTTP/1.0" 200 24896 "-" "Pingdom.com_bot_version_1.4_(http://www.pingdom.com/)"
24.150.204.117 - - [31/Mar/2009:12:16:17 -0400] "GET / HTTP/1.1" 200 24896 "-" "Mozilla/5.0 (Windows; U; Windows NT 6.0; en-GB; rv:1.9.0.8) Gecko/2009032609 Firefox/3.0.8 (.NET CLR 3.5.30729)"
83.140.19.38 - - [31/Mar/2009:12:16:16 -0400] "GET / HTTP/1.0" 200 24896 "-" "Pingdom.com_bot_version_1.4_(http://www.pingdom.com/)"
24.150.204.117 - - [31/Mar/2009:12:16:19 -0400] "GET /rss HTTP/1.1" 200 100138 "-" "Mozilla/5.0 (Windows; U; Windows NT 6.0; en-GB; rv:1.9.0.8) Gecko/2009032609 Firefox/3.0.8 (.NET CLR 3.5.30729)"
216.97.239.30 - - [31/Mar/2009:12:16:53 -0400] "GET /rss HTTP/1.0" 200 100138 "-" "FeedForAll rss2html.php v2"
66.249.73.230 - - [31/Mar/2009:12:16:55 -0400] "GET /profile/673179 HTTP/1.1" 200 17415 "-" "Mozilla/5.0 (compatible; Googlebot/2.1; +http://www.google.com/bot.html)"
96.49.199.11 - - [31/Mar/2009:12:17:20 -0400] "GET /rss HTTP/1.1" 200 99686 "-" "Mozilla/5.0 (Windows; U; Windows NT 5.1; en-US; rv:1.9.0.8) Gecko/2009032609 Firefox/3.0.8"
24.150.204.117 - - [31/Mar/2009:12:17:28 -0400] "GET /rss HTTP/1.1" 200 100138 "-" "Mozilla/5.0 (Windows; U; Windows NT 6.0; en-GB; rv:1.9.0.8) Gecko/2009032609 Firefox/3.0.8 (.NET CLR 3.5.30729)"
209.85.238.28 - - [31/Mar/2009:12:17:32 -0400] "GET /rss HTTP/1.1" 200 99686 "-" "Feedfetcher-Google; (+http://www.google.com/feedfetcher.html; feed-id=8041766000373382223)"
67.195.37.93 - - [31/Mar/2009:12:17:27 -0400] "GET /topics/show/121/28062 HTTP/1.0" 200 623638 "-" "Mozilla/5.0 (compatible; Yahoo! Slurp; http://help.yahoo.com/help/us/ysearch/slurp)"
72.51.41.47 - - [31/Mar/2009:12:17:43 -0400] "GET / HTTP/1.0" 200 24896 "-" "Pingdom.com_bot_version_1.4_(http://www.pingdom.com/)"
212.247.189.113 - - [31/Mar/2009:12:17:51 -0400] "GET / HTTP/1.0" 200 24896 "-" "Pingdom.com_bot_version_1.4_(http://www.pingdom.com/)"
205.205.91.66 - - [31/Mar/2009:12:18:26 -0400] "GET /rss HTTP/1.1" 200 100138 "-" "Mozilla/4.0 (compatible; MSIE 7.0; Windows NT 5.1; GTB5; .NET CLR 1.1.4322; .NET CLR 2.0.50727; InfoPath.2; Alexa Toolbar; MS-RTC LM 8; MSOffice 12)"
67.195.37.93 - - [31/Mar/2009:12:18:35 -0400] "GET /topics/show/108/17267 HTTP/1.0" 200 308259 "-" "Mozilla/5.0 (compatible; Yahoo! Slurp; http://help.yahoo.com/help/us/ysearch/slurp)"
207.97.207.200 - - [31/Mar/2009:12:18:51 -0400] "GET / HTTP/1.0" 200 24896 "-" "Pingdom.com_bot_version_1.4_(http://www.pingdom.com/)"
72.30.65.34 - - [31/Mar/2009:12:18:59 -0400] "GET /profile/258333 HTTP/1.0" 200 16392 "-" "Mozilla/5.0 (compatible; Yahoo! Slurp/3.0; http://help.yahoo.com/help/us/ysearch/slurp)"
142.213.127.2 - - [31/Mar/2009:12:19:02 -0400] "GET /rss HTTP/1.0" 200 100138 "-" "RssBandit/1.5.0.10 (.NET CLR 2.0.50727.42; WinNT 5.1.2600 Service Pack 2; http://www.rssbandit.org)"
24.224.138.136 - - [31/Mar/2009:12:19:22 -0400] "GET /rss HTTP/1.1" 200 100138 "-" "Mozilla/5.0 (compatible; Google Desktop)"
67.192.120.134 - - [31/Mar/2009:12:19:52 -0400] "GET / HTTP/1.0" 200 24896 "-" "Pingdom.com_bot_version_1.4_(http://www.pingdom.com/)"
66.249.73.230 - - [31/Mar/2009:12:20:15 -0400] "GET /profile/682767 HTTP/1.1" 200 15307 "-" "Mozilla/5.0 (compatible; Googlebot/2.1; +http://www.google.com/bot.html)"
78.136.27.223 - - [31/Mar/2009:12:20:51 -0400] "GET / HTTP/1.0" 200 24896 "-" "Pingdom.com_bot_version_1.4_(http://www.pingdom.com/)"
65.54.152.182 - - [31/Mar/2009:12:20:53 -0400] "GET /rss HTTP/1.1" 200 100138 "-" "Mozilla/4.0 (compatible; MSIE 7.0; Windows NT 5.2)"
67.205.112.79 - - [31/Mar/2009:12:21:51 -0400] "GET / HTTP/1.0" 200 24896 "-" "Pingdom.com_bot_version_1.4_(http://www.pingdom.com/)"
66.249.73.230 - - [31/Mar/2009:12:21:55 -0400] "GET /topics/show/114/20682 HTTP/1.1" 200 274085 "-" "Mozilla/5.0 (compatible; Googlebot/2.1; +http://www.google.com/bot.html)"
174.133.253.162 - - [31/Mar/2009:12:22:52 -0400] "GET / HTTP/1.0" 200 24896 "-" "Pingdom.com_bot_version_1.4_(http://www.pingdom.com/)"
67.195.37.93 - - [31/Mar/2009:12:22:56 -0400] "GET /topics/show/120/26077 HTTP/1.0" 200 247796 "-" "Mozilla/5.0 (compatible; Yahoo! Slurp/3.0; http://help.yahoo.com/help/us/ysearch/slurp)"
66.249.73.230 - - [31/Mar/2009:12:23:34 -0400] "GET /topics/show/76/10391 HTTP/1.1" 200 189693 "-" "Mozilla/5.0 (compatible; Googlebot/2.1; +http://www.google.com/bot.html)"
89.151.110.152 - - [31/Mar/2009:12:24:52 -0400] "GET / HTTP/1.0" 200 24896 "-" "Pingdom.com_bot_version_1.4_(http://www.pingdom.com/)"
141.109.12.50 - - [31/Mar/2009:12:25:00 -0400] "GET / HTTP/1.1" 200 24896 "-" "Mozilla/4.0 (compatible; MSIE 6.0; Windows NT 5.1; SV1; InfoPath.1; .NET CLR 2.0.50727)"
141.109.12.50 - - [31/Mar/2009:12:25:02 -0400] "GET /stylesheets/base_1221113035.css HTTP/1.1" 200 14188 "http://www.nikonthenumbers.com/" "Mozilla/4.0 (compatible; MSIE 6.0; Windows NT 5.1; SV1; InfoPath.1; .NET CLR 2.0.50727)"
141.109.12.50 - - [31/Mar/2009:12:25:02 -0400] "GET /javascripts/base_1221113035.js HTTP/1.1" 200 96039 "http://www.nikonthenumbers.com/" "Mozilla/4.0 (compatible; MSIE 6.0; Windows NT 5.1; SV1; InfoPath.1; .NET CLR 2.0.50727)"
141.109.12.50 - - [31/Mar/2009:12:25:04 -0400] "GET /images/TOP_02.jpg HTTP/1.1" 200 14856 "http://www.nikonthenumbers.com/" "Mozilla/4.0 (compatible; MSIE 6.0; Windows NT 5.1; SV1; InfoPath.1; .NET CLR 2.0.50727)"
141.109.12.50 - - [31/Mar/2009:12:25:04 -0400] "GET /images/TOP_01.jpg HTTP/1.1" 200 12839 "http://www.nikonthenumbers.com/" "Mozilla/4.0 (compatible; MSIE 6.0; Windows NT 5.1; SV1; InfoPath.1; .NET CLR 2.0.50727)"
141.109.12.50 - - [31/Mar/2009:12:25:04 -0400] "GET /images/Ses-Townhall-AD-FED-20080911.swf HTTP/1.1" 200 17188 "http://www.nikonthenumbers.com/" "Mozilla/4.0 (compatible; MSIE 6.0; Windows NT 5.1; SV1; InfoPath.1; .NET CLR 2.0.50727)"
141.109.12.50 - - [31/Mar/2009:12:25:04 -0400] "GET /images/TOP_03.jpg HTTP/1.1" 200 15516 "http://www.nikonthenumbers.com/" "Mozilla/4.0 (compatible; MSIE 6.0; Windows NT 5.1; SV1; InfoPath.1; .NET CLR 2.0.50727)"
141.109.12.50 - - [31/Mar/2009:12:25:04 -0400] "GET /images/feed-icon-14x14.png HTTP/1.1" 200 689 "http://www.nikonthenumbers.com/" "Mozilla/4.0 (compatible; MSIE 6.0; Windows NT 5.1; SV1; InfoPath.1; .NET CLR 2.0.50727)"
141.109.12.50 - - [31/Mar/2009:12:25:04 -0400] "GET /images/RULE-FADE.jpg HTTP/1.1" 200 448 "http://www.nikonthenumbers.com/" "Mozilla/4.0 (compatible; MSIE 6.0; Windows NT 5.1; SV1; InfoPath.1; .NET CLR 2.0.50727)"
141.109.12.50 - - [31/Mar/2009:12:25:04 -0400] "GET /fixit.js HTTP/1.1" 200 153 "http://www.nikonthenumbers.com/" "Mozilla/4.0 (compatible; MSIE 6.0; Windows NT 5.1; SV1; InfoPath.1; .NET CLR 2.0.50727)"
141.109.12.50 - - [31/Mar/2009:12:25:04 -0400] "GET /images/page-bg.gif HTTP/1.1" 200 1487 "http://www.nikonthenumbers.com/" "Mozilla/4.0 (compatible; MSIE 6.0; Windows NT 5.1; SV1; InfoPath.1; .NET CLR 2.0.50727)"
141.109.12.50 - - [31/Mar/2009:12:25:04 -0400] "GET /images/TOP_06.jpg HTTP/1.1" 200 2158 "http://www.nikonthenumbers.com/" "Mozilla/4.0 (compatible; MSIE 6.0; Windows NT 5.1; SV1; InfoPath.1; .NET CLR 2.0.50727)"
141.109.12.50 - - [31/Mar/2009:12:25:04 -0400] "GET /images/bottom-with-shaddow.gif HTTP/1.1" 200 9790 "http://www.nikonthenumbers.com/" "Mozilla/4.0 (compatible; MSIE 6.0; Windows NT 5.1; SV1; InfoPath.1; .NET CLR 2.0.50727)"
141.109.12.50 - - [31/Mar/2009:12:25:04 -0400] "GET /images/BOX-BACK.jpg HTTP/1.1" 200 1025 "http://www.nikonthenumbers.com/" "Mozilla/4.0 (compatible; MSIE 6.0; Windows NT 5.1; SV1; InfoPath.1; .NET CLR 2.0.50727)"
141.109.12.50 - - [31/Mar/2009:12:25:04 -0400] "GET /images/red-band.gif HTTP/1.1" 200 4358 "http://www.nikonthenumbers.com/" "Mozilla/4.0 (compatible; MSIE 6.0; Windows NT 5.1; SV1; InfoPath.1; .NET CLR 2.0.50727)"
141.109.12.50 - - [31/Mar/2009:12:25:04 -0400] "GET /images/polling_results.jpg?1221113035 HTTP/1.1" 200 5021 "http://www.nikonthenumbers.com/" "Mozilla/4.0 (compatible; MSIE 6.0; Windows NT 5.1; SV1; InfoPath.1; .NET CLR 2.0.50727)"
141.109.12.50 - - [31/Mar/2009:12:25:04 -0400] "GET /images/safe_subscribe_logo.gif HTTP/1.1" 200 457 "http://www.nikonthenumbers.com/" "Mozilla/4.0 (compatible; MSIE 6.0; Windows NT 5.1; SV1; InfoPath.1; .NET CLR 2.0.50727)"
141.109.12.50 - - [31/Mar/2009:12:25:04 -0400] "GET /images/comment_bw.png HTTP/1.1" 200 384 "http://www.nikonthenumbers.com/" "Mozilla/4.0 (compatible; MSIE 6.0; Windows NT 5.1; SV1; InfoPath.1; .NET CLR 2.0.50727)"
208.36.144.9 - - [31/Mar/2009:12:25:05 -0400] "GET /profile/663156 HTTP/1.0" 200 15109 "-" "Mozilla/5.0 (Twiceler-0.9 http://www.cuil.com/twiceler/robot.html)"
141.109.12.50 - - [31/Mar/2009:12:25:06 -0400] "GET /images/cancel.png HTTP/1.1" 200 853 "http://www.nikonthenumbers.com/" "Mozilla/4.0 (compatible; MSIE 6.0; Windows NT 5.1; SV1; InfoPath.1; .NET CLR 2.0.50727)"
66.249.73.230 - - [31/Mar/2009:12:25:14 -0400] "GET /profile/9204 HTTP/1.1" 200 15268 "-" "Mozilla/5.0 (compatible; Googlebot/2.1; +http://www.google.com/bot.html)"
141.109.12.50 - - [31/Mar/2009:12:25:28 -0400] "GET /avatars/0000/0107/hope-nope5_thumb.jpg?1235523623 HTTP/1.1" 200 5188 "http://www.nikonthenumbers.com/topics/show/124" "Mozilla/4.0 (compatible; MSIE 6.0; Windows NT 5.1; SV1; InfoPath.1; .NET CLR 2.0.50727)"
141.109.12.50 - - [31/Mar/2009:12:25:28 -0400] "GET /avatars/0000/0083/LOGO_lg_thumb.png?1228919873 HTTP/1.1" 200 3884 "http://www.nikonthenumbers.com/topics/show/124" "Mozilla/4.0 (compatible; MSIE 6.0; Windows NT 5.1; SV1; InfoPath.1; .NET CLR 2.0.50727)"
141.109.12.50 - - [31/Mar/2009:12:25:27 -0400] "GET /topics/show/124 HTTP/1.1" 200 150388 "http://www.nikonthenumbers.com/" "Mozilla/4.0 (compatible; MSIE 6.0; Windows NT 5.1; SV1; InfoPath.1; .NET CLR 2.0.50727)"
141.109.12.50 - - [31/Mar/2009:12:25:29 -0400] "GET /images/comment.png HTTP/1.1" 200 540 "http://www.nikonthenumbers.com/topics/show/124" "Mozilla/4.0 (compatible; MSIE 6.0; Windows NT 5.1; SV1; InfoPath.1; .NET CLR 2.0.50727)"
209.62.54.130 - - [31/Mar/2009:12:25:51 -0400] "GET / HTTP/1.0" 200 24896 "-" "Pingdom.com_bot_version_1.4_(http://www.pingdom.com/)"
67.226.157.169 - - [31/Mar/2009:12:26:15 -0400] "GET /favicon.ico HTTP/1.1" 200 894 "-" "Mozilla/4.0 (compatible; MSIE 7.0; Windows NT 5.1; .NET CLR 1.1.4322)"
67.195.37.93 - - [31/Mar/2009:12:26:13 -0400] "GET /topics/show/111/18071 HTTP/1.0" 200 198818 "-" "Mozilla/5.0 (compatible; Yahoo! Slurp; http://help.yahoo.com/help/us/ysearch/slurp)"
67.226.157.169 - - [31/Mar/2009:12:26:15 -0400] "GET /topics/show/124/28426 HTTP/1.1" 200 190857 "http://by102w.bay102.mail.live.com/mail/InboxLight.aspx?FolderID=00000000-0000-0000-0000-000000000005&InboxSortAscending=False&InboxSortBy=Date&n=1358796870" "Mozilla/4.0 (compatible; MSIE 7.0; Windows NT 5.1; .NET CLR 1.1.4322)"
67.226.157.169 - - [31/Mar/2009:12:26:16 -0400] "GET /stylesheets/base_1221113035.css HTTP/1.1" 200 14188 "http://nikonthenumbers.com/topics/show/124/28426" "Mozilla/4.0 (compatible; MSIE 7.0; Windows NT 5.1; .NET CLR 1.1.4322)"
67.226.157.169 - - [31/Mar/2009:12:26:17 -0400] "GET /javascripts/base_1221113035.js HTTP/1.1" 200 96039 "http://nikonthenumbers.com/topics/show/124/28426" "Mozilla/4.0 (compatible; MSIE 7.0; Windows NT 5.1; .NET CLR 1.1.4322)"
67.226.157.169 - - [31/Mar/2009:12:26:17 -0400] "GET /images/TOP_01.jpg HTTP/1.1" 200 12839 "http://nikonthenumbers.com/topics/show/124/28426" "Mozilla/4.0 (compatible; MSIE 7.0; Windows NT 5.1; .NET CLR 1.1.4322)"
67.226.157.169 - - [31/Mar/2009:12:26:17 -0400] "GET /images/page-bg.gif HTTP/1.1" 200 1487 "http://nikonthenumbers.com/topics/show/124/28426" "Mozilla/4.0 (compatible; MSIE 7.0; Windows NT 5.1; .NET CLR 1.1.4322)"
67.226.157.169 - - [31/Mar/2009:12:26:17 -0400] "GET /images/TOP_02.jpg HTTP/1.1" 200 14856 "http://nikonthenumbers.com/topics/show/124/28426" "Mozilla/4.0 (compatible; MSIE 7.0; Windows NT 5.1; .NET CLR 1.1.4322)"
