70.71.168.222 - - [31/Mar/2009:20:10:44 -0400] "POST /rater/create/comment_rating/28547 HTTP/1.1" 200 165 "http://nikonthenumbers.com/topics/show/124/28171#comment_28547" "Mozilla/4.0 (compatible; MSIE 7.0; Windows NT 5.1; GTB5; .NET CLR 1.1.4322)"
70.71.168.222 - - [31/Mar/2009:20:10:48 -0400] "POST /topic/124/talk/new?parent_id=28547 HTTP/1.1" 200 1246 "http://nikonthenumbers.com/topics/show/124/28171#comment_28547" "Mozilla/4.0 (compatible; MSIE 7.0; Windows NT 5.1; GTB5; .NET CLR 1.1.4322)"
78.136.27.223 - - [31/Mar/2009:20:10:51 -0400] "GET / HTTP/1.0" 200 24788 "-" "Pingdom.com_bot_version_1.4_(http://www.pingdom.com/)"
72.30.79.90 - - [31/Mar/2009:20:10:53 -0400] "GET /topics/show/124/28426 HTTP/1.0" 200 203312 "-" "Mozilla/5.0 (compatible; Yahoo! Slurp/3.0; http://help.yahoo.com/help/us/ysearch/slurp)"
72.30.79.90 - - [31/Mar/2009:20:10:59 -0400] "GET /stylesheets/base_1221113035.css HTTP/1.0" 304 - "http://nikonthenumbers.com/topics/show/124/28426" "Mozilla/5.0 (compatible; Yahoo! Slurp/3.0; http://help.yahoo.com/help/us/ysearch/slurp)"
64.231.213.213 - - [31/Mar/2009:20:11:05 -0400] "GET /topics/show/124/28171 HTTP/1.1" 200 202535 "http://nikonthenumbers.com/" "Mozilla/5.0 (Windows; U; Windows NT 5.1; en-US; rv:1.9.0.8) Gecko/2009032609 Firefox/3.0.8"
64.231.213.213 - - [31/Mar/2009:20:11:09 -0400] "GET /avatars/0000/0035/avatar3457_1_thumb.png?1221427967 HTTP/1.1" 200 9121 "http://nikonthenumbers.com/topics/show/124/28171" "Mozilla/5.0 (Windows; U; Windows NT 5.1; en-US; rv:1.9.0.8) Gecko/2009032609 Firefox/3.0.8"
64.231.213.213 - - [31/Mar/2009:20:11:12 -0400] "POST /talk/mark/28547 HTTP/1.1" 201 1 "http://nikonthenumbers.com/topics/show/124/28171" "Mozilla/5.0 (Windows; U; Windows NT 5.1; en-US; rv:1.9.0.8) Gecko/2009032609 Firefox/3.0.8"
67.195.37.93 - - [31/Mar/2009:20:11:14 -0400] "GET /topics/show/124 HTTP/1.0" 200 150383 "-" "Mozilla/5.0 (compatible; Yahoo! Slurp/3.0; http://help.yahoo.com/help/us/ysearch/slurp)"
67.195.37.93 - - [31/Mar/2009:20:11:16 -0400] "GET /profile/13525 HTTP/1.0" 200 681696 "-" "Mozilla/5.0 (compatible; Yahoo! Slurp; http://help.yahoo.com/help/us/ysearch/slurp)"
70.71.168.222 - - [31/Mar/2009:20:11:46 -0400] "POST /topic/124/talk/preview HTTP/1.1" 200 2124 "http://nikonthenumbers.com/topics/show/124/28171#comment_28547" "Mozilla/4.0 (compatible; MSIE 7.0; Windows NT 5.1; GTB5; .NET CLR 1.1.4322)"
67.205.112.79 - - [31/Mar/2009:20:11:51 -0400] "GET / HTTP/1.0" 200 24788 "-" "Pingdom.com_bot_version_1.4_(http://www.pingdom.com/)"
70.71.168.222 - - [31/Mar/2009:20:12:03 -0400] "POST /login HTTP/1.1" 200 1069 "http://nikonthenumbers.com/topics/show/124/28171#comment_28547" "Mozilla/4.0 (compatible; MSIE 7.0; Windows NT 5.1; GTB5; .NET CLR 1.1.4322)"
70.71.168.222 - - [31/Mar/2009:20:12:03 -0400] "POST /topic/124/talk/preview HTTP/1.1" 200 1455 "http://nikonthenumbers.com/topics/show/124/28171#comment_28547" "Mozilla/4.0 (compatible; MSIE 7.0; Windows NT 5.1; GTB5; .NET CLR 1.1.4322)"
70.71.168.222 - - [31/Mar/2009:20:12:03 -0400] "POST /topic/124/talk/preview HTTP/1.1" 200 1969 "http://nikonthenumbers.com/topics/show/124/28171#comment_28547" "Mozilla/4.0 (compatible; MSIE 7.0; Windows NT 5.1; GTB5; .NET CLR 1.1.4322)"
70.71.168.222 - - [31/Mar/2009:20:12:04 -0400] "GET /images/information.png HTTP/1.1" 304 - "http://nikonthenumbers.com/topics/show/124/28171" "Mozilla/4.0 (compatible; MSIE 7.0; Windows NT 5.1; GTB5; .NET CLR 1.1.4322)"
70.71.168.222 - - [31/Mar/2009:20:12:16 -0400] "POST /topic/124/talk/create HTTP/1.1" 200 1969 "http://nikonthenumbers.com/topics/show/124/28171#comment_28547" "Mozilla/4.0 (compatible; MSIE 7.0; Windows NT 5.1; GTB5; .NET CLR 1.1.4322)"
66.183.156.4 - - [31/Mar/2009:20:12:14 -0400] "GET /rss HTTP/1.1" 200 100138 "-" "FeedDemon/2.7 (http://www.newsgator.com/; Microsoft Windows)"
70.71.168.222 - - [31/Mar/2009:20:12:19 -0400] "POST /topic/124/talk/create HTTP/1.1" 200 2136 "http://nikonthenumbers.com/topics/show/124/28171#comment_28547" "Mozilla/4.0 (compatible; MSIE 7.0; Windows NT 5.1; GTB5; .NET CLR 1.1.4322)"
70.71.168.222 - - [31/Mar/2009:20:12:27 -0400] "POST /topic/124/talk/new?parent_id=28547 HTTP/1.1" 200 1246 "http://nikonthenumbers.com/topics/show/124/28171#comment_28547" "Mozilla/4.0 (compatible; MSIE 7.0; Windows NT 5.1; GTB5; .NET CLR 1.1.4322)"
70.71.168.222 - - [31/Mar/2009:20:12:39 -0400] "POST /topic/124/talk/preview HTTP/1.1" 200 1455 "http://nikonthenumbers.com/topics/show/124/28171#comment_28547" "Mozilla/4.0 (compatible; MSIE 7.0; Windows NT 5.1; GTB5; .NET CLR 1.1.4322)"
65.55.105.118 - - [31/Mar/2009:20:12:39 -0400] "GET /profile/911245 HTTP/1.1" 200 15682 "-" "msnbot/1.1 (+http://search.msn.com/msnbot.htm)"
174.133.253.162 - - [31/Mar/2009:20:12:51 -0400] "GET / HTTP/1.0" 200 24782 "-" "Pingdom.com_bot_version_1.4_(http://www.pingdom.com/)"
70.71.168.222 - - [31/Mar/2009:20:12:54 -0400] "POST /talk/mark/28177 HTTP/1.1" 201 1 "http://nikonthenumbers.com/topics/show/124/28171#comment_28547" "Mozilla/4.0 (compatible; MSIE 7.0; Windows NT 5.1; GTB5; .NET CLR 1.1.4322)"
70.71.168.222 - - [31/Mar/2009:20:13:05 -0400] "POST /talk/mark/28201 HTTP/1.1" 201 1 "http://nikonthenumbers.com/topics/show/124/28171#comment_28547" "Mozilla/4.0 (compatible; MSIE 7.0; Windows NT 5.1; GTB5; .NET CLR 1.1.4322)"
75.154.76.172 - - [31/Mar/2009:20:13:22 -0400] "GET /rss HTTP/1.1" 200 100138 "-" "Windows-RSS-Platform/1.0 (MSIE 7.0; Windows NT 6.0)"
207.245.21.152 - - [31/Mar/2009:20:13:23 -0400] "GET /rss HTTP/1.1" 200 100138 "-" "Mozilla/4.0 (compatible; MSIE 7.0; Windows NT 5.1; InfoPath.2; MSOffice 12)"
70.71.168.222 - - [31/Mar/2009:20:13:29 -0400] "POST /rater/create/comment_rating/28201 HTTP/1.1" 200 165 "http://nikonthenumbers.com/topics/show/124/28171#comment_28547" "Mozilla/4.0 (compatible; MSIE 7.0; Windows NT 5.1; GTB5; .NET CLR 1.1.4322)"
70.71.168.222 - - [31/Mar/2009:20:13:30 -0400] "POST /topic/124/talk/new?parent_id=28201 HTTP/1.1" 200 1246 "http://nikonthenumbers.com/topics/show/124/28171#comment_28547" "Mozilla/4.0 (compatible; MSIE 7.0; Windows NT 5.1; GTB5; .NET CLR 1.1.4322)"
67.195.37.93 - - [31/Mar/2009:20:13:42 -0400] "GET /topics/show/107/16970 HTTP/1.0" 200 188481 "-" "Mozilla/5.0 (compatible; Yahoo! Slurp; http://help.yahoo.com/help/us/ysearch/slurp)"
67.195.37.93 - - [31/Mar/2009:20:13:52 -0400] "GET /topics/show/81/10814 HTTP/1.0" 200 53444 "-" "Mozilla/5.0 (compatible; Yahoo! Slurp; http://help.yahoo.com/help/us/ysearch/slurp)"
70.71.168.222 - - [31/Mar/2009:20:14:04 -0400] "POST /topic/124/talk/preview HTTP/1.1" 200 1867 "http://nikonthenumbers.com/topics/show/124/28171#comment_28547" "Mozilla/4.0 (compatible; MSIE 7.0; Windows NT 5.1; GTB5; .NET CLR 1.1.4322)"
70.71.168.222 - - [31/Mar/2009:20:14:06 -0400] "POST /topic/124/talk/create HTTP/1.1" 200 2085 "http://nikonthenumbers.com/topics/show/124/28171#comment_28547" "Mozilla/4.0 (compatible; MSIE 7.0; Windows NT 5.1; GTB5; .NET CLR 1.1.4322)"
67.192.109.106 - - [31/Mar/2009:20:14:05 -0400] "GET /rss HTTP/1.1" 200 100138 "-" "Virtual Reach Newsclip Collector"
70.71.168.222 - - [31/Mar/2009:20:14:19 -0400] "POST /talk/mark/28184 HTTP/1.1" 201 1 "http://nikonthenumbers.com/topics/show/124/28171#comment_28547" "Mozilla/4.0 (compatible; MSIE 7.0; Windows NT 5.1; GTB5; .NET CLR 1.1.4322)"
70.71.168.222 - - [31/Mar/2009:20:14:30 -0400] "POST /rater/create/comment_rating/28184 HTTP/1.1" 200 165 "http://nikonthenumbers.com/topics/show/124/28171#comment_28547" "Mozilla/4.0 (compatible; MSIE 7.0; Windows NT 5.1; GTB5; .NET CLR 1.1.4322)"
70.71.168.222 - - [31/Mar/2009:20:14:45 -0400] "POST /talk/mark/28189 HTTP/1.1" 201 1 "http://nikonthenumbers.com/topics/show/124/28171#comment_28547" "Mozilla/4.0 (compatible; MSIE 7.0; Windows NT 5.1; GTB5; .NET CLR 1.1.4322)"
67.195.37.93 - - [31/Mar/2009:20:14:47 -0400] "GET /topics/show/56/3153 HTTP/1.0" 200 161190 "-" "Mozilla/5.0 (compatible; Yahoo! Slurp; http://help.yahoo.com/help/us/ysearch/slurp)"
89.151.110.152 - - [31/Mar/2009:20:14:52 -0400] "GET / HTTP/1.0" 200 24838 "-" "Pingdom.com_bot_version_1.4_(http://www.pingdom.com/)"
70.71.168.222 - - [31/Mar/2009:20:15:04 -0400] "POST /rater/create/comment_rating/28189 HTTP/1.1" 200 168 "http://nikonthenumbers.com/topics/show/124/28171#comment_28547" "Mozilla/4.0 (compatible; MSIE 7.0; Windows NT 5.1; GTB5; .NET CLR 1.1.4322)"
70.71.168.222 - - [31/Mar/2009:20:15:06 -0400] "POST /topic/124/talk/new?parent_id=28189 HTTP/1.1" 200 1246 "http://nikonthenumbers.com/topics/show/124/28171#comment_28547" "Mozilla/4.0 (compatible; MSIE 7.0; Windows NT 5.1; GTB5; .NET CLR 1.1.4322)"
70.71.168.222 - - [31/Mar/2009:20:15:17 -0400] "POST /talk/mark/28190 HTTP/1.1" 201 1 "http://nikonthenumbers.com/topics/show/124/28171#comment_28547" "Mozilla/4.0 (compatible; MSIE 7.0; Windows NT 5.1; GTB5; .NET CLR 1.1.4322)"
70.71.168.222 - - [31/Mar/2009:20:15:21 -0400] "POST /talk/mark/28195 HTTP/1.1" 201 1 "http://nikonthenumbers.com/topics/show/124/28171#comment_28547" "Mozilla/4.0 (compatible; MSIE 7.0; Windows NT 5.1; GTB5; .NET CLR 1.1.4322)"
70.71.168.222 - - [31/Mar/2009:20:15:28 -0400] "POST /talk/mark/28198 HTTP/1.1" 201 1 "http://nikonthenumbers.com/topics/show/124/28171#comment_28547" "Mozilla/4.0 (compatible; MSIE 7.0; Windows NT 5.1; GTB5; .NET CLR 1.1.4322)"
70.71.168.222 - - [31/Mar/2009:20:15:44 -0400] "POST /talk/mark/28199 HTTP/1.1" 201 1 "http://nikonthenumbers.com/topics/show/124/28171#comment_28547" "Mozilla/4.0 (compatible; MSIE 7.0; Windows NT 5.1; GTB5; .NET CLR 1.1.4322)"
209.62.54.130 - - [31/Mar/2009:20:15:51 -0400] "GET / HTTP/1.0" 200 24838 "-" "Pingdom.com_bot_version_1.4_(http://www.pingdom.com/)"
64.78.155.100 - - [31/Mar/2009:20:15:54 -0400] "GET /rss HTTP/1.1" 200 99686 "-" "NewsGatorOnline/2.0 (http://www.newsgator.com; 1 subscribers)"
70.71.168.222 - - [31/Mar/2009:20:16:02 -0400] "POST /topic/124/talk/new?parent_id=28199 HTTP/1.1" 200 1246 "http://nikonthenumbers.com/topics/show/124/28171#comment_28547" "Mozilla/4.0 (compatible; MSIE 7.0; Windows NT 5.1; GTB5; .NET CLR 1.1.4322)"
70.71.168.222 - - [31/Mar/2009:20:16:05 -0400] "POST /rater/create/comment_rating/28199 HTTP/1.1" 200 168 "http://nikonthenumbers.com/topics/show/124/28171#comment_28547" "Mozilla/4.0 (compatible; MSIE 7.0; Windows NT 5.1; GTB5; .NET CLR 1.1.4322)"
70.71.168.222 - - [31/Mar/2009:20:16:14 -0400] "POST /topic/124/talk/preview HTTP/1.1" 200 1733 "http://nikonthenumbers.com/topics/show/124/28171#comment_28547" "Mozilla/4.0 (compatible; MSIE 7.0; Windows NT 5.1; GTB5; .NET CLR 1.1.4322)"
70.71.168.222 - - [31/Mar/2009:20:16:16 -0400] "POST /topic/124/talk/create HTTP/1.1" 200 2018 "http://nikonthenumbers.com/topics/show/124/28171#comment_28547" "Mozilla/4.0 (compatible; MSIE 7.0; Windows NT 5.1; GTB5; .NET CLR 1.1.4322)"
70.71.168.222 - - [31/Mar/2009:20:16:22 -0400] "POST /talk/mark/28260 HTTP/1.1" 201 1 "http://nikonthenumbers.com/topics/show/124/28171#comment_28547" "Mozilla/4.0 (compatible; MSIE 7.0; Windows NT 5.1; GTB5; .NET CLR 1.1.4322)"
70.71.168.222 - - [31/Mar/2009:20:16:30 -0400] "POST /talk/mark/28206 HTTP/1.1" 201 1 "http://nikonthenumbers.com/topics/show/124/28171#comment_28547" "Mozilla/4.0 (compatible; MSIE 7.0; Windows NT 5.1; GTB5; .NET CLR 1.1.4322)"
70.71.168.222 - - [31/Mar/2009:20:16:36 -0400] "POST /talk/mark/28261 HTTP/1.1" 201 1 "http://nikonthenumbers.com/topics/show/124/28171#comment_28547" "Mozilla/4.0 (compatible; MSIE 7.0; Windows NT 5.1; GTB5; .NET CLR 1.1.4322)"
66.249.71.138 - - [31/Mar/2009:20:16:44 -0400] "GET /profile/701535 HTTP/1.1" 200 14673 "-" "Mozilla/5.0 (compatible; Googlebot/2.1; +http://www.google.com/bot.html)"
70.71.168.222 - - [31/Mar/2009:20:16:44 -0400] "POST /talk/mark/28226 HTTP/1.1" 201 1 "http://nikonthenumbers.com/topics/show/124/28171#comment_28547" "Mozilla/4.0 (compatible; MSIE 7.0; Windows NT 5.1; GTB5; .NET CLR 1.1.4322)"
72.51.41.47 - - [31/Mar/2009:20:16:51 -0400] "GET / HTTP/1.0" 200 24819 "-" "Pingdom.com_bot_version_1.4_(http://www.pingdom.com/)"
70.71.168.222 - - [31/Mar/2009:20:16:54 -0400] "POST /topics/show_comments/124/28172 HTTP/1.1" 200 80905 "http://nikonthenumbers.com/topics/show/124/28171#comment_28547" "Mozilla/4.0 (compatible; MSIE 7.0; Windows NT 5.1; GTB5; .NET CLR 1.1.4322)"
70.71.168.222 - - [31/Mar/2009:20:16:58 -0400] "POST /talk/mark/28172 HTTP/1.1" 201 1 "http://nikonthenumbers.com/topics/show/124/28171#comment_28547" "Mozilla/4.0 (compatible; MSIE 7.0; Windows NT 5.1; GTB5; .NET CLR 1.1.4322)"
70.71.168.222 - - [31/Mar/2009:20:17:18 -0400] "POST /talk/mark/28219 HTTP/1.1" 201 1 "http://nikonthenumbers.com/topics/show/124/28171#comment_28547" "Mozilla/4.0 (compatible; MSIE 7.0; Windows NT 5.1; GTB5; .NET CLR 1.1.4322)"
212.247.189.113 - - [31/Mar/2009:20:17:51 -0400] "GET / HTTP/1.0" 200 24819 "-" "Pingdom.com_bot_version_1.4_(http://www.pingdom.com/)"
66.249.71.138 - - [31/Mar/2009:20:18:24 -0400] "GET /viewer/header/60 HTTP/1.1" 200 3639 "-" "Mozilla/5.0 (compatible; Googlebot/2.1; +http://www.google.com/bot.html)"
207.97.207.200 - - [31/Mar/2009:20:18:51 -0400] "GET / HTTP/1.0" 200 24819 "-" "Pingdom.com_bot_version_1.4_(http://www.pingdom.com/)"
67.192.120.134 - - [31/Mar/2009:20:19:51 -0400] "GET / HTTP/1.0" 200 24819 "-" "Pingdom.com_bot_version_1.4_(http://www.pingdom.com/)"
66.249.71.138 - - [31/Mar/2009:20:20:03 -0400] "GET /profile/559091 HTTP/1.1" 200 17277 "-" "Mozilla/5.0 (compatible; Googlebot/2.1; +http://www.google.com/bot.html)"
216.113.201.145 - - [31/Mar/2009:20:20:44 -0400] "GET / HTTP/1.1" 200 24819 "-" "Mozilla/5.0 (Windows; U; Windows NT 5.1; en-US; rv:1.8.1.20) Gecko/20081217 Firefox/2.0.0.20"
216.113.201.145 - - [31/Mar/2009:20:20:50 -0400] "GET /stylesheets/base_1221113035.css HTTP/1.1" 200 14188 "http://www.nikonthenumbers.com/" "Mozilla/5.0 (Windows; U; Windows NT 5.1; en-US; rv:1.8.1.20) Gecko/20081217 Firefox/2.0.0.20"
216.113.201.145 - - [31/Mar/2009:20:20:51 -0400] "GET /javascripts/base_1221113035.js HTTP/1.1" 200 96039 "http://www.nikonthenumbers.com/" "Mozilla/5.0 (Windows; U; Windows NT 5.1; en-US; rv:1.8.1.20) Gecko/20081217 Firefox/2.0.0.20"
216.113.201.145 - - [31/Mar/2009:20:20:52 -0400] "GET /favicon.ico HTTP/1.1" 200 894 "-" "Mozilla/5.0 (Windows; U; Windows NT 5.1; en-US; rv:1.8.1.20) Gecko/20081217 Firefox/2.0.0.20"
216.113.201.145 - - [31/Mar/2009:20:20:52 -0400] "GET /images/page-bg.gif HTTP/1.1" 200 1487 "http://www.nikonthenumbers.com/stylesheets/base_1221113035.css" "Mozilla/5.0 (Windows; U; Windows NT 5.1; en-US; rv:1.8.1.20) Gecko/20081217 Firefox/2.0.0.20"
216.113.201.145 - - [31/Mar/2009:20:20:52 -0400] "GET /images/TOP_01.jpg HTTP/1.1" 200 12839 "http://www.nikonthenumbers.com/" "Mozilla/5.0 (Windows; U; Windows NT 5.1; en-US; rv:1.8.1.20) Gecko/20081217 Firefox/2.0.0.20"
216.113.201.145 - - [31/Mar/2009:20:20:52 -0400] "GET /fixit.js HTTP/1.1" 200 153 "http://www.nikonthenumbers.com/" "Mozilla/5.0 (Windows; U; Windows NT 5.1; en-US; rv:1.8.1.20) Gecko/20081217 Firefox/2.0.0.20"
78.136.27.223 - - [31/Mar/2009:20:20:51 -0400] "GET / HTTP/1.0" 200 24819 "-" "Pingdom.com_bot_version_1.4_(http://www.pingdom.com/)"
216.113.201.145 - - [31/Mar/2009:20:20:54 -0400] "GET /images/TOP_02.jpg HTTP/1.1" 200 14856 "http://www.nikonthenumbers.com/" "Mozilla/5.0 (Windows; U; Windows NT 5.1; en-US; rv:1.8.1.20) Gecko/20081217 Firefox/2.0.0.20"
216.113.201.145 - - [31/Mar/2009:20:20:55 -0400] "GET /images/TOP_03.jpg HTTP/1.1" 200 15516 "http://www.nikonthenumbers.com/" "Mozilla/5.0 (Windows; U; Windows NT 5.1; en-US; rv:1.8.1.20) Gecko/20081217 Firefox/2.0.0.20"
216.113.201.145 - - [31/Mar/2009:20:20:55 -0400] "GET /images/Ses-Townhall-AD-FED-20080911.swf HTTP/1.1" 200 17188 "http://www.nikonthenumbers.com/" "Mozilla/5.0 (Windows; U; Windows NT 5.1; en-US; rv:1.8.1.20) Gecko/20081217 Firefox/2.0.0.20"
216.113.201.145 - - [31/Mar/2009:20:20:57 -0400] "GET /images/RULE-FADE.jpg HTTP/1.1" 200 448 "http://www.nikonthenumbers.com/" "Mozilla/5.0 (Windows; U; Windows NT 5.1; en-US; rv:1.8.1.20) Gecko/20081217 Firefox/2.0.0.20"
216.113.201.145 - - [31/Mar/2009:20:20:57 -0400] "GET /images/polling_results.jpg?1221113035 HTTP/1.1" 200 5021 "http://www.nikonthenumbers.com/" "Mozilla/5.0 (Windows; U; Windows NT 5.1; en-US; rv:1.8.1.20) Gecko/20081217 Firefox/2.0.0.20"
216.113.201.145 - - [31/Mar/2009:20:20:58 -0400] "GET /images/safe_subscribe_logo.gif HTTP/1.1" 200 457 "http://www.nikonthenumbers.com/" "Mozilla/5.0 (Windows; U; Windows NT 5.1; en-US; rv:1.8.1.20) Gecko/20081217 Firefox/2.0.0.20"
216.113.201.145 - - [31/Mar/2009:20:20:58 -0400] "GET /images/TOP_06.jpg HTTP/1.1" 200 2158 "http://www.nikonthenumbers.com/stylesheets/base_1221113035.css" "Mozilla/5.0 (Windows; U; Windows NT 5.1; en-US; rv:1.8.1.20) Gecko/20081217 Firefox/2.0.0.20"
216.113.201.145 - - [31/Mar/2009:20:20:58 -0400] "GET /images/red-band.gif HTTP/1.1" 200 4358 "http://www.nikonthenumbers.com/stylesheets/base_1221113035.css" "Mozilla/5.0 (Windows; U; Windows NT 5.1; en-US; rv:1.8.1.20) Gecko/20081217 Firefox/2.0.0.20"
216.113.201.145 - - [31/Mar/2009:20:20:58 -0400] "GET /images/bottom-with-shaddow.gif HTTP/1.1" 200 9790 "http://www.nikonthenumbers.com/stylesheets/base_1221113035.css" "Mozilla/5.0 (Windows; U; Windows NT 5.1; en-US; rv:1.8.1.20) Gecko/20081217 Firefox/2.0.0.20"
216.113.201.145 - - [31/Mar/2009:20:20:59 -0400] "GET /images/BOX-BACK.jpg HTTP/1.1" 200 1025 "http://www.nikonthenumbers.com/stylesheets/base_1221113035.css" "Mozilla/5.0 (Windows; U; Windows NT 5.1; en-US; rv:1.8.1.20) Gecko/20081217 Firefox/2.0.0.20"
216.113.201.145 - - [31/Mar/2009:20:20:59 -0400] "GET /images/comment_bw.png HTTP/1.1" 200 384 "http://www.nikonthenumbers.com/stylesheets/base_1221113035.css" "Mozilla/5.0 (Windows; U; Windows NT 5.1; en-US; rv:1.8.1.20) Gecko/20081217 Firefox/2.0.0.20"
216.113.201.145 - - [31/Mar/2009:20:21:00 -0400] "GET /images/feed-icon-14x14.png HTTP/1.1" 200 689 "http://www.nikonthenumbers.com/" "Mozilla/5.0 (Windows; U; Windows NT 5.1; en-US; rv:1.8.1.20) Gecko/20081217 Firefox/2.0.0.20"
216.113.201.145 - - [31/Mar/2009:20:21:24 -0400] "GET /images/comment.png HTTP/1.1" 200 540 "http://www.nikonthenumbers.com/stylesheets/base_1221113035.css" "Mozilla/5.0 (Windows; U; Windows NT 5.1; en-US; rv:1.8.1.20) Gecko/20081217 Firefox/2.0.0.20"
216.113.201.145 - - [31/Mar/2009:20:21:25 -0400] "GET /avatars/0000/0107/hope-nope5_thumb.jpg?1235523623 HTTP/1.1" 200 5188 "http://www.nikonthenumbers.com/topics/show/124" "Mozilla/5.0 (Windows; U; Windows NT 5.1; en-US; rv:1.8.1.20) Gecko/20081217 Firefox/2.0.0.20"
216.113.201.145 - - [31/Mar/2009:20:21:23 -0400] "GET /topics/show/124 HTTP/1.1" 200 150382 "http://www.nikonthenumbers.com/" "Mozilla/5.0 (Windows; U; Windows NT 5.1; en-US; rv:1.8.1.20) Gecko/20081217 Firefox/2.0.0.20"
216.113.201.145 - - [31/Mar/2009:20:21:25 -0400] "GET /topics/show/125 HTTP/1.1" 200 77021 "http://www.nikonthenumbers.com/" "Mozilla/5.0 (Windows; U; Windows NT 5.1; en-US; rv:1.8.1.20) Gecko/20081217 Firefox/2.0.0.20"
216.113.201.145 - - [31/Mar/2009:20:21:27 -0400] "GET /avatars/0000/0083/LOGO_lg_thumb.png?1228919873 HTTP/1.1" 200 3884 "http://www.nikonthenumbers.com/topics/show/124" "Mozilla/5.0 (Windows; U; Windows NT 5.1; en-US; rv:1.8.1.20) Gecko/20081217 Firefox/2.0.0.20"
72.30.65.34 - - [31/Mar/2009:20:21:48 -0400] "GET /topics/show/78/10462 HTTP/1.0" 200 152168 "-" "Mozilla/5.0 (compatible; Yahoo! Slurp/3.0; http://help.yahoo.com/help/us/ysearch/slurp)"
72.30.65.34 - - [31/Mar/2009:20:21:48 -0400] "GET /topics/show/68/6230 HTTP/1.0" 200 114629 "-" "Mozilla/5.0 (compatible; Yahoo! Slurp/3.0; http://help.yahoo.com/help/us/ysearch/slurp)"
216.113.201.145 - - [31/Mar/2009:20:21:50 -0400] "POST /talk/mark/28172 HTTP/1.1" 201 1 "http://www.nikonthenumbers.com/topics/show/124" "Mozilla/5.0 (Windows; U; Windows NT 5.1; en-US; rv:1.8.1.20) Gecko/20081217 Firefox/2.0.0.20"
67.205.112.79 - - [31/Mar/2009:20:21:51 -0400] "GET / HTTP/1.0" 200 24819 "-" "Pingdom.com_bot_version_1.4_(http://www.pingdom.com/)"
142.52.81.11 - - [31/Mar/2009:20:22:15 -0400] "GET /rss HTTP/1.1" 200 100138 "-" "SharpReader/0.9.7.0 (.NET CLR 1.1.4322.573; WinNT 5.1.2600.0)"
216.113.201.145 - - [31/Mar/2009:20:22:40 -0400] "POST /talk/mark/28180 HTTP/1.1" 201 1 "http://www.nikonthenumbers.com/topics/show/124" "Mozilla/5.0 (Windows; U; Windows NT 5.1; en-US; rv:1.8.1.20) Gecko/20081217 Firefox/2.0.0.20"
72.30.65.34 - - [31/Mar/2009:20:22:40 -0400] "GET /topics/show/22/731 HTTP/1.0" 200 141849 "-" "Mozilla/5.0 (compatible; Yahoo! Slurp/3.0; http://help.yahoo.com/help/us/ysearch/slurp)"
174.133.253.162 - - [31/Mar/2009:20:22:51 -0400] "GET / HTTP/1.0" 200 24819 "-" "Pingdom.com_bot_version_1.4_(http://www.pingdom.com/)"
216.113.201.145 - - [31/Mar/2009:20:23:01 -0400] "POST /talk/mark/28398 HTTP/1.1" 201 1 "http://www.nikonthenumbers.com/topics/show/124" "Mozilla/5.0 (Windows; U; Windows NT 5.1; en-US; rv:1.8.1.20) Gecko/20081217 Firefox/2.0.0.20"
142.68.170.142 - - [31/Mar/2009:20:23:01 -0400] "GET /rss HTTP/1.1" 200 100138 "-" "Mozilla/5.0 (Windows; U; Windows NT 5.1; en-US; rv:1.9.0.7) Gecko/2009021910 Firefox/3.0.7"
65.92.212.149 - - [31/Mar/2009:20:23:16 -0400] "GET / HTTP/1.1" 200 24819 "http://www.nanosresearch.com/main.asp" "Mozilla/5.0 (Windows; U; Windows NT 5.1; en-US; rv:1.9.0.8) Gecko/2009032609 Firefox/3.0.8"
65.92.212.149 - - [31/Mar/2009:20:23:17 -0400] "GET /stylesheets/base_1221113035.css HTTP/1.1" 200 14188 "http://www.nikonthenumbers.com/" "Mozilla/5.0 (Windows; U; Windows NT 5.1; en-US; rv:1.9.0.8) Gecko/2009032609 Firefox/3.0.8"
65.92.212.149 - - [31/Mar/2009:20:23:17 -0400] "GET /javascripts/base_1221113035.js HTTP/1.1" 200 96039 "http://www.nikonthenumbers.com/" "Mozilla/5.0 (Windows; U; Windows NT 5.1; en-US; rv:1.9.0.8) Gecko/2009032609 Firefox/3.0.8"
65.92.212.149 - - [31/Mar/2009:20:23:17 -0400] "GET /favicon.ico HTTP/1.1" 200 894 "-" "Mozilla/5.0 (Windows; U; Windows NT 5.1; en-US; rv:1.9.0.8) Gecko/2009032609 Firefox/3.0.8"
65.92.212.149 - - [31/Mar/2009:20:23:17 -0400] "GET /images/TOP_01.jpg HTTP/1.1" 200 12839 "http://www.nikonthenumbers.com/" "Mozilla/5.0 (Windows; U; Windows NT 5.1; en-US; rv:1.9.0.8) Gecko/2009032609 Firefox/3.0.8"
65.92.212.149 - - [31/Mar/2009:20:23:17 -0400] "GET /images/TOP_02.jpg HTTP/1.1" 200 14856 "http://www.nikonthenumbers.com/" "Mozilla/5.0 (Windows; U; Windows NT 5.1; en-US; rv:1.9.0.8) Gecko/2009032609 Firefox/3.0.8"
65.92.212.149 - - [31/Mar/2009:20:23:17 -0400] "GET /images/TOP_06.jpg HTTP/1.1" 200 2158 "http://www.nikonthenumbers.com/stylesheets/base_1221113035.css" "Mozilla/5.0 (Windows; U; Windows NT 5.1; en-US; rv:1.9.0.8) Gecko/2009032609 Firefox/3.0.8"
65.92.212.149 - - [31/Mar/2009:20:23:18 -0400] "GET /images/red-band.gif HTTP/1.1" 200 4358 "http://www.nikonthenumbers.com/stylesheets/base_1221113035.css" "Mozilla/5.0 (Windows; U; Windows NT 5.1; en-US; rv:1.9.0.8) Gecko/2009032609 Firefox/3.0.8"
65.92.212.149 - - [31/Mar/2009:20:23:18 -0400] "GET /images/feed-icon-14x14.png HTTP/1.1" 200 689 "http://www.nikonthenumbers.com/" "Mozilla/5.0 (Windows; U; Windows NT 5.1; en-US; rv:1.9.0.8) Gecko/2009032609 Firefox/3.0.8"
65.92.212.149 - - [31/Mar/2009:20:23:18 -0400] "GET /images/page-bg.gif HTTP/1.1" 200 1487 "http://www.nikonthenumbers.com/stylesheets/base_1221113035.css" "Mozilla/5.0 (Windows; U; Windows NT 5.1; en-US; rv:1.9.0.8) Gecko/2009032609 Firefox/3.0.8"
65.92.212.149 - - [31/Mar/2009:20:23:18 -0400] "GET /images/bottom-with-shaddow.gif HTTP/1.1" 200 9790 "http://www.nikonthenumbers.com/stylesheets/base_1221113035.css" "Mozilla/5.0 (Windows; U; Windows NT 5.1; en-US; rv:1.9.0.8) Gecko/2009032609 Firefox/3.0.8"
65.92.212.149 - - [31/Mar/2009:20:23:18 -0400] "GET /images/BOX-BACK.jpg HTTP/1.1" 200 1025 "http://www.nikonthenumbers.com/stylesheets/base_1221113035.css" "Mozilla/5.0 (Windows; U; Windows NT 5.1; en-US; rv:1.9.0.8) Gecko/2009032609 Firefox/3.0.8"
65.92.212.149 - - [31/Mar/2009:20:23:18 -0400] "GET /images/comment_bw.png HTTP/1.1" 200 384 "http://www.nikonthenumbers.com/stylesheets/base_1221113035.css" "Mozilla/5.0 (Windows; U; Windows NT 5.1; en-US; rv:1.9.0.8) Gecko/2009032609 Firefox/3.0.8"
65.92.212.149 - - [31/Mar/2009:20:23:18 -0400] "GET /images/RULE-FADE.jpg HTTP/1.1" 200 448 "http://www.nikonthenumbers.com/" "Mozilla/5.0 (Windows; U; Windows NT 5.1; en-US; rv:1.9.0.8) Gecko/2009032609 Firefox/3.0.8"
65.92.212.149 - - [31/Mar/2009:20:23:18 -0400] "GET /fixit.js HTTP/1.1" 200 153 "http://www.nikonthenumbers.com/" "Mozilla/5.0 (Windows; U; Windows NT 5.1; en-US; rv:1.9.0.8) Gecko/2009032609 Firefox/3.0.8"
65.92.212.149 - - [31/Mar/2009:20:23:18 -0400] "GET /images/TOP_03.jpg HTTP/1.1" 200 15516 "http://www.nikonthenumbers.com/" "Mozilla/5.0 (Windows; U; Windows NT 5.1; en-US; rv:1.9.0.8) Gecko/2009032609 Firefox/3.0.8"
65.92.212.149 - - [31/Mar/2009:20:23:18 -0400] "GET /images/Ses-Townhall-AD-FED-20080911.swf HTTP/1.1" 200 17188 "http://www.nikonthenumbers.com/" "Mozilla/5.0 (Windows; U; Windows NT 5.1; en-US; rv:1.9.0.8) Gecko/2009032609 Firefox/3.0.8"
65.92.212.149 - - [31/Mar/2009:20:23:18 -0400] "GET /images/polling_results.jpg?1221113035 HTTP/1.1" 200 5021 "http://www.nikonthenumbers.com/" "Mozilla/5.0 (Windows; U; Windows NT 5.1; en-US; rv:1.9.0.8) Gecko/2009032609 Firefox/3.0.8"
65.92.212.149 - - [31/Mar/2009:20:23:18 -0400] "GET /images/safe_subscribe_logo.gif HTTP/1.1" 200 457 "http://www.nikonthenumbers.com/" "Mozilla/5.0 (Windows; U; Windows NT 5.1; en-US; rv:1.9.0.8) Gecko/2009032609 Firefox/3.0.8"
66.249.71.138 - - [31/Mar/2009:20:23:22 -0400] "GET /profile/663153 HTTP/1.1" 200 16191 "-" "Mozilla/5.0 (compatible; Googlebot/2.1; +http://www.google.com/bot.html)"
216.113.201.145 - - [31/Mar/2009:20:23:23 -0400] "POST /talk/mark/28404 HTTP/1.1" 201 1 "http://www.nikonthenumbers.com/topics/show/124" "Mozilla/5.0 (Windows; U; Windows NT 5.1; en-US; rv:1.8.1.20) Gecko/20081217 Firefox/2.0.0.20"
67.195.37.156 - - [31/Mar/2009:20:23:40 -0400] "GET /robots.txt HTTP/1.0" 200 161 "-" "Mozilla/5.0 (compatible; Yahoo! Slurp; http://help.yahoo.com/help/us/ysearch/slurp)"
216.113.201.145 - - [31/Mar/2009:20:23:43 -0400] "POST /talk/mark/28405 HTTP/1.1" 201 1 "http://www.nikonthenumbers.com/topics/show/124" "Mozilla/5.0 (Windows; U; Windows NT 5.1; en-US; rv:1.8.1.20) Gecko/20081217 Firefox/2.0.0.20"
67.195.37.156 - - [31/Mar/2009:20:23:41 -0400] "GET /topics/show/119 HTTP/1.0" 200 609944 "-" "Mozilla/5.0 (compatible; Yahoo! Slurp/3.0; http://help.yahoo.com/help/us/ysearch/slurp)"
67.195.37.156 - - [31/Mar/2009:20:23:45 -0400] "GET /stylesheets/base_1221113035.css HTTP/1.0" 200 14188 "http://nikonthenumbers.com/topics/show/119" "Mozilla/5.0 (compatible; Yahoo! Slurp/3.0; http://help.yahoo.com/help/us/ysearch/slurp)"
72.30.65.34 - - [31/Mar/2009:20:24:06 -0400] "GET /topics/show/124/28408 HTTP/1.0" 200 160586 "-" "Mozilla/5.0 (compatible; Yahoo! Slurp/3.0; http://help.yahoo.com/help/us/ysearch/slurp)"
216.113.201.145 - - [31/Mar/2009:20:24:43 -0400] "POST /talk/mark/28418 HTTP/1.1" 201 1 "http://www.nikonthenumbers.com/topics/show/125" "Mozilla/5.0 (Windows; U; Windows NT 5.1; en-US; rv:1.8.1.20) Gecko/20081217 Firefox/2.0.0.20"
89.151.110.152 - - [31/Mar/2009:20:24:52 -0400] "GET / HTTP/1.0" 200 24819 "-" "Pingdom.com_bot_version_1.4_(http://www.pingdom.com/)"
216.113.201.145 - - [31/Mar/2009:20:24:59 -0400] "POST /talk/mark/28420 HTTP/1.1" 201 1 "http://www.nikonthenumbers.com/topics/show/125" "Mozilla/5.0 (Windows; U; Windows NT 5.1; en-US; rv:1.8.1.20) Gecko/20081217 Firefox/2.0.0.20"
216.113.201.145 - - [31/Mar/2009:20:25:32 -0400] "POST /talk/mark/28451 HTTP/1.1" 201 1 "http://www.nikonthenumbers.com/topics/show/125" "Mozilla/5.0 (Windows; U; Windows NT 5.1; en-US; rv:1.8.1.20) Gecko/20081217 Firefox/2.0.0.20"
216.113.201.145 - - [31/Mar/2009:20:25:46 -0400] "POST /talk/mark/28452 HTTP/1.1" 201 1 "http://www.nikonthenumbers.com/topics/show/125" "Mozilla/5.0 (Windows; U; Windows NT 5.1; en-US; rv:1.8.1.20) Gecko/20081217 Firefox/2.0.0.20"
209.62.54.130 - - [31/Mar/2009:20:25:51 -0400] "GET / HTTP/1.0" 200 24819 "-" "Pingdom.com_bot_version_1.4_(http://www.pingdom.com/)"
216.113.201.145 - - [31/Mar/2009:20:26:17 -0400] "POST /talk/mark/28490 HTTP/1.1" 201 1 "http://www.nikonthenumbers.com/topics/show/125" "Mozilla/5.0 (Windows; U; Windows NT 5.1; en-US; rv:1.8.1.20) Gecko/20081217 Firefox/2.0.0.20"
216.113.201.145 - - [31/Mar/2009:20:26:24 -0400] "POST /talk/mark/28489 HTTP/1.1" 201 1 "http://www.nikonthenumbers.com/topics/show/125" "Mozilla/5.0 (Windows; U; Windows NT 5.1; en-US; rv:1.8.1.20) Gecko/20081217 Firefox/2.0.0.20"
72.51.41.47 - - [31/Mar/2009:20:26:54 -0400] "GET / HTTP/1.0" 200 24819 "-" "Pingdom.com_bot_version_1.4_(http://www.pingdom.com/)"
72.30.65.34 - - [31/Mar/2009:20:27:43 -0400] "GET /topics/show/115/21149 HTTP/1.0" 200 1183653 "-" "Mozilla/5.0 (compatible; Yahoo! Slurp/3.0; http://help.yahoo.com/help/us/ysearch/slurp)"
212.247.189.113 - - [31/Mar/2009:20:27:52 -0400] "GET / HTTP/1.0" 200 24819 "-" "Pingdom.com_bot_version_1.4_(http://www.pingdom.com/)"
216.97.239.30 - - [31/Mar/2009:20:28:13 -0400] "GET /rss HTTP/1.0" 200 100138 "-" "FeedForAll rss2html.php v2"
75.154.76.172 - - [31/Mar/2009:20:28:25 -0400] "GET /rss HTTP/1.1" 200 100138 "-" "Windows-RSS-Platform/1.0 (MSIE 7.0; Windows NT 6.0)"
67.195.37.93 - - [31/Mar/2009:20:28:27 -0400] "GET /topics/show/81/10753 HTTP/1.0" 200 103359 "-" "Mozilla/5.0 (compatible; Yahoo! Slurp; http://help.yahoo.com/help/us/ysearch/slurp)"
207.97.207.200 - - [31/Mar/2009:20:28:51 -0400] "GET / HTTP/1.0" 200 24819 "-" "Pingdom.com_bot_version_1.4_(http://www.pingdom.com/)"
96.49.199.11 - - [31/Mar/2009:20:29:11 -0400] "GET /rss HTTP/1.1" 200 99686 "-" "Mozilla/5.0 (Windows; U; Windows NT 5.1; en-US; rv:1.9.0.8) Gecko/2009032609 Firefox/3.0.8"
67.192.120.134 - - [31/Mar/2009:20:29:51 -0400] "GET / HTTP/1.0" 200 24819 "-" "Pingdom.com_bot_version_1.4_(http://www.pingdom.com/)"
216.221.76.29 - - [31/Mar/2009:20:30:14 -0400] "GET / HTTP/1.1" 200 24819 "http://www.dslreports.com/forum/r22157825-CRTC-opens-online-consultation-on-throttling~start=20" "Mozilla/5.0 (Windows; U; Windows NT 5.1; en-US; rv:1.9.0.8) Gecko/2009032609 Firefox/3.0.8"
216.221.76.29 - - [31/Mar/2009:20:30:16 -0400] "GET /stylesheets/base_1221113035.css HTTP/1.1" 200 14188 "http://www.nikonthenumbers.com/" "Mozilla/5.0 (Windows; U; Windows NT 5.1; en-US; rv:1.9.0.8) Gecko/2009032609 Firefox/3.0.8"
216.221.76.29 - - [31/Mar/2009:20:30:16 -0400] "GET /javascripts/base_1221113035.js HTTP/1.1" 200 96039 "http://www.nikonthenumbers.com/" "Mozilla/5.0 (Windows; U; Windows NT 5.1; en-US; rv:1.9.0.8) Gecko/2009032609 Firefox/3.0.8"
216.221.76.29 - - [31/Mar/2009:20:30:17 -0400] "GET /images/TOP_02.jpg HTTP/1.1" 200 14856 "http://www.nikonthenumbers.com/" "Mozilla/5.0 (Windows; U; Windows NT 5.1; en-US; rv:1.9.0.8) Gecko/2009032609 Firefox/3.0.8"
216.221.76.29 - - [31/Mar/2009:20:30:17 -0400] "GET /images/page-bg.gif HTTP/1.1" 200 1487 "http://www.nikonthenumbers.com/stylesheets/base_1221113035.css" "Mozilla/5.0 (Windows; U; Windows NT 5.1; en-US; rv:1.9.0.8) Gecko/2009032609 Firefox/3.0.8"
216.221.76.29 - - [31/Mar/2009:20:30:17 -0400] "GET /images/TOP_03.jpg HTTP/1.1" 200 15516 "http://www.nikonthenumbers.com/" "Mozilla/5.0 (Windows; U; Windows NT 5.1; en-US; rv:1.9.0.8) Gecko/2009032609 Firefox/3.0.8"
216.221.76.29 - - [31/Mar/2009:20:30:17 -0400] "GET /images/TOP_06.jpg HTTP/1.1" 200 2158 "http://www.nikonthenumbers.com/stylesheets/base_1221113035.css" "Mozilla/5.0 (Windows; U; Windows NT 5.1; en-US; rv:1.9.0.8) Gecko/2009032609 Firefox/3.0.8"
216.221.76.29 - - [31/Mar/2009:20:30:17 -0400] "GET /images/Ses-Townhall-AD-FED-20080911.swf HTTP/1.1" 200 17188 "http://www.nikonthenumbers.com/" "Mozilla/5.0 (Windows; U; Windows NT 5.1; en-US; rv:1.9.0.8) Gecko/2009032609 Firefox/3.0.8"
216.221.76.29 - - [31/Mar/2009:20:30:17 -0400] "GET /images/RULE-FADE.jpg HTTP/1.1" 200 448 "http://www.nikonthenumbers.com/" "Mozilla/5.0 (Windows; U; Windows NT 5.1; en-US; rv:1.9.0.8) Gecko/2009032609 Firefox/3.0.8"
216.221.76.29 - - [31/Mar/2009:20:30:17 -0400] "GET /images/bottom-with-shaddow.gif HTTP/1.1" 200 9790 "http://www.nikonthenumbers.com/stylesheets/base_1221113035.css" "Mozilla/5.0 (Windows; U; Windows NT 5.1; en-US; rv:1.9.0.8) Gecko/2009032609 Firefox/3.0.8"
216.221.76.29 - - [31/Mar/2009:20:30:17 -0400] "GET /images/BOX-BACK.jpg HTTP/1.1" 200 1025 "http://www.nikonthenumbers.com/stylesheets/base_1221113035.css" "Mozilla/5.0 (Windows; U; Windows NT 5.1; en-US; rv:1.9.0.8) Gecko/2009032609 Firefox/3.0.8"
72.30.65.34 - - [31/Mar/2009:20:30:18 -0400] "GET /profile/9897 HTTP/1.0" 200 15711 "-" "Mozilla/5.0 (compatible; Yahoo! Slurp/3.0; http://help.yahoo.com/help/us/ysearch/slurp)"
216.221.76.29 - - [31/Mar/2009:20:30:17 -0400] "GET /images/feed-icon-14x14.png HTTP/1.1" 200 689 "http://www.nikonthenumbers.com/" "Mozilla/5.0 (Windows; U; Windows NT 5.1; en-US; rv:1.9.0.8) Gecko/2009032609 Firefox/3.0.8"
216.221.76.29 - - [31/Mar/2009:20:30:17 -0400] "GET /fixit.js HTTP/1.1" 200 153 "http://www.nikonthenumbers.com/" "Mozilla/5.0 (Windows; U; Windows NT 5.1; en-US; rv:1.9.0.8) Gecko/2009032609 Firefox/3.0.8"
216.221.76.29 - - [31/Mar/2009:20:30:17 -0400] "GET /images/TOP_01.jpg HTTP/1.1" 200 12839 "http://www.nikonthenumbers.com/" "Mozilla/5.0 (Windows; U; Windows NT 5.1; en-US; rv:1.9.0.8) Gecko/2009032609 Firefox/3.0.8"
216.221.76.29 - - [31/Mar/2009:20:30:19 -0400] "GET /images/polling_results.jpg?1221113035 HTTP/1.1" 200 5021 "http://www.nikonthenumbers.com/" "Mozilla/5.0 (Windows; U; Windows NT 5.1; en-US; rv:1.9.0.8) Gecko/2009032609 Firefox/3.0.8"
216.221.76.29 - - [31/Mar/2009:20:30:17 -0400] "GET /images/red-band.gif HTTP/1.1" 200 4358 "http://www.nikonthenumbers.com/stylesheets/base_1221113035.css" "Mozilla/5.0 (Windows; U; Windows NT 5.1; en-US; rv:1.9.0.8) Gecko/2009032609 Firefox/3.0.8"
216.221.76.29 - - [31/Mar/2009:20:30:17 -0400] "GET /images/comment_bw.png HTTP/1.1" 200 384 "http://www.nikonthenumbers.com/stylesheets/base_1221113035.css" "Mozilla/5.0 (Windows; U; Windows NT 5.1; en-US; rv:1.9.0.8) Gecko/2009032609 Firefox/3.0.8"
216.221.76.29 - - [31/Mar/2009:20:30:19 -0400] "GET /images/safe_subscribe_logo.gif HTTP/1.1" 200 457 "http://www.nikonthenumbers.com/" "Mozilla/5.0 (Windows; U; Windows NT 5.1; en-US; rv:1.9.0.8) Gecko/2009032609 Firefox/3.0.8"
216.221.76.29 - - [31/Mar/2009:20:30:19 -0400] "GET /favicon.ico HTTP/1.1" 200 894 "-" "Mozilla/5.0 (Windows; U; Windows NT 5.1; en-US; rv:1.9.0.8) Gecko/2009032609 Firefox/3.0.8"
72.30.65.34 - - [31/Mar/2009:20:30:15 -0400] "GET /topics/show/54/3037 HTTP/1.0" 200 157298 "-" "Mozilla/5.0 (compatible; Yahoo! Slurp/3.0; http://help.yahoo.com/help/us/ysearch/slurp)"
64.34.195.137 - - [31/Mar/2009:20:30:19 -0400] "GET /rss HTTP/1.1" 200 99686 "-" "Mozilla/5.0 (X11; U; Linux i686; en-US; rv:1.2.1; aggregator:Spinn3r (Spinn3r 3.0); http://spinn3r.com/robot) Gecko/20021130"
78.136.27.223 - - [31/Mar/2009:20:30:51 -0400] "GET / HTTP/1.0" 200 24819 "-" "Pingdom.com_bot_version_1.4_(http://www.pingdom.com/)"
64.34.195.154 - - [31/Mar/2009:20:31:43 -0400] "GET / HTTP/1.1" 200 24655 "-" "Mozilla/5.0 (X11; U; Linux i686; en-US; rv:1.2.1; aggregator:Spinn3r (Spinn3r 3.0); http://spinn3r.com/robot) Gecko/20021130"
67.205.112.79 - - [31/Mar/2009:20:31:52 -0400] "GET / HTTP/1.0" 200 24819 "-" "Pingdom.com_bot_version_1.4_(http://www.pingdom.com/)"
72.136.129.23 - - [31/Mar/2009:20:32:32 -0400] "GET /rss HTTP/1.1" 200 100138 "-" "Mozilla/5.0 (Windows; U; Windows NT 6.0; en-US; rv:1.9.0.8) Gecko/2009032609 Firefox/3.0.8 (.NET CLR 3.5.30729)"
174.133.253.162 - - [31/Mar/2009:20:32:51 -0400] "GET / HTTP/1.0" 200 24819 "-" "Pingdom.com_bot_version_1.4_(http://www.pingdom.com/)"
207.245.21.152 - - [31/Mar/2009:20:33:02 -0400] "GET /rss HTTP/1.1" 200 100138 "-" "Mozilla/4.0 (compatible; MSIE 7.0; Windows NT 5.1; InfoPath.2; MSOffice 12)"
64.231.213.213 - - [31/Mar/2009:20:33:41 -0400] "POST /topic/124/talk/new?parent_id=28547 HTTP/1.1" 200 1246 "http://nikonthenumbers.com/topics/show/124/28171" "Mozilla/5.0 (Windows; U; Windows NT 5.1; en-US; rv:1.9.0.8) Gecko/2009032609 Firefox/3.0.8"
64.231.213.213 - - [31/Mar/2009:20:33:53 -0400] "POST /talk/mark/28329 HTTP/1.1" 201 1 "http://nikonthenumbers.com/topics/show/124/28171" "Mozilla/5.0 (Windows; U; Windows NT 5.1; en-US; rv:1.9.0.8) Gecko/2009032609 Firefox/3.0.8"
89.151.110.152 - - [31/Mar/2009:20:34:52 -0400] "GET / HTTP/1.0" 200 24819 "-" "Pingdom.com_bot_version_1.4_(http://www.pingdom.com/)"
67.195.37.93 - - [31/Mar/2009:20:35:08 -0400] "GET /topics/show/124/28172 HTTP/1.0" 200 227432 "-" "Mozilla/5.0 (compatible; Yahoo! Slurp/3.0; http://help.yahoo.com/help/us/ysearch/slurp)"
209.62.54.130 - - [31/Mar/2009:20:35:52 -0400] "GET / HTTP/1.0" 200 24819 "-" "Pingdom.com_bot_version_1.4_(http://www.pingdom.com/)"
83.140.19.38 - - [31/Mar/2009:20:36:18 -0400] "GET / HTTP/1.0" 200 24819 "-" "Pingdom.com_bot_version_1.4_(http://www.pingdom.com/)"
72.30.65.34 - - [31/Mar/2009:20:36:20 -0400] "GET /profile/2235 HTTP/1.0" 200 19304 "-" "Mozilla/5.0 (compatible; Yahoo! Slurp/3.0; http://help.yahoo.com/help/us/ysearch/slurp)"
67.195.37.93 - - [31/Mar/2009:20:36:20 -0400] "GET /profile/525798 HTTP/1.0" 200 17084 "-" "Mozilla/5.0 (compatible; Yahoo! Slurp; http://help.yahoo.com/help/us/ysearch/slurp)"
72.30.65.34 - - [31/Mar/2009:20:36:22 -0400] "GET /stylesheets/base_1221113035.css HTTP/1.0" 304 - "http://www.nikonthenumbers.com/profile/2235" "Mozilla/5.0 (compatible; Yahoo! Slurp/3.0; http://help.yahoo.com/help/us/ysearch/slurp)"
72.36.94.20 - - [31/Mar/2009:20:36:34 -0400] "GET /topics/show/108 HTTP/1.1" 200 101530 "-" "Jakarta Commons-HttpClient/3.0.1"
72.51.41.47 - - [31/Mar/2009:20:36:51 -0400] "GET / HTTP/1.0" 200 24819 "-" "Pingdom.com_bot_version_1.4_(http://www.pingdom.com/)"
81.52.143.32 - - [31/Mar/2009:20:37:08 -0400] "GET /privacy_policy HTTP/1.1" 200 15444 "-" "Mozilla/5.0 (Windows; U; Windows NT 5.1; fr; rv:1.8.1) VoilaBot BETA 1.2 (support.voilabot@orange-ftgroup.com)"
142.52.81.11 - - [31/Mar/2009:20:37:14 -0400] "GET /rss HTTP/1.1" 200 100138 "-" "SharpReader/0.9.7.0 (.NET CLR 1.1.4322.573; WinNT 5.1.2600.0)"
212.247.189.113 - - [31/Mar/2009:20:37:51 -0400] "GET / HTTP/1.0" 200 24819 "-" "Pingdom.com_bot_version_1.4_(http://www.pingdom.com/)"
72.30.65.34 - - [31/Mar/2009:20:37:54 -0400] "GET /about_news_feeds HTTP/1.0" 200 15021 "-" "Mozilla/5.0 (compatible; Yahoo! Slurp/3.0; http://help.yahoo.com/help/us/ysearch/slurp)"
64.231.213.213 - - [31/Mar/2009:20:38:02 -0400] "GET / HTTP/1.1" 200 19807 "http://nikonthenumbers.com/topics/show/124/28171" "Mozilla/5.0 (Windows; U; Windows NT 5.1; en-US; rv:1.9.0.8) Gecko/2009032609 Firefox/3.0.8"
88.131.106.5 - - [31/Mar/2009:20:38:26 -0400] "GET /robots.txt HTTP/1.0" 200 161 "-" "Speedy Spider (http://www.entireweb.com/about/search_tech/speedy_spider/)"
88.131.106.5 - - [31/Mar/2009:20:38:26 -0400] "GET /archives HTTP/1.0" 200 34644 "-" "Speedy Spider (http://www.entireweb.com/about/search_tech/speedy_spider/)"
64.231.213.213 - - [31/Mar/2009:20:38:22 -0400] "GET /topics/show/124/28171 HTTP/1.1" 200 210052 "http://nikonthenumbers.com/" "Mozilla/5.0 (Windows; U; Windows NT 5.1; en-US; rv:1.9.0.8) Gecko/2009032609 Firefox/3.0.8"
64.231.213.213 - - [31/Mar/2009:20:38:30 -0400] "POST /talk/mark/28550 HTTP/1.1" 201 1 "http://nikonthenumbers.com/topics/show/124/28171" "Mozilla/5.0 (Windows; U; Windows NT 5.1; en-US; rv:1.9.0.8) Gecko/2009032609 Firefox/3.0.8"
207.97.207.200 - - [31/Mar/2009:20:38:51 -0400] "GET / HTTP/1.0" 200 24819 "-" "Pingdom.com_bot_version_1.4_(http://www.pingdom.com/)"
65.55.105.120 - - [31/Mar/2009:20:38:54 -0400] "GET /profile/2274 HTTP/1.1" 200 17568 "-" "msnbot/1.1 (+http://search.msn.com/msnbot.htm)"
64.231.213.213 - - [31/Mar/2009:20:39:06 -0400] "GET /topics/show/124/28171 HTTP/1.1" 200 210052 "http://nikonthenumbers.com/" "Mozilla/5.0 (Windows; U; Windows NT 5.1; en-US; rv:1.9.0.8) Gecko/2009032609 Firefox/3.0.8"
64.231.213.213 - - [31/Mar/2009:20:39:17 -0400] "POST /talk/mark/28551 HTTP/1.1" 201 1 "http://nikonthenumbers.com/topics/show/124/28171" "Mozilla/5.0 (Windows; U; Windows NT 5.1; en-US; rv:1.9.0.8) Gecko/2009032609 Firefox/3.0.8"
204.209.81.14 - - [31/Mar/2009:20:39:25 -0400] "GET /rss HTTP/1.0" 200 100138 "-" "Mozilla/5.0 (Windows; U; Windows NT 5.0; en-GB; rv:1.9.0.6) Gecko/2009011913 Firefox/3.0.6"
64.231.213.213 - - [31/Mar/2009:20:39:35 -0400] "GET /topics/show/124/28171 HTTP/1.1" 200 210052 "http://nikonthenumbers.com/" "Mozilla/5.0 (Windows; U; Windows NT 5.1; en-US; rv:1.9.0.8) Gecko/2009032609 Firefox/3.0.8"
64.231.213.213 - - [31/Mar/2009:20:39:42 -0400] "POST /talk/mark/28552 HTTP/1.1" 201 1 "http://nikonthenumbers.com/topics/show/124/28171" "Mozilla/5.0 (Windows; U; Windows NT 5.1; en-US; rv:1.9.0.8) Gecko/2009032609 Firefox/3.0.8"
65.55.110.37 - - [31/Mar/2009:20:39:51 -0400] "GET /profile/2274 HTTP/1.0" 200 17568 "http://search.live.com/results.aspx?q=nanos" "Mozilla/4.0 (compatible; MSIE 6.0; Windows NT 5.2; SV1; .NET CLR 1.1.4322)"
65.55.110.37 - - [31/Mar/2009:20:39:52 -0400] "GET /stylesheets/base_1221113035.css HTTP/1.0" 200 14188 "http://www.nikonthenumbers.com/profile/2274" "Mozilla/4.0 (compatible; MSIE 6.0; Windows NT 5.2; SV1; .NET CLR 1.1.4322)"
67.192.120.134 - - [31/Mar/2009:20:39:51 -0400] "GET / HTTP/1.0" 200 24819 "-" "Pingdom.com_bot_version_1.4_(http://www.pingdom.com/)"
65.55.110.37 - - [31/Mar/2009:20:39:53 -0400] "GET /javascripts/base_1221113035.js HTTP/1.0" 200 96039 "http://www.nikonthenumbers.com/profile/2274" "Mozilla/4.0 (compatible; MSIE 6.0; Windows NT 5.2; SV1; .NET CLR 1.1.4322)"
207.245.21.152 - - [31/Mar/2009:20:39:53 -0400] "GET /rss HTTP/1.1" 200 100138 "-" "Mozilla/4.0 (compatible; MSIE 7.0; Windows NT 5.1; InfoPath.2; MSOffice 12)"
72.14.199.41 - - [31/Mar/2009:20:39:55 -0400] "GET /rss HTTP/1.1" 200 100138 "-" "Feedfetcher-Google; (+http://www.google.com/feedfetcher.html; 85 subscribers; feed-id=3544419756895700983)"
65.55.110.37 - - [31/Mar/2009:20:40:00 -0400] "GET /fixit.js HTTP/1.0" 200 153 "http://www.nikonthenumbers.com/profile/2274" "Mozilla/4.0 (compatible; MSIE 6.0; Windows NT 5.2; SV1; .NET CLR 1.1.4322)"
65.55.110.37 - - [31/Mar/2009:20:40:00 -0400] "GET /images/polling_results.jpg?1221113035 HTTP/1.0" 200 5021 "http://www.nikonthenumbers.com/profile/2274" "Mozilla/4.0 (compatible; MSIE 6.0; Windows NT 5.2; SV1; .NET CLR 1.1.4322)"
64.231.213.213 - - [31/Mar/2009:20:40:03 -0400] "POST /talk/mark/28206 HTTP/1.1" 201 1 "http://nikonthenumbers.com/topics/show/124/28171" "Mozilla/5.0 (Windows; U; Windows NT 5.1; en-US; rv:1.9.0.8) Gecko/2009032609 Firefox/3.0.8"
65.55.105.131 - - [31/Mar/2009:20:40:09 -0400] "GET /topics/show/44 HTTP/1.1" 200 108807 "-" "msnbot/1.1 (+http://search.msn.com/msnbot.htm)"
65.55.109.92 - - [31/Mar/2009:20:40:27 -0400] "GET /topics/show/53/2997 HTTP/1.0" 200 70316 "http://search.live.com/results.aspx?q=nanos" "Mozilla/4.0 (compatible; MSIE 6.0; Windows NT 5.2; SV1; .NET CLR 1.1.4322)"
64.231.213.213 - - [31/Mar/2009:20:40:27 -0400] "POST /topics/show_comments/124/28426 HTTP/1.1" 200 48148 "http://nikonthenumbers.com/topics/show/124/28171" "Mozilla/5.0 (Windows; U; Windows NT 5.1; en-US; rv:1.9.0.8) Gecko/2009032609 Firefox/3.0.8"
65.55.109.92 - - [31/Mar/2009:20:40:29 -0400] "GET /stylesheets/base_1221113035.css HTTP/1.0" 200 14188 "http://www.nikonthenumbers.com/topics/show/53/2997" "Mozilla/4.0 (compatible; MSIE 6.0; Windows NT 5.2; SV1; .NET CLR 1.1.4322)"
65.55.109.92 - - [31/Mar/2009:20:40:29 -0400] "GET /javascripts/base_1221113035.js HTTP/1.0" 200 96039 "http://www.nikonthenumbers.com/topics/show/53/2997" "Mozilla/4.0 (compatible; MSIE 6.0; Windows NT 5.2; SV1; .NET CLR 1.1.4322)"
65.55.109.92 - - [31/Mar/2009:20:40:34 -0400] "GET /fixit.js HTTP/1.0" 200 153 "http://www.nikonthenumbers.com/topics/show/53/2997" "Mozilla/4.0 (compatible; MSIE 6.0; Windows NT 5.2; SV1; .NET CLR 1.1.4322)"
65.55.109.92 - - [31/Mar/2009:20:40:35 -0400] "GET /images/polling_results.jpg?1221113035 HTTP/1.0" 200 5021 "http://www.nikonthenumbers.com/topics/show/53/2997" "Mozilla/4.0 (compatible; MSIE 6.0; Windows NT 5.2; SV1; .NET CLR 1.1.4322)"
78.136.27.223 - - [31/Mar/2009:20:40:51 -0400] "GET / HTTP/1.0" 200 24819 "-" "Pingdom.com_bot_version_1.4_(http://www.pingdom.com/)"
208.36.144.9 - - [31/Mar/2009:20:40:55 -0400] "GET /profile/898392 HTTP/1.0" 200 130960 "-" "Mozilla/5.0 (Twiceler-0.9 http://www.cuil.com/twiceler/robot.html)"
65.55.105.124 - - [31/Mar/2009:20:41:14 -0400] "GET /topics/show/109/17659 HTTP/1.1" 200 291689 "-" "msnbot/1.1 (+http://search.msn.com/msnbot.htm)"
65.55.105.124 - - [31/Mar/2009:20:41:17 -0400] "GET /robots.txt HTTP/1.1" 200 161 "-" "msnbot/1.1 (+http://search.msn.com/msnbot.htm)"
72.30.65.34 - - [31/Mar/2009:20:41:30 -0400] "GET /topics/show/124/28172 HTTP/1.0" 200 227432 "-" "Mozilla/5.0 (compatible; Yahoo! Slurp/3.0; http://help.yahoo.com/help/us/ysearch/slurp)"
65.55.110.160 - - [31/Mar/2009:20:41:30 -0400] "GET /topics/show/44 HTTP/1.0" 200 108807 "http://search.live.com/results.aspx?q=canada" "Mozilla/4.0 (compatible; MSIE 6.0; Windows NT 5.2; SV1; .NET CLR 1.1.4322)"
65.55.110.160 - - [31/Mar/2009:20:41:34 -0400] "GET /stylesheets/base_1221113035.css HTTP/1.0" 200 14188 "http://www.nikonthenumbers.com/topics/show/44" "Mozilla/4.0 (compatible; MSIE 6.0; Windows NT 5.2; SV1; .NET CLR 1.1.4322)"
65.55.110.160 - - [31/Mar/2009:20:41:35 -0400] "GET /javascripts/base_1221113035.js HTTP/1.0" 200 96039 "http://www.nikonthenumbers.com/topics/show/44" "Mozilla/4.0 (compatible; MSIE 6.0; Windows NT 5.2; SV1; .NET CLR 1.1.4322)"
65.55.110.160 - - [31/Mar/2009:20:41:48 -0400] "GET /fixit.js HTTP/1.0" 200 153 "http://www.nikonthenumbers.com/topics/show/44" "Mozilla/4.0 (compatible; MSIE 6.0; Windows NT 5.2; SV1; .NET CLR 1.1.4322)"
65.55.110.160 - - [31/Mar/2009:20:41:51 -0400] "GET /images/polling_results.jpg?1221113035 HTTP/1.0" 200 5021 "http://www.nikonthenumbers.com/topics/show/44" "Mozilla/4.0 (compatible; MSIE 6.0; Windows NT 5.2; SV1; .NET CLR 1.1.4322)"
67.205.112.79 - - [31/Mar/2009:20:41:51 -0400] "GET / HTTP/1.0" 200 24819 "-" "Pingdom.com_bot_version_1.4_(http://www.pingdom.com/)"
174.133.253.162 - - [31/Mar/2009:20:42:51 -0400] "GET / HTTP/1.0" 200 24819 "-" "Pingdom.com_bot_version_1.4_(http://www.pingdom.com/)"
75.154.76.172 - - [31/Mar/2009:20:43:28 -0400] "GET /rss HTTP/1.1" 200 100138 "-" "Windows-RSS-Platform/1.0 (MSIE 7.0; Windows NT 6.0)"
99.240.94.33 - - [31/Mar/2009:20:43:39 -0400] "GET /rss HTTP/1.1" 200 100138 "-" "Vienna/2.3.0.2301"
67.77.168.124 - - [31/Mar/2009:20:44:13 -0400] "GET /favicon.ico HTTP/1.1" 200 894 "-" "Mozilla/4.0 (compatible; MSIE 8.0; Windows NT 6.0; Trident/4.0; GTB5; SLCC1; .NET CLR 2.0.50727; .NET CLR 3.0.04506; yie8)"
72.30.65.34 - - [31/Mar/2009:20:44:35 -0400] "GET /topics/show/97/13963 HTTP/1.0" 200 244503 "-" "Mozilla/5.0 (compatible; Yahoo! Slurp/3.0; http://help.yahoo.com/help/us/ysearch/slurp)"
89.151.110.152 - - [31/Mar/2009:20:44:52 -0400] "GET / HTTP/1.0" 200 24819 "-" "Pingdom.com_bot_version_1.4_(http://www.pingdom.com/)"
209.62.54.130 - - [31/Mar/2009:20:45:52 -0400] "GET / HTTP/1.0" 200 24819 "-" "Pingdom.com_bot_version_1.4_(http://www.pingdom.com/)"
67.195.37.93 - - [31/Mar/2009:20:46:02 -0400] "GET /profile/648714 HTTP/1.0" 200 58666 "-" "Mozilla/5.0 (compatible; Yahoo! Slurp; http://help.yahoo.com/help/us/ysearch/slurp)"
83.140.19.38 - - [31/Mar/2009:20:46:12 -0400] "GET / HTTP/1.0" 200 24819 "-" "Pingdom.com_bot_version_1.4_(http://www.pingdom.com/)"
67.195.37.93 - - [31/Mar/2009:20:46:53 -0400] "GET /stylesheets/base_1221113035.css HTTP/1.0" 304 - "http://www.nikonthenumbers.com/topics/show/118" "Mozilla/5.0 (compatible; Yahoo! Slurp/3.0; http://help.yahoo.com/help/us/ysearch/slurp)"
67.195.37.93 - - [31/Mar/2009:20:46:52 -0400] "GET /topics/show/118 HTTP/1.0" 200 149970 "-" "Mozilla/5.0 (compatible; Yahoo! Slurp/3.0; http://help.yahoo.com/help/us/ysearch/slurp)"
72.51.41.47 - - [31/Mar/2009:20:46:52 -0400] "GET / HTTP/1.0" 200 24819 "-" "Pingdom.com_bot_version_1.4_(http://www.pingdom.com/)"
212.247.189.113 - - [31/Mar/2009:20:47:52 -0400] "GET / HTTP/1.0" 200 24819 "-" "Pingdom.com_bot_version_1.4_(http://www.pingdom.com/)"
142.162.17.88 - - [31/Mar/2009:20:47:58 -0400] "GET /rss HTTP/1.1" 200 100138 "-" "Mozilla/5.0 (Macintosh; U; Intel Mac OS X; en-US; rv:1.8.1.8) Gecko/20071008 Firefox/2.0.0.8"
207.97.207.200 - - [31/Mar/2009:20:48:51 -0400] "GET / HTTP/1.0" 200 24819 "-" "Pingdom.com_bot_version_1.4_(http://www.pingdom.com/)"
64.231.213.213 - - [31/Mar/2009:20:49:09 -0400] "GET / HTTP/1.1" 200 19807 "http://nikonthenumbers.com/topics/show/124/28171" "Mozilla/5.0 (Windows; U; Windows NT 5.1; en-US; rv:1.9.0.8) Gecko/2009032609 Firefox/3.0.8"
70.48.69.122 - - [31/Mar/2009:20:49:45 -0400] "GET / HTTP/1.1" 200 24819 "-" "Mozilla/4.0 (compatible; MSIE 8.0; Windows NT 6.0; Trident/4.0; SLCC1; .NET CLR 2.0.50727; Media Center PC 5.0; .NET CLR 1.1.4322; .NET CLR 3.5.30729; .NET CLR 3.0.30618; OfficeLiveConnector.1.3; OfficeLivePatch.0.0)"
70.48.69.122 - - [31/Mar/2009:20:49:47 -0400] "GET /stylesheets/base_1221113035.css HTTP/1.1" 200 14188 "http://www.nikonthenumbers.com/" "Mozilla/4.0 (compatible; MSIE 8.0; Windows NT 6.0; Trident/4.0; SLCC1; .NET CLR 2.0.50727; Media Center PC 5.0; .NET CLR 1.1.4322; .NET CLR 3.5.30729; .NET CLR 3.0.30618; OfficeLiveConnector.1.3; OfficeLivePatch.0.0)"
70.48.69.122 - - [31/Mar/2009:20:49:47 -0400] "GET /fixit.js HTTP/1.1" 200 153 "http://www.nikonthenumbers.com/" "Mozilla/4.0 (compatible; MSIE 8.0; Windows NT 6.0; Trident/4.0; SLCC1; .NET CLR 2.0.50727; Media Center PC 5.0; .NET CLR 1.1.4322; .NET CLR 3.5.30729; .NET CLR 3.0.30618; OfficeLiveConnector.1.3; OfficeLivePatch.0.0)"
70.48.69.122 - - [31/Mar/2009:20:49:47 -0400] "GET /javascripts/base_1221113035.js HTTP/1.1" 200 96039 "http://www.nikonthenumbers.com/" "Mozilla/4.0 (compatible; MSIE 8.0; Windows NT 6.0; Trident/4.0; SLCC1; .NET CLR 2.0.50727; Media Center PC 5.0; .NET CLR 1.1.4322; .NET CLR 3.5.30729; .NET CLR 3.0.30618; OfficeLiveConnector.1.3; OfficeLivePatch.0.0)"
