24.64.223.204 - - [31/Mar/2009:22:41:10 -0400] "POST /talk/mark/28447 HTTP/1.1" 201 1 "http://www.nikonthenumbers.com/topics/show/125/28409#comment_28446" "Mozilla/4.0 (compatible; MSIE 7.0; Windows NT 5.1; .NET CLR 1.1.4322)"
24.64.223.204 - - [31/Mar/2009:22:41:46 -0400] "POST /rater/create/comment_rating/28447 HTTP/1.1" 200 165 "http://www.nikonthenumbers.com/topics/show/125/28409#comment_28446" "Mozilla/4.0 (compatible; MSIE 7.0; Windows NT 5.1; .NET CLR 1.1.4322)"
24.64.223.204 - - [31/Mar/2009:22:41:50 -0400] "POST /talk/mark/28457 HTTP/1.1" 201 1 "http://www.nikonthenumbers.com/topics/show/125/28409#comment_28446" "Mozilla/4.0 (compatible; MSIE 7.0; Windows NT 5.1; .NET CLR 1.1.4322)"
67.205.112.79 - - [31/Mar/2009:22:41:51 -0400] "GET / HTTP/1.0" 200 24822 "-" "Pingdom.com_bot_version_1.4_(http://www.pingdom.com/)"
24.64.223.204 - - [31/Mar/2009:22:42:23 -0400] "POST /rater/create/comment_rating/28457 HTTP/1.1" 200 165 "http://www.nikonthenumbers.com/topics/show/125/28409#comment_28446" "Mozilla/4.0 (compatible; MSIE 7.0; Windows NT 5.1; .NET CLR 1.1.4322)"
24.64.223.204 - - [31/Mar/2009:22:42:28 -0400] "POST /talk/mark/28473 HTTP/1.1" 201 1 "http://www.nikonthenumbers.com/topics/show/125/28409#comment_28446" "Mozilla/4.0 (compatible; MSIE 7.0; Windows NT 5.1; .NET CLR 1.1.4322)"
66.249.71.138 - - [31/Mar/2009:22:42:44 -0400] "GET /topics/show/56/3159 HTTP/1.1" 200 155965 "-" "Mozilla/5.0 (compatible; Googlebot/2.1; +http://www.google.com/bot.html)"
24.64.223.204 - - [31/Mar/2009:22:42:46 -0400] "POST /rater/create/comment_rating/28473 HTTP/1.1" 200 165 "http://www.nikonthenumbers.com/topics/show/125/28409#comment_28446" "Mozilla/4.0 (compatible; MSIE 7.0; Windows NT 5.1; .NET CLR 1.1.4322)"
24.64.223.204 - - [31/Mar/2009:22:42:50 -0400] "POST /talk/mark/28499 HTTP/1.1" 201 1 "http://www.nikonthenumbers.com/topics/show/125/28409#comment_28446" "Mozilla/4.0 (compatible; MSIE 7.0; Windows NT 5.1; .NET CLR 1.1.4322)"
174.133.253.162 - - [31/Mar/2009:22:42:51 -0400] "GET / HTTP/1.0" 200 24822 "-" "Pingdom.com_bot_version_1.4_(http://www.pingdom.com/)"
72.14.199.41 - - [31/Mar/2009:22:43:02 -0400] "GET /rss HTTP/1.1" 200 100138 "-" "Feedfetcher-Google; (+http://www.google.com/feedfetcher.html; 85 subscribers; feed-id=3544419756895700983)"
24.64.223.204 - - [31/Mar/2009:22:43:04 -0400] "POST /rater/create/comment_rating/28499 HTTP/1.1" 200 174 "http://www.nikonthenumbers.com/topics/show/125/28409#comment_28446" "Mozilla/4.0 (compatible; MSIE 7.0; Windows NT 5.1; .NET CLR 1.1.4322)"
65.55.105.118 - - [31/Mar/2009:22:43:06 -0400] "GET /topics/show/49/2664 HTTP/1.1" 200 107813 "-" "msnbot/1.1 (+http://search.msn.com/msnbot.htm)"
99.241.122.210 - - [31/Mar/2009:22:43:08 -0400] "POST /topic/124/talk/preview HTTP/1.1" 200 2795 "http://www.nikonthenumbers.com/topics/show/124" "Mozilla/4.0 (compatible; MSIE 7.0; Windows NT 6.0; SLCC1; .NET CLR 2.0.50727; Media Center PC 5.0; .NET CLR 3.0.04506; InfoPath.1)"
24.64.223.204 - - [31/Mar/2009:22:43:09 -0400] "POST /talk/mark/28504 HTTP/1.1" 201 1 "http://www.nikonthenumbers.com/topics/show/125/28409#comment_28446" "Mozilla/4.0 (compatible; MSIE 7.0; Windows NT 5.1; .NET CLR 1.1.4322)"
99.241.122.210 - - [31/Mar/2009:22:43:13 -0400] "POST /topic/124/talk/create HTTP/1.1" 200 2560 "http://www.nikonthenumbers.com/topics/show/124" "Mozilla/4.0 (compatible; MSIE 7.0; Windows NT 6.0; SLCC1; .NET CLR 2.0.50727; Media Center PC 5.0; .NET CLR 3.0.04506; InfoPath.1)"
24.64.223.204 - - [31/Mar/2009:22:43:27 -0400] "POST /rater/create/comment_rating/28504 HTTP/1.1" 200 165 "http://www.nikonthenumbers.com/topics/show/125/28409#comment_28446" "Mozilla/4.0 (compatible; MSIE 7.0; Windows NT 5.1; .NET CLR 1.1.4322)"
24.64.223.204 - - [31/Mar/2009:22:43:32 -0400] "POST /talk/mark/28512 HTTP/1.1" 201 1 "http://www.nikonthenumbers.com/topics/show/125/28409#comment_28446" "Mozilla/4.0 (compatible; MSIE 7.0; Windows NT 5.1; .NET CLR 1.1.4322)"
24.64.223.204 - - [31/Mar/2009:22:43:48 -0400] "POST /talk/mark/28496 HTTP/1.1" 201 1 "http://www.nikonthenumbers.com/topics/show/125/28409#comment_28446" "Mozilla/4.0 (compatible; MSIE 7.0; Windows NT 5.1; .NET CLR 1.1.4322)"
24.64.223.204 - - [31/Mar/2009:22:43:51 -0400] "POST /talk/mark/28513 HTTP/1.1" 201 1 "http://www.nikonthenumbers.com/topics/show/125/28409#comment_28446" "Mozilla/4.0 (compatible; MSIE 7.0; Windows NT 5.1; .NET CLR 1.1.4322)"
67.195.37.93 - - [31/Mar/2009:22:44:03 -0400] "GET /profile/10734 HTTP/1.0" 200 39639 "-" "Mozilla/5.0 (compatible; Yahoo! Slurp/3.0; http://help.yahoo.com/help/us/ysearch/slurp)"
67.195.37.93 - - [31/Mar/2009:22:44:11 -0400] "GET /stylesheets/base_1221113035.css HTTP/1.0" 200 14188 "http://www.nikonthenumbers.com/profile/10734" "Mozilla/5.0 (compatible; Yahoo! Slurp/3.0; http://help.yahoo.com/help/us/ysearch/slurp)"
67.195.37.93 - - [31/Mar/2009:22:44:05 -0400] "GET /profile/10734 HTTP/1.0" 200 301975 "-" "Mozilla/5.0 (compatible; Yahoo! Slurp/3.0; http://help.yahoo.com/help/us/ysearch/slurp)"
72.30.65.34 - - [31/Mar/2009:22:44:12 -0400] "GET /topics/show/54/3036 HTTP/1.0" 200 70472 "-" "Mozilla/5.0 (compatible; Yahoo! Slurp/3.0; http://help.yahoo.com/help/us/ysearch/slurp)"
24.64.223.204 - - [31/Mar/2009:22:44:15 -0400] "POST /rater/create/comment_rating/28513 HTTP/1.1" 200 174 "http://www.nikonthenumbers.com/topics/show/125/28409#comment_28446" "Mozilla/4.0 (compatible; MSIE 7.0; Windows NT 5.1; .NET CLR 1.1.4322)"
24.64.223.204 - - [31/Mar/2009:22:44:21 -0400] "POST /talk/mark/28515 HTTP/1.1" 201 1 "http://www.nikonthenumbers.com/topics/show/125/28409#comment_28446" "Mozilla/4.0 (compatible; MSIE 7.0; Windows NT 5.1; .NET CLR 1.1.4322)"
89.151.110.152 - - [31/Mar/2009:22:44:52 -0400] "GET / HTTP/1.0" 200 24831 "-" "Pingdom.com_bot_version_1.4_(http://www.pingdom.com/)"
24.64.223.204 - - [31/Mar/2009:22:45:07 -0400] "POST /rater/create/comment_rating/28515 HTTP/1.1" 200 174 "http://www.nikonthenumbers.com/topics/show/125/28409#comment_28446" "Mozilla/4.0 (compatible; MSIE 7.0; Windows NT 5.1; .NET CLR 1.1.4322)"
24.64.223.204 - - [31/Mar/2009:22:45:12 -0400] "POST /talk/mark/28536 HTTP/1.1" 201 1 "http://www.nikonthenumbers.com/topics/show/125/28409#comment_28446" "Mozilla/4.0 (compatible; MSIE 7.0; Windows NT 5.1; .NET CLR 1.1.4322)"
209.62.54.130 - - [31/Mar/2009:22:45:52 -0400] "GET / HTTP/1.0" 200 24831 "-" "Pingdom.com_bot_version_1.4_(http://www.pingdom.com/)"
24.64.223.204 - - [31/Mar/2009:22:45:56 -0400] "POST /rater/create/comment_rating/28536 HTTP/1.1" 200 174 "http://www.nikonthenumbers.com/topics/show/125/28409#comment_28446" "Mozilla/4.0 (compatible; MSIE 7.0; Windows NT 5.1; .NET CLR 1.1.4322)"
24.64.223.204 - - [31/Mar/2009:22:46:02 -0400] "POST /talk/mark/28538 HTTP/1.1" 201 1 "http://www.nikonthenumbers.com/topics/show/125/28409#comment_28446" "Mozilla/4.0 (compatible; MSIE 7.0; Windows NT 5.1; .NET CLR 1.1.4322)"
66.249.71.138 - - [31/Mar/2009:22:46:03 -0400] "GET /topics/show/26/984 HTTP/1.1" 200 124903 "-" "Mozilla/5.0 (compatible; Googlebot/2.1; +http://www.google.com/bot.html)"
83.140.19.38 - - [31/Mar/2009:22:46:06 -0400] "GET / HTTP/1.0" 200 24831 "-" "Pingdom.com_bot_version_1.4_(http://www.pingdom.com/)"
24.64.223.204 - - [31/Mar/2009:22:46:51 -0400] "POST /rater/create/comment_rating/28538 HTTP/1.1" 200 165 "http://www.nikonthenumbers.com/topics/show/125/28409#comment_28446" "Mozilla/4.0 (compatible; MSIE 7.0; Windows NT 5.1; .NET CLR 1.1.4322)"
72.51.41.47 - - [31/Mar/2009:22:46:51 -0400] "GET / HTTP/1.0" 200 24831 "-" "Pingdom.com_bot_version_1.4_(http://www.pingdom.com/)"
24.64.223.204 - - [31/Mar/2009:22:46:58 -0400] "POST /talk/mark/28539 HTTP/1.1" 201 1 "http://www.nikonthenumbers.com/topics/show/125/28409#comment_28446" "Mozilla/4.0 (compatible; MSIE 7.0; Windows NT 5.1; .NET CLR 1.1.4322)"
72.138.33.163 - - [31/Mar/2009:22:47:01 -0400] "GET /rss HTTP/1.1" 200 100138 "-" "Windows-RSS-Platform/1.0 (MSIE 7.0; Windows NT 5.1)"
24.64.223.204 - - [31/Mar/2009:22:47:23 -0400] "POST /rater/create/comment_rating/28539 HTTP/1.1" 200 165 "http://www.nikonthenumbers.com/topics/show/125/28409#comment_28446" "Mozilla/4.0 (compatible; MSIE 7.0; Windows NT 5.1; .NET CLR 1.1.4322)"
24.64.223.204 - - [31/Mar/2009:22:47:30 -0400] "POST /talk/mark/28540 HTTP/1.1" 201 1 "http://www.nikonthenumbers.com/topics/show/125/28409#comment_28446" "Mozilla/4.0 (compatible; MSIE 7.0; Windows NT 5.1; .NET CLR 1.1.4322)"
99.250.110.87 - - [31/Mar/2009:22:47:40 -0400] "GET /rss HTTP/1.1" 200 100138 "-" "Mozilla/5.0 (Windows; U; Windows NT 5.1; en-US; rv:1.9.0.8) Gecko/2009032609 Firefox/3.0.8"
24.64.223.204 - - [31/Mar/2009:22:47:50 -0400] "POST /rater/create/comment_rating/28540 HTTP/1.1" 200 165 "http://www.nikonthenumbers.com/topics/show/125/28409#comment_28446" "Mozilla/4.0 (compatible; MSIE 7.0; Windows NT 5.1; .NET CLR 1.1.4322)"
24.64.223.204 - - [31/Mar/2009:22:47:53 -0400] "POST /talk/mark/28541 HTTP/1.1" 201 1 "http://www.nikonthenumbers.com/topics/show/125/28409#comment_28446" "Mozilla/4.0 (compatible; MSIE 7.0; Windows NT 5.1; .NET CLR 1.1.4322)"
212.247.189.113 - - [31/Mar/2009:22:47:51 -0400] "GET / HTTP/1.0" 200 24831 "-" "Pingdom.com_bot_version_1.4_(http://www.pingdom.com/)"
67.195.37.93 - - [31/Mar/2009:22:48:09 -0400] "GET /topics/show/121/26756 HTTP/1.0" 200 615638 "-" "Mozilla/5.0 (compatible; Yahoo! Slurp; http://help.yahoo.com/help/us/ysearch/slurp)"
207.97.207.200 - - [31/Mar/2009:22:48:53 -0400] "GET / HTTP/1.0" 200 24831 "-" "Pingdom.com_bot_version_1.4_(http://www.pingdom.com/)"
24.64.223.204 - - [31/Mar/2009:22:48:58 -0400] "POST /rater/create/comment_rating/28541 HTTP/1.1" 200 165 "http://www.nikonthenumbers.com/topics/show/125/28409#comment_28446" "Mozilla/4.0 (compatible; MSIE 7.0; Windows NT 5.1; .NET CLR 1.1.4322)"
24.64.223.204 - - [31/Mar/2009:22:49:41 -0400] "POST /talk/mark/28452 HTTP/1.1" 201 1 "http://www.nikonthenumbers.com/topics/show/125/28409#comment_28446" "Mozilla/4.0 (compatible; MSIE 7.0; Windows NT 5.1; .NET CLR 1.1.4322)"
66.249.71.138 - - [31/Mar/2009:22:49:45 -0400] "GET /topics/show/24 HTTP/1.1" 404 2579 "-" "Mozilla/5.0 (compatible; Googlebot/2.1; +http://www.google.com/bot.html)"
67.192.120.134 - - [31/Mar/2009:22:49:50 -0400] "GET / HTTP/1.0" 200 24831 "-" "Pingdom.com_bot_version_1.4_(http://www.pingdom.com/)"
98.224.224.185 - - [31/Mar/2009:22:50:43 -0400] "GET /robots.txt HTTP/1.1" 200 161 "-" "-"
98.224.224.185 - - [31/Mar/2009:22:50:43 -0400] "GET /viewer/index/43 HTTP/1.1" 200 659 "-" "-"
78.136.27.223 - - [31/Mar/2009:22:50:51 -0400] "GET / HTTP/1.0" 200 24831 "-" "Pingdom.com_bot_version_1.4_(http://www.pingdom.com/)"
24.64.223.204 - - [31/Mar/2009:22:51:22 -0400] "POST /rater/create/comment_rating/28452 HTTP/1.1" 200 174 "http://www.nikonthenumbers.com/topics/show/125/28409#comment_28446" "Mozilla/4.0 (compatible; MSIE 7.0; Windows NT 5.1; .NET CLR 1.1.4322)"
24.64.223.204 - - [31/Mar/2009:22:51:31 -0400] "POST /talk/mark/28484 HTTP/1.1" 201 1 "http://www.nikonthenumbers.com/topics/show/125/28409#comment_28446" "Mozilla/4.0 (compatible; MSIE 7.0; Windows NT 5.1; .NET CLR 1.1.4322)"
67.205.112.79 - - [31/Mar/2009:22:51:51 -0400] "GET / HTTP/1.0" 200 24831 "-" "Pingdom.com_bot_version_1.4_(http://www.pingdom.com/)"
174.133.253.162 - - [31/Mar/2009:22:52:51 -0400] "GET / HTTP/1.0" 200 24831 "-" "Pingdom.com_bot_version_1.4_(http://www.pingdom.com/)"
70.71.162.234 - - [31/Mar/2009:22:53:01 -0400] "GET /rss HTTP/1.1" 200 100138 "-" "Mozilla/5.0 (Windows; U; Windows NT 5.1; en-US; rv:1.9.0.8) Gecko/2009032609 Firefox/3.0.8"
72.30.65.34 - - [31/Mar/2009:22:53:43 -0400] "GET /topics/show/20/698 HTTP/1.0" 200 84963 "-" "Mozilla/5.0 (compatible; Yahoo! Slurp/3.0; http://help.yahoo.com/help/us/ysearch/slurp)"
66.249.71.138 - - [31/Mar/2009:22:54:21 -0400] "GET /profile/725727 HTTP/1.1" 200 14630 "-" "Mozilla/5.0 (compatible; Googlebot/2.1; +http://www.google.com/bot.html)"
216.97.239.30 - - [31/Mar/2009:22:54:38 -0400] "GET /rss HTTP/1.0" 200 100138 "-" "FeedForAll rss2html.php v2"
64.230.101.177 - - [31/Mar/2009:22:54:44 -0400] "GET /rss HTTP/1.1" 200 100138 "-" "Mozilla/5.0 (Windows; U; Windows NT 5.1; en-US; rv:1.8.1.20) Gecko/20081217 Firefox/2.0.0.20"
89.151.110.152 - - [31/Mar/2009:22:54:52 -0400] "GET / HTTP/1.0" 200 24831 "-" "Pingdom.com_bot_version_1.4_(http://www.pingdom.com/)"
24.64.223.204 - - [31/Mar/2009:22:55:44 -0400] "POST /rater/create/comment_rating/28484 HTTP/1.1" 200 165 "http://www.nikonthenumbers.com/topics/show/125/28409#comment_28446" "Mozilla/4.0 (compatible; MSIE 7.0; Windows NT 5.1; .NET CLR 1.1.4322)"
24.64.223.204 - - [31/Mar/2009:22:55:50 -0400] "POST /topics/show_comments/125/28484 HTTP/1.1" 200 5738 "http://www.nikonthenumbers.com/topics/show/125/28409#comment_28446" "Mozilla/4.0 (compatible; MSIE 7.0; Windows NT 5.1; .NET CLR 1.1.4322)"
209.62.54.130 - - [31/Mar/2009:22:55:52 -0400] "GET / HTTP/1.0" 200 24831 "-" "Pingdom.com_bot_version_1.4_(http://www.pingdom.com/)"
66.249.71.138 - - [31/Mar/2009:22:56:00 -0400] "GET /topics/show/47/2558 HTTP/1.1" 200 80544 "-" "Mozilla/5.0 (compatible; Googlebot/2.1; +http://www.google.com/bot.html)"
72.136.129.23 - - [31/Mar/2009:22:56:08 -0400] "GET /rss HTTP/1.1" 200 100138 "-" "Mozilla/5.0 (Windows; U; Windows NT 6.0; en-US; rv:1.9.0.8) Gecko/2009032609 Firefox/3.0.8 (.NET CLR 3.5.30729)"
83.140.19.38 - - [31/Mar/2009:22:56:33 -0400] "GET / HTTP/1.0" 200 24831 "-" "Pingdom.com_bot_version_1.4_(http://www.pingdom.com/)"
72.51.41.47 - - [31/Mar/2009:22:56:52 -0400] "GET / HTTP/1.0" 200 24831 "-" "Pingdom.com_bot_version_1.4_(http://www.pingdom.com/)"
72.30.65.34 - - [31/Mar/2009:22:57:39 -0400] "GET /profile/661992 HTTP/1.0" 200 18774 "-" "Mozilla/5.0 (compatible; Yahoo! Slurp/3.0; http://help.yahoo.com/help/us/ysearch/slurp)"
212.247.189.113 - - [31/Mar/2009:22:57:52 -0400] "GET / HTTP/1.0" 200 24831 "-" "Pingdom.com_bot_version_1.4_(http://www.pingdom.com/)"
67.195.37.93 - - [31/Mar/2009:22:58:15 -0400] "GET /topics/show/59/3699 HTTP/1.0" 200 283258 "-" "Mozilla/5.0 (compatible; Yahoo! Slurp/3.0; http://help.yahoo.com/help/us/ysearch/slurp)"
96.49.199.11 - - [31/Mar/2009:22:58:17 -0400] "GET /rss HTTP/1.1" 200 99686 "-" "Mozilla/5.0 (Windows; U; Windows NT 5.1; en-US; rv:1.9.0.8) Gecko/2009032609 Firefox/3.0.8"
207.97.207.200 - - [31/Mar/2009:22:58:51 -0400] "GET / HTTP/1.0" 200 24831 "-" "Pingdom.com_bot_version_1.4_(http://www.pingdom.com/)"
67.192.120.134 - - [31/Mar/2009:22:59:53 -0400] "GET / HTTP/1.0" 200 24831 "-" "Pingdom.com_bot_version_1.4_(http://www.pingdom.com/)"
64.34.195.155 - - [31/Mar/2009:23:00:31 -0400] "GET /rss HTTP/1.1" 200 99686 "-" "Mozilla/5.0 (X11; U; Linux i686; en-US; rv:1.2.1; aggregator:Spinn3r (Spinn3r 3.0); http://spinn3r.com/robot) Gecko/20021130"
66.249.71.138 - - [31/Mar/2009:23:00:59 -0400] "GET /topics/show/44/2418 HTTP/1.1" 200 108807 "-" "Mozilla/5.0 (compatible; Googlebot/2.1; +http://www.google.com/bot.html)"
65.55.105.118 - - [31/Mar/2009:23:01:33 -0400] "GET /topics/show/54/3074 HTTP/1.1" 200 80851 "-" "msnbot/1.1 (+http://search.msn.com/msnbot.htm)"
67.205.112.79 - - [31/Mar/2009:23:01:51 -0400] "GET / HTTP/1.0" 200 24831 "-" "Pingdom.com_bot_version_1.4_(http://www.pingdom.com/)"
24.64.223.204 - - [31/Mar/2009:23:02:28 -0400] "POST /talk/mark/28505 HTTP/1.1" 201 1 "http://www.nikonthenumbers.com/topics/show/125/28409#comment_28446" "Mozilla/4.0 (compatible; MSIE 7.0; Windows NT 5.1; .NET CLR 1.1.4322)"
78.136.27.223 - - [31/Mar/2009:23:02:26 -0400] "GET / HTTP/1.0" 200 24831 "-" "Pingdom.com_bot_version_1.4_(http://www.pingdom.com/)"
66.249.71.138 - - [31/Mar/2009:23:02:38 -0400] "GET /topics/show/96/13796 HTTP/1.1" 200 116324 "-" "Mozilla/5.0 (compatible; Googlebot/2.1; +http://www.google.com/bot.html)"
24.64.223.204 - - [31/Mar/2009:23:02:51 -0400] "POST /rater/create/comment_rating/28505 HTTP/1.1" 200 165 "http://www.nikonthenumbers.com/topics/show/125/28409#comment_28446" "Mozilla/4.0 (compatible; MSIE 7.0; Windows NT 5.1; .NET CLR 1.1.4322)"
72.30.65.34 - - [31/Mar/2009:23:02:46 -0400] "GET /topics/show/115/21206 HTTP/1.0" 200 1172212 "-" "Mozilla/5.0 (compatible; Yahoo! Slurp/3.0; http://help.yahoo.com/help/us/ysearch/slurp)"
174.133.253.162 - - [31/Mar/2009:23:02:51 -0400] "GET / HTTP/1.0" 200 24831 "-" "Pingdom.com_bot_version_1.4_(http://www.pingdom.com/)"
24.64.223.204 - - [31/Mar/2009:23:03:16 -0400] "POST /talk/mark/28489 HTTP/1.1" 201 1 "http://www.nikonthenumbers.com/topics/show/125/28409#comment_28446" "Mozilla/4.0 (compatible; MSIE 7.0; Windows NT 5.1; .NET CLR 1.1.4322)"
64.34.195.157 - - [31/Mar/2009:23:03:45 -0400] "GET / HTTP/1.1" 200 24667 "-" "Mozilla/5.0 (X11; U; Linux i686; en-US; rv:1.2.1; aggregator:Spinn3r (Spinn3r 3.0); http://spinn3r.com/robot) Gecko/20021130"
72.30.65.34 - - [31/Mar/2009:23:03:58 -0400] "GET /topics/show/80/10734 HTTP/1.0" 200 74909 "-" "Mozilla/5.0 (compatible; Yahoo! Slurp/3.0; http://help.yahoo.com/help/us/ysearch/slurp)"
24.64.223.204 - - [31/Mar/2009:23:04:24 -0400] "POST /rater/create/comment_rating/28489 HTTP/1.1" 200 174 "http://www.nikonthenumbers.com/topics/show/125/28409#comment_28446" "Mozilla/4.0 (compatible; MSIE 7.0; Windows NT 5.1; .NET CLR 1.1.4322)"
24.64.223.204 - - [31/Mar/2009:23:04:32 -0400] "POST /talk/mark/28490 HTTP/1.1" 201 1 "http://www.nikonthenumbers.com/topics/show/125/28409#comment_28446" "Mozilla/4.0 (compatible; MSIE 7.0; Windows NT 5.1; .NET CLR 1.1.4322)"
24.64.223.204 - - [31/Mar/2009:23:04:51 -0400] "POST /rater/create/comment_rating/28490 HTTP/1.1" 200 174 "http://www.nikonthenumbers.com/topics/show/125/28409#comment_28446" "Mozilla/4.0 (compatible; MSIE 7.0; Windows NT 5.1; .NET CLR 1.1.4322)"
89.151.110.152 - - [31/Mar/2009:23:04:51 -0400] "GET / HTTP/1.0" 200 24831 "-" "Pingdom.com_bot_version_1.4_(http://www.pingdom.com/)"
24.64.223.204 - - [31/Mar/2009:23:04:55 -0400] "POST /topics/show_comments/125/28490 HTTP/1.1" 200 19308 "http://www.nikonthenumbers.com/topics/show/125/28409#comment_28446" "Mozilla/4.0 (compatible; MSIE 7.0; Windows NT 5.1; .NET CLR 1.1.4322)"
24.64.223.204 - - [31/Mar/2009:23:05:10 -0400] "POST /talk/mark/28500 HTTP/1.1" 201 1 "http://www.nikonthenumbers.com/topics/show/125/28409#comment_28446" "Mozilla/4.0 (compatible; MSIE 7.0; Windows NT 5.1; .NET CLR 1.1.4322)"
65.55.105.121 - - [31/Mar/2009:23:05:22 -0400] "GET /topics/show/9/195 HTTP/1.1" 200 123452 "-" "msnbot/1.1 (+http://search.msn.com/msnbot.htm)"
209.62.54.130 - - [31/Mar/2009:23:05:51 -0400] "GET / HTTP/1.0" 200 24831 "-" "Pingdom.com_bot_version_1.4_(http://www.pingdom.com/)"
99.240.94.33 - - [31/Mar/2009:23:06:01 -0400] "GET /rss HTTP/1.1" 200 100138 "-" "Vienna/2.3.0.2301"
24.64.223.204 - - [31/Mar/2009:23:06:32 -0400] "POST /rater/create/comment_rating/28500 HTTP/1.1" 200 174 "http://www.nikonthenumbers.com/topics/show/125/28409#comment_28446" "Mozilla/4.0 (compatible; MSIE 7.0; Windows NT 5.1; .NET CLR 1.1.4322)"
24.64.223.204 - - [31/Mar/2009:23:06:41 -0400] "POST /talk/mark/28501 HTTP/1.1" 201 1 "http://www.nikonthenumbers.com/topics/show/125/28409#comment_28446" "Mozilla/4.0 (compatible; MSIE 7.0; Windows NT 5.1; .NET CLR 1.1.4322)"
121.216.173.213 - - [31/Mar/2009:23:06:49 -0400] "GET /rss HTTP/1.1" 200 100138 "-" "Apple-PubSub/65.6"
72.51.41.47 - - [31/Mar/2009:23:07:42 -0400] "GET / HTTP/1.0" 200 24831 "-" "Pingdom.com_bot_version_1.4_(http://www.pingdom.com/)"
212.247.189.113 - - [31/Mar/2009:23:07:51 -0400] "GET / HTTP/1.0" 200 24831 "-" "Pingdom.com_bot_version_1.4_(http://www.pingdom.com/)"
24.64.223.204 - - [31/Mar/2009:23:08:06 -0400] "POST /rater/create/comment_rating/28501 HTTP/1.1" 200 165 "http://www.nikonthenumbers.com/topics/show/125/28409#comment_28446" "Mozilla/4.0 (compatible; MSIE 7.0; Windows NT 5.1; .NET CLR 1.1.4322)"
24.64.223.204 - - [31/Mar/2009:23:08:12 -0400] "POST /talk/mark/28502 HTTP/1.1" 201 1 "http://www.nikonthenumbers.com/topics/show/125/28409#comment_28446" "Mozilla/4.0 (compatible; MSIE 7.0; Windows NT 5.1; .NET CLR 1.1.4322)"
24.64.223.204 - - [31/Mar/2009:23:08:49 -0400] "POST /rater/create/comment_rating/28502 HTTP/1.1" 200 166 "http://www.nikonthenumbers.com/topics/show/125/28409#comment_28446" "Mozilla/4.0 (compatible; MSIE 7.0; Windows NT 5.1; .NET CLR 1.1.4322)"
207.97.207.200 - - [31/Mar/2009:23:08:51 -0400] "GET / HTTP/1.0" 200 24831 "-" "Pingdom.com_bot_version_1.4_(http://www.pingdom.com/)"
24.64.223.204 - - [31/Mar/2009:23:08:57 -0400] "POST /talk/mark/28503 HTTP/1.1" 201 1 "http://www.nikonthenumbers.com/topics/show/125/28409#comment_28446" "Mozilla/4.0 (compatible; MSIE 7.0; Windows NT 5.1; .NET CLR 1.1.4322)"
24.64.223.204 - - [31/Mar/2009:23:09:08 -0400] "POST /talk/mark/28510 HTTP/1.1" 201 1 "http://www.nikonthenumbers.com/topics/show/125/28409#comment_28446" "Mozilla/4.0 (compatible; MSIE 7.0; Windows NT 5.1; .NET CLR 1.1.4322)"
72.30.65.34 - - [31/Mar/2009:23:09:15 -0400] "GET /topics/show/89/12128 HTTP/1.0" 200 122124 "-" "Mozilla/5.0 (compatible; Yahoo! Slurp/3.0; http://help.yahoo.com/help/us/ysearch/slurp)"
70.24.175.224 - - [31/Mar/2009:23:09:23 -0400] "GET /rss HTTP/1.1" 200 100138 "-" "Mozilla/5.0 (Macintosh; U; Intel Mac OS X 10.5; en-US; rv:1.9.0.8) Gecko/2009032608 Firefox/3.0.8"
66.249.71.138 - - [31/Mar/2009:23:09:16 -0400] "GET /topics/show/115/20955 HTTP/1.1" 200 1187738 "-" "Mozilla/5.0 (compatible; Googlebot/2.1; +http://www.google.com/bot.html)"
24.64.223.204 - - [31/Mar/2009:23:09:29 -0400] "POST /talk/mark/28516 HTTP/1.1" 201 1 "http://www.nikonthenumbers.com/topics/show/125/28409#comment_28446" "Mozilla/4.0 (compatible; MSIE 7.0; Windows NT 5.1; .NET CLR 1.1.4322)"
88.191.79.43 - - [31/Mar/2009:23:09:30 -0400] "GET /profile/1006165 HTTP/1.0" 200 16141 "http://www.nikonthenumbers.com/" "Mozilla/4.0 (compatible; MSIE 6.0; Windows NT 5.1)"
24.64.223.204 - - [31/Mar/2009:23:09:49 -0400] "POST /rater/create/comment_rating/28516 HTTP/1.1" 200 174 "http://www.nikonthenumbers.com/topics/show/125/28409#comment_28446" "Mozilla/4.0 (compatible; MSIE 7.0; Windows NT 5.1; .NET CLR 1.1.4322)"
67.192.120.134 - - [31/Mar/2009:23:09:50 -0400] "GET / HTTP/1.0" 200 24831 "-" "Pingdom.com_bot_version_1.4_(http://www.pingdom.com/)"
78.136.27.223 - - [31/Mar/2009:23:10:51 -0400] "GET / HTTP/1.0" 200 24831 "-" "Pingdom.com_bot_version_1.4_(http://www.pingdom.com/)"
66.249.71.138 - - [31/Mar/2009:23:10:56 -0400] "GET /topics/show/100/14783 HTTP/1.1" 200 281123 "-" "Mozilla/5.0 (compatible; Googlebot/2.1; +http://www.google.com/bot.html)"
72.30.65.34 - - [31/Mar/2009:23:11:44 -0400] "GET /topics/show/56/3318 HTTP/1.0" 200 154577 "-" "Mozilla/5.0 (compatible; Yahoo! Slurp/3.0; http://help.yahoo.com/help/us/ysearch/slurp)"
67.205.112.79 - - [31/Mar/2009:23:11:51 -0400] "GET / HTTP/1.0" 200 24831 "-" "Pingdom.com_bot_version_1.4_(http://www.pingdom.com/)"
72.30.65.34 - - [31/Mar/2009:23:12:20 -0400] "GET /profile/743259 HTTP/1.0" 200 25989 "-" "Mozilla/5.0 (compatible; Yahoo! Slurp/3.0; http://help.yahoo.com/help/us/ysearch/slurp)"
66.249.71.138 - - [31/Mar/2009:23:12:35 -0400] "GET /topics/show/111/18045 HTTP/1.1" 200 162664 "-" "Mozilla/5.0 (compatible; Googlebot/2.1; +http://www.google.com/bot.html)"
174.133.253.162 - - [31/Mar/2009:23:12:52 -0400] "GET / HTTP/1.0" 200 24831 "-" "Pingdom.com_bot_version_1.4_(http://www.pingdom.com/)"
83.167.106.21 - - [31/Mar/2009:23:13:07 -0400] "GET /topics/show/115 HTTP/1.0" 200 359638 "http://www.nikonthenumbers.com/topics/show/115" "Opera/7.60 (Windows NT 5.2; U)  [en] (IBM EVV/3.0/EAK01AG9/LE)"
67.195.37.93 - - [31/Mar/2009:23:13:24 -0400] "GET /topics/show/89/12000 HTTP/1.0" 200 138889 "-" "Mozilla/5.0 (compatible; Yahoo! Slurp; http://help.yahoo.com/help/us/ysearch/slurp)"
72.30.79.90 - - [31/Mar/2009:23:13:39 -0400] "GET /profile/104679 HTTP/1.0" 200 105968 "-" "Mozilla/5.0 (compatible; Yahoo! Slurp/3.0; http://help.yahoo.com/help/us/ysearch/slurp)"
66.249.71.138 - - [31/Mar/2009:23:14:15 -0400] "GET /topics/show/99/14546 HTTP/1.1" 200 64835 "-" "Mozilla/5.0 (compatible; Googlebot/2.1; +http://www.google.com/bot.html)"
72.30.65.34 - - [31/Mar/2009:23:14:43 -0400] "GET /topics/show/113/19518 HTTP/1.0" 200 348552 "-" "Mozilla/5.0 (compatible; Yahoo! Slurp/3.0; http://help.yahoo.com/help/us/ysearch/slurp)"
89.151.110.152 - - [31/Mar/2009:23:14:52 -0400] "GET / HTTP/1.0" 200 24831 "-" "Pingdom.com_bot_version_1.4_(http://www.pingdom.com/)"
209.62.54.130 - - [31/Mar/2009:23:15:51 -0400] "GET / HTTP/1.0" 200 24831 "-" "Pingdom.com_bot_version_1.4_(http://www.pingdom.com/)"
66.249.71.138 - - [31/Mar/2009:23:15:55 -0400] "GET /topics/show/112/18482 HTTP/1.1" 200 322436 "-" "Mozilla/5.0 (compatible; Googlebot/2.1; +http://www.google.com/bot.html)"
88.191.79.43 - - [31/Mar/2009:23:15:56 -0400] "GET /profile/100782 HTTP/1.0" 200 25474 "http://www.nikonthenumbers.com/" "Mozilla/4.0 (compatible; MSIE 6.0; Windows NT 5.1)"
83.140.19.38 - - [31/Mar/2009:23:16:14 -0400] "GET / HTTP/1.0" 200 24831 "-" "Pingdom.com_bot_version_1.4_(http://www.pingdom.com/)"
65.55.106.233 - - [31/Mar/2009:23:16:25 -0400] "GET /robots.txt HTTP/1.1" 200 161 "-" "msnbot/2.0b (+http://search.msn.com/msnbot.htm)"
72.51.41.47 - - [31/Mar/2009:23:16:51 -0400] "GET / HTTP/1.0" 200 24831 "-" "Pingdom.com_bot_version_1.4_(http://www.pingdom.com/)"
65.55.105.118 - - [31/Mar/2009:23:17:33 -0400] "GET /topics/show/107/16780 HTTP/1.1" 200 276989 "-" "msnbot/1.1 (+http://search.msn.com/msnbot.htm)"
65.55.105.118 - - [31/Mar/2009:23:17:38 -0400] "GET /topics/show/88/11801 HTTP/1.1" 200 80888 "-" "msnbot/1.1 (+http://search.msn.com/msnbot.htm)"
66.249.71.138 - - [31/Mar/2009:23:17:37 -0400] "GET /topics/show/92/12622 HTTP/1.1" 200 155987 "-" "Mozilla/5.0 (compatible; Googlebot/2.1; +http://www.google.com/bot.html)"
65.55.105.118 - - [31/Mar/2009:23:17:39 -0400] "GET /profile/171921 HTTP/1.1" 200 14668 "-" "msnbot/1.1 (+http://search.msn.com/msnbot.htm)"
212.247.189.113 - - [31/Mar/2009:23:17:51 -0400] "GET / HTTP/1.0" 200 24831 "-" "Pingdom.com_bot_version_1.4_(http://www.pingdom.com/)"
65.55.110.209 - - [31/Mar/2009:23:18:45 -0400] "GET /profile/171921 HTTP/1.0" 200 14668 "http://search.live.com/results.aspx?q=nanos" "Mozilla/4.0 (compatible; MSIE 6.0; Windows NT 5.2; SV1; .NET CLR 1.1.4322)"
65.55.110.209 - - [31/Mar/2009:23:18:46 -0400] "GET /stylesheets/base_1221113035.css HTTP/1.0" 200 14188 "http://www.nikonthenumbers.com/profile/171921" "Mozilla/4.0 (compatible; MSIE 6.0; Windows NT 5.2; SV1; .NET CLR 1.1.4322)"
65.55.110.160 - - [31/Mar/2009:23:18:46 -0400] "GET /topics/show/88/11801 HTTP/1.0" 200 80888 "http://search.live.com/results.aspx?q=nanos" "Mozilla/4.0 (compatible; MSIE 6.0; Windows NT 5.2; SV1; .NET CLR 1.1.4322)"
65.55.110.209 - - [31/Mar/2009:23:18:47 -0400] "GET /javascripts/base_1221113035.js HTTP/1.0" 200 96039 "http://www.nikonthenumbers.com/profile/171921" "Mozilla/4.0 (compatible; MSIE 6.0; Windows NT 5.2; SV1; .NET CLR 1.1.4322)"
65.55.110.160 - - [31/Mar/2009:23:18:49 -0400] "GET /stylesheets/base_1221113035.css HTTP/1.0" 200 14188 "http://www.nikonthenumbers.com/topics/show/88/11801" "Mozilla/4.0 (compatible; MSIE 6.0; Windows NT 5.2; SV1; .NET CLR 1.1.4322)"
65.55.110.160 - - [31/Mar/2009:23:18:50 -0400] "GET /javascripts/base_1221113035.js HTTP/1.0" 200 96039 "http://www.nikonthenumbers.com/topics/show/88/11801" "Mozilla/4.0 (compatible; MSIE 6.0; Windows NT 5.2; SV1; .NET CLR 1.1.4322)"
207.97.207.200 - - [31/Mar/2009:23:18:51 -0400] "GET / HTTP/1.0" 200 24831 "-" "Pingdom.com_bot_version_1.4_(http://www.pingdom.com/)"
65.55.110.160 - - [31/Mar/2009:23:18:57 -0400] "GET /avatars/0000/0043/Polar_Bear_endangered_thumb.jpg?1222028520 HTTP/1.0" 200 4166 "http://www.nikonthenumbers.com/topics/show/88/11801" "Mozilla/4.0 (compatible; MSIE 6.0; Windows NT 5.2; SV1; .NET CLR 1.1.4322)"
65.55.110.160 - - [31/Mar/2009:23:18:57 -0400] "GET /avatars/0000/0021/Richard_thumb.jpg?1207177580 HTTP/1.0" 200 7816 "http://www.nikonthenumbers.com/topics/show/88/11801" "Mozilla/4.0 (compatible; MSIE 6.0; Windows NT 5.2; SV1; .NET CLR 1.1.4322)"
65.55.110.209 - - [31/Mar/2009:23:18:59 -0400] "GET /images/polling_results.jpg?1221113035 HTTP/1.0" 200 5021 "http://www.nikonthenumbers.com/profile/171921" "Mozilla/4.0 (compatible; MSIE 6.0; Windows NT 5.2; SV1; .NET CLR 1.1.4322)"
65.55.110.160 - - [31/Mar/2009:23:18:59 -0400] "GET /fixit.js HTTP/1.0" 200 153 "http://www.nikonthenumbers.com/topics/show/88/11801" "Mozilla/4.0 (compatible; MSIE 6.0; Windows NT 5.2; SV1; .NET CLR 1.1.4322)"
65.55.110.160 - - [31/Mar/2009:23:19:00 -0400] "GET /images/polling_results.jpg?1221113035 HTTP/1.0" 200 5021 "http://www.nikonthenumbers.com/topics/show/88/11801" "Mozilla/4.0 (compatible; MSIE 6.0; Windows NT 5.2; SV1; .NET CLR 1.1.4322)"
65.55.110.209 - - [31/Mar/2009:23:19:01 -0400] "GET /fixit.js HTTP/1.0" 200 153 "http://www.nikonthenumbers.com/profile/171921" "Mozilla/4.0 (compatible; MSIE 6.0; Windows NT 5.2; SV1; .NET CLR 1.1.4322)"
66.249.71.138 - - [31/Mar/2009:23:19:14 -0400] "GET /topics/show/111/18358 HTTP/1.1" 200 151329 "-" "Mozilla/5.0 (compatible; Googlebot/2.1; +http://www.google.com/bot.html)"
72.30.65.34 - - [31/Mar/2009:23:19:31 -0400] "GET /viewer/index/52 HTTP/1.0" 200 656 "-" "Mozilla/5.0 (compatible; Yahoo! Slurp/3.0; http://help.yahoo.com/help/us/ysearch/slurp)"
72.30.65.34 - - [31/Mar/2009:23:19:32 -0400] "GET /viewer/header/52 HTTP/1.0" 200 3639 "http://www.nikonthenumbers.com/viewer/index/52" "Mozilla/5.0 (compatible; Yahoo! Slurp/3.0; http://help.yahoo.com/help/us/ysearch/slurp)"
72.30.65.34 - - [31/Mar/2009:23:19:32 -0400] "GET /viewer/content/52 HTTP/1.0" 200 113380 "http://www.nikonthenumbers.com/viewer/index/52" "Mozilla/5.0 (compatible; Yahoo! Slurp/3.0; http://help.yahoo.com/help/us/ysearch/slurp)"
72.30.65.34 - - [31/Mar/2009:23:19:33 -0400] "GET /stylesheets/yahoo/fonts.css HTTP/1.0" 304 - "http://www.nikonthenumbers.com/viewer/header/52" "Mozilla/5.0 (compatible; Yahoo! Slurp/3.0; http://help.yahoo.com/help/us/ysearch/slurp)"
72.30.65.34 - - [31/Mar/2009:23:19:34 -0400] "GET /stylesheets/yahoo/reset.css HTTP/1.0" 304 - "http://www.nikonthenumbers.com/viewer/header/52" "Mozilla/5.0 (compatible; Yahoo! Slurp/3.0; http://help.yahoo.com/help/us/ysearch/slurp)"
72.30.65.34 - - [31/Mar/2009:23:19:34 -0400] "GET /stylesheets/ses.css HTTP/1.0" 304 - "http://www.nikonthenumbers.com/viewer/header/52" "Mozilla/5.0 (compatible; Yahoo! Slurp/3.0; http://help.yahoo.com/help/us/ysearch/slurp)"
72.30.65.34 - - [31/Mar/2009:23:19:35 -0400] "GET /stylesheets/rating.css HTTP/1.0" 304 - "http://www.nikonthenumbers.com/viewer/header/52" "Mozilla/5.0 (compatible; Yahoo! Slurp/3.0; http://help.yahoo.com/help/us/ysearch/slurp)"
67.192.120.134 - - [31/Mar/2009:23:19:50 -0400] "GET / HTTP/1.0" 200 24831 "-" "Pingdom.com_bot_version_1.4_(http://www.pingdom.com/)"
24.57.45.109 - - [31/Mar/2009:23:20:12 -0400] "GET /rss HTTP/1.1" 200 100138 "-" "Mozilla/5.0 (Windows; U; Windows NT 5.1; en-US; rv:1.9.0.7) Gecko/2009021910 Firefox/3.0.7"
75.154.76.172 - - [31/Mar/2009:23:20:41 -0400] "GET /rss HTTP/1.1" 200 100138 "-" "Windows-RSS-Platform/1.0 (MSIE 7.0; Windows NT 6.0)"
78.136.27.223 - - [31/Mar/2009:23:20:51 -0400] "GET / HTTP/1.0" 200 24831 "-" "Pingdom.com_bot_version_1.4_(http://www.pingdom.com/)"
66.249.71.138 - - [31/Mar/2009:23:20:53 -0400] "GET /topics/show/115/23348 HTTP/1.1" 200 1265640 "-" "Mozilla/5.0 (compatible; Googlebot/2.1; +http://www.google.com/bot.html)"
67.205.112.79 - - [31/Mar/2009:23:22:13 -0400] "GET / HTTP/1.0" 200 24831 "-" "Pingdom.com_bot_version_1.4_(http://www.pingdom.com/)"
88.191.94.206 - - [31/Mar/2009:23:22:20 -0400] "GET /profile/10162 HTTP/1.0" 200 46369 "http://www.nikonthenumbers.com/" "Mozilla/4.0 (compatible; MSIE 6.0; Windows NT 5.1)"
66.249.71.138 - - [31/Mar/2009:23:22:33 -0400] "GET /topics/show/107/17048 HTTP/1.1" 200 197995 "-" "Mozilla/5.0 (compatible; Googlebot/2.1; +http://www.google.com/bot.html)"
174.133.253.162 - - [31/Mar/2009:23:22:51 -0400] "GET / HTTP/1.0" 200 24831 "-" "Pingdom.com_bot_version_1.4_(http://www.pingdom.com/)"
216.208.235.23 - - [31/Mar/2009:23:24:28 -0400] "GET /topics/show/70 HTTP/1.1" 200 71319 "http://www.google.com/search?hl=ko&q=policy+options+nation+building+through+immigration&btnG=%EA%B2%80%EC%83%89&lr=" "Mozilla/5.0 (Windows; U; Windows NT 5.1; ko; rv:1.9.0.8) Gecko/2009032609 Firefox/3.0.8"
216.208.235.23 - - [31/Mar/2009:23:24:29 -0400] "GET /stylesheets/base_1221113035.css HTTP/1.1" 200 14188 "http://www.nikonthenumbers.com/topics/show/70" "Mozilla/5.0 (Windows; U; Windows NT 5.1; ko; rv:1.9.0.8) Gecko/2009032609 Firefox/3.0.8"
216.208.235.23 - - [31/Mar/2009:23:24:29 -0400] "GET /javascripts/base_1221113035.js HTTP/1.1" 200 96039 "http://www.nikonthenumbers.com/topics/show/70" "Mozilla/5.0 (Windows; U; Windows NT 5.1; ko; rv:1.9.0.8) Gecko/2009032609 Firefox/3.0.8"
216.208.235.23 - - [31/Mar/2009:23:24:29 -0400] "GET /favicon.ico HTTP/1.1" 200 894 "-" "Mozilla/5.0 (Windows; U; Windows NT 5.1; ko; rv:1.9.0.8) Gecko/2009032609 Firefox/3.0.8"
216.208.235.23 - - [31/Mar/2009:23:24:29 -0400] "GET /images/TOP_02.jpg HTTP/1.1" 200 14856 "http://www.nikonthenumbers.com/topics/show/70" "Mozilla/5.0 (Windows; U; Windows NT 5.1; ko; rv:1.9.0.8) Gecko/2009032609 Firefox/3.0.8"
216.208.235.23 - - [31/Mar/2009:23:24:29 -0400] "GET /images/TOP_01.jpg HTTP/1.1" 200 12839 "http://www.nikonthenumbers.com/topics/show/70" "Mozilla/5.0 (Windows; U; Windows NT 5.1; ko; rv:1.9.0.8) Gecko/2009032609 Firefox/3.0.8"
216.208.235.23 - - [31/Mar/2009:23:24:29 -0400] "GET /images/page-bg.gif HTTP/1.1" 200 1487 "http://www.nikonthenumbers.com/stylesheets/base_1221113035.css" "Mozilla/5.0 (Windows; U; Windows NT 5.1; ko; rv:1.9.0.8) Gecko/2009032609 Firefox/3.0.8"
216.208.235.23 - - [31/Mar/2009:23:24:29 -0400] "GET /images/feed-icon-14x14.png HTTP/1.1" 200 689 "http://www.nikonthenumbers.com/topics/show/70" "Mozilla/5.0 (Windows; U; Windows NT 5.1; ko; rv:1.9.0.8) Gecko/2009032609 Firefox/3.0.8"
216.208.235.23 - - [31/Mar/2009:23:24:29 -0400] "GET /fixit.js HTTP/1.1" 200 153 "http://www.nikonthenumbers.com/topics/show/70" "Mozilla/5.0 (Windows; U; Windows NT 5.1; ko; rv:1.9.0.8) Gecko/2009032609 Firefox/3.0.8"
216.208.235.23 - - [31/Mar/2009:23:24:29 -0400] "GET /avatars/0000/0095/images_thumb.jpg?1231803391 HTTP/1.1" 200 7322 "http://www.nikonthenumbers.com/topics/show/70" "Mozilla/5.0 (Windows; U; Windows NT 5.1; ko; rv:1.9.0.8) Gecko/2009032609 Firefox/3.0.8"
216.208.235.23 - - [31/Mar/2009:23:24:29 -0400] "GET /images/RULE-FADE.jpg HTTP/1.1" 200 448 "http://www.nikonthenumbers.com/topics/show/70" "Mozilla/5.0 (Windows; U; Windows NT 5.1; ko; rv:1.9.0.8) Gecko/2009032609 Firefox/3.0.8"
216.208.235.23 - - [31/Mar/2009:23:24:29 -0400] "GET /images/bottom-with-shaddow.gif HTTP/1.1" 200 9790 "http://www.nikonthenumbers.com/stylesheets/base_1221113035.css" "Mozilla/5.0 (Windows; U; Windows NT 5.1; ko; rv:1.9.0.8) Gecko/2009032609 Firefox/3.0.8"
216.208.235.23 - - [31/Mar/2009:23:24:29 -0400] "GET /images/BOX-BACK.jpg HTTP/1.1" 200 1025 "http://www.nikonthenumbers.com/stylesheets/base_1221113035.css" "Mozilla/5.0 (Windows; U; Windows NT 5.1; ko; rv:1.9.0.8) Gecko/2009032609 Firefox/3.0.8"
216.208.235.23 - - [31/Mar/2009:23:24:29 -0400] "GET /images/comment.png HTTP/1.1" 200 540 "http://www.nikonthenumbers.com/stylesheets/base_1221113035.css" "Mozilla/5.0 (Windows; U; Windows NT 5.1; ko; rv:1.9.0.8) Gecko/2009032609 Firefox/3.0.8"
216.208.235.23 - - [31/Mar/2009:23:24:29 -0400] "GET /images/polling_results.jpg?1221113035 HTTP/1.1" 200 5021 "http://www.nikonthenumbers.com/topics/show/70" "Mozilla/5.0 (Windows; U; Windows NT 5.1; ko; rv:1.9.0.8) Gecko/2009032609 Firefox/3.0.8"
216.208.235.23 - - [31/Mar/2009:23:24:30 -0400] "GET /images/safe_subscribe_logo.gif HTTP/1.1" 200 457 "http://www.nikonthenumbers.com/topics/show/70" "Mozilla/5.0 (Windows; U; Windows NT 5.1; ko; rv:1.9.0.8) Gecko/2009032609 Firefox/3.0.8"
216.208.235.23 - - [31/Mar/2009:23:24:29 -0400] "GET /images/TOP_06.jpg HTTP/1.1" 200 2158 "http://www.nikonthenumbers.com/stylesheets/base_1221113035.css" "Mozilla/5.0 (Windows; U; Windows NT 5.1; ko; rv:1.9.0.8) Gecko/2009032609 Firefox/3.0.8"
216.208.235.23 - - [31/Mar/2009:23:24:29 -0400] "GET /images/red-band.gif HTTP/1.1" 200 4358 "http://www.nikonthenumbers.com/stylesheets/base_1221113035.css" "Mozilla/5.0 (Windows; U; Windows NT 5.1; ko; rv:1.9.0.8) Gecko/2009032609 Firefox/3.0.8"
216.208.235.23 - - [31/Mar/2009:23:24:29 -0400] "GET /images/comment_bw.png HTTP/1.1" 200 384 "http://www.nikonthenumbers.com/stylesheets/base_1221113035.css" "Mozilla/5.0 (Windows; U; Windows NT 5.1; ko; rv:1.9.0.8) Gecko/2009032609 Firefox/3.0.8"
216.208.235.23 - - [31/Mar/2009:23:24:29 -0400] "GET /images/TOP_03.jpg HTTP/1.1" 200 15516 "http://www.nikonthenumbers.com/topics/show/70" "Mozilla/5.0 (Windows; U; Windows NT 5.1; ko; rv:1.9.0.8) Gecko/2009032609 Firefox/3.0.8"
216.208.235.23 - - [31/Mar/2009:23:24:29 -0400] "GET /images/Ses-Townhall-AD-FED-20080911.swf HTTP/1.1" 200 17188 "http://www.nikonthenumbers.com/topics/show/70" "Mozilla/5.0 (Windows; U; Windows NT 5.1; ko; rv:1.9.0.8) Gecko/2009032609 Firefox/3.0.8"
142.179.22.74 - - [31/Mar/2009:23:24:29 -0400] "GET /rss HTTP/1.1" 200 99686 "-" "Mozilla/5.0 (Windows; U; Windows NT 5.1; en-GB; rv:1.9.0.8) Gecko/2009032609 Firefox/3.0.8"
89.151.110.152 - - [31/Mar/2009:23:24:52 -0400] "GET / HTTP/1.0" 200 24831 "-" "Pingdom.com_bot_version_1.4_(http://www.pingdom.com/)"
72.30.65.34 - - [31/Mar/2009:23:24:59 -0400] "GET /robots.txt HTTP/1.0" 200 161 "-" "Mozilla/5.0 (compatible; Yahoo! Slurp; http://help.yahoo.com/help/us/ysearch/slurp)"
209.62.54.130 - - [31/Mar/2009:23:25:52 -0400] "GET / HTTP/1.0" 200 24831 "-" "Pingdom.com_bot_version_1.4_(http://www.pingdom.com/)"
66.249.71.138 - - [31/Mar/2009:23:25:52 -0400] "GET /topics/show/90/12237 HTTP/1.1" 200 103599 "-" "Mozilla/5.0 (compatible; Googlebot/2.1; +http://www.google.com/bot.html)"
83.140.19.38 - - [31/Mar/2009:23:26:10 -0400] "GET / HTTP/1.0" 200 24831 "-" "Pingdom.com_bot_version_1.4_(http://www.pingdom.com/)"
72.30.65.34 - - [31/Mar/2009:23:26:14 -0400] "GET /topics/show/121/27160 HTTP/1.0" 200 1184349 "-" "Mozilla/5.0 (compatible; Yahoo! Slurp/3.0; http://help.yahoo.com/help/us/ysearch/slurp)"
72.51.41.47 - - [31/Mar/2009:23:26:51 -0400] "GET / HTTP/1.0" 200 24831 "-" "Pingdom.com_bot_version_1.4_(http://www.pingdom.com/)"
81.52.143.30 - - [31/Mar/2009:23:27:13 -0400] "GET /robots.txt HTTP/1.1" 200 161 "-" "Mozilla/5.0 (Windows; U; Windows NT 5.1; fr; rv:1.8.1) VoilaBot BETA 1.2 (support.voilabot@orange-ftgroup.com)"
81.52.143.30 - - [31/Mar/2009:23:27:21 -0400] "GET /privacy_policy HTTP/1.1" 200 15492 "-" "Mozilla/5.0 (Windows; U; Windows NT 5.1; fr; rv:1.8.1) VoilaBot BETA 1.2 (support.voilabot@orange-ftgroup.com)"
66.249.71.138 - - [31/Mar/2009:23:27:31 -0400] "GET /topics/show/100/14768 HTTP/1.1" 200 286134 "-" "Mozilla/5.0 (compatible; Googlebot/2.1; +http://www.google.com/bot.html)"
212.247.189.113 - - [31/Mar/2009:23:27:52 -0400] "GET / HTTP/1.0" 200 24831 "-" "Pingdom.com_bot_version_1.4_(http://www.pingdom.com/)"
67.195.37.93 - - [31/Mar/2009:23:28:10 -0400] "GET /topics/show/119/25431 HTTP/1.0" 200 626880 "-" "Mozilla/5.0 (compatible; Yahoo! Slurp; http://help.yahoo.com/help/us/ysearch/slurp)"
88.191.79.43 - - [31/Mar/2009:23:28:36 -0400] "GET /profile/10224 HTTP/1.0" 200 33680 "http://www.nikonthenumbers.com/" "Mozilla/4.0 (compatible; MSIE 6.0; Windows NT 5.1)"
207.97.207.200 - - [31/Mar/2009:23:28:51 -0400] "GET / HTTP/1.0" 200 24831 "-" "Pingdom.com_bot_version_1.4_(http://www.pingdom.com/)"
67.192.120.134 - - [31/Mar/2009:23:29:51 -0400] "GET / HTTP/1.0" 200 24831 "-" "Pingdom.com_bot_version_1.4_(http://www.pingdom.com/)"
65.55.108.215 - - [31/Mar/2009:23:30:02 -0400] "GET /viewer/index/35 HTTP/1.1" 200 656 "-" "msnbot-media/1.1 (+http://search.msn.com/msnbot.htm)"
78.136.27.223 - - [31/Mar/2009:23:30:51 -0400] "GET / HTTP/1.0" 200 24831 "-" "Pingdom.com_bot_version_1.4_(http://www.pingdom.com/)"
64.34.195.157 - - [31/Mar/2009:23:31:10 -0400] "GET /rss HTTP/1.1" 200 99686 "-" "Mozilla/5.0 (X11; U; Linux i686; en-US; rv:1.2.1; aggregator:Spinn3r (Spinn3r 3.0); http://spinn3r.com/robot) Gecko/20021130"
67.195.37.93 - - [31/Mar/2009:23:31:14 -0400] "GET /profile/291600 HTTP/1.0" 200 127639 "-" "Mozilla/5.0 (compatible; Yahoo! Slurp/3.0; http://help.yahoo.com/help/us/ysearch/slurp)"
67.195.37.93 - - [31/Mar/2009:23:31:32 -0400] "GET /profile/291600 HTTP/1.0" 200 415229 "-" "Mozilla/5.0 (compatible; Yahoo! Slurp/3.0; http://help.yahoo.com/help/us/ysearch/slurp)"
67.205.112.79 - - [31/Mar/2009:23:31:51 -0400] "GET / HTTP/1.0" 200 24831 "-" "Pingdom.com_bot_version_1.4_(http://www.pingdom.com/)"
75.72.251.154 - - [31/Mar/2009:23:32:18 -0400] "GET /robots.txt HTTP/1.1" 200 161 "-" "-"
75.72.251.154 - - [31/Mar/2009:23:32:18 -0400] "GET /viewer/index/42 HTTP/1.1" 200 655 "-" "-"
67.71.80.145 - - [31/Mar/2009:23:32:20 -0400] "GET /rss HTTP/1.1" 200 100138 "-" "Mozilla/5.0 (Macintosh; U; PPC Mac OS X Mach-O; en-US; rv:1.8.1.1) Gecko/20061204 Firefox/2.0.0.1"
174.133.253.162 - - [31/Mar/2009:23:32:51 -0400] "GET / HTTP/1.0" 200 24831 "-" "Pingdom.com_bot_version_1.4_(http://www.pingdom.com/)"
99.240.94.33 - - [31/Mar/2009:23:33:34 -0400] "GET /rss HTTP/1.1" 200 100138 "-" "Vienna/2.3.0.2301"
64.34.195.145 - - [31/Mar/2009:23:34:00 -0400] "GET / HTTP/1.1" 200 24667 "-" "Mozilla/5.0 (X11; U; Linux i686; en-US; rv:1.2.1; aggregator:Spinn3r (Spinn3r 3.0); http://spinn3r.com/robot) Gecko/20021130"
88.191.88.79 - - [31/Mar/2009:23:34:52 -0400] "GET /profile/10255 HTTP/1.0" 200 22329 "http://www.nikonthenumbers.com/" "Mozilla/4.0 (compatible; MSIE 6.0; Windows NT 5.1)"
89.151.110.152 - - [31/Mar/2009:23:34:52 -0400] "GET / HTTP/1.0" 200 24831 "-" "Pingdom.com_bot_version_1.4_(http://www.pingdom.com/)"
