99.251.112.169 - - [31/Mar/2009:19:51:47 -0400] "GET /images/comment_bw.png HTTP/1.1" 304 - "http://www.nikonthenumbers.com/topics/show/105" "Mozilla/4.0 (compatible; MSIE 6.0; Windows NT 5.1; SV1; YPC 3.2.0; .NET CLR 1.0.3705; .NET CLR 1.1.4322; Media Center PC 4.0)"
99.251.112.169 - - [31/Mar/2009:19:51:47 -0400] "GET /images/comment.png HTTP/1.1" 304 - "http://www.nikonthenumbers.com/topics/show/105" "Mozilla/4.0 (compatible; MSIE 6.0; Windows NT 5.1; SV1; YPC 3.2.0; .NET CLR 1.0.3705; .NET CLR 1.1.4322; Media Center PC 4.0)"
99.251.112.169 - - [31/Mar/2009:19:51:47 -0400] "GET /images/cancel.png HTTP/1.1" 304 - "http://www.nikonthenumbers.com/topics/show/105" "Mozilla/4.0 (compatible; MSIE 6.0; Windows NT 5.1; SV1; YPC 3.2.0; .NET CLR 1.0.3705; .NET CLR 1.1.4322; Media Center PC 4.0)"
99.251.112.169 - - [31/Mar/2009:19:51:47 -0400] "GET /images/cancel.png HTTP/1.1" 304 - "http://www.nikonthenumbers.com/topics/show/105" "Mozilla/4.0 (compatible; MSIE 6.0; Windows NT 5.1; SV1; YPC 3.2.0; .NET CLR 1.0.3705; .NET CLR 1.1.4322; Media Center PC 4.0)"
99.234.68.92 - - [31/Mar/2009:19:51:50 -0400] "POST /talk/mark/28249 HTTP/1.1" 201 1 "http://www.nikonthenumbers.com/topics/show/124#comment_28180" "Mozilla/4.0 (compatible; MSIE 7.0; Windows NT 5.1)"
67.205.112.79 - - [31/Mar/2009:19:51:51 -0400] "GET / HTTP/1.0" 200 24842 "-" "Pingdom.com_bot_version_1.4_(http://www.pingdom.com/)"
99.234.68.92 - - [31/Mar/2009:19:51:54 -0400] "POST /talk/mark/28256 HTTP/1.1" 201 1 "http://www.nikonthenumbers.com/topics/show/124#comment_28180" "Mozilla/4.0 (compatible; MSIE 7.0; Windows NT 5.1)"
99.234.68.92 - - [31/Mar/2009:19:51:59 -0400] "POST /talk/mark/28264 HTTP/1.1" 201 1 "http://www.nikonthenumbers.com/topics/show/124#comment_28180" "Mozilla/4.0 (compatible; MSIE 7.0; Windows NT 5.1)"
99.234.68.92 - - [31/Mar/2009:19:52:06 -0400] "POST /talk/mark/28252 HTTP/1.1" 201 1 "http://www.nikonthenumbers.com/topics/show/124#comment_28180" "Mozilla/4.0 (compatible; MSIE 7.0; Windows NT 5.1)"
99.234.68.92 - - [31/Mar/2009:19:52:36 -0400] "POST /talk/mark/28258 HTTP/1.1" 201 1 "http://www.nikonthenumbers.com/topics/show/124#comment_28180" "Mozilla/4.0 (compatible; MSIE 7.0; Windows NT 5.1)"
142.52.81.11 - - [31/Mar/2009:19:52:37 -0400] "GET /rss HTTP/1.1" 200 100138 "-" "SharpReader/0.9.7.0 (.NET CLR 1.1.4322.573; WinNT 5.1.2600.0)"
99.234.68.92 - - [31/Mar/2009:19:52:49 -0400] "POST /talk/mark/28266 HTTP/1.1" 201 1 "http://www.nikonthenumbers.com/topics/show/124#comment_28180" "Mozilla/4.0 (compatible; MSIE 7.0; Windows NT 5.1)"
99.234.68.92 - - [31/Mar/2009:19:52:52 -0400] "POST /talk/mark/28284 HTTP/1.1" 201 1 "http://www.nikonthenumbers.com/topics/show/124#comment_28180" "Mozilla/4.0 (compatible; MSIE 7.0; Windows NT 5.1)"
174.133.253.162 - - [31/Mar/2009:19:52:51 -0400] "GET / HTTP/1.0" 200 24842 "-" "Pingdom.com_bot_version_1.4_(http://www.pingdom.com/)"
99.234.68.92 - - [31/Mar/2009:19:52:55 -0400] "POST /talk/mark/28302 HTTP/1.1" 201 1 "http://www.nikonthenumbers.com/topics/show/124#comment_28180" "Mozilla/4.0 (compatible; MSIE 7.0; Windows NT 5.1)"
99.234.68.92 - - [31/Mar/2009:19:52:58 -0400] "POST /talk/mark/28254 HTTP/1.1" 201 1 "http://www.nikonthenumbers.com/topics/show/124#comment_28180" "Mozilla/4.0 (compatible; MSIE 7.0; Windows NT 5.1)"
70.71.162.234 - - [31/Mar/2009:19:52:57 -0400] "GET /rss HTTP/1.1" 200 100138 "-" "Mozilla/5.0 (Windows; U; Windows NT 5.1; en-US; rv:1.9.0.8) Gecko/2009032609 Firefox/3.0.8"
99.234.68.92 - - [31/Mar/2009:19:53:18 -0400] "POST /talk/mark/28259 HTTP/1.1" 201 1 "http://www.nikonthenumbers.com/topics/show/124#comment_28180" "Mozilla/4.0 (compatible; MSIE 7.0; Windows NT 5.1)"
68.144.161.200 - - [31/Mar/2009:19:53:18 -0400] "GET /rss HTTP/1.1" 200 100138 "-" "Windows-RSS-Platform/2.0 (MSIE 8.0; Windows NT 5.1)"
99.234.68.92 - - [31/Mar/2009:19:53:20 -0400] "POST /talk/mark/28265 HTTP/1.1" 201 1 "http://www.nikonthenumbers.com/topics/show/124#comment_28180" "Mozilla/4.0 (compatible; MSIE 7.0; Windows NT 5.1)"
99.234.68.92 - - [31/Mar/2009:19:53:25 -0400] "POST /talk/mark/28283 HTTP/1.1" 201 1 "http://www.nikonthenumbers.com/topics/show/124#comment_28180" "Mozilla/4.0 (compatible; MSIE 7.0; Windows NT 5.1)"
66.249.71.138 - - [31/Mar/2009:19:53:30 -0400] "GET /topics/show/12/363 HTTP/1.1" 200 75867 "-" "Mozilla/5.0 (compatible; Googlebot/2.1; +http://www.google.com/bot.html)"
99.234.68.92 - - [31/Mar/2009:19:53:34 -0400] "POST /talk/mark/28321 HTTP/1.1" 201 1 "http://www.nikonthenumbers.com/topics/show/124#comment_28180" "Mozilla/4.0 (compatible; MSIE 7.0; Windows NT 5.1)"
99.234.68.92 - - [31/Mar/2009:19:53:46 -0400] "POST /talk/mark/28323 HTTP/1.1" 201 1 "http://www.nikonthenumbers.com/topics/show/124#comment_28180" "Mozilla/4.0 (compatible; MSIE 7.0; Windows NT 5.1)"
99.234.68.92 - - [31/Mar/2009:19:54:09 -0400] "POST /talk/mark/28326 HTTP/1.1" 201 1 "http://www.nikonthenumbers.com/topics/show/124#comment_28180" "Mozilla/4.0 (compatible; MSIE 7.0; Windows NT 5.1)"
67.195.37.93 - - [31/Mar/2009:19:54:10 -0400] "GET /topics/show/119/25152 HTTP/1.0" 200 629265 "-" "Mozilla/5.0 (compatible; Yahoo! Slurp/3.0; http://help.yahoo.com/help/us/ysearch/slurp)"
99.234.68.92 - - [31/Mar/2009:19:54:30 -0400] "POST /talk/mark/28328 HTTP/1.1" 201 1 "http://www.nikonthenumbers.com/topics/show/124#comment_28180" "Mozilla/4.0 (compatible; MSIE 7.0; Windows NT 5.1)"
99.234.68.92 - - [31/Mar/2009:19:54:41 -0400] "POST /talk/mark/28342 HTTP/1.1" 201 1 "http://www.nikonthenumbers.com/topics/show/124#comment_28180" "Mozilla/4.0 (compatible; MSIE 7.0; Windows NT 5.1)"
99.234.68.92 - - [31/Mar/2009:19:54:45 -0400] "POST /talk/mark/28361 HTTP/1.1" 201 1 "http://www.nikonthenumbers.com/topics/show/124#comment_28180" "Mozilla/4.0 (compatible; MSIE 7.0; Windows NT 5.1)"
99.234.68.92 - - [31/Mar/2009:19:54:47 -0400] "POST /talk/mark/28363 HTTP/1.1" 201 1 "http://www.nikonthenumbers.com/topics/show/124#comment_28180" "Mozilla/4.0 (compatible; MSIE 7.0; Windows NT 5.1)"
99.234.68.92 - - [31/Mar/2009:19:54:50 -0400] "POST /talk/mark/28334 HTTP/1.1" 201 1 "http://www.nikonthenumbers.com/topics/show/124#comment_28180" "Mozilla/4.0 (compatible; MSIE 7.0; Windows NT 5.1)"
89.151.110.152 - - [31/Mar/2009:19:54:52 -0400] "GET / HTTP/1.0" 200 24842 "-" "Pingdom.com_bot_version_1.4_(http://www.pingdom.com/)"
99.234.68.92 - - [31/Mar/2009:19:55:05 -0400] "POST /talk/mark/28320 HTTP/1.1" 201 1 "http://www.nikonthenumbers.com/topics/show/124#comment_28180" "Mozilla/4.0 (compatible; MSIE 7.0; Windows NT 5.1)"
70.30.26.11 - - [31/Mar/2009:19:55:07 -0400] "GET /rss HTTP/1.1" 200 100138 "-" "Windows-RSS-Platform/1.0 (MSIE 7.0; Windows NT 5.1)"
66.249.71.138 - - [31/Mar/2009:19:55:10 -0400] "GET /topics/show/32/1333 HTTP/1.1" 200 71994 "-" "Mozilla/5.0 (compatible; Googlebot/2.1; +http://www.google.com/bot.html)"
99.234.68.92 - - [31/Mar/2009:19:55:14 -0400] "POST /topics/show_comments/124/28320 HTTP/1.1" 200 28929 "http://www.nikonthenumbers.com/topics/show/124#comment_28180" "Mozilla/4.0 (compatible; MSIE 7.0; Windows NT 5.1)"
99.234.68.92 - - [31/Mar/2009:19:55:20 -0400] "POST /talk/mark/28324 HTTP/1.1" 201 1 "http://www.nikonthenumbers.com/topics/show/124#comment_28180" "Mozilla/4.0 (compatible; MSIE 7.0; Windows NT 5.1)"
99.234.68.92 - - [31/Mar/2009:19:55:43 -0400] "POST /talk/mark/28337 HTTP/1.1" 201 1 "http://www.nikonthenumbers.com/topics/show/124#comment_28180" "Mozilla/4.0 (compatible; MSIE 7.0; Windows NT 5.1)"
99.234.68.92 - - [31/Mar/2009:19:55:49 -0400] "POST /talk/mark/28380 HTTP/1.1" 201 1 "http://www.nikonthenumbers.com/topics/show/124#comment_28180" "Mozilla/4.0 (compatible; MSIE 7.0; Windows NT 5.1)"
209.62.54.130 - - [31/Mar/2009:19:55:52 -0400] "GET / HTTP/1.0" 200 24842 "-" "Pingdom.com_bot_version_1.4_(http://www.pingdom.com/)"
99.234.68.92 - - [31/Mar/2009:19:56:14 -0400] "POST /talk/mark/28383 HTTP/1.1" 201 1 "http://www.nikonthenumbers.com/topics/show/124#comment_28180" "Mozilla/4.0 (compatible; MSIE 7.0; Windows NT 5.1)"
99.234.68.92 - - [31/Mar/2009:19:56:18 -0400] "POST /talk/mark/28384 HTTP/1.1" 201 1 "http://www.nikonthenumbers.com/topics/show/124#comment_28180" "Mozilla/4.0 (compatible; MSIE 7.0; Windows NT 5.1)"
99.234.68.92 - - [31/Mar/2009:19:56:20 -0400] "POST /talk/mark/28387 HTTP/1.1" 201 1 "http://www.nikonthenumbers.com/topics/show/124#comment_28180" "Mozilla/4.0 (compatible; MSIE 7.0; Windows NT 5.1)"
99.234.68.92 - - [31/Mar/2009:19:56:44 -0400] "POST /talk/mark/28389 HTTP/1.1" 201 1 "http://www.nikonthenumbers.com/topics/show/124#comment_28180" "Mozilla/4.0 (compatible; MSIE 7.0; Windows NT 5.1)"
66.249.71.138 - - [31/Mar/2009:19:56:50 -0400] "GET /topics/show/48/2625 HTTP/1.1" 200 96933 "-" "Mozilla/5.0 (compatible; Googlebot/2.1; +http://www.google.com/bot.html)"
72.51.41.47 - - [31/Mar/2009:19:56:52 -0400] "GET / HTTP/1.0" 200 24842 "-" "Pingdom.com_bot_version_1.4_(http://www.pingdom.com/)"
99.234.68.92 - - [31/Mar/2009:19:57:13 -0400] "POST /talk/mark/28390 HTTP/1.1" 201 1 "http://www.nikonthenumbers.com/topics/show/124#comment_28180" "Mozilla/4.0 (compatible; MSIE 7.0; Windows NT 5.1)"
99.234.68.92 - - [31/Mar/2009:19:57:16 -0400] "POST /talk/mark/28392 HTTP/1.1" 201 1 "http://www.nikonthenumbers.com/topics/show/124#comment_28180" "Mozilla/4.0 (compatible; MSIE 7.0; Windows NT 5.1)"
24.57.45.109 - - [31/Mar/2009:19:57:27 -0400] "GET /rss HTTP/1.1" 200 100138 "-" "Mozilla/5.0 (Windows; U; Windows NT 5.1; en-US; rv:1.9.0.7) Gecko/2009021910 Firefox/3.0.7"
66.249.71.138 - - [31/Mar/2009:19:57:30 -0400] "GET /topics/show/73 HTTP/1.1" 200 109824 "-" "Mozilla/5.0 (compatible; Googlebot/2.1; +http://www.google.com/bot.html)"
99.234.68.92 - - [31/Mar/2009:19:57:34 -0400] "POST /talk/mark/28338 HTTP/1.1" 201 1 "http://www.nikonthenumbers.com/topics/show/124#comment_28180" "Mozilla/4.0 (compatible; MSIE 7.0; Windows NT 5.1)"
99.234.68.92 - - [31/Mar/2009:19:57:42 -0400] "POST /topics/show_comments/124/28338 HTTP/1.1" 200 27765 "http://www.nikonthenumbers.com/topics/show/124#comment_28180" "Mozilla/4.0 (compatible; MSIE 7.0; Windows NT 5.1)"
99.234.68.92 - - [31/Mar/2009:19:57:50 -0400] "POST /talk/mark/28340 HTTP/1.1" 201 1 "http://www.nikonthenumbers.com/topics/show/124#comment_28180" "Mozilla/4.0 (compatible; MSIE 7.0; Windows NT 5.1)"
99.234.68.92 - - [31/Mar/2009:19:57:52 -0400] "POST /talk/mark/28345 HTTP/1.1" 201 1 "http://www.nikonthenumbers.com/topics/show/124#comment_28180" "Mozilla/4.0 (compatible; MSIE 7.0; Windows NT 5.1)"
212.247.189.113 - - [31/Mar/2009:19:57:52 -0400] "GET / HTTP/1.0" 200 24842 "-" "Pingdom.com_bot_version_1.4_(http://www.pingdom.com/)"
99.234.68.92 - - [31/Mar/2009:19:57:54 -0400] "POST /talk/mark/28347 HTTP/1.1" 201 1 "http://www.nikonthenumbers.com/topics/show/124#comment_28180" "Mozilla/4.0 (compatible; MSIE 7.0; Windows NT 5.1)"
99.234.68.92 - - [31/Mar/2009:19:58:00 -0400] "POST /talk/mark/28349 HTTP/1.1" 201 1 "http://www.nikonthenumbers.com/topics/show/124#comment_28180" "Mozilla/4.0 (compatible; MSIE 7.0; Windows NT 5.1)"
99.234.68.92 - - [31/Mar/2009:19:58:02 -0400] "POST /talk/mark/28350 HTTP/1.1" 201 1 "http://www.nikonthenumbers.com/topics/show/124#comment_28180" "Mozilla/4.0 (compatible; MSIE 7.0; Windows NT 5.1)"
99.234.68.92 - - [31/Mar/2009:19:58:03 -0400] "POST /talk/mark/28354 HTTP/1.1" 201 1 "http://www.nikonthenumbers.com/topics/show/124#comment_28180" "Mozilla/4.0 (compatible; MSIE 7.0; Windows NT 5.1)"
99.234.68.92 - - [31/Mar/2009:19:58:05 -0400] "POST /talk/mark/28356 HTTP/1.1" 201 1 "http://www.nikonthenumbers.com/topics/show/124#comment_28180" "Mozilla/4.0 (compatible; MSIE 7.0; Windows NT 5.1)"
99.234.68.92 - - [31/Mar/2009:19:58:14 -0400] "POST /talk/mark/28362 HTTP/1.1" 201 1 "http://www.nikonthenumbers.com/topics/show/124#comment_28180" "Mozilla/4.0 (compatible; MSIE 7.0; Windows NT 5.1)"
75.154.76.172 - - [31/Mar/2009:19:58:19 -0400] "GET /rss HTTP/1.1" 200 100138 "-" "Windows-RSS-Platform/1.0 (MSIE 7.0; Windows NT 6.0)"
99.234.68.92 - - [31/Mar/2009:19:58:25 -0400] "POST /talk/mark/28367 HTTP/1.1" 201 1 "http://www.nikonthenumbers.com/topics/show/124#comment_28180" "Mozilla/4.0 (compatible; MSIE 7.0; Windows NT 5.1)"
66.249.71.138 - - [31/Mar/2009:19:58:29 -0400] "GET /topics/show/48/2619 HTTP/1.1" 200 83875 "-" "Mozilla/5.0 (compatible; Googlebot/2.1; +http://www.google.com/bot.html)"
99.234.68.92 - - [31/Mar/2009:19:58:34 -0400] "POST /topics/show_comments/124/28367 HTTP/1.1" 200 5650 "http://www.nikonthenumbers.com/topics/show/124#comment_28180" "Mozilla/4.0 (compatible; MSIE 7.0; Windows NT 5.1)"
72.30.65.34 - - [31/Mar/2009:19:58:37 -0400] "GET /topics/show/79/10569 HTTP/1.0" 200 63324 "-" "Mozilla/5.0 (compatible; Yahoo! Slurp/3.0; http://help.yahoo.com/help/us/ysearch/slurp)"
99.234.68.92 - - [31/Mar/2009:19:58:39 -0400] "POST /talk/mark/28378 HTTP/1.1" 201 1 "http://www.nikonthenumbers.com/topics/show/124#comment_28180" "Mozilla/4.0 (compatible; MSIE 7.0; Windows NT 5.1)"
99.234.68.92 - - [31/Mar/2009:19:58:41 -0400] "POST /talk/mark/28381 HTTP/1.1" 201 1 "http://www.nikonthenumbers.com/topics/show/124#comment_28180" "Mozilla/4.0 (compatible; MSIE 7.0; Windows NT 5.1)"
70.53.117.78 - - [31/Mar/2009:19:58:43 -0400] "GET /stylesheets/base_1221113035.css HTTP/1.1" 304 - "http://www.nikonthenumbers.com/" "Mozilla/4.0 (compatible; MSIE 7.0; Windows NT 5.1; GTB5; .NET CLR 1.0.3705; .NET CLR 2.0.50727; .NET CLR 1.1.4322; .NET CLR 3.0.04506.30; .NET CLR 3.0.04506.648)"
70.53.117.78 - - [31/Mar/2009:19:58:42 -0400] "GET / HTTP/1.1" 200 24842 "http://www.google.ca/search?sourceid=navclient&aq=h6&oq=&ie=UTF-8&rlz=1T4GGLJ_en&q=nik+on+the+numbers" "Mozilla/4.0 (compatible; MSIE 7.0; Windows NT 5.1; GTB5; .NET CLR 1.0.3705; .NET CLR 2.0.50727; .NET CLR 1.1.4322; .NET CLR 3.0.04506.30; .NET CLR 3.0.04506.648)"
70.53.117.78 - - [31/Mar/2009:19:58:43 -0400] "GET /javascripts/base_1221113035.js HTTP/1.1" 304 - "http://www.nikonthenumbers.com/" "Mozilla/4.0 (compatible; MSIE 7.0; Windows NT 5.1; GTB5; .NET CLR 1.0.3705; .NET CLR 2.0.50727; .NET CLR 1.1.4322; .NET CLR 3.0.04506.30; .NET CLR 3.0.04506.648)"
70.53.117.78 - - [31/Mar/2009:19:58:43 -0400] "GET /images/TOP_01.jpg HTTP/1.1" 304 - "http://www.nikonthenumbers.com/" "Mozilla/4.0 (compatible; MSIE 7.0; Windows NT 5.1; GTB5; .NET CLR 1.0.3705; .NET CLR 2.0.50727; .NET CLR 1.1.4322; .NET CLR 3.0.04506.30; .NET CLR 3.0.04506.648)"
70.53.117.78 - - [31/Mar/2009:19:58:43 -0400] "GET /images/Ses-Townhall-AD-FED-20080911.swf HTTP/1.1" 304 - "http://www.nikonthenumbers.com/" "Mozilla/4.0 (compatible; MSIE 7.0; Windows NT 5.1; GTB5; .NET CLR 1.0.3705; .NET CLR 2.0.50727; .NET CLR 1.1.4322; .NET CLR 3.0.04506.30; .NET CLR 3.0.04506.648)"
70.53.117.78 - - [31/Mar/2009:19:58:43 -0400] "GET /images/TOP_02.jpg HTTP/1.1" 304 - "http://www.nikonthenumbers.com/" "Mozilla/4.0 (compatible; MSIE 7.0; Windows NT 5.1; GTB5; .NET CLR 1.0.3705; .NET CLR 2.0.50727; .NET CLR 1.1.4322; .NET CLR 3.0.04506.30; .NET CLR 3.0.04506.648)"
70.53.117.78 - - [31/Mar/2009:19:58:43 -0400] "GET /images/page-bg.gif HTTP/1.1" 304 - "http://www.nikonthenumbers.com/" "Mozilla/4.0 (compatible; MSIE 7.0; Windows NT 5.1; GTB5; .NET CLR 1.0.3705; .NET CLR 2.0.50727; .NET CLR 1.1.4322; .NET CLR 3.0.04506.30; .NET CLR 3.0.04506.648)"
70.53.117.78 - - [31/Mar/2009:19:58:43 -0400] "GET /images/TOP_03.jpg HTTP/1.1" 304 - "http://www.nikonthenumbers.com/" "Mozilla/4.0 (compatible; MSIE 7.0; Windows NT 5.1; GTB5; .NET CLR 1.0.3705; .NET CLR 2.0.50727; .NET CLR 1.1.4322; .NET CLR 3.0.04506.30; .NET CLR 3.0.04506.648)"
70.53.117.78 - - [31/Mar/2009:19:58:44 -0400] "GET /images/feed-icon-14x14.png HTTP/1.1" 304 - "http://www.nikonthenumbers.com/" "Mozilla/4.0 (compatible; MSIE 7.0; Windows NT 5.1; GTB5; .NET CLR 1.0.3705; .NET CLR 2.0.50727; .NET CLR 1.1.4322; .NET CLR 3.0.04506.30; .NET CLR 3.0.04506.648)"
70.53.117.78 - - [31/Mar/2009:19:58:44 -0400] "GET /images/RULE-FADE.jpg HTTP/1.1" 304 - "http://www.nikonthenumbers.com/" "Mozilla/4.0 (compatible; MSIE 7.0; Windows NT 5.1; GTB5; .NET CLR 1.0.3705; .NET CLR 2.0.50727; .NET CLR 1.1.4322; .NET CLR 3.0.04506.30; .NET CLR 3.0.04506.648)"
70.53.117.78 - - [31/Mar/2009:19:58:44 -0400] "GET /fixit.js HTTP/1.1" 304 - "http://www.nikonthenumbers.com/" "Mozilla/4.0 (compatible; MSIE 7.0; Windows NT 5.1; GTB5; .NET CLR 1.0.3705; .NET CLR 2.0.50727; .NET CLR 1.1.4322; .NET CLR 3.0.04506.30; .NET CLR 3.0.04506.648)"
70.53.117.78 - - [31/Mar/2009:19:58:44 -0400] "GET /images/TOP_06.jpg HTTP/1.1" 304 - "http://www.nikonthenumbers.com/" "Mozilla/4.0 (compatible; MSIE 7.0; Windows NT 5.1; GTB5; .NET CLR 1.0.3705; .NET CLR 2.0.50727; .NET CLR 1.1.4322; .NET CLR 3.0.04506.30; .NET CLR 3.0.04506.648)"
70.53.117.78 - - [31/Mar/2009:19:58:44 -0400] "GET /images/bottom-with-shaddow.gif HTTP/1.1" 304 - "http://www.nikonthenumbers.com/" "Mozilla/4.0 (compatible; MSIE 7.0; Windows NT 5.1; GTB5; .NET CLR 1.0.3705; .NET CLR 2.0.50727; .NET CLR 1.1.4322; .NET CLR 3.0.04506.30; .NET CLR 3.0.04506.648)"
70.53.117.78 - - [31/Mar/2009:19:58:44 -0400] "GET /images/BOX-BACK.jpg HTTP/1.1" 304 - "http://www.nikonthenumbers.com/" "Mozilla/4.0 (compatible; MSIE 7.0; Windows NT 5.1; GTB5; .NET CLR 1.0.3705; .NET CLR 2.0.50727; .NET CLR 1.1.4322; .NET CLR 3.0.04506.30; .NET CLR 3.0.04506.648)"
70.53.117.78 - - [31/Mar/2009:19:58:44 -0400] "GET /images/red-band.gif HTTP/1.1" 304 - "http://www.nikonthenumbers.com/" "Mozilla/4.0 (compatible; MSIE 7.0; Windows NT 5.1; GTB5; .NET CLR 1.0.3705; .NET CLR 2.0.50727; .NET CLR 1.1.4322; .NET CLR 3.0.04506.30; .NET CLR 3.0.04506.648)"
70.53.117.78 - - [31/Mar/2009:19:58:44 -0400] "GET /images/comment_bw.png HTTP/1.1" 304 - "http://www.nikonthenumbers.com/" "Mozilla/4.0 (compatible; MSIE 7.0; Windows NT 5.1; GTB5; .NET CLR 1.0.3705; .NET CLR 2.0.50727; .NET CLR 1.1.4322; .NET CLR 3.0.04506.30; .NET CLR 3.0.04506.648)"
70.53.117.78 - - [31/Mar/2009:19:58:44 -0400] "GET /images/polling_results.jpg?1221113035 HTTP/1.1" 304 - "http://www.nikonthenumbers.com/" "Mozilla/4.0 (compatible; MSIE 7.0; Windows NT 5.1; GTB5; .NET CLR 1.0.3705; .NET CLR 2.0.50727; .NET CLR 1.1.4322; .NET CLR 3.0.04506.30; .NET CLR 3.0.04506.648)"
70.53.117.78 - - [31/Mar/2009:19:58:44 -0400] "GET /images/safe_subscribe_logo.gif HTTP/1.1" 304 - "http://www.nikonthenumbers.com/" "Mozilla/4.0 (compatible; MSIE 7.0; Windows NT 5.1; GTB5; .NET CLR 1.0.3705; .NET CLR 2.0.50727; .NET CLR 1.1.4322; .NET CLR 3.0.04506.30; .NET CLR 3.0.04506.648)"
70.53.117.78 - - [31/Mar/2009:19:58:44 -0400] "GET /images/cancel.png HTTP/1.1" 304 - "http://www.nikonthenumbers.com/" "Mozilla/4.0 (compatible; MSIE 7.0; Windows NT 5.1; GTB5; .NET CLR 1.0.3705; .NET CLR 2.0.50727; .NET CLR 1.1.4322; .NET CLR 3.0.04506.30; .NET CLR 3.0.04506.648)"
70.53.117.78 - - [31/Mar/2009:19:58:45 -0400] "GET /favicon.ico HTTP/1.1" 200 894 "-" "Mozilla/4.0 (compatible; MSIE 7.0; Windows NT 5.1; GTB5; .NET CLR 1.0.3705; .NET CLR 2.0.50727; .NET CLR 1.1.4322; .NET CLR 3.0.04506.30; .NET CLR 3.0.04506.648)"
87.118.90.190 - - [31/Mar/2009:19:58:45 -0400] "GET /login/ HTTP/1.0" 200 13319 "http://www.nikonthenumbers.com/login/" "Mozilla/4.0 (compatible; MSIE 6.0; Windows NT 5.1; .NET CLR 1.1.4322; Alexa Toolbar; (R1 1.5))"
87.118.90.190 - - [31/Mar/2009:19:58:48 -0400] "GET /login HTTP/1.0" 200 13319 "http://www.nikonthenumbers.com/login" "Mozilla/4.0 (compatible; MSIE 6.0; Windows NT 5.1; .NET CLR 1.1.4322; Alexa Toolbar; (R1 1.5))"
87.118.90.190 - - [31/Mar/2009:19:58:48 -0400] "POST /login HTTP/1.0" 200 13356 "http://www.nikonthenumbers.com/login" "Mozilla/4.0 (compatible; MSIE 6.0; Windows NT 5.1; .NET CLR 1.1.4322; Alexa Toolbar; (R1 1.5))"
87.118.90.190 - - [31/Mar/2009:19:58:49 -0400] "GET /login/ HTTP/1.0" 200 13356 "http://www.nikonthenumbers.com/login/" "Mozilla/4.0 (compatible; MSIE 6.0; Windows NT 5.1; .NET CLR 1.1.4322; Alexa Toolbar; (R1 1.5))"
87.118.90.190 - - [31/Mar/2009:19:58:50 -0400] "POST /login/login HTTP/1.0" 500 2328 "http://www.nikonthenumbers.com/login/" "Mozilla/4.0 (compatible; MSIE 6.0; Windows NT 5.1; .NET CLR 1.1.4322; Alexa Toolbar; (R1 1.5))"
207.97.207.200 - - [31/Mar/2009:19:58:51 -0400] "GET / HTTP/1.0" 200 24842 "-" "Pingdom.com_bot_version_1.4_(http://www.pingdom.com/)"
99.234.68.92 - - [31/Mar/2009:19:58:58 -0400] "POST /talk/mark/28373 HTTP/1.1" 201 1 "http://www.nikonthenumbers.com/topics/show/124#comment_28180" "Mozilla/4.0 (compatible; MSIE 7.0; Windows NT 5.1)"
99.234.68.92 - - [31/Mar/2009:19:59:06 -0400] "POST /talk/mark/28376 HTTP/1.1" 201 1 "http://www.nikonthenumbers.com/topics/show/124#comment_28180" "Mozilla/4.0 (compatible; MSIE 7.0; Windows NT 5.1)"
67.195.37.93 - - [31/Mar/2009:19:59:07 -0400] "GET /topics/show/121/27990 HTTP/1.0" 200 1138270 "-" "Mozilla/5.0 (compatible; Yahoo! Slurp; http://help.yahoo.com/help/us/ysearch/slurp)"
99.234.68.92 - - [31/Mar/2009:19:59:15 -0400] "POST /topics/show_comments/124/28376 HTTP/1.1" 200 6455 "http://www.nikonthenumbers.com/topics/show/124#comment_28180" "Mozilla/4.0 (compatible; MSIE 7.0; Windows NT 5.1)"
99.234.68.92 - - [31/Mar/2009:19:59:20 -0400] "POST /talk/mark/28379 HTTP/1.1" 201 1 "http://www.nikonthenumbers.com/topics/show/124#comment_28180" "Mozilla/4.0 (compatible; MSIE 7.0; Windows NT 5.1)"
70.71.168.222 - - [31/Mar/2009:19:59:21 -0400] "GET /stylesheets/base_1221113035.css HTTP/1.1" 304 - "http://nikonthenumbers.com/topics/show/125/28409" "Mozilla/4.0 (compatible; MSIE 7.0; Windows NT 5.1; GTB5; .NET CLR 1.1.4322)"
70.71.168.222 - - [31/Mar/2009:19:59:20 -0400] "GET /topics/show/125/28409 HTTP/1.1" 200 136795 "-" "Mozilla/4.0 (compatible; MSIE 7.0; Windows NT 5.1; GTB5; .NET CLR 1.1.4322)"
70.71.168.222 - - [31/Mar/2009:19:59:21 -0400] "GET /javascripts/base_1221113035.js HTTP/1.1" 304 - "http://nikonthenumbers.com/topics/show/125/28409" "Mozilla/4.0 (compatible; MSIE 7.0; Windows NT 5.1; GTB5; .NET CLR 1.1.4322)"
70.71.168.222 - - [31/Mar/2009:19:59:22 -0400] "GET /images/page-bg.gif HTTP/1.1" 304 - "http://nikonthenumbers.com/topics/show/125/28409" "Mozilla/4.0 (compatible; MSIE 7.0; Windows NT 5.1; GTB5; .NET CLR 1.1.4322)"
70.71.168.222 - - [31/Mar/2009:19:59:22 -0400] "GET /images/TOP_01.jpg HTTP/1.1" 304 - "http://nikonthenumbers.com/topics/show/125/28409" "Mozilla/4.0 (compatible; MSIE 7.0; Windows NT 5.1; GTB5; .NET CLR 1.1.4322)"
70.71.168.222 - - [31/Mar/2009:19:59:22 -0400] "GET /images/TOP_02.jpg HTTP/1.1" 304 - "http://nikonthenumbers.com/topics/show/125/28409" "Mozilla/4.0 (compatible; MSIE 7.0; Windows NT 5.1; GTB5; .NET CLR 1.1.4322)"
70.71.168.222 - - [31/Mar/2009:19:59:22 -0400] "GET /images/TOP_03.jpg HTTP/1.1" 304 - "http://nikonthenumbers.com/topics/show/125/28409" "Mozilla/4.0 (compatible; MSIE 7.0; Windows NT 5.1; GTB5; .NET CLR 1.1.4322)"
70.71.168.222 - - [31/Mar/2009:19:59:22 -0400] "GET /images/feed-icon-14x14.png HTTP/1.1" 304 - "http://nikonthenumbers.com/topics/show/125/28409" "Mozilla/4.0 (compatible; MSIE 7.0; Windows NT 5.1; GTB5; .NET CLR 1.1.4322)"
70.71.168.222 - - [31/Mar/2009:19:59:22 -0400] "GET /images/TOP_06.jpg HTTP/1.1" 304 - "http://nikonthenumbers.com/topics/show/125/28409" "Mozilla/4.0 (compatible; MSIE 7.0; Windows NT 5.1; GTB5; .NET CLR 1.1.4322)"
70.71.168.222 - - [31/Mar/2009:19:59:22 -0400] "GET /images/bottom-with-shaddow.gif HTTP/1.1" 304 - "http://nikonthenumbers.com/topics/show/125/28409" "Mozilla/4.0 (compatible; MSIE 7.0; Windows NT 5.1; GTB5; .NET CLR 1.1.4322)"
99.234.68.92 - - [31/Mar/2009:19:59:22 -0400] "POST /talk/mark/28388 HTTP/1.1" 201 1 "http://www.nikonthenumbers.com/topics/show/124#comment_28180" "Mozilla/4.0 (compatible; MSIE 7.0; Windows NT 5.1)"
70.71.168.222 - - [31/Mar/2009:19:59:22 -0400] "GET /images/red-band.gif HTTP/1.1" 304 - "http://nikonthenumbers.com/topics/show/125/28409" "Mozilla/4.0 (compatible; MSIE 7.0; Windows NT 5.1; GTB5; .NET CLR 1.1.4322)"
70.71.168.222 - - [31/Mar/2009:19:59:22 -0400] "GET /images/BOX-BACK.jpg HTTP/1.1" 304 - "http://nikonthenumbers.com/topics/show/125/28409" "Mozilla/4.0 (compatible; MSIE 7.0; Windows NT 5.1; GTB5; .NET CLR 1.1.4322)"
70.71.168.222 - - [31/Mar/2009:19:59:22 -0400] "GET /images/RULE-FADE.jpg HTTP/1.1" 304 - "http://nikonthenumbers.com/topics/show/125/28409" "Mozilla/4.0 (compatible; MSIE 7.0; Windows NT 5.1; GTB5; .NET CLR 1.1.4322)"
70.53.117.78 - - [31/Mar/2009:19:59:23 -0400] "GET /images/comment.png HTTP/1.1" 304 - "http://www.nikonthenumbers.com/topics/show/124/28408" "Mozilla/4.0 (compatible; MSIE 7.0; Windows NT 5.1; GTB5; .NET CLR 1.0.3705; .NET CLR 2.0.50727; .NET CLR 1.1.4322; .NET CLR 3.0.04506.30; .NET CLR 3.0.04506.648)"
70.53.117.78 - - [31/Mar/2009:19:59:23 -0400] "GET /avatars/0000/0107/hope-nope5_thumb.jpg?1235523623 HTTP/1.1" 304 - "http://www.nikonthenumbers.com/topics/show/124/28408" "Mozilla/4.0 (compatible; MSIE 7.0; Windows NT 5.1; GTB5; .NET CLR 1.0.3705; .NET CLR 2.0.50727; .NET CLR 1.1.4322; .NET CLR 3.0.04506.30; .NET CLR 3.0.04506.648)"
70.53.117.78 - - [31/Mar/2009:19:59:22 -0400] "GET /topics/show/124/28408 HTTP/1.1" 200 160591 "http://www.nikonthenumbers.com/" "Mozilla/4.0 (compatible; MSIE 7.0; Windows NT 5.1; GTB5; .NET CLR 1.0.3705; .NET CLR 2.0.50727; .NET CLR 1.1.4322; .NET CLR 3.0.04506.30; .NET CLR 3.0.04506.648)"
70.53.117.78 - - [31/Mar/2009:19:59:23 -0400] "GET /avatars/0000/0083/LOGO_lg_thumb.png?1228919873 HTTP/1.1" 304 - "http://www.nikonthenumbers.com/topics/show/124/28408" "Mozilla/4.0 (compatible; MSIE 7.0; Windows NT 5.1; GTB5; .NET CLR 1.0.3705; .NET CLR 2.0.50727; .NET CLR 1.1.4322; .NET CLR 3.0.04506.30; .NET CLR 3.0.04506.648)"
70.71.168.222 - - [31/Mar/2009:19:59:23 -0400] "GET /images/Ses-Townhall-AD-FED-20080911.swf HTTP/1.1" 304 - "http://nikonthenumbers.com/topics/show/125/28409" "Mozilla/4.0 (compatible; MSIE 7.0; Windows NT 5.1; GTB5; .NET CLR 1.1.4322)"
70.71.168.222 - - [31/Mar/2009:19:59:23 -0400] "GET /fixit.js HTTP/1.1" 304 - "http://nikonthenumbers.com/topics/show/125/28409" "Mozilla/4.0 (compatible; MSIE 7.0; Windows NT 5.1; GTB5; .NET CLR 1.1.4322)"
70.71.168.222 - - [31/Mar/2009:19:59:24 -0400] "GET /images/polling_results.jpg?1221113035 HTTP/1.1" 304 - "http://nikonthenumbers.com/topics/show/125/28409" "Mozilla/4.0 (compatible; MSIE 7.0; Windows NT 5.1; GTB5; .NET CLR 1.1.4322)"
70.71.168.222 - - [31/Mar/2009:19:59:24 -0400] "GET /images/safe_subscribe_logo.gif HTTP/1.1" 304 - "http://nikonthenumbers.com/topics/show/125/28409" "Mozilla/4.0 (compatible; MSIE 7.0; Windows NT 5.1; GTB5; .NET CLR 1.1.4322)"
70.71.168.222 - - [31/Mar/2009:19:59:24 -0400] "GET /images/comment_bw.png HTTP/1.1" 304 - "http://nikonthenumbers.com/topics/show/125/28409" "Mozilla/4.0 (compatible; MSIE 7.0; Windows NT 5.1; GTB5; .NET CLR 1.1.4322)"
70.71.168.222 - - [31/Mar/2009:19:59:24 -0400] "GET /images/comment.png HTTP/1.1" 304 - "http://nikonthenumbers.com/topics/show/125/28409" "Mozilla/4.0 (compatible; MSIE 7.0; Windows NT 5.1; GTB5; .NET CLR 1.1.4322)"
70.71.168.222 - - [31/Mar/2009:19:59:24 -0400] "GET /images/cancel.png HTTP/1.1" 304 - "http://nikonthenumbers.com/topics/show/125/28409" "Mozilla/4.0 (compatible; MSIE 7.0; Windows NT 5.1; GTB5; .NET CLR 1.1.4322)"
70.53.117.78 - - [31/Mar/2009:19:59:29 -0400] "POST /talk/mark/28548 HTTP/1.1" 201 1 "http://www.nikonthenumbers.com/topics/show/124/28408#comment_28548" "Mozilla/4.0 (compatible; MSIE 7.0; Windows NT 5.1; GTB5; .NET CLR 1.0.3705; .NET CLR 2.0.50727; .NET CLR 1.1.4322; .NET CLR 3.0.04506.30; .NET CLR 3.0.04506.648)"
70.71.168.222 - - [31/Mar/2009:19:59:29 -0400] "POST /talk/mark/28538 HTTP/1.1" 201 1 "http://nikonthenumbers.com/topics/show/125/28409#comment_28538" "Mozilla/4.0 (compatible; MSIE 7.0; Windows NT 5.1; GTB5; .NET CLR 1.1.4322)"
99.234.68.92 - - [31/Mar/2009:19:59:40 -0400] "POST /talk/mark/28407 HTTP/1.1" 201 1 "http://www.nikonthenumbers.com/topics/show/124#comment_28180" "Mozilla/4.0 (compatible; MSIE 7.0; Windows NT 5.1)"
70.53.117.78 - - [31/Mar/2009:19:59:40 -0400] "POST /talk/mark/28408 HTTP/1.1" 201 1 "http://www.nikonthenumbers.com/topics/show/124/28408#comment_28548" "Mozilla/4.0 (compatible; MSIE 7.0; Windows NT 5.1; GTB5; .NET CLR 1.0.3705; .NET CLR 2.0.50727; .NET CLR 1.1.4322; .NET CLR 3.0.04506.30; .NET CLR 3.0.04506.648)"
99.250.110.87 - - [31/Mar/2009:19:59:43 -0400] "GET /rss HTTP/1.1" 200 100138 "-" "Mozilla/5.0 (Windows; U; Windows NT 5.1; en-US; rv:1.9.0.8) Gecko/2009032609 Firefox/3.0.8"
70.53.117.78 - - [31/Mar/2009:19:59:47 -0400] "GET /images/busy.gif HTTP/1.1" 304 - "http://www.nikonthenumbers.com/topics/show/124/28408" "Mozilla/4.0 (compatible; MSIE 7.0; Windows NT 5.1; GTB5; .NET CLR 1.0.3705; .NET CLR 2.0.50727; .NET CLR 1.1.4322; .NET CLR 3.0.04506.30; .NET CLR 3.0.04506.648)"
70.71.168.222 - - [31/Mar/2009:19:59:47 -0400] "POST /talk/mark/28539 HTTP/1.1" 201 1 "http://nikonthenumbers.com/topics/show/125/28409#comment_28538" "Mozilla/4.0 (compatible; MSIE 7.0; Windows NT 5.1; GTB5; .NET CLR 1.1.4322)"
70.53.117.78 - - [31/Mar/2009:19:59:47 -0400] "POST /topics/show_comments/124/28426 HTTP/1.1" 200 57018 "http://www.nikonthenumbers.com/topics/show/124/28408#comment_28548" "Mozilla/4.0 (compatible; MSIE 7.0; Windows NT 5.1; GTB5; .NET CLR 1.0.3705; .NET CLR 2.0.50727; .NET CLR 1.1.4322; .NET CLR 3.0.04506.30; .NET CLR 3.0.04506.648)"
70.71.168.222 - - [31/Mar/2009:19:59:51 -0400] "POST /talk/mark/28540 HTTP/1.1" 201 1 "http://nikonthenumbers.com/topics/show/125/28409#comment_28538" "Mozilla/4.0 (compatible; MSIE 7.0; Windows NT 5.1; GTB5; .NET CLR 1.1.4322)"
67.192.120.134 - - [31/Mar/2009:19:59:51 -0400] "GET / HTTP/1.0" 200 24842 "-" "Pingdom.com_bot_version_1.4_(http://www.pingdom.com/)"
99.234.68.92 - - [31/Mar/2009:19:59:55 -0400] "POST /talk/mark/28426 HTTP/1.1" 201 1 "http://www.nikonthenumbers.com/topics/show/124#comment_28180" "Mozilla/4.0 (compatible; MSIE 7.0; Windows NT 5.1)"
99.234.68.92 - - [31/Mar/2009:19:59:56 -0400] "POST /topics/show_comments/124/28426 HTTP/1.1" 200 57018 "http://www.nikonthenumbers.com/topics/show/124#comment_28180" "Mozilla/4.0 (compatible; MSIE 7.0; Windows NT 5.1)"
70.71.168.222 - - [31/Mar/2009:19:59:58 -0400] "POST /talk/mark/28541 HTTP/1.1" 201 1 "http://nikonthenumbers.com/topics/show/125/28409#comment_28538" "Mozilla/4.0 (compatible; MSIE 7.0; Windows NT 5.1; GTB5; .NET CLR 1.1.4322)"
70.53.117.78 - - [31/Mar/2009:20:00:07 -0400] "GET / HTTP/1.1" 200 24838 "http://www.google.ca/search?sourceid=navclient&aq=h6&oq=&ie=UTF-8&rlz=1T4GGLJ_en&q=nik+on+the+numbers" "Mozilla/4.0 (compatible; MSIE 7.0; Windows NT 5.1; GTB5; .NET CLR 1.0.3705; .NET CLR 2.0.50727; .NET CLR 1.1.4322; .NET CLR 3.0.04506.30; .NET CLR 3.0.04506.648)"
66.249.71.138 - - [31/Mar/2009:20:00:09 -0400] "GET /topics/show/7/127 HTTP/1.1" 200 94321 "-" "Mozilla/5.0 (compatible; Googlebot/2.1; +http://www.google.com/bot.html)"
99.234.68.92 - - [31/Mar/2009:20:00:10 -0400] "POST /talk/mark/28426 HTTP/1.1" 201 1 "http://www.nikonthenumbers.com/topics/show/124#comment_28180" "Mozilla/4.0 (compatible; MSIE 7.0; Windows NT 5.1)"
70.53.117.78 - - [31/Mar/2009:20:00:14 -0400] "GET /topics/show/124/28171 HTTP/1.1" 200 211429 "http://www.nikonthenumbers.com/" "Mozilla/4.0 (compatible; MSIE 7.0; Windows NT 5.1; GTB5; .NET CLR 1.0.3705; .NET CLR 2.0.50727; .NET CLR 1.1.4322; .NET CLR 3.0.04506.30; .NET CLR 3.0.04506.648)"
70.53.117.78 - - [31/Mar/2009:20:00:15 -0400] "GET /avatars/0000/0035/avatar3457_1_thumb.png?1221427967 HTTP/1.1" 200 9121 "http://www.nikonthenumbers.com/topics/show/124/28171" "Mozilla/4.0 (compatible; MSIE 7.0; Windows NT 5.1; GTB5; .NET CLR 1.0.3705; .NET CLR 2.0.50727; .NET CLR 1.1.4322; .NET CLR 3.0.04506.30; .NET CLR 3.0.04506.648)"
64.34.195.137 - - [31/Mar/2009:20:00:16 -0400] "GET /rss HTTP/1.1" 200 99686 "-" "Mozilla/5.0 (X11; U; Linux i686; en-US; rv:1.2.1; aggregator:Spinn3r (Spinn3r 3.0); http://spinn3r.com/robot) Gecko/20021130"
205.194.127.36 - - [31/Mar/2009:20:00:15 -0400] "GET /rss HTTP/1.0" 200 100138 "-" "BlackBerry8310/4.2.2 Profile/MIDP-2.0 Configuration/CLDC-1.1 VendorID/107"
99.234.68.92 - - [31/Mar/2009:20:00:21 -0400] "POST /talk/mark/28429 HTTP/1.1" 201 1 "http://www.nikonthenumbers.com/topics/show/124#comment_28180" "Mozilla/4.0 (compatible; MSIE 7.0; Windows NT 5.1)"
70.53.117.78 - - [31/Mar/2009:20:00:24 -0400] "POST /talk/mark/28547 HTTP/1.1" 201 1 "http://www.nikonthenumbers.com/topics/show/124/28171#comment_28547" "Mozilla/4.0 (compatible; MSIE 7.0; Windows NT 5.1; GTB5; .NET CLR 1.0.3705; .NET CLR 2.0.50727; .NET CLR 1.1.4322; .NET CLR 3.0.04506.30; .NET CLR 3.0.04506.648)"
99.234.68.92 - - [31/Mar/2009:20:00:25 -0400] "POST /talk/mark/28430 HTTP/1.1" 201 1 "http://www.nikonthenumbers.com/topics/show/124#comment_28180" "Mozilla/4.0 (compatible; MSIE 7.0; Windows NT 5.1)"
70.71.168.222 - - [31/Mar/2009:20:00:27 -0400] "POST /talk/mark/28515 HTTP/1.1" 201 1 "http://nikonthenumbers.com/topics/show/125/28409#comment_28538" "Mozilla/4.0 (compatible; MSIE 7.0; Windows NT 5.1; GTB5; .NET CLR 1.1.4322)"
99.234.68.92 - - [31/Mar/2009:20:00:28 -0400] "POST /talk/mark/28431 HTTP/1.1" 201 1 "http://www.nikonthenumbers.com/topics/show/124#comment_28180" "Mozilla/4.0 (compatible; MSIE 7.0; Windows NT 5.1)"
99.234.68.92 - - [31/Mar/2009:20:00:33 -0400] "POST /talk/mark/28471 HTTP/1.1" 201 1 "http://www.nikonthenumbers.com/topics/show/124#comment_28180" "Mozilla/4.0 (compatible; MSIE 7.0; Windows NT 5.1)"
67.195.37.93 - - [31/Mar/2009:20:00:31 -0400] "GET /topics/show/121/27945 HTTP/1.0" 200 607638 "-" "Mozilla/5.0 (compatible; Yahoo! Slurp; http://help.yahoo.com/help/us/ysearch/slurp)"
99.234.68.92 - - [31/Mar/2009:20:00:39 -0400] "POST /talk/mark/28472 HTTP/1.1" 201 1 "http://www.nikonthenumbers.com/topics/show/124#comment_28180" "Mozilla/4.0 (compatible; MSIE 7.0; Windows NT 5.1)"
70.53.117.78 - - [31/Mar/2009:20:00:46 -0400] "GET / HTTP/1.1" 200 24838 "http://www.google.ca/search?sourceid=navclient&aq=h6&oq=&ie=UTF-8&rlz=1T4GGLJ_en&q=nik+on+the+numbers" "Mozilla/4.0 (compatible; MSIE 7.0; Windows NT 5.1; GTB5; .NET CLR 1.0.3705; .NET CLR 2.0.50727; .NET CLR 1.1.4322; .NET CLR 3.0.04506.30; .NET CLR 3.0.04506.648)"
99.234.68.92 - - [31/Mar/2009:20:00:49 -0400] "POST /talk/mark/28487 HTTP/1.1" 201 1 "http://www.nikonthenumbers.com/topics/show/124#comment_28180" "Mozilla/4.0 (compatible; MSIE 7.0; Windows NT 5.1)"
78.136.27.223 - - [31/Mar/2009:20:00:51 -0400] "GET / HTTP/1.0" 200 24838 "-" "Pingdom.com_bot_version_1.4_(http://www.pingdom.com/)"
70.71.168.222 - - [31/Mar/2009:20:00:53 -0400] "GET /images/busy.gif HTTP/1.1" 304 - "http://nikonthenumbers.com/topics/show/125/28409" "Mozilla/4.0 (compatible; MSIE 7.0; Windows NT 5.1; GTB5; .NET CLR 1.1.4322)"
70.71.168.222 - - [31/Mar/2009:20:00:53 -0400] "POST /topic/125/talk/new?parent_id=28515 HTTP/1.1" 200 1246 "http://nikonthenumbers.com/topics/show/125/28409#comment_28538" "Mozilla/4.0 (compatible; MSIE 7.0; Windows NT 5.1; GTB5; .NET CLR 1.1.4322)"
70.53.117.78 - - [31/Mar/2009:20:00:53 -0400] "GET /profile/188797 HTTP/1.1" 200 229079 "http://www.nikonthenumbers.com/" "Mozilla/4.0 (compatible; MSIE 7.0; Windows NT 5.1; GTB5; .NET CLR 1.0.3705; .NET CLR 2.0.50727; .NET CLR 1.1.4322; .NET CLR 3.0.04506.30; .NET CLR 3.0.04506.648)"
70.53.117.78 - - [31/Mar/2009:20:01:03 -0400] "GET / HTTP/1.1" 200 24838 "http://www.google.ca/search?sourceid=navclient&aq=h6&oq=&ie=UTF-8&rlz=1T4GGLJ_en&q=nik+on+the+numbers" "Mozilla/4.0 (compatible; MSIE 7.0; Windows NT 5.1; GTB5; .NET CLR 1.0.3705; .NET CLR 2.0.50727; .NET CLR 1.1.4322; .NET CLR 3.0.04506.30; .NET CLR 3.0.04506.648)"
70.53.117.78 - - [31/Mar/2009:20:01:07 -0400] "GET /topics/show/124/28170 HTTP/1.1" 200 197679 "http://www.nikonthenumbers.com/" "Mozilla/4.0 (compatible; MSIE 7.0; Windows NT 5.1; GTB5; .NET CLR 1.0.3705; .NET CLR 2.0.50727; .NET CLR 1.1.4322; .NET CLR 3.0.04506.30; .NET CLR 3.0.04506.648)"
99.234.68.92 - - [31/Mar/2009:20:01:07 -0400] "GET / HTTP/1.1" 200 7717 "http://www.nanosresearch.com/main.asp" "Mozilla/4.0 (compatible; MSIE 7.0; Windows NT 5.1)"
70.53.117.78 - - [31/Mar/2009:20:01:17 -0400] "POST /talk/mark/28546 HTTP/1.1" 201 1 "http://www.nikonthenumbers.com/topics/show/124/28170#comment_28546" "Mozilla/4.0 (compatible; MSIE 7.0; Windows NT 5.1; GTB5; .NET CLR 1.0.3705; .NET CLR 2.0.50727; .NET CLR 1.1.4322; .NET CLR 3.0.04506.30; .NET CLR 3.0.04506.648)"
64.34.195.152 - - [31/Mar/2009:20:01:32 -0400] "GET / HTTP/1.1" 200 24674 "-" "Mozilla/5.0 (X11; U; Linux i686; en-US; rv:1.2.1; aggregator:Spinn3r (Spinn3r 3.0); http://spinn3r.com/robot) Gecko/20021130"
67.205.112.79 - - [31/Mar/2009:20:01:51 -0400] "GET / HTTP/1.0" 200 24838 "-" "Pingdom.com_bot_version_1.4_(http://www.pingdom.com/)"
24.150.204.117 - - [31/Mar/2009:20:02:29 -0400] "GET /rss HTTP/1.1" 200 100138 "-" "Mozilla/5.0 (Windows; U; Windows NT 6.0; en-GB; rv:1.9.0.8) Gecko/2009032609 Firefox/3.0.8 (.NET CLR 3.5.30729)"
70.53.117.78 - - [31/Mar/2009:20:02:46 -0400] "POST /talk/mark/28182 HTTP/1.1" 201 1 "http://www.nikonthenumbers.com/topics/show/124/28170#comment_28546" "Mozilla/4.0 (compatible; MSIE 7.0; Windows NT 5.1; GTB5; .NET CLR 1.0.3705; .NET CLR 2.0.50727; .NET CLR 1.1.4322; .NET CLR 3.0.04506.30; .NET CLR 3.0.04506.648)"
174.133.253.162 - - [31/Mar/2009:20:02:51 -0400] "GET / HTTP/1.0" 200 24838 "-" "Pingdom.com_bot_version_1.4_(http://www.pingdom.com/)"
67.195.37.93 - - [31/Mar/2009:20:03:12 -0400] "GET /topics/show/121/28051 HTTP/1.0" 200 1138127 "-" "Mozilla/5.0 (compatible; Yahoo! Slurp; http://help.yahoo.com/help/us/ysearch/slurp)"
66.249.71.138 - - [31/Mar/2009:20:03:28 -0400] "GET /topics/show/20/686 HTTP/1.1" 200 84963 "-" "Mozilla/5.0 (compatible; Googlebot/2.1; +http://www.google.com/bot.html)"
72.30.65.34 - - [31/Mar/2009:20:04:04 -0400] "GET /topics/show/48 HTTP/1.0" 200 83875 "-" "Mozilla/5.0 (compatible; Yahoo! Slurp/3.0; http://help.yahoo.com/help/us/ysearch/slurp)"
208.36.144.9 - - [31/Mar/2009:20:04:16 -0400] "GET /profile/725822 HTTP/1.0" 200 15114 "-" "Mozilla/5.0 (Twiceler-0.9 http://www.cuil.com/twiceler/robot.html)"
64.13.159.85 - - [31/Mar/2009:20:04:24 -0400] "GET /robots.txt HTTP/1.1" 200 161 "-" "Mozilla/5.0 (compatible; ScoutJet; +http://www.scoutjet.com/)"
64.13.159.85 - - [31/Mar/2009:20:04:27 -0400] "GET / HTTP/1.1" 200 24838 "-" "Mozilla/5.0 (compatible; ScoutJet; +http://www.scoutjet.com/)"
64.13.159.85 - - [31/Mar/2009:20:04:29 -0400] "GET /favicon.ico HTTP/1.1" 200 894 "-" "Mozilla/5.0 (compatible; ScoutJet; +http://www.scoutjet.com/)"
89.151.110.152 - - [31/Mar/2009:20:04:51 -0400] "GET / HTTP/1.0" 200 24838 "-" "Pingdom.com_bot_version_1.4_(http://www.pingdom.com/)"
72.30.65.34 - - [31/Mar/2009:20:05:17 -0400] "GET /topics/show/112/18959 HTTP/1.0" 200 320876 "-" "Mozilla/5.0 (compatible; Yahoo! Slurp/3.0; http://help.yahoo.com/help/us/ysearch/slurp)"
70.53.117.78 - - [31/Mar/2009:20:05:28 -0400] "POST /topic/124/talk/new?parent_id=28546 HTTP/1.1" 200 1246 "http://www.nikonthenumbers.com/topics/show/124/28170#comment_28546" "Mozilla/4.0 (compatible; MSIE 7.0; Windows NT 5.1; GTB5; .NET CLR 1.0.3705; .NET CLR 2.0.50727; .NET CLR 1.1.4322; .NET CLR 3.0.04506.30; .NET CLR 3.0.04506.648)"
61.135.168.39 - - [31/Mar/2009:20:05:41 -0400] "GET / HTTP/1.1" 200 15640 "-" "Baiduspider+(+http://www.baidu.com/search/spider.htm)"
208.36.144.9 - - [31/Mar/2009:20:05:40 -0400] "GET /topics/show/115 HTTP/1.0" 200 1135638 "-" "Mozilla/5.0 (Twiceler-0.9 http://www.cuil.com/twiceler/robot.html)"
209.62.54.130 - - [31/Mar/2009:20:05:52 -0400] "GET / HTTP/1.0" 200 24838 "-" "Pingdom.com_bot_version_1.4_(http://www.pingdom.com/)"
72.30.65.34 - - [31/Mar/2009:20:05:55 -0400] "GET /topics/show/112/18806 HTTP/1.0" 200 312860 "-" "Mozilla/5.0 (compatible; Yahoo! Slurp/3.0; http://help.yahoo.com/help/us/ysearch/slurp)"
66.249.71.138 - - [31/Mar/2009:20:06:27 -0400] "GET /profile/725882 HTTP/1.1" 200 19535 "-" "Mozilla/5.0 (compatible; Googlebot/2.1; +http://www.google.com/bot.html)"
83.140.19.38 - - [31/Mar/2009:20:06:40 -0400] "GET / HTTP/1.0" 200 24838 "-" "Pingdom.com_bot_version_1.4_(http://www.pingdom.com/)"
72.51.41.47 - - [31/Mar/2009:20:06:52 -0400] "GET / HTTP/1.0" 200 24838 "-" "Pingdom.com_bot_version_1.4_(http://www.pingdom.com/)"
70.53.117.78 - - [31/Mar/2009:20:06:58 -0400] "POST /topic/124/talk/preview HTTP/1.1" 200 1922 "http://www.nikonthenumbers.com/topics/show/124/28170#comment_28546" "Mozilla/4.0 (compatible; MSIE 7.0; Windows NT 5.1; GTB5; .NET CLR 1.0.3705; .NET CLR 2.0.50727; .NET CLR 1.1.4322; .NET CLR 3.0.04506.30; .NET CLR 3.0.04506.648)"
65.55.105.119 - - [31/Mar/2009:20:07:04 -0400] "GET /topics/show/101/15016 HTTP/1.1" 200 136171 "-" "msnbot/1.1 (+http://search.msn.com/msnbot.htm)"
70.53.117.78 - - [31/Mar/2009:20:07:10 -0400] "POST /login HTTP/1.1" 200 1087 "http://www.nikonthenumbers.com/topics/show/124/28170#comment_28546" "Mozilla/4.0 (compatible; MSIE 7.0; Windows NT 5.1; GTB5; .NET CLR 1.0.3705; .NET CLR 2.0.50727; .NET CLR 1.1.4322; .NET CLR 3.0.04506.30; .NET CLR 3.0.04506.648)"
70.53.117.78 - - [31/Mar/2009:20:07:11 -0400] "POST /topic/124/talk/preview HTTP/1.1" 200 1768 "http://www.nikonthenumbers.com/topics/show/124/28170#comment_28546" "Mozilla/4.0 (compatible; MSIE 7.0; Windows NT 5.1; GTB5; .NET CLR 1.0.3705; .NET CLR 2.0.50727; .NET CLR 1.1.4322; .NET CLR 3.0.04506.30; .NET CLR 3.0.04506.648)"
70.53.117.78 - - [31/Mar/2009:20:07:11 -0400] "GET /images/information.png HTTP/1.1" 304 - "http://www.nikonthenumbers.com/topics/show/124/28170" "Mozilla/4.0 (compatible; MSIE 7.0; Windows NT 5.1; GTB5; .NET CLR 1.0.3705; .NET CLR 2.0.50727; .NET CLR 1.1.4322; .NET CLR 3.0.04506.30; .NET CLR 3.0.04506.648)"
72.30.65.34 - - [31/Mar/2009:20:07:12 -0400] "GET /topics/show/40/2010 HTTP/1.0" 200 123310 "-" "Mozilla/5.0 (compatible; Yahoo! Slurp/3.0; http://help.yahoo.com/help/us/ysearch/slurp)"
70.53.117.78 - - [31/Mar/2009:20:07:14 -0400] "POST /topic/124/talk/create HTTP/1.1" 200 2041 "http://www.nikonthenumbers.com/topics/show/124/28170#comment_28546" "Mozilla/4.0 (compatible; MSIE 7.0; Windows NT 5.1; GTB5; .NET CLR 1.0.3705; .NET CLR 2.0.50727; .NET CLR 1.1.4322; .NET CLR 3.0.04506.30; .NET CLR 3.0.04506.648)"
142.52.81.11 - - [31/Mar/2009:20:07:33 -0400] "GET /rss HTTP/1.1" 200 100138 "-" "SharpReader/0.9.7.0 (.NET CLR 1.1.4322.573; WinNT 5.1.2600.0)"
212.247.189.113 - - [31/Mar/2009:20:07:53 -0400] "GET / HTTP/1.0" 200 24788 "-" "Pingdom.com_bot_version_1.4_(http://www.pingdom.com/)"
70.71.168.222 - - [31/Mar/2009:20:08:15 -0400] "POST /topic/125/talk/preview HTTP/1.1" 200 3668 "http://nikonthenumbers.com/topics/show/125/28409#comment_28538" "Mozilla/4.0 (compatible; MSIE 7.0; Windows NT 5.1; GTB5; .NET CLR 1.1.4322)"
207.97.207.200 - - [31/Mar/2009:20:08:51 -0400] "GET / HTTP/1.0" 200 24788 "-" "Pingdom.com_bot_version_1.4_(http://www.pingdom.com/)"
204.209.81.14 - - [31/Mar/2009:20:09:32 -0400] "GET /rss HTTP/1.0" 200 100138 "-" "Mozilla/5.0 (Windows; U; Windows NT 5.0; en-GB; rv:1.9.0.6) Gecko/2009011913 Firefox/3.0.6"
67.192.120.134 - - [31/Mar/2009:20:09:51 -0400] "GET / HTTP/1.0" 200 24788 "-" "Pingdom.com_bot_version_1.4_(http://www.pingdom.com/)"
66.249.71.138 - - [31/Mar/2009:20:10:06 -0400] "GET /viewer/header/22 HTTP/1.1" 200 3639 "-" "Mozilla/5.0 (compatible; Googlebot/2.1; +http://www.google.com/bot.html)"
142.166.170.83 - - [31/Mar/2009:20:10:07 -0400] "GET /topics/show/125 HTTP/1.1" 200 76677 "-" "R6_CommentReader(www.radian6.com/crawler)"
70.71.168.222 - - [31/Mar/2009:20:10:14 -0400] "GET /stylesheets/base_1221113035.css HTTP/1.1" 304 - "http://nikonthenumbers.com/topics/show/124/28171" "Mozilla/4.0 (compatible; MSIE 7.0; Windows NT 5.1; GTB5; .NET CLR 1.1.4322)"
70.71.168.222 - - [31/Mar/2009:20:10:14 -0400] "GET /javascripts/base_1221113035.js HTTP/1.1" 304 - "http://nikonthenumbers.com/topics/show/124/28171" "Mozilla/4.0 (compatible; MSIE 7.0; Windows NT 5.1; GTB5; .NET CLR 1.1.4322)"
70.71.168.222 - - [31/Mar/2009:20:10:14 -0400] "GET /images/page-bg.gif HTTP/1.1" 304 - "http://nikonthenumbers.com/topics/show/124/28171" "Mozilla/4.0 (compatible; MSIE 7.0; Windows NT 5.1; GTB5; .NET CLR 1.1.4322)"
70.71.168.222 - - [31/Mar/2009:20:10:14 -0400] "GET /images/TOP_01.jpg HTTP/1.1" 304 - "http://nikonthenumbers.com/topics/show/124/28171" "Mozilla/4.0 (compatible; MSIE 7.0; Windows NT 5.1; GTB5; .NET CLR 1.1.4322)"
70.71.168.222 - - [31/Mar/2009:20:10:14 -0400] "GET /images/TOP_02.jpg HTTP/1.1" 304 - "http://nikonthenumbers.com/topics/show/124/28171" "Mozilla/4.0 (compatible; MSIE 7.0; Windows NT 5.1; GTB5; .NET CLR 1.1.4322)"
70.30.26.11 - - [31/Mar/2009:20:10:10 -0400] "GET /rss HTTP/1.1" 200 100138 "-" "Windows-RSS-Platform/1.0 (MSIE 7.0; Windows NT 5.1)"
70.71.168.222 - - [31/Mar/2009:20:10:14 -0400] "GET /images/TOP_03.jpg HTTP/1.1" 304 - "http://nikonthenumbers.com/topics/show/124/28171" "Mozilla/4.0 (compatible; MSIE 7.0; Windows NT 5.1; GTB5; .NET CLR 1.1.4322)"
70.71.168.222 - - [31/Mar/2009:20:10:14 -0400] "GET /images/feed-icon-14x14.png HTTP/1.1" 304 - "http://nikonthenumbers.com/topics/show/124/28171" "Mozilla/4.0 (compatible; MSIE 7.0; Windows NT 5.1; GTB5; .NET CLR 1.1.4322)"
70.71.168.222 - - [31/Mar/2009:20:10:12 -0400] "GET /topics/show/124/28171 HTTP/1.1" 200 210461 "-" "Mozilla/4.0 (compatible; MSIE 7.0; Windows NT 5.1; GTB5; .NET CLR 1.1.4322)"
70.71.168.222 - - [31/Mar/2009:20:10:14 -0400] "GET /images/TOP_06.jpg HTTP/1.1" 304 - "http://nikonthenumbers.com/topics/show/124/28171" "Mozilla/4.0 (compatible; MSIE 7.0; Windows NT 5.1; GTB5; .NET CLR 1.1.4322)"
70.71.168.222 - - [31/Mar/2009:20:10:14 -0400] "GET /images/bottom-with-shaddow.gif HTTP/1.1" 304 - "http://nikonthenumbers.com/topics/show/124/28171" "Mozilla/4.0 (compatible; MSIE 7.0; Windows NT 5.1; GTB5; .NET CLR 1.1.4322)"
70.71.168.222 - - [31/Mar/2009:20:10:14 -0400] "GET /images/BOX-BACK.jpg HTTP/1.1" 304 - "http://nikonthenumbers.com/topics/show/124/28171" "Mozilla/4.0 (compatible; MSIE 7.0; Windows NT 5.1; GTB5; .NET CLR 1.1.4322)"
70.71.168.222 - - [31/Mar/2009:20:10:14 -0400] "GET /avatars/0000/0083/LOGO_lg_thumb.png?1228919873 HTTP/1.1" 304 - "http://nikonthenumbers.com/topics/show/124/28171" "Mozilla/4.0 (compatible; MSIE 7.0; Windows NT 5.1; GTB5; .NET CLR 1.1.4322)"
70.71.168.222 - - [31/Mar/2009:20:10:14 -0400] "GET /images/red-band.gif HTTP/1.1" 304 - "http://nikonthenumbers.com/topics/show/124/28171" "Mozilla/4.0 (compatible; MSIE 7.0; Windows NT 5.1; GTB5; .NET CLR 1.1.4322)"
70.71.168.222 - - [31/Mar/2009:20:10:14 -0400] "GET /images/comment.png HTTP/1.1" 304 - "http://nikonthenumbers.com/topics/show/124/28171" "Mozilla/4.0 (compatible; MSIE 7.0; Windows NT 5.1; GTB5; .NET CLR 1.1.4322)"
70.71.168.222 - - [31/Mar/2009:20:10:14 -0400] "GET /images/Ses-Townhall-AD-FED-20080911.swf HTTP/1.1" 304 - "http://nikonthenumbers.com/topics/show/124/28171" "Mozilla/4.0 (compatible; MSIE 7.0; Windows NT 5.1; GTB5; .NET CLR 1.1.4322)"
70.71.168.222 - - [31/Mar/2009:20:10:15 -0400] "GET /avatars/0000/0035/avatar3457_1_thumb.png?1221427967 HTTP/1.1" 200 9121 "http://nikonthenumbers.com/topics/show/124/28171" "Mozilla/4.0 (compatible; MSIE 7.0; Windows NT 5.1; GTB5; .NET CLR 1.1.4322)"
70.71.168.222 - - [31/Mar/2009:20:10:15 -0400] "GET /avatars/0000/0107/hope-nope5_thumb.jpg?1235523623 HTTP/1.1" 304 - "http://nikonthenumbers.com/topics/show/124/28171" "Mozilla/4.0 (compatible; MSIE 7.0; Windows NT 5.1; GTB5; .NET CLR 1.1.4322)"
70.71.168.222 - - [31/Mar/2009:20:10:15 -0400] "GET /images/RULE-FADE.jpg HTTP/1.1" 304 - "http://nikonthenumbers.com/topics/show/124/28171" "Mozilla/4.0 (compatible; MSIE 7.0; Windows NT 5.1; GTB5; .NET CLR 1.1.4322)"
70.71.168.222 - - [31/Mar/2009:20:10:15 -0400] "GET /fixit.js HTTP/1.1" 304 - "http://nikonthenumbers.com/topics/show/124/28171" "Mozilla/4.0 (compatible; MSIE 7.0; Windows NT 5.1; GTB5; .NET CLR 1.1.4322)"
70.71.168.222 - - [31/Mar/2009:20:10:15 -0400] "GET /images/polling_results.jpg?1221113035 HTTP/1.1" 304 - "http://nikonthenumbers.com/topics/show/124/28171" "Mozilla/4.0 (compatible; MSIE 7.0; Windows NT 5.1; GTB5; .NET CLR 1.1.4322)"
70.71.168.222 - - [31/Mar/2009:20:10:15 -0400] "GET /images/safe_subscribe_logo.gif HTTP/1.1" 304 - "http://nikonthenumbers.com/topics/show/124/28171" "Mozilla/4.0 (compatible; MSIE 7.0; Windows NT 5.1; GTB5; .NET CLR 1.1.4322)"
70.71.168.222 - - [31/Mar/2009:20:10:15 -0400] "GET /images/comment_bw.png HTTP/1.1" 304 - "http://nikonthenumbers.com/topics/show/124/28171" "Mozilla/4.0 (compatible; MSIE 7.0; Windows NT 5.1; GTB5; .NET CLR 1.1.4322)"
70.71.168.222 - - [31/Mar/2009:20:10:15 -0400] "GET /images/cancel.png HTTP/1.1" 304 - "http://nikonthenumbers.com/topics/show/124/28171" "Mozilla/4.0 (compatible; MSIE 7.0; Windows NT 5.1; GTB5; .NET CLR 1.1.4322)"
67.195.37.93 - - [31/Mar/2009:20:10:21 -0400] "GET /profile/663308 HTTP/1.0" 200 51040 "-" "Mozilla/5.0 (compatible; Yahoo! Slurp; http://help.yahoo.com/help/us/ysearch/slurp)"
70.71.168.222 - - [31/Mar/2009:20:10:22 -0400] "POST /talk/mark/28547 HTTP/1.1" 201 1 "http://nikonthenumbers.com/topics/show/124/28171#comment_28547" "Mozilla/4.0 (compatible; MSIE 7.0; Windows NT 5.1; GTB5; .NET CLR 1.1.4322)"
70.71.168.222 - - [31/Mar/2009:20:10:32 -0400] "POST /talk/mark/28329 HTTP/1.1" 201 1 "http://nikonthenumbers.com/topics/show/124/28171#comment_28547" "Mozilla/4.0 (compatible; MSIE 7.0; Windows NT 5.1; GTB5; .NET CLR 1.1.4322)"
72.30.65.34 - - [31/Mar/2009:20:10:27 -0400] "GET /topics/show/115/21790 HTTP/1.0" 200 1194653 "-" "Mozilla/5.0 (compatible; Yahoo! Slurp/3.0; http://help.yahoo.com/help/us/ysearch/slurp)"
70.71.168.222 - - [31/Mar/2009:20:10:41 -0400] "GET /images/busy.gif HTTP/1.1" 304 - "http://nikonthenumbers.com/topics/show/124/28171" "Mozilla/4.0 (compatible; MSIE 7.0; Windows NT 5.1; GTB5; .NET CLR 1.1.4322)"
70.71.168.222 - - [31/Mar/2009:20:10:41 -0400] "POST /topic/124/talk/new?parent_id=28547 HTTP/1.1" 200 1246 "http://nikonthenumbers.com/topics/show/124/28171#comment_28547" "Mozilla/4.0 (compatible; MSIE 7.0; Windows NT 5.1; GTB5; .NET CLR 1.1.4322)"
64.231.213.213 - - [31/Mar/2009:20:10:40 -0400] "GET / HTTP/1.1" 200 19776 "http://nikonthenumbers.com/topics/show/124/28169" "Mozilla/5.0 (Windows; U; Windows NT 5.1; en-US; rv:1.9.0.8) Gecko/2009032609 Firefox/3.0.8"
