72.30.65.34 - - [31/Mar/2009:18:31:41 -0400] "GET /profile/203892 HTTP/1.0" 200 14649 "-" "Mozilla/5.0 (compatible; Yahoo! Slurp/3.0; http://help.yahoo.com/help/us/ysearch/slurp)"
67.205.112.79 - - [31/Mar/2009:18:31:51 -0400] "GET / HTTP/1.0" 200 24903 "-" "Pingdom.com_bot_version_1.4_(http://www.pingdom.com/)"
99.241.122.210 - - [31/Mar/2009:18:32:10 -0400] "POST /talk/mark/28294 HTTP/1.1" 201 1 "http://www.nikonthenumbers.com/topics/show/124" "Mozilla/4.0 (compatible; MSIE 7.0; Windows NT 6.0; SLCC1; .NET CLR 2.0.50727; Media Center PC 5.0; .NET CLR 3.0.04506; InfoPath.1)"
99.241.122.210 - - [31/Mar/2009:18:32:36 -0400] "POST /talk/mark/28273 HTTP/1.1" 201 1 "http://www.nikonthenumbers.com/topics/show/124" "Mozilla/4.0 (compatible; MSIE 7.0; Windows NT 6.0; SLCC1; .NET CLR 2.0.50727; Media Center PC 5.0; .NET CLR 3.0.04506; InfoPath.1)"
72.30.65.34 - - [31/Mar/2009:18:32:37 -0400] "GET /profile/181108 HTTP/1.0" 200 14686 "-" "Mozilla/5.0 (compatible; Yahoo! Slurp/3.0; http://help.yahoo.com/help/us/ysearch/slurp)"
174.133.253.162 - - [31/Mar/2009:18:32:51 -0400] "GET / HTTP/1.0" 200 24903 "-" "Pingdom.com_bot_version_1.4_(http://www.pingdom.com/)"
99.241.122.210 - - [31/Mar/2009:18:33:00 -0400] "POST /talk/mark/28293 HTTP/1.1" 201 1 "http://www.nikonthenumbers.com/topics/show/124" "Mozilla/4.0 (compatible; MSIE 7.0; Windows NT 6.0; SLCC1; .NET CLR 2.0.50727; Media Center PC 5.0; .NET CLR 3.0.04506; InfoPath.1)"
99.241.122.210 - - [31/Mar/2009:18:33:09 -0400] "POST /talk/mark/28180 HTTP/1.1" 201 1 "http://www.nikonthenumbers.com/topics/show/124" "Mozilla/4.0 (compatible; MSIE 7.0; Windows NT 6.0; SLCC1; .NET CLR 2.0.50727; Media Center PC 5.0; .NET CLR 3.0.04506; InfoPath.1)"
99.241.122.210 - - [31/Mar/2009:18:33:16 -0400] "POST /topics/show_comments/124/28180 HTTP/1.1" 200 8515 "http://www.nikonthenumbers.com/topics/show/124" "Mozilla/4.0 (compatible; MSIE 7.0; Windows NT 6.0; SLCC1; .NET CLR 2.0.50727; Media Center PC 5.0; .NET CLR 3.0.04506; InfoPath.1)"
99.241.122.210 - - [31/Mar/2009:18:33:21 -0400] "POST /talk/mark/28180 HTTP/1.1" 201 1 "http://www.nikonthenumbers.com/topics/show/124" "Mozilla/4.0 (compatible; MSIE 7.0; Windows NT 6.0; SLCC1; .NET CLR 2.0.50727; Media Center PC 5.0; .NET CLR 3.0.04506; InfoPath.1)"
99.241.122.210 - - [31/Mar/2009:18:33:27 -0400] "POST /rater/create/comment_rating/28180 HTTP/1.1" 200 165 "http://www.nikonthenumbers.com/topics/show/124" "Mozilla/4.0 (compatible; MSIE 7.0; Windows NT 6.0; SLCC1; .NET CLR 2.0.50727; Media Center PC 5.0; .NET CLR 3.0.04506; InfoPath.1)"
99.241.122.210 - - [31/Mar/2009:18:33:31 -0400] "POST /talk/mark/28203 HTTP/1.1" 201 1 "http://www.nikonthenumbers.com/topics/show/124" "Mozilla/4.0 (compatible; MSIE 7.0; Windows NT 6.0; SLCC1; .NET CLR 2.0.50727; Media Center PC 5.0; .NET CLR 3.0.04506; InfoPath.1)"
99.241.122.210 - - [31/Mar/2009:18:33:35 -0400] "POST /talk/mark/28208 HTTP/1.1" 201 1 "http://www.nikonthenumbers.com/topics/show/124" "Mozilla/4.0 (compatible; MSIE 7.0; Windows NT 6.0; SLCC1; .NET CLR 2.0.50727; Media Center PC 5.0; .NET CLR 3.0.04506; InfoPath.1)"
99.241.122.210 - - [31/Mar/2009:18:33:39 -0400] "POST /talk/mark/28332 HTTP/1.1" 201 1 "http://www.nikonthenumbers.com/topics/show/124" "Mozilla/4.0 (compatible; MSIE 7.0; Windows NT 6.0; SLCC1; .NET CLR 2.0.50727; Media Center PC 5.0; .NET CLR 3.0.04506; InfoPath.1)"
99.241.122.210 - - [31/Mar/2009:18:33:45 -0400] "POST /talk/mark/28196 HTTP/1.1" 201 1 "http://www.nikonthenumbers.com/topics/show/124" "Mozilla/4.0 (compatible; MSIE 7.0; Windows NT 6.0; SLCC1; .NET CLR 2.0.50727; Media Center PC 5.0; .NET CLR 3.0.04506; InfoPath.1)"
99.241.122.210 - - [31/Mar/2009:18:33:55 -0400] "POST /topics/show_comments/124/28196 HTTP/1.1" 200 47049 "http://www.nikonthenumbers.com/topics/show/124" "Mozilla/4.0 (compatible; MSIE 7.0; Windows NT 6.0; SLCC1; .NET CLR 2.0.50727; Media Center PC 5.0; .NET CLR 3.0.04506; InfoPath.1)"
99.241.122.210 - - [31/Mar/2009:18:34:06 -0400] "POST /talk/mark/28202 HTTP/1.1" 201 1 "http://www.nikonthenumbers.com/topics/show/124" "Mozilla/4.0 (compatible; MSIE 7.0; Windows NT 6.0; SLCC1; .NET CLR 2.0.50727; Media Center PC 5.0; .NET CLR 3.0.04506; InfoPath.1)"
99.241.122.210 - - [31/Mar/2009:18:34:13 -0400] "POST /talk/mark/28204 HTTP/1.1" 201 1 "http://www.nikonthenumbers.com/topics/show/124" "Mozilla/4.0 (compatible; MSIE 7.0; Windows NT 6.0; SLCC1; .NET CLR 2.0.50727; Media Center PC 5.0; .NET CLR 3.0.04506; InfoPath.1)"
99.241.122.210 - - [31/Mar/2009:18:34:28 -0400] "POST /talk/mark/28207 HTTP/1.1" 201 1 "http://www.nikonthenumbers.com/topics/show/124" "Mozilla/4.0 (compatible; MSIE 7.0; Windows NT 6.0; SLCC1; .NET CLR 2.0.50727; Media Center PC 5.0; .NET CLR 3.0.04506; InfoPath.1)"
99.241.122.210 - - [31/Mar/2009:18:34:38 -0400] "POST /talk/mark/28216 HTTP/1.1" 201 1 "http://www.nikonthenumbers.com/topics/show/124" "Mozilla/4.0 (compatible; MSIE 7.0; Windows NT 6.0; SLCC1; .NET CLR 2.0.50727; Media Center PC 5.0; .NET CLR 3.0.04506; InfoPath.1)"
89.151.110.152 - - [31/Mar/2009:18:34:52 -0400] "GET / HTTP/1.0" 200 24903 "-" "Pingdom.com_bot_version_1.4_(http://www.pingdom.com/)"
99.241.122.210 - - [31/Mar/2009:18:35:16 -0400] "POST /talk/mark/28221 HTTP/1.1" 201 1 "http://www.nikonthenumbers.com/topics/show/124" "Mozilla/4.0 (compatible; MSIE 7.0; Windows NT 6.0; SLCC1; .NET CLR 2.0.50727; Media Center PC 5.0; .NET CLR 3.0.04506; InfoPath.1)"
209.62.54.130 - - [31/Mar/2009:18:35:52 -0400] "GET / HTTP/1.0" 200 24903 "-" "Pingdom.com_bot_version_1.4_(http://www.pingdom.com/)"
99.241.122.210 - - [31/Mar/2009:18:35:57 -0400] "POST /talk/mark/28257 HTTP/1.1" 201 1 "http://www.nikonthenumbers.com/topics/show/124" "Mozilla/4.0 (compatible; MSIE 7.0; Windows NT 6.0; SLCC1; .NET CLR 2.0.50727; Media Center PC 5.0; .NET CLR 3.0.04506; InfoPath.1)"
99.241.122.210 - - [31/Mar/2009:18:36:04 -0400] "POST /talk/mark/28224 HTTP/1.1" 201 1 "http://www.nikonthenumbers.com/topics/show/124" "Mozilla/4.0 (compatible; MSIE 7.0; Windows NT 6.0; SLCC1; .NET CLR 2.0.50727; Media Center PC 5.0; .NET CLR 3.0.04506; InfoPath.1)"
99.241.122.210 - - [31/Mar/2009:18:36:09 -0400] "POST /talk/mark/28231 HTTP/1.1" 201 1 "http://www.nikonthenumbers.com/topics/show/124" "Mozilla/4.0 (compatible; MSIE 7.0; Windows NT 6.0; SLCC1; .NET CLR 2.0.50727; Media Center PC 5.0; .NET CLR 3.0.04506; InfoPath.1)"
99.241.122.210 - - [31/Mar/2009:18:36:25 -0400] "POST /talk/mark/28305 HTTP/1.1" 201 1 "http://www.nikonthenumbers.com/topics/show/124" "Mozilla/4.0 (compatible; MSIE 7.0; Windows NT 6.0; SLCC1; .NET CLR 2.0.50727; Media Center PC 5.0; .NET CLR 3.0.04506; InfoPath.1)"
83.140.19.38 - - [31/Mar/2009:18:36:25 -0400] "GET / HTTP/1.0" 200 24903 "-" "Pingdom.com_bot_version_1.4_(http://www.pingdom.com/)"
99.241.122.210 - - [31/Mar/2009:18:36:46 -0400] "POST /talk/mark/28327 HTTP/1.1" 201 1 "http://www.nikonthenumbers.com/topics/show/124" "Mozilla/4.0 (compatible; MSIE 7.0; Windows NT 6.0; SLCC1; .NET CLR 2.0.50727; Media Center PC 5.0; .NET CLR 3.0.04506; InfoPath.1)"
72.51.41.47 - - [31/Mar/2009:18:36:52 -0400] "GET / HTTP/1.0" 200 24903 "-" "Pingdom.com_bot_version_1.4_(http://www.pingdom.com/)"
99.241.122.210 - - [31/Mar/2009:18:37:23 -0400] "POST /talk/mark/28366 HTTP/1.1" 201 1 "http://www.nikonthenumbers.com/topics/show/124" "Mozilla/4.0 (compatible; MSIE 7.0; Windows NT 6.0; SLCC1; .NET CLR 2.0.50727; Media Center PC 5.0; .NET CLR 3.0.04506; InfoPath.1)"
142.52.81.11 - - [31/Mar/2009:18:37:24 -0400] "GET /rss HTTP/1.1" 200 100138 "-" "SharpReader/0.9.7.0 (.NET CLR 1.1.4322.573; WinNT 5.1.2600.0)"
99.241.122.210 - - [31/Mar/2009:18:37:38 -0400] "POST /topics/show_comments/124/28366 HTTP/1.1" 200 6104 "http://www.nikonthenumbers.com/topics/show/124" "Mozilla/4.0 (compatible; MSIE 7.0; Windows NT 6.0; SLCC1; .NET CLR 2.0.50727; Media Center PC 5.0; .NET CLR 3.0.04506; InfoPath.1)"
67.195.37.93 - - [31/Mar/2009:18:37:46 -0400] "GET /topics/show/124/28338 HTTP/1.0" 200 176353 "-" "Mozilla/5.0 (compatible; Yahoo! Slurp/3.0; http://help.yahoo.com/help/us/ysearch/slurp)"
99.241.122.210 - - [31/Mar/2009:18:37:50 -0400] "POST /talk/mark/28370 HTTP/1.1" 201 1 "http://www.nikonthenumbers.com/topics/show/124" "Mozilla/4.0 (compatible; MSIE 7.0; Windows NT 6.0; SLCC1; .NET CLR 2.0.50727; Media Center PC 5.0; .NET CLR 3.0.04506; InfoPath.1)"
64.34.195.156 - - [31/Mar/2009:18:37:51 -0400] "GET /rss HTTP/1.1" 200 99686 "-" "Mozilla/5.0 (X11; U; Linux i686; en-US; rv:1.2.1; aggregator:Spinn3r (Spinn3r 3.0); http://spinn3r.com/robot) Gecko/20021130"
67.195.37.93 - - [31/Mar/2009:18:37:54 -0400] "GET /stylesheets/base_1221113035.css HTTP/1.0" 304 - "http://www.nikonthenumbers.com/topics/show/124/28338" "Mozilla/5.0 (compatible; Yahoo! Slurp/3.0; http://help.yahoo.com/help/us/ysearch/slurp)"
212.247.189.113 - - [31/Mar/2009:18:37:52 -0400] "GET / HTTP/1.0" 200 24903 "-" "Pingdom.com_bot_version_1.4_(http://www.pingdom.com/)"
70.71.162.234 - - [31/Mar/2009:18:37:55 -0400] "GET /rss HTTP/1.1" 200 100138 "-" "Mozilla/5.0 (Windows; U; Windows NT 5.1; en-US; rv:1.9.0.8) Gecko/2009032609 Firefox/3.0.8"
99.241.122.210 - - [31/Mar/2009:18:38:02 -0400] "POST /talk/mark/28373 HTTP/1.1" 201 1 "http://www.nikonthenumbers.com/topics/show/124" "Mozilla/4.0 (compatible; MSIE 7.0; Windows NT 6.0; SLCC1; .NET CLR 2.0.50727; Media Center PC 5.0; .NET CLR 3.0.04506; InfoPath.1)"
99.241.122.210 - - [31/Mar/2009:18:38:39 -0400] "POST /talk/mark/28398 HTTP/1.1" 201 1 "http://www.nikonthenumbers.com/topics/show/124" "Mozilla/4.0 (compatible; MSIE 7.0; Windows NT 6.0; SLCC1; .NET CLR 2.0.50727; Media Center PC 5.0; .NET CLR 3.0.04506; InfoPath.1)"
207.97.207.200 - - [31/Mar/2009:18:38:51 -0400] "GET / HTTP/1.0" 200 24903 "-" "Pingdom.com_bot_version_1.4_(http://www.pingdom.com/)"
99.241.122.210 - - [31/Mar/2009:18:38:54 -0400] "POST /talk/mark/28404 HTTP/1.1" 201 1 "http://www.nikonthenumbers.com/topics/show/124" "Mozilla/4.0 (compatible; MSIE 7.0; Windows NT 6.0; SLCC1; .NET CLR 2.0.50727; Media Center PC 5.0; .NET CLR 3.0.04506; InfoPath.1)"
99.241.122.210 - - [31/Mar/2009:18:39:11 -0400] "POST /talk/mark/28407 HTTP/1.1" 201 1 "http://www.nikonthenumbers.com/topics/show/124" "Mozilla/4.0 (compatible; MSIE 7.0; Windows NT 6.0; SLCC1; .NET CLR 2.0.50727; Media Center PC 5.0; .NET CLR 3.0.04506; InfoPath.1)"
65.55.105.118 - - [31/Mar/2009:18:39:17 -0400] "GET /profile/10504 HTTP/1.1" 200 15198 "-" "msnbot/1.1 (+http://search.msn.com/msnbot.htm)"
67.195.37.93 - - [31/Mar/2009:18:39:16 -0400] "GET /topics/show/49/2725 HTTP/1.0" 200 86633 "-" "Mozilla/5.0 (compatible; Yahoo! Slurp; http://help.yahoo.com/help/us/ysearch/slurp)"
99.241.122.210 - - [31/Mar/2009:18:39:22 -0400] "POST /topics/show_comments/124/28408 HTTP/1.1" 200 8505 "http://www.nikonthenumbers.com/topics/show/124" "Mozilla/4.0 (compatible; MSIE 7.0; Windows NT 6.0; SLCC1; .NET CLR 2.0.50727; Media Center PC 5.0; .NET CLR 3.0.04506; InfoPath.1)"
99.241.122.210 - - [31/Mar/2009:18:39:27 -0400] "POST /talk/mark/28416 HTTP/1.1" 201 1 "http://www.nikonthenumbers.com/topics/show/124" "Mozilla/4.0 (compatible; MSIE 7.0; Windows NT 6.0; SLCC1; .NET CLR 2.0.50727; Media Center PC 5.0; .NET CLR 3.0.04506; InfoPath.1)"
204.209.81.14 - - [31/Mar/2009:18:39:28 -0400] "GET /rss HTTP/1.0" 200 100138 "-" "Mozilla/5.0 (Windows; U; Windows NT 5.0; en-GB; rv:1.9.0.6) Gecko/2009011913 Firefox/3.0.6"
99.241.122.210 - - [31/Mar/2009:18:39:32 -0400] "POST /talk/mark/28417 HTTP/1.1" 201 1 "http://www.nikonthenumbers.com/topics/show/124" "Mozilla/4.0 (compatible; MSIE 7.0; Windows NT 6.0; SLCC1; .NET CLR 2.0.50727; Media Center PC 5.0; .NET CLR 3.0.04506; InfoPath.1)"
99.241.122.210 - - [31/Mar/2009:18:39:36 -0400] "POST /talk/mark/28408 HTTP/1.1" 201 1 "http://www.nikonthenumbers.com/topics/show/124" "Mozilla/4.0 (compatible; MSIE 7.0; Windows NT 6.0; SLCC1; .NET CLR 2.0.50727; Media Center PC 5.0; .NET CLR 3.0.04506; InfoPath.1)"
99.241.122.210 - - [31/Mar/2009:18:39:39 -0400] "POST /topic/124/talk/new?parent_id=28408 HTTP/1.1" 200 1246 "http://www.nikonthenumbers.com/topics/show/124" "Mozilla/4.0 (compatible; MSIE 7.0; Windows NT 6.0; SLCC1; .NET CLR 2.0.50727; Media Center PC 5.0; .NET CLR 3.0.04506; InfoPath.1)"
72.14.199.41 - - [31/Mar/2009:18:39:47 -0400] "GET /rss HTTP/1.1" 200 100138 "-" "Feedfetcher-Google; (+http://www.google.com/feedfetcher.html; 85 subscribers; feed-id=3544419756895700983)"
67.192.120.134 - - [31/Mar/2009:18:39:51 -0400] "GET / HTTP/1.0" 200 24903 "-" "Pingdom.com_bot_version_1.4_(http://www.pingdom.com/)"
99.241.122.210 - - [31/Mar/2009:18:39:56 -0400] "POST /topic/124/talk/preview HTTP/1.1" 200 1736 "http://www.nikonthenumbers.com/topics/show/124" "Mozilla/4.0 (compatible; MSIE 7.0; Windows NT 6.0; SLCC1; .NET CLR 2.0.50727; Media Center PC 5.0; .NET CLR 3.0.04506; InfoPath.1)"
99.241.122.210 - - [31/Mar/2009:18:39:58 -0400] "POST /topic/124/talk/create HTTP/1.1" 200 2026 "http://www.nikonthenumbers.com/topics/show/124" "Mozilla/4.0 (compatible; MSIE 7.0; Windows NT 6.0; SLCC1; .NET CLR 2.0.50727; Media Center PC 5.0; .NET CLR 3.0.04506; InfoPath.1)"
99.241.122.210 - - [31/Mar/2009:18:40:05 -0400] "POST /topics/show_comments/124/28426 HTTP/1.1" 200 57018 "http://www.nikonthenumbers.com/topics/show/124" "Mozilla/4.0 (compatible; MSIE 7.0; Windows NT 6.0; SLCC1; .NET CLR 2.0.50727; Media Center PC 5.0; .NET CLR 3.0.04506; InfoPath.1)"
99.241.122.210 - - [31/Mar/2009:18:40:12 -0400] "POST /talk/mark/28426 HTTP/1.1" 201 1 "http://www.nikonthenumbers.com/topics/show/124" "Mozilla/4.0 (compatible; MSIE 7.0; Windows NT 6.0; SLCC1; .NET CLR 2.0.50727; Media Center PC 5.0; .NET CLR 3.0.04506; InfoPath.1)"
99.241.122.210 - - [31/Mar/2009:18:40:22 -0400] "POST /talk/mark/28429 HTTP/1.1" 201 1 "http://www.nikonthenumbers.com/topics/show/124" "Mozilla/4.0 (compatible; MSIE 7.0; Windows NT 6.0; SLCC1; .NET CLR 2.0.50727; Media Center PC 5.0; .NET CLR 3.0.04506; InfoPath.1)"
70.30.26.11 - - [31/Mar/2009:18:40:26 -0400] "GET /rss HTTP/1.1" 200 100138 "-" "Windows-RSS-Platform/1.0 (MSIE 7.0; Windows NT 5.1)"
99.241.122.210 - - [31/Mar/2009:18:40:29 -0400] "POST /talk/mark/28430 HTTP/1.1" 201 1 "http://www.nikonthenumbers.com/topics/show/124" "Mozilla/4.0 (compatible; MSIE 7.0; Windows NT 6.0; SLCC1; .NET CLR 2.0.50727; Media Center PC 5.0; .NET CLR 3.0.04506; InfoPath.1)"
99.241.122.210 - - [31/Mar/2009:18:40:32 -0400] "POST /talk/mark/28431 HTTP/1.1" 201 1 "http://www.nikonthenumbers.com/topics/show/124" "Mozilla/4.0 (compatible; MSIE 7.0; Windows NT 6.0; SLCC1; .NET CLR 2.0.50727; Media Center PC 5.0; .NET CLR 3.0.04506; InfoPath.1)"
99.241.122.210 - - [31/Mar/2009:18:40:43 -0400] "POST /talk/mark/28432 HTTP/1.1" 201 1 "http://www.nikonthenumbers.com/topics/show/124" "Mozilla/4.0 (compatible; MSIE 7.0; Windows NT 6.0; SLCC1; .NET CLR 2.0.50727; Media Center PC 5.0; .NET CLR 3.0.04506; InfoPath.1)"
99.241.122.210 - - [31/Mar/2009:18:40:47 -0400] "POST /talk/mark/28435 HTTP/1.1" 201 1 "http://www.nikonthenumbers.com/topics/show/124" "Mozilla/4.0 (compatible; MSIE 7.0; Windows NT 6.0; SLCC1; .NET CLR 2.0.50727; Media Center PC 5.0; .NET CLR 3.0.04506; InfoPath.1)"
99.241.122.210 - - [31/Mar/2009:18:40:51 -0400] "POST /talk/mark/28471 HTTP/1.1" 201 1 "http://www.nikonthenumbers.com/topics/show/124" "Mozilla/4.0 (compatible; MSIE 7.0; Windows NT 6.0; SLCC1; .NET CLR 2.0.50727; Media Center PC 5.0; .NET CLR 3.0.04506; InfoPath.1)"
78.136.27.223 - - [31/Mar/2009:18:40:51 -0400] "GET / HTTP/1.0" 200 24842 "-" "Pingdom.com_bot_version_1.4_(http://www.pingdom.com/)"
99.241.122.210 - - [31/Mar/2009:18:41:11 -0400] "POST /talk/mark/28472 HTTP/1.1" 201 1 "http://www.nikonthenumbers.com/topics/show/124" "Mozilla/4.0 (compatible; MSIE 7.0; Windows NT 6.0; SLCC1; .NET CLR 2.0.50727; Media Center PC 5.0; .NET CLR 3.0.04506; InfoPath.1)"
99.241.122.210 - - [31/Mar/2009:18:41:16 -0400] "POST /talk/mark/28487 HTTP/1.1" 201 1 "http://www.nikonthenumbers.com/topics/show/124" "Mozilla/4.0 (compatible; MSIE 7.0; Windows NT 6.0; SLCC1; .NET CLR 2.0.50727; Media Center PC 5.0; .NET CLR 3.0.04506; InfoPath.1)"
67.205.112.79 - - [31/Mar/2009:18:41:51 -0400] "GET / HTTP/1.0" 200 24842 "-" "Pingdom.com_bot_version_1.4_(http://www.pingdom.com/)"
72.232.10.98 - - [31/Mar/2009:18:41:53 -0400] "GET /topics/show/76 HTTP/1.1" 200 79639 "-" "Mozilla/4.0 (compatible; MSIE 6.0; Windows NT 5.1; SV1)"
174.133.253.162 - - [31/Mar/2009:18:42:51 -0400] "GET / HTTP/1.0" 200 24842 "-" "Pingdom.com_bot_version_1.4_(http://www.pingdom.com/)"
193.189.143.185 - - [31/Mar/2009:18:42:56 -0400] "GET /rss HTTP/1.0" 200 100138 "-" "Netvibes (http://www.netvibes.com/; 7 subscribers; feedId: 1123686)"
75.154.76.172 - - [31/Mar/2009:18:43:36 -0400] "GET /rss HTTP/1.1" 200 100138 "-" "Windows-RSS-Platform/1.0 (MSIE 7.0; Windows NT 6.0)"
72.30.65.34 - - [31/Mar/2009:18:43:47 -0400] "GET /topics/show/115/20749 HTTP/1.0" 200 1202598 "-" "Mozilla/5.0 (compatible; Yahoo! Slurp/3.0; http://help.yahoo.com/help/us/ysearch/slurp)"
208.36.144.9 - - [31/Mar/2009:18:43:52 -0400] "GET /topics/show/78/10480 HTTP/1.0" 200 149249 "-" "Mozilla/5.0 (Twiceler-0.9 http://www.cuil.com/twiceler/robot.html)"
99.241.122.210 - - [31/Mar/2009:18:44:13 -0400] "POST /talk/mark/28543 HTTP/1.1" 201 1 "http://www.nikonthenumbers.com/topics/show/124" "Mozilla/4.0 (compatible; MSIE 7.0; Windows NT 6.0; SLCC1; .NET CLR 2.0.50727; Media Center PC 5.0; .NET CLR 3.0.04506; InfoPath.1)"
72.30.65.34 - - [31/Mar/2009:18:44:14 -0400] "GET /topics/show/112/19165 HTTP/1.0" 200 313258 "-" "Mozilla/5.0 (compatible; Yahoo! Slurp/3.0; http://help.yahoo.com/help/us/ysearch/slurp)"
99.250.110.87 - - [31/Mar/2009:18:44:41 -0400] "GET /rss HTTP/1.1" 200 100138 "-" "Mozilla/5.0 (Windows; U; Windows NT 5.1; en-US; rv:1.9.0.8) Gecko/2009032609 Firefox/3.0.8"
89.151.110.152 - - [31/Mar/2009:18:44:52 -0400] "GET / HTTP/1.0" 200 24842 "-" "Pingdom.com_bot_version_1.4_(http://www.pingdom.com/)"
209.62.54.130 - - [31/Mar/2009:18:45:52 -0400] "GET / HTTP/1.0" 200 24842 "-" "Pingdom.com_bot_version_1.4_(http://www.pingdom.com/)"
83.140.19.38 - - [31/Mar/2009:18:46:16 -0400] "GET / HTTP/1.0" 200 24842 "-" "Pingdom.com_bot_version_1.4_(http://www.pingdom.com/)"
72.51.41.47 - - [31/Mar/2009:18:46:52 -0400] "GET / HTTP/1.0" 200 24842 "-" "Pingdom.com_bot_version_1.4_(http://www.pingdom.com/)"
67.195.37.93 - - [31/Mar/2009:18:47:23 -0400] "GET /topics/show/19/645 HTTP/1.0" 200 110409 "-" "Mozilla/5.0 (compatible; Yahoo! Slurp; http://help.yahoo.com/help/us/ysearch/slurp)"
142.162.17.88 - - [31/Mar/2009:18:47:27 -0400] "GET /rss HTTP/1.1" 200 100138 "-" "Mozilla/5.0 (Macintosh; U; Intel Mac OS X; en-US; rv:1.8.1.8) Gecko/20071008 Firefox/2.0.0.8"
212.247.189.113 - - [31/Mar/2009:18:47:51 -0400] "GET / HTTP/1.0" 200 24842 "-" "Pingdom.com_bot_version_1.4_(http://www.pingdom.com/)"
66.249.71.138 - - [31/Mar/2009:18:48:48 -0400] "GET /topics/show/39/1923 HTTP/1.1" 200 140511 "-" "Mozilla/5.0 (compatible; Googlebot/2.1; +http://www.google.com/bot.html)"
207.97.207.200 - - [31/Mar/2009:18:48:51 -0400] "GET / HTTP/1.0" 200 24842 "-" "Pingdom.com_bot_version_1.4_(http://www.pingdom.com/)"
24.150.204.117 - - [31/Mar/2009:18:47:29 -0400] "GET /rss HTTP/1.1" 200 100138 "-" "Mozilla/5.0 (Windows; U; Windows NT 6.0; en-GB; rv:1.9.0.8) Gecko/2009032609 Firefox/3.0.8 (.NET CLR 3.5.30729)"
67.192.120.134 - - [31/Mar/2009:18:49:51 -0400] "GET / HTTP/1.0" 200 24842 "-" "Pingdom.com_bot_version_1.4_(http://www.pingdom.com/)"
72.30.65.34 - - [31/Mar/2009:18:50:03 -0400] "GET /topics/show/115/22659 HTTP/1.0" 200 1201185 "-" "Mozilla/5.0 (compatible; Yahoo! Slurp/3.0; http://help.yahoo.com/help/us/ysearch/slurp)"
87.118.90.181 - - [31/Mar/2009:18:50:15 -0400] "GET /login/ HTTP/1.0" 200 13319 "http://www.nikonthenumbers.com/login/" "Mozilla/4.0 (compatible; MSIE 6.0; Windows NT 5.1; .NET CLR 1.1.4322)"
87.118.90.181 - - [31/Mar/2009:18:50:16 -0400] "GET /login HTTP/1.0" 200 13319 "http://www.nikonthenumbers.com/login" "Mozilla/4.0 (compatible; MSIE 6.0; Windows NT 5.1; .NET CLR 1.1.4322)"
87.118.90.181 - - [31/Mar/2009:18:50:17 -0400] "POST /login HTTP/1.0" 200 13356 "http://www.nikonthenumbers.com/login" "Mozilla/4.0 (compatible; MSIE 6.0; Windows NT 5.1; .NET CLR 1.1.4322)"
87.118.90.181 - - [31/Mar/2009:18:50:17 -0400] "GET /login/ HTTP/1.0" 200 13356 "http://www.nikonthenumbers.com/login/" "Mozilla/4.0 (compatible; MSIE 6.0; Windows NT 5.1; .NET CLR 1.1.4322)"
87.118.90.181 - - [31/Mar/2009:18:50:18 -0400] "POST /login/login HTTP/1.0" 500 2328 "http://www.nikonthenumbers.com/login/" "Mozilla/4.0 (compatible; MSIE 6.0; Windows NT 5.1; .NET CLR 1.1.4322)"
72.30.65.34 - - [31/Mar/2009:18:50:48 -0400] "GET /topics/show/113 HTTP/1.0" 200 306564 "-" "Mozilla/5.0 (compatible; Yahoo! Slurp/3.0; http://help.yahoo.com/help/us/ysearch/slurp)"
78.136.27.223 - - [31/Mar/2009:18:50:51 -0400] "GET / HTTP/1.0" 200 24842 "-" "Pingdom.com_bot_version_1.4_(http://www.pingdom.com/)"
67.205.112.79 - - [31/Mar/2009:18:51:51 -0400] "GET / HTTP/1.0" 200 24842 "-" "Pingdom.com_bot_version_1.4_(http://www.pingdom.com/)"
142.52.81.11 - - [31/Mar/2009:18:52:11 -0400] "GET /rss HTTP/1.1" 200 100138 "-" "SharpReader/0.9.7.0 (.NET CLR 1.1.4322.573; WinNT 5.1.2600.0)"
174.133.253.162 - - [31/Mar/2009:18:52:51 -0400] "GET / HTTP/1.0" 200 24842 "-" "Pingdom.com_bot_version_1.4_(http://www.pingdom.com/)"
66.249.71.138 - - [31/Mar/2009:18:53:47 -0400] "GET /topics/show/99/14531 HTTP/1.1" 200 62794 "-" "Mozilla/5.0 (compatible; Googlebot/2.1; +http://www.google.com/bot.html)"
67.71.80.145 - - [31/Mar/2009:18:54:24 -0400] "GET /rss HTTP/1.1" 200 100138 "-" "Mozilla/5.0 (Macintosh; U; PPC Mac OS X Mach-O; en-US; rv:1.8.1.1) Gecko/20061204 Firefox/2.0.0.1"
89.151.110.152 - - [31/Mar/2009:18:54:52 -0400] "GET / HTTP/1.0" 200 24842 "-" "Pingdom.com_bot_version_1.4_(http://www.pingdom.com/)"
72.30.65.34 - - [31/Mar/2009:18:55:08 -0400] "GET /profile/396056 HTTP/1.0" 200 16396 "-" "Mozilla/5.0 (compatible; Yahoo! Slurp/3.0; http://help.yahoo.com/help/us/ysearch/slurp)"
204.108.96.21 - - [31/Mar/2009:18:55:24 -0400] "GET /topics/show/125/28410 HTTP/1.1" 200 87648 "http://www.google.com/search?q=oil+sand+development+saskatchewan&hl=en&rlz=1T4GGLR_enUS223US223&start=100&sa=N" "Mozilla/4.0 (compatible; MSIE 6.0; Windows NT 5.1; SV1; GTB5; .NET CLR 1.1.4322)"
204.108.96.21 - - [31/Mar/2009:18:55:24 -0400] "GET /stylesheets/base_1221113035.css HTTP/1.1" 200 14188 "http://www.nikonthenumbers.com/topics/show/125/28410" "Mozilla/4.0 (compatible; MSIE 6.0; Windows NT 5.1; SV1; GTB5; .NET CLR 1.1.4322)"
204.108.96.21 - - [31/Mar/2009:18:55:25 -0400] "GET /javascripts/base_1221113035.js HTTP/1.1" 200 96039 "http://www.nikonthenumbers.com/topics/show/125/28410" "Mozilla/4.0 (compatible; MSIE 6.0; Windows NT 5.1; SV1; GTB5; .NET CLR 1.1.4322)"
204.108.96.21 - - [31/Mar/2009:18:55:26 -0400] "GET /images/TOP_01.jpg HTTP/1.1" 200 12839 "http://www.nikonthenumbers.com/topics/show/125/28410" "Mozilla/4.0 (compatible; MSIE 6.0; Windows NT 5.1; SV1; GTB5; .NET CLR 1.1.4322)"
204.108.96.21 - - [31/Mar/2009:18:55:26 -0400] "GET /images/page-bg.gif HTTP/1.1" 200 1487 "http://www.nikonthenumbers.com/topics/show/125/28410" "Mozilla/4.0 (compatible; MSIE 6.0; Windows NT 5.1; SV1; GTB5; .NET CLR 1.1.4322)"
204.108.96.21 - - [31/Mar/2009:18:55:26 -0400] "GET /images/TOP_03.jpg HTTP/1.1" 200 15516 "http://www.nikonthenumbers.com/topics/show/125/28410" "Mozilla/4.0 (compatible; MSIE 6.0; Windows NT 5.1; SV1; GTB5; .NET CLR 1.1.4322)"
204.108.96.21 - - [31/Mar/2009:18:55:26 -0400] "GET /images/TOP_02.jpg HTTP/1.1" 200 14856 "http://www.nikonthenumbers.com/topics/show/125/28410" "Mozilla/4.0 (compatible; MSIE 6.0; Windows NT 5.1; SV1; GTB5; .NET CLR 1.1.4322)"
204.108.96.21 - - [31/Mar/2009:18:55:26 -0400] "GET /images/Ses-Townhall-AD-FED-20080911.swf HTTP/1.1" 200 17188 "http://www.nikonthenumbers.com/topics/show/125/28410" "Mozilla/4.0 (compatible; MSIE 6.0; Windows NT 5.1; SV1; GTB5; .NET CLR 1.1.4322)"
204.108.96.21 - - [31/Mar/2009:18:55:26 -0400] "GET /images/feed-icon-14x14.png HTTP/1.1" 200 689 "http://www.nikonthenumbers.com/topics/show/125/28410" "Mozilla/4.0 (compatible; MSIE 6.0; Windows NT 5.1; SV1; GTB5; .NET CLR 1.1.4322)"
204.108.96.21 - - [31/Mar/2009:18:55:26 -0400] "GET /images/TOP_06.jpg HTTP/1.1" 200 2158 "http://www.nikonthenumbers.com/topics/show/125/28410" "Mozilla/4.0 (compatible; MSIE 6.0; Windows NT 5.1; SV1; GTB5; .NET CLR 1.1.4322)"
204.108.96.21 - - [31/Mar/2009:18:55:26 -0400] "GET /images/bottom-with-shaddow.gif HTTP/1.1" 200 9790 "http://www.nikonthenumbers.com/topics/show/125/28410" "Mozilla/4.0 (compatible; MSIE 6.0; Windows NT 5.1; SV1; GTB5; .NET CLR 1.1.4322)"
204.108.96.21 - - [31/Mar/2009:18:55:27 -0400] "GET /images/BOX-BACK.jpg HTTP/1.1" 200 1025 "http://www.nikonthenumbers.com/topics/show/125/28410" "Mozilla/4.0 (compatible; MSIE 6.0; Windows NT 5.1; SV1; GTB5; .NET CLR 1.1.4322)"
204.108.96.21 - - [31/Mar/2009:18:55:27 -0400] "GET /images/red-band.gif HTTP/1.1" 200 4358 "http://www.nikonthenumbers.com/topics/show/125/28410" "Mozilla/4.0 (compatible; MSIE 6.0; Windows NT 5.1; SV1; GTB5; .NET CLR 1.1.4322)"
204.108.96.21 - - [31/Mar/2009:18:55:27 -0400] "GET /images/RULE-FADE.jpg HTTP/1.1" 200 448 "http://www.nikonthenumbers.com/topics/show/125/28410" "Mozilla/4.0 (compatible; MSIE 6.0; Windows NT 5.1; SV1; GTB5; .NET CLR 1.1.4322)"
204.108.96.21 - - [31/Mar/2009:18:55:27 -0400] "GET /fixit.js HTTP/1.1" 200 153 "http://www.nikonthenumbers.com/topics/show/125/28410" "Mozilla/4.0 (compatible; MSIE 6.0; Windows NT 5.1; SV1; GTB5; .NET CLR 1.1.4322)"
204.108.96.21 - - [31/Mar/2009:18:55:27 -0400] "GET /images/polling_results.jpg?1221113035 HTTP/1.1" 200 5021 "http://www.nikonthenumbers.com/topics/show/125/28410" "Mozilla/4.0 (compatible; MSIE 6.0; Windows NT 5.1; SV1; GTB5; .NET CLR 1.1.4322)"
204.108.96.21 - - [31/Mar/2009:18:55:27 -0400] "GET /images/safe_subscribe_logo.gif HTTP/1.1" 200 457 "http://www.nikonthenumbers.com/topics/show/125/28410" "Mozilla/4.0 (compatible; MSIE 6.0; Windows NT 5.1; SV1; GTB5; .NET CLR 1.1.4322)"
204.108.96.21 - - [31/Mar/2009:18:55:27 -0400] "GET /images/comment_bw.png HTTP/1.1" 200 384 "http://www.nikonthenumbers.com/topics/show/125/28410" "Mozilla/4.0 (compatible; MSIE 6.0; Windows NT 5.1; SV1; GTB5; .NET CLR 1.1.4322)"
204.108.96.21 - - [31/Mar/2009:18:55:27 -0400] "GET /images/comment.png HTTP/1.1" 200 540 "http://www.nikonthenumbers.com/topics/show/125/28410" "Mozilla/4.0 (compatible; MSIE 6.0; Windows NT 5.1; SV1; GTB5; .NET CLR 1.1.4322)"
70.30.26.11 - - [31/Mar/2009:18:55:29 -0400] "GET /rss HTTP/1.1" 200 100138 "-" "Windows-RSS-Platform/1.0 (MSIE 7.0; Windows NT 5.1)"
204.108.96.21 - - [31/Mar/2009:18:55:31 -0400] "GET /images/cancel.png HTTP/1.1" 200 853 "http://www.nikonthenumbers.com/topics/show/125/28410" "Mozilla/4.0 (compatible; MSIE 6.0; Windows NT 5.1; SV1; GTB5; .NET CLR 1.1.4322)"
209.62.54.130 - - [31/Mar/2009:18:55:52 -0400] "GET / HTTP/1.0" 200 24842 "-" "Pingdom.com_bot_version_1.4_(http://www.pingdom.com/)"
193.252.149.16 - - [31/Mar/2009:18:55:54 -0400] "GET /archives HTTP/1.1" 200 34644 "-" "Mozilla/5.0 (Windows; U; Windows NT 5.1; fr; rv:1.8.1) VoilaBot BETA 1.2 (support.voilabot@orange-ftgroup.com)"
83.140.19.38 - - [31/Mar/2009:18:56:13 -0400] "GET / HTTP/1.0" 200 24842 "-" "Pingdom.com_bot_version_1.4_(http://www.pingdom.com/)"
72.51.41.47 - - [31/Mar/2009:18:56:52 -0400] "GET / HTTP/1.0" 200 24842 "-" "Pingdom.com_bot_version_1.4_(http://www.pingdom.com/)"
212.247.189.113 - - [31/Mar/2009:18:57:51 -0400] "GET / HTTP/1.0" 200 24842 "-" "Pingdom.com_bot_version_1.4_(http://www.pingdom.com/)"
67.195.37.93 - - [31/Mar/2009:18:57:54 -0400] "GET /topics/show/68/6249 HTTP/1.0" 200 82930 "-" "Mozilla/5.0 (compatible; Yahoo! Slurp; http://help.yahoo.com/help/us/ysearch/slurp)"
65.55.106.159 - - [31/Mar/2009:18:58:08 -0400] "GET /robots.txt HTTP/1.1" 200 161 "-" "msnbot/2.0b (+http://search.msn.com/msnbot.htm)"
74.15.80.242 - - [31/Mar/2009:18:58:16 -0400] "GET /rss HTTP/1.1" 200 100138 "-" "Mozilla/5.0 (compatible; Google Desktop)"
75.154.76.172 - - [31/Mar/2009:18:58:39 -0400] "GET /rss HTTP/1.1" 200 100138 "-" "Windows-RSS-Platform/1.0 (MSIE 7.0; Windows NT 6.0)"
207.97.207.200 - - [31/Mar/2009:18:58:51 -0400] "GET / HTTP/1.0" 200 24842 "-" "Pingdom.com_bot_version_1.4_(http://www.pingdom.com/)"
70.24.175.224 - - [31/Mar/2009:18:58:51 -0400] "GET /rss HTTP/1.1" 200 100138 "-" "Mozilla/5.0 (Macintosh; U; Intel Mac OS X 10.5; en-US; rv:1.9.0.8) Gecko/2009032608 Firefox/3.0.8"
67.192.120.134 - - [31/Mar/2009:18:59:51 -0400] "GET / HTTP/1.0" 200 24842 "-" "Pingdom.com_bot_version_1.4_(http://www.pingdom.com/)"
205.194.127.36 - - [31/Mar/2009:19:00:13 -0400] "GET /rss HTTP/1.0" 200 100138 "-" "BlackBerry8310/4.2.2 Profile/MIDP-2.0 Configuration/CLDC-1.1 VendorID/107"
72.30.65.34 - - [31/Mar/2009:19:00:14 -0400] "GET /topics/show/94/13030 HTTP/1.0" 200 52559 "-" "Mozilla/5.0 (compatible; Yahoo! Slurp/3.0; http://help.yahoo.com/help/us/ysearch/slurp)"
78.136.27.223 - - [31/Mar/2009:19:00:51 -0400] "GET / HTTP/1.0" 200 24842 "-" "Pingdom.com_bot_version_1.4_(http://www.pingdom.com/)"
64.34.195.158 - - [31/Mar/2009:19:01:21 -0400] "GET / HTTP/1.1" 200 24678 "-" "Mozilla/5.0 (X11; U; Linux i686; en-US; rv:1.2.1; aggregator:Spinn3r (Spinn3r 3.0); http://spinn3r.com/robot) Gecko/20021130"
67.205.112.79 - - [31/Mar/2009:19:01:51 -0400] "GET / HTTP/1.0" 200 24842 "-" "Pingdom.com_bot_version_1.4_(http://www.pingdom.com/)"
66.249.71.138 - - [31/Mar/2009:19:02:05 -0400] "GET /profile/889856 HTTP/1.1" 200 14637 "-" "Mozilla/5.0 (compatible; Googlebot/2.1; +http://www.google.com/bot.html)"
206.248.152.192 - - [31/Mar/2009:19:02:31 -0400] "GET / HTTP/1.1" 200 23640 "http://www.google.ca/search?q=Nik+Nanos&ie=utf-8&oe=utf-8&aq=t&rls=org.mozilla:en-US:official&client=firefox-a" "Mozilla/5.0 (Windows; U; Windows NT 6.0; en-US; rv:1.9.0.8) Gecko/2009032609 Firefox/3.0.8 (.NET CLR 3.5.30729)"
174.133.253.162 - - [31/Mar/2009:19:02:51 -0400] "GET / HTTP/1.0" 200 24842 "-" "Pingdom.com_bot_version_1.4_(http://www.pingdom.com/)"
216.232.51.21 - - [31/Mar/2009:19:02:59 -0400] "GET /stylesheets/base_1221113035.css HTTP/1.1" 200 14188 "http://www.nikonthenumbers.com/topics/show/118" "Mozilla/4.0 (compatible; MSIE 5.17; Mac_PowerPC)"
216.232.51.21 - - [31/Mar/2009:19:02:59 -0400] "GET /javascripts/base_1221113035.js HTTP/1.1" 200 96039 "-" "Mozilla/4.0 (compatible; MSIE 5.17; Mac_PowerPC)"
216.232.51.21 - - [31/Mar/2009:19:03:01 -0400] "GET /images/TOP_01.jpg HTTP/1.1" 200 12839 "http://www.nikonthenumbers.com/topics/show/118" "Mozilla/4.0 (compatible; MSIE 5.17; Mac_PowerPC)"
216.232.51.21 - - [31/Mar/2009:19:03:01 -0400] "GET /images/feed-icon-14x14.png HTTP/1.1" 200 689 "http://www.nikonthenumbers.com/topics/show/118" "Mozilla/4.0 (compatible; MSIE 5.17; Mac_PowerPC)"
216.232.51.21 - - [31/Mar/2009:19:03:01 -0400] "GET /images/TOP_02.jpg HTTP/1.1" 200 14856 "http://www.nikonthenumbers.com/topics/show/118" "Mozilla/4.0 (compatible; MSIE 5.17; Mac_PowerPC)"
216.232.51.21 - - [31/Mar/2009:19:03:01 -0400] "GET /images/TOP_03.jpg HTTP/1.1" 200 15516 "http://www.nikonthenumbers.com/topics/show/118" "Mozilla/4.0 (compatible; MSIE 5.17; Mac_PowerPC)"
216.232.51.21 - - [31/Mar/2009:19:03:02 -0400] "GET /avatars/0000/0055/Rod_thumb.jpg?1222443029 HTTP/1.1" 200 6663 "http://www.nikonthenumbers.com/topics/show/118" "Mozilla/4.0 (compatible; MSIE 5.17; Mac_PowerPC)"
216.232.51.21 - - [31/Mar/2009:19:02:57 -0400] "GET /topics/show/118 HTTP/1.1" 200 149970 "http://www.google.ca/search?hl=en&ie=ISO-8859-1&q=ignatieff+polls&meta=" "Mozilla/4.0 (compatible; MSIE 5.17; Mac_PowerPC)"
216.232.51.21 - - [31/Mar/2009:19:03:03 -0400] "GET /avatars/0000/0095/images_thumb.jpg?1231803391 HTTP/1.1" 200 7322 "http://www.nikonthenumbers.com/topics/show/118" "Mozilla/4.0 (compatible; MSIE 5.17; Mac_PowerPC)"
216.232.51.21 - - [31/Mar/2009:19:03:04 -0400] "GET /images/RULE-FADE.jpg HTTP/1.1" 200 448 "http://www.nikonthenumbers.com/topics/show/118" "Mozilla/4.0 (compatible; MSIE 5.17; Mac_PowerPC)"
216.232.51.21 - - [31/Mar/2009:19:03:04 -0400] "GET /fixit.js HTTP/1.1" 200 153 "-" "Mozilla/4.0 (compatible; MSIE 5.17; Mac_PowerPC)"
216.232.51.21 - - [31/Mar/2009:19:03:04 -0400] "GET /images/polling_results.jpg?1221113035 HTTP/1.1" 200 5021 "http://www.nikonthenumbers.com/topics/show/118" "Mozilla/4.0 (compatible; MSIE 5.17; Mac_PowerPC)"
216.232.51.21 - - [31/Mar/2009:19:03:04 -0400] "GET /images/safe_subscribe_logo.gif HTTP/1.1" 200 457 "http://www.nikonthenumbers.com/topics/show/118" "Mozilla/4.0 (compatible; MSIE 5.17; Mac_PowerPC)"
216.232.51.21 - - [31/Mar/2009:19:03:11 -0400] "GET /images/comment_bw.png HTTP/1.1" 200 384 "http://www.nikonthenumbers.com/topics/show/118" "Mozilla/4.0 (compatible; MSIE 5.17; Mac_PowerPC)"
207.34.170.135 - - [31/Mar/2009:19:04:06 -0400] "GET /profile/21702 HTTP/1.1" 200 14621 "http://www.google.ca/search?hl=en&q=Joe+Hueglin&meta=&aq=f&oq=" "Mozilla/4.0 (compatible; MSIE 6.0; Windows NT 5.1; SV1; .NET CLR 1.1.4322; .NET CLR 2.0.50727)"
207.34.170.135 - - [31/Mar/2009:19:04:07 -0400] "GET /stylesheets/base_1221113035.css HTTP/1.1" 200 14188 "http://www.nikonthenumbers.com/profile/21702" "Mozilla/4.0 (compatible; MSIE 6.0; Windows NT 5.1; SV1; .NET CLR 1.1.4322; .NET CLR 2.0.50727)"
207.34.170.135 - - [31/Mar/2009:19:04:06 -0400] "GET /javascripts/base_1221113035.js HTTP/1.1" 200 96039 "http://www.nikonthenumbers.com/profile/21702" "Mozilla/4.0 (compatible; MSIE 6.0; Windows NT 5.1; SV1; .NET CLR 1.1.4322; .NET CLR 2.0.50727)"
207.34.170.135 - - [31/Mar/2009:19:04:07 -0400] "GET /images/TOP_01.jpg HTTP/1.1" 200 12839 "http://www.nikonthenumbers.com/profile/21702" "Mozilla/4.0 (compatible; MSIE 6.0; Windows NT 5.1; SV1; .NET CLR 1.1.4322; .NET CLR 2.0.50727)"
207.34.170.135 - - [31/Mar/2009:19:04:07 -0400] "GET /images/TOP_02.jpg HTTP/1.1" 200 14856 "http://www.nikonthenumbers.com/profile/21702" "Mozilla/4.0 (compatible; MSIE 6.0; Windows NT 5.1; SV1; .NET CLR 1.1.4322; .NET CLR 2.0.50727)"
207.34.170.135 - - [31/Mar/2009:19:04:07 -0400] "GET /images/Ses-Townhall-AD-FED-20080911.swf HTTP/1.1" 200 17188 "http://www.nikonthenumbers.com/profile/21702" "Mozilla/4.0 (compatible; MSIE 6.0; Windows NT 5.1; SV1; .NET CLR 1.1.4322; .NET CLR 2.0.50727)"
207.34.170.135 - - [31/Mar/2009:19:04:07 -0400] "GET /images/TOP_03.jpg HTTP/1.1" 200 15516 "http://www.nikonthenumbers.com/profile/21702" "Mozilla/4.0 (compatible; MSIE 6.0; Windows NT 5.1; SV1; .NET CLR 1.1.4322; .NET CLR 2.0.50727)"
207.34.170.135 - - [31/Mar/2009:19:04:07 -0400] "GET /images/feed-icon-14x14.png HTTP/1.1" 200 689 "http://www.nikonthenumbers.com/profile/21702" "Mozilla/4.0 (compatible; MSIE 6.0; Windows NT 5.1; SV1; .NET CLR 1.1.4322; .NET CLR 2.0.50727)"
207.34.170.135 - - [31/Mar/2009:19:04:07 -0400] "GET /images/RULE-FADE.jpg HTTP/1.1" 200 448 "http://www.nikonthenumbers.com/profile/21702" "Mozilla/4.0 (compatible; MSIE 6.0; Windows NT 5.1; SV1; .NET CLR 1.1.4322; .NET CLR 2.0.50727)"
207.34.170.135 - - [31/Mar/2009:19:04:07 -0400] "GET /images/polling_results.jpg?1221113035 HTTP/1.1" 200 5021 "http://www.nikonthenumbers.com/profile/21702" "Mozilla/4.0 (compatible; MSIE 6.0; Windows NT 5.1; SV1; .NET CLR 1.1.4322; .NET CLR 2.0.50727)"
207.34.170.135 - - [31/Mar/2009:19:04:07 -0400] "GET /images/safe_subscribe_logo.gif HTTP/1.1" 200 457 "http://www.nikonthenumbers.com/profile/21702" "Mozilla/4.0 (compatible; MSIE 6.0; Windows NT 5.1; SV1; .NET CLR 1.1.4322; .NET CLR 2.0.50727)"
207.34.170.135 - - [31/Mar/2009:19:04:07 -0400] "GET /fixit.js HTTP/1.1" 200 153 "http://www.nikonthenumbers.com/profile/21702" "Mozilla/4.0 (compatible; MSIE 6.0; Windows NT 5.1; SV1; .NET CLR 1.1.4322; .NET CLR 2.0.50727)"
207.34.170.135 - - [31/Mar/2009:19:04:07 -0400] "GET /images/page-bg.gif HTTP/1.1" 200 1487 "http://www.nikonthenumbers.com/profile/21702" "Mozilla/4.0 (compatible; MSIE 6.0; Windows NT 5.1; SV1; .NET CLR 1.1.4322; .NET CLR 2.0.50727)"
207.34.170.135 - - [31/Mar/2009:19:04:08 -0400] "GET /images/TOP_06.jpg HTTP/1.1" 200 2158 "http://www.nikonthenumbers.com/profile/21702" "Mozilla/4.0 (compatible; MSIE 6.0; Windows NT 5.1; SV1; .NET CLR 1.1.4322; .NET CLR 2.0.50727)"
207.34.170.135 - - [31/Mar/2009:19:04:08 -0400] "GET /images/bottom-with-shaddow.gif HTTP/1.1" 200 9790 "http://www.nikonthenumbers.com/profile/21702" "Mozilla/4.0 (compatible; MSIE 6.0; Windows NT 5.1; SV1; .NET CLR 1.1.4322; .NET CLR 2.0.50727)"
207.34.170.135 - - [31/Mar/2009:19:04:08 -0400] "GET /images/Ses-Townhall-AD-FED-20080911.swf HTTP/1.1" 304 - "http://www.nikonthenumbers.com/profile/21702" "Mozilla/4.0 (compatible; MSIE 6.0; Windows NT 5.1; SV1; .NET CLR 1.1.4322; .NET CLR 2.0.50727)"
207.34.170.135 - - [31/Mar/2009:19:04:08 -0400] "GET /images/BOX-BACK.jpg HTTP/1.1" 200 1025 "http://www.nikonthenumbers.com/profile/21702" "Mozilla/4.0 (compatible; MSIE 6.0; Windows NT 5.1; SV1; .NET CLR 1.1.4322; .NET CLR 2.0.50727)"
207.34.170.135 - - [31/Mar/2009:19:04:08 -0400] "GET /images/red-band.gif HTTP/1.1" 200 4358 "http://www.nikonthenumbers.com/profile/21702" "Mozilla/4.0 (compatible; MSIE 6.0; Windows NT 5.1; SV1; .NET CLR 1.1.4322; .NET CLR 2.0.50727)"
207.34.170.135 - - [31/Mar/2009:19:04:08 -0400] "GET /images/cancel.png HTTP/1.1" 200 853 "http://www.nikonthenumbers.com/profile/21702" "Mozilla/4.0 (compatible; MSIE 6.0; Windows NT 5.1; SV1; .NET CLR 1.1.4322; .NET CLR 2.0.50727)"
216.39.58.18 - - [31/Mar/2009:19:04:25 -0400] "GET /robots.txt HTTP/1.0" 200 161 "-" "YahooFeedSeeker/2.0 (compatible; Mozilla 4.0; MSIE 5.5; http://publisher.yahoo.com/rssguide)"
216.39.58.17 - - [31/Mar/2009:19:04:25 -0400] "GET /rss HTTP/1.0" 200 99686 "-" "YahooFeedSeeker/2.0 (compatible; Mozilla 4.0; MSIE 5.5; http://publisher.yahoo.com/rssguide; users 1; views 202)"
89.151.110.152 - - [31/Mar/2009:19:04:51 -0400] "GET / HTTP/1.0" 200 24842 "-" "Pingdom.com_bot_version_1.4_(http://www.pingdom.com/)"
61.135.168.39 - - [31/Mar/2009:19:05:21 -0400] "GET / HTTP/1.1" 200 15640 "-" "Baiduspider+(+http://www.baidu.com/search/spider.htm)"
209.62.54.130 - - [31/Mar/2009:19:05:51 -0400] "GET / HTTP/1.0" 200 24842 "-" "Pingdom.com_bot_version_1.4_(http://www.pingdom.com/)"
220.181.32.22 - - [31/Mar/2009:19:05:57 -0400] "GET / HTTP/1.1" 200 15640 "-" "Baiduspider+(+http://www.baidu.com/search/spider.htm)"
216.121.199.49 - - [31/Mar/2009:19:06:46 -0400] "GET /rss HTTP/1.1" 200 100138 "-" "Windows-RSS-Platform/1.0 (MSIE 7.0; Windows NT 6.0)"
67.70.128.126 - - [31/Mar/2009:19:06:49 -0400] "GET / HTTP/1.1" 200 24842 "http://www.google.ca/search?client=firefox-a&rls=org.mozilla%3Aen-US%3Aofficial&channel=s&hl=en&q=Latest+Poll+results+on+Federal+Canadian+Parties&meta=&btnG=Google+Search&aq=t" "Mozilla/5.0 (Macintosh; U; Intel Mac OS X 10.4; en-US; rv:1.9.0.8) Gecko/2009032608 Firefox/3.0.8"
67.70.128.126 - - [31/Mar/2009:19:06:52 -0400] "GET /stylesheets/base_1221113035.css HTTP/1.1" 200 14188 "http://www.nikonthenumbers.com/" "Mozilla/5.0 (Macintosh; U; Intel Mac OS X 10.4; en-US; rv:1.9.0.8) Gecko/2009032608 Firefox/3.0.8"
67.70.128.126 - - [31/Mar/2009:19:06:52 -0400] "GET /favicon.ico HTTP/1.1" 200 894 "-" "Mozilla/5.0 (Macintosh; U; Intel Mac OS X 10.4; en-US; rv:1.9.0.8) Gecko/2009032608 Firefox/3.0.8"
67.70.128.126 - - [31/Mar/2009:19:06:52 -0400] "GET / HTTP/1.1" 200 24842 "http://www.google.ca/search?client=firefox-a&rls=org.mozilla%3Aen-US%3Aofficial&channel=s&hl=en&q=Latest+Poll+results+on+Federal+Canadian+Parties&meta=&btnG=Google+Search&aq=t" "Mozilla/5.0 (Macintosh; U; Intel Mac OS X 10.4; en-US; rv:1.9.0.8) Gecko/2009032608 Firefox/3.0.8"
67.70.128.126 - - [31/Mar/2009:19:06:54 -0400] "GET /stylesheets/base_1221113035.css HTTP/1.1" 200 14188 "http://www.nikonthenumbers.com/" "Mozilla/5.0 (Macintosh; U; Intel Mac OS X 10.4; en-US; rv:1.9.0.8) Gecko/2009032608 Firefox/3.0.8"
67.70.128.126 - - [31/Mar/2009:19:06:55 -0400] "GET /javascripts/base_1221113035.js HTTP/1.1" 200 96039 "http://www.nikonthenumbers.com/" "Mozilla/5.0 (Macintosh; U; Intel Mac OS X 10.4; en-US; rv:1.9.0.8) Gecko/2009032608 Firefox/3.0.8"
67.70.128.126 - - [31/Mar/2009:19:06:56 -0400] "GET /images/feed-icon-14x14.png HTTP/1.1" 200 689 "http://www.nikonthenumbers.com/" "Mozilla/5.0 (Macintosh; U; Intel Mac OS X 10.4; en-US; rv:1.9.0.8) Gecko/2009032608 Firefox/3.0.8"
67.70.128.126 - - [31/Mar/2009:19:06:56 -0400] "GET /fixit.js HTTP/1.1" 200 153 "http://www.nikonthenumbers.com/" "Mozilla/5.0 (Macintosh; U; Intel Mac OS X 10.4; en-US; rv:1.9.0.8) Gecko/2009032608 Firefox/3.0.8"
67.70.128.126 - - [31/Mar/2009:19:06:56 -0400] "GET /images/TOP_06.jpg HTTP/1.1" 200 2158 "http://www.nikonthenumbers.com/stylesheets/base_1221113035.css" "Mozilla/5.0 (Macintosh; U; Intel Mac OS X 10.4; en-US; rv:1.9.0.8) Gecko/2009032608 Firefox/3.0.8"
67.70.128.126 - - [31/Mar/2009:19:06:56 -0400] "GET /images/TOP_03.jpg HTTP/1.1" 200 15516 "http://www.nikonthenumbers.com/" "Mozilla/5.0 (Macintosh; U; Intel Mac OS X 10.4; en-US; rv:1.9.0.8) Gecko/2009032608 Firefox/3.0.8"
67.70.128.126 - - [31/Mar/2009:19:06:56 -0400] "GET /images/page-bg.gif HTTP/1.1" 200 1487 "http://www.nikonthenumbers.com/stylesheets/base_1221113035.css" "Mozilla/5.0 (Macintosh; U; Intel Mac OS X 10.4; en-US; rv:1.9.0.8) Gecko/2009032608 Firefox/3.0.8"
72.51.41.47 - - [31/Mar/2009:19:06:53 -0400] "GET / HTTP/1.0" 200 24842 "-" "Pingdom.com_bot_version_1.4_(http://www.pingdom.com/)"
67.70.128.126 - - [31/Mar/2009:19:06:56 -0400] "GET /images/safe_subscribe_logo.gif HTTP/1.1" 200 457 "http://www.nikonthenumbers.com/" "Mozilla/5.0 (Macintosh; U; Intel Mac OS X 10.4; en-US; rv:1.9.0.8) Gecko/2009032608 Firefox/3.0.8"
67.70.128.126 - - [31/Mar/2009:19:06:56 -0400] "GET /images/RULE-FADE.jpg HTTP/1.1" 200 448 "http://www.nikonthenumbers.com/" "Mozilla/5.0 (Macintosh; U; Intel Mac OS X 10.4; en-US; rv:1.9.0.8) Gecko/2009032608 Firefox/3.0.8"
67.70.128.126 - - [31/Mar/2009:19:06:56 -0400] "GET /images/TOP_02.jpg HTTP/1.1" 200 14856 "http://www.nikonthenumbers.com/" "Mozilla/5.0 (Macintosh; U; Intel Mac OS X 10.4; en-US; rv:1.9.0.8) Gecko/2009032608 Firefox/3.0.8"
67.70.128.126 - - [31/Mar/2009:19:06:56 -0400] "GET /images/red-band.gif HTTP/1.1" 200 4358 "http://www.nikonthenumbers.com/stylesheets/base_1221113035.css" "Mozilla/5.0 (Macintosh; U; Intel Mac OS X 10.4; en-US; rv:1.9.0.8) Gecko/2009032608 Firefox/3.0.8"
67.70.128.126 - - [31/Mar/2009:19:06:56 -0400] "GET /images/BOX-BACK.jpg HTTP/1.1" 200 1025 "http://www.nikonthenumbers.com/stylesheets/base_1221113035.css" "Mozilla/5.0 (Macintosh; U; Intel Mac OS X 10.4; en-US; rv:1.9.0.8) Gecko/2009032608 Firefox/3.0.8"
67.70.128.126 - - [31/Mar/2009:19:06:56 -0400] "GET /images/Ses-Townhall-AD-FED-20080911.swf HTTP/1.1" 200 17188 "http://www.nikonthenumbers.com/" "Mozilla/5.0 (Macintosh; U; Intel Mac OS X 10.4; en-US; rv:1.9.0.8) Gecko/2009032608 Firefox/3.0.8"
67.70.128.126 - - [31/Mar/2009:19:06:56 -0400] "GET /images/comment_bw.png HTTP/1.1" 200 384 "http://www.nikonthenumbers.com/stylesheets/base_1221113035.css" "Mozilla/5.0 (Macintosh; U; Intel Mac OS X 10.4; en-US; rv:1.9.0.8) Gecko/2009032608 Firefox/3.0.8"
67.70.128.126 - - [31/Mar/2009:19:06:56 -0400] "GET /images/bottom-with-shaddow.gif HTTP/1.1" 200 9790 "http://www.nikonthenumbers.com/stylesheets/base_1221113035.css" "Mozilla/5.0 (Macintosh; U; Intel Mac OS X 10.4; en-US; rv:1.9.0.8) Gecko/2009032608 Firefox/3.0.8"
67.70.128.126 - - [31/Mar/2009:19:06:56 -0400] "GET /images/polling_results.jpg?1221113035 HTTP/1.1" 200 5021 "http://www.nikonthenumbers.com/" "Mozilla/5.0 (Macintosh; U; Intel Mac OS X 10.4; en-US; rv:1.9.0.8) Gecko/2009032608 Firefox/3.0.8"
67.70.128.126 - - [31/Mar/2009:19:06:56 -0400] "GET /images/TOP_01.jpg HTTP/1.1" 200 12839 "http://www.nikonthenumbers.com/" "Mozilla/5.0 (Macintosh; U; Intel Mac OS X 10.4; en-US; rv:1.9.0.8) Gecko/2009032608 Firefox/3.0.8"
83.140.19.38 - - [31/Mar/2009:19:06:52 -0400] "GET / HTTP/1.0" 200 24842 "-" "Pingdom.com_bot_version_1.4_(http://www.pingdom.com/)"
216.97.239.30 - - [31/Mar/2009:19:06:56 -0400] "GET /rss HTTP/1.0" 200 100138 "-" "FeedForAll rss2html.php v2"
142.52.81.11 - - [31/Mar/2009:19:07:16 -0400] "GET /rss HTTP/1.1" 200 100138 "-" "SharpReader/0.9.7.0 (.NET CLR 1.1.4322.573; WinNT 5.1.2600.0)"
212.247.189.113 - - [31/Mar/2009:19:07:51 -0400] "GET / HTTP/1.0" 200 24842 "-" "Pingdom.com_bot_version_1.4_(http://www.pingdom.com/)"
67.70.128.126 - - [31/Mar/2009:19:08:26 -0400] "GET /topics/show/120 HTTP/1.1" 200 15716 "http://www.nikonthenumbers.com/" "Mozilla/5.0 (Macintosh; U; Intel Mac OS X 10.4; en-US; rv:1.9.0.8) Gecko/2009032608 Firefox/3.0.8"
67.70.128.126 - - [31/Mar/2009:19:08:28 -0400] "GET /avatars/0000/0085/van_thumb.png?1229143040 HTTP/1.1" 200 5734 "http://www.nikonthenumbers.com/topics/show/120" "Mozilla/5.0 (Macintosh; U; Intel Mac OS X 10.4; en-US; rv:1.9.0.8) Gecko/2009032608 Firefox/3.0.8"
67.70.128.126 - - [31/Mar/2009:19:08:28 -0400] "GET /images/comment.png HTTP/1.1" 200 540 "http://www.nikonthenumbers.com/stylesheets/base_1221113035.css" "Mozilla/5.0 (Macintosh; U; Intel Mac OS X 10.4; en-US; rv:1.9.0.8) Gecko/2009032608 Firefox/3.0.8"
67.70.128.126 - - [31/Mar/2009:19:08:27 -0400] "GET /topics/show/120 HTTP/1.1" 200 198121 "http://www.nikonthenumbers.com/" "Mozilla/5.0 (Macintosh; U; Intel Mac OS X 10.4; en-US; rv:1.9.0.8) Gecko/2009032608 Firefox/3.0.8"
67.70.128.126 - - [31/Mar/2009:19:08:28 -0400] "GET /avatars/0000/0107/hope-nope5_thumb.jpg?1235523623 HTTP/1.1" 200 5188 "http://www.nikonthenumbers.com/topics/show/120" "Mozilla/5.0 (Macintosh; U; Intel Mac OS X 10.4; en-US; rv:1.9.0.8) Gecko/2009032608 Firefox/3.0.8"
66.249.71.138 - - [31/Mar/2009:19:08:43 -0400] "GET /profile/11224 HTTP/1.1" 200 15118 "-" "Mozilla/5.0 (compatible; Googlebot/2.1; +http://www.google.com/bot.html)"
68.144.161.200 - - [31/Mar/2009:19:08:42 -0400] "GET /rss HTTP/1.1" 200 100138 "-" "Windows-RSS-Platform/2.0 (MSIE 8.0; Windows NT 5.1)"
207.97.207.200 - - [31/Mar/2009:19:08:51 -0400] "GET / HTTP/1.0" 200 24842 "-" "Pingdom.com_bot_version_1.4_(http://www.pingdom.com/)"
204.209.81.14 - - [31/Mar/2009:19:09:27 -0400] "GET /rss HTTP/1.0" 200 100138 "-" "Mozilla/5.0 (Windows; U; Windows NT 5.0; en-GB; rv:1.9.0.6) Gecko/2009011913 Firefox/3.0.6"
67.228.87.83 - - [31/Mar/2009:19:09:31 -0400] "GET /rss HTTP/1.1" 200 100138 "http://www.nikonthenumbers.com/rss" "NetworkedBlogs"
67.192.120.134 - - [31/Mar/2009:19:09:51 -0400] "GET / HTTP/1.0" 200 24842 "-" "Pingdom.com_bot_version_1.4_(http://www.pingdom.com/)"
65.55.105.121 - - [31/Mar/2009:19:10:15 -0400] "GET /profile/1067423 HTTP/1.1" 200 14658 "-" "msnbot/1.1 (+http://search.msn.com/msnbot.htm)"
70.30.26.11 - - [31/Mar/2009:19:10:31 -0400] "GET /rss HTTP/1.1" 200 100138 "-" "Windows-RSS-Platform/1.0 (MSIE 7.0; Windows NT 5.1)"
65.55.110.21 - - [31/Mar/2009:19:10:36 -0400] "GET /profile/1067423 HTTP/1.0" 200 14658 "http://search.live.com/results.aspx?q=nanos" "Mozilla/4.0 (compatible; MSIE 6.0; Windows NT 5.2; SV1; .NET CLR 1.1.4322)"
65.55.110.21 - - [31/Mar/2009:19:10:38 -0400] "GET /stylesheets/base_1221113035.css HTTP/1.0" 200 14188 "http://www.nikonthenumbers.com/profile/1067423" "Mozilla/4.0 (compatible; MSIE 6.0; Windows NT 5.2; SV1; .NET CLR 1.1.4322)"
65.55.110.21 - - [31/Mar/2009:19:10:39 -0400] "GET /javascripts/base_1221113035.js HTTP/1.0" 200 96039 "http://www.nikonthenumbers.com/profile/1067423" "Mozilla/4.0 (compatible; MSIE 6.0; Windows NT 5.2; SV1; .NET CLR 1.1.4322)"
65.55.110.21 - - [31/Mar/2009:19:10:43 -0400] "GET /fixit.js HTTP/1.0" 200 153 "http://www.nikonthenumbers.com/profile/1067423" "Mozilla/4.0 (compatible; MSIE 6.0; Windows NT 5.2; SV1; .NET CLR 1.1.4322)"
65.55.110.21 - - [31/Mar/2009:19:10:44 -0400] "GET /images/polling_results.jpg?1221113035 HTTP/1.0" 200 5021 "http://www.nikonthenumbers.com/profile/1067423" "Mozilla/4.0 (compatible; MSIE 6.0; Windows NT 5.2; SV1; .NET CLR 1.1.4322)"
65.55.105.121 - - [31/Mar/2009:19:10:44 -0400] "GET /topics/show/120/25894 HTTP/1.1" 200 218812 "-" "msnbot/1.1 (+http://search.msn.com/msnbot.htm)"
67.195.37.93 - - [31/Mar/2009:19:10:50 -0400] "GET /topics/show/108/17268 HTTP/1.0" 200 130301 "-" "Mozilla/5.0 (compatible; Yahoo! Slurp; http://help.yahoo.com/help/us/ysearch/slurp)"
78.136.27.223 - - [31/Mar/2009:19:10:51 -0400] "GET / HTTP/1.0" 200 24842 "-" "Pingdom.com_bot_version_1.4_(http://www.pingdom.com/)"
67.205.112.79 - - [31/Mar/2009:19:11:51 -0400] "GET / HTTP/1.0" 200 24842 "-" "Pingdom.com_bot_version_1.4_(http://www.pingdom.com/)"
65.55.110.22 - - [31/Mar/2009:19:11:59 -0400] "GET /topics/show/120/25894 HTTP/1.0" 200 218812 "http://search.live.com/results.aspx?q=nanos" "Mozilla/4.0 (compatible; MSIE 6.0; Windows NT 5.2; SV1; .NET CLR 1.1.4322)"
65.55.110.22 - - [31/Mar/2009:19:12:05 -0400] "GET /stylesheets/base_1221113035.css HTTP/1.0" 200 14188 "http://nikonthenumbers.com/topics/show/120/25894" "Mozilla/4.0 (compatible; MSIE 6.0; Windows NT 5.2; SV1; .NET CLR 1.1.4322)"
65.55.110.22 - - [31/Mar/2009:19:12:06 -0400] "GET /javascripts/base_1221113035.js HTTP/1.0" 200 96039 "http://nikonthenumbers.com/topics/show/120/25894" "Mozilla/4.0 (compatible; MSIE 6.0; Windows NT 5.2; SV1; .NET CLR 1.1.4322)"
66.249.71.138 - - [31/Mar/2009:19:12:02 -0400] "GET /topics/show/121/26600 HTTP/1.1" 200 1174553 "-" "Mozilla/5.0 (compatible; Googlebot/2.1; +http://www.google.com/bot.html)"
65.55.110.22 - - [31/Mar/2009:19:12:12 -0400] "GET /avatars/0000/0085/van_thumb.png?1229143040 HTTP/1.0" 200 5734 "http://nikonthenumbers.com/topics/show/120/25894" "Mozilla/4.0 (compatible; MSIE 6.0; Windows NT 5.2; SV1; .NET CLR 1.1.4322)"
65.55.110.22 - - [31/Mar/2009:19:12:14 -0400] "GET /avatars/0000/0107/hope-nope5_thumb.jpg?1235523623 HTTP/1.0" 200 5188 "http://nikonthenumbers.com/topics/show/120/25894" "Mozilla/4.0 (compatible; MSIE 6.0; Windows NT 5.2; SV1; .NET CLR 1.1.4322)"
65.55.110.22 - - [31/Mar/2009:19:12:14 -0400] "GET /fixit.js HTTP/1.0" 200 153 "http://nikonthenumbers.com/topics/show/120/25894" "Mozilla/4.0 (compatible; MSIE 6.0; Windows NT 5.2; SV1; .NET CLR 1.1.4322)"
