206.248.128.78 - - [31/Mar/2009:16:28:34 -0400] "GET /images/BOX-BACK.jpg HTTP/1.1" 200 1025 "http://www.nikonthenumbers.com/stylesheets/base_1221113035.css" "Mozilla/5.0 (X11; U; Linux i686; en-US; rv:1.9.0.8) Gecko/2009032711 Ubuntu/8.04 (hardy) Firefox/3.0.8"
206.248.128.78 - - [31/Mar/2009:16:28:34 -0400] "GET /images/comment_bw.png HTTP/1.1" 200 384 "http://www.nikonthenumbers.com/stylesheets/base_1221113035.css" "Mozilla/5.0 (X11; U; Linux i686; en-US; rv:1.9.0.8) Gecko/2009032711 Ubuntu/8.04 (hardy) Firefox/3.0.8"
206.248.128.78 - - [31/Mar/2009:16:28:34 -0400] "GET /images/polling_results.jpg?1221113035 HTTP/1.1" 200 5021 "http://www.nikonthenumbers.com/" "Mozilla/5.0 (X11; U; Linux i686; en-US; rv:1.9.0.8) Gecko/2009032711 Ubuntu/8.04 (hardy) Firefox/3.0.8"
206.248.128.78 - - [31/Mar/2009:16:28:34 -0400] "GET /images/safe_subscribe_logo.gif HTTP/1.1" 200 457 "http://www.nikonthenumbers.com/" "Mozilla/5.0 (X11; U; Linux i686; en-US; rv:1.9.0.8) Gecko/2009032711 Ubuntu/8.04 (hardy) Firefox/3.0.8"
206.248.128.78 - - [31/Mar/2009:16:28:34 -0400] "GET /images/Ses-Townhall-AD-FED-20080911.swf HTTP/1.1" 200 17188 "http://www.nikonthenumbers.com/" "Mozilla/5.0 (X11; U; Linux i686; en-US; rv:1.9.0.8) Gecko/2009032711 Ubuntu/8.04 (hardy) Firefox/3.0.8"
206.248.128.78 - - [31/Mar/2009:16:28:35 -0400] "GET /favicon.ico HTTP/1.1" 200 894 "-" "Mozilla/5.0 (X11; U; Linux i686; en-US; rv:1.9.0.8) Gecko/2009032711 Ubuntu/8.04 (hardy) Firefox/3.0.8"
64.34.195.154 - - [31/Mar/2009:16:28:40 -0400] "GET / HTTP/1.1" 200 24732 "-" "Mozilla/5.0 (X11; U; Linux i686; en-US; rv:1.2.1; aggregator:Spinn3r (Spinn3r 3.0); http://spinn3r.com/robot) Gecko/20021130"
207.97.207.200 - - [31/Mar/2009:16:28:51 -0400] "GET / HTTP/1.0" 200 24896 "-" "Pingdom.com_bot_version_1.4_(http://www.pingdom.com/)"
99.250.110.87 - - [31/Mar/2009:16:29:37 -0400] "GET /rss HTTP/1.1" 200 100138 "-" "Mozilla/5.0 (Windows; U; Windows NT 5.1; en-US; rv:1.9.0.8) Gecko/2009032609 Firefox/3.0.8"
72.30.65.34 - - [31/Mar/2009:16:29:43 -0400] "GET /topics/show/22/761 HTTP/1.0" 200 137321 "-" "Mozilla/5.0 (compatible; Yahoo! Slurp/3.0; http://help.yahoo.com/help/us/ysearch/slurp)"
67.192.120.134 - - [31/Mar/2009:16:29:51 -0400] "GET / HTTP/1.0" 200 24896 "-" "Pingdom.com_bot_version_1.4_(http://www.pingdom.com/)"
70.71.168.222 - - [31/Mar/2009:16:30:06 -0400] "POST /topic/125/talk/preview HTTP/1.1" 200 3294 "http://nikonthenumbers.com/topics/show/125/28409#comment_28538" "Mozilla/4.0 (compatible; MSIE 7.0; Windows NT 5.1; GTB5; .NET CLR 1.1.4322)"
206.191.40.208 - - [31/Mar/2009:16:30:11 -0400] "GET /rss HTTP/1.1" 200 100138 "-" "Windows-RSS-Platform/1.0 (MSIE 7.0; Windows NT 5.1)"
70.71.168.222 - - [31/Mar/2009:16:30:23 -0400] "POST /login HTTP/1.1" 200 23 "http://nikonthenumbers.com/topics/show/125/28409#comment_28538" "Mozilla/4.0 (compatible; MSIE 7.0; Windows NT 5.1; GTB5; .NET CLR 1.1.4322)"
70.71.168.222 - - [31/Mar/2009:16:30:42 -0400] "POST /login HTTP/1.1" 200 1069 "http://nikonthenumbers.com/topics/show/125/28409#comment_28538" "Mozilla/4.0 (compatible; MSIE 7.0; Windows NT 5.1; GTB5; .NET CLR 1.1.4322)"
70.71.168.222 - - [31/Mar/2009:16:30:43 -0400] "POST /topic/125/talk/preview HTTP/1.1" 200 3139 "http://nikonthenumbers.com/topics/show/125/28409#comment_28538" "Mozilla/4.0 (compatible; MSIE 7.0; Windows NT 5.1; GTB5; .NET CLR 1.1.4322)"
70.71.168.222 - - [31/Mar/2009:16:30:44 -0400] "GET /images/information.png HTTP/1.1" 304 - "http://nikonthenumbers.com/topics/show/125/28409" "Mozilla/4.0 (compatible; MSIE 7.0; Windows NT 5.1; GTB5; .NET CLR 1.1.4322)"
70.71.168.222 - - [31/Mar/2009:16:30:48 -0400] "POST /topic/125/talk/create HTTP/1.1" 200 3139 "http://nikonthenumbers.com/topics/show/125/28409#comment_28538" "Mozilla/4.0 (compatible; MSIE 7.0; Windows NT 5.1; GTB5; .NET CLR 1.1.4322)"
78.136.27.223 - - [31/Mar/2009:16:30:51 -0400] "GET / HTTP/1.0" 200 24896 "-" "Pingdom.com_bot_version_1.4_(http://www.pingdom.com/)"
24.64.223.205 - - [31/Mar/2009:16:30:59 -0400] "POST /topic/125/talk/preview HTTP/1.1" 200 2462 "http://nikonthenumbers.com/topics/show/125/28409#comment_28539" "Mozilla/4.0 (compatible; MSIE 7.0; Windows NT 5.1; .NET CLR 1.1.4322)"
24.64.223.205 - - [31/Mar/2009:16:31:45 -0400] "POST /login HTTP/1.1" 200 23 "http://nikonthenumbers.com/topics/show/125/28409#comment_28539" "Mozilla/4.0 (compatible; MSIE 7.0; Windows NT 5.1; .NET CLR 1.1.4322)"
67.205.112.79 - - [31/Mar/2009:16:31:51 -0400] "GET / HTTP/1.0" 200 24896 "-" "Pingdom.com_bot_version_1.4_(http://www.pingdom.com/)"
24.64.223.205 - - [31/Mar/2009:16:32:01 -0400] "POST /login HTTP/1.1" 200 1073 "http://nikonthenumbers.com/topics/show/125/28409#comment_28539" "Mozilla/4.0 (compatible; MSIE 7.0; Windows NT 5.1; .NET CLR 1.1.4322)"
24.64.223.205 - - [31/Mar/2009:16:32:03 -0400] "POST /topic/125/talk/preview HTTP/1.1" 200 2312 "http://nikonthenumbers.com/topics/show/125/28409#comment_28539" "Mozilla/4.0 (compatible; MSIE 7.0; Windows NT 5.1; .NET CLR 1.1.4322)"
24.64.223.205 - - [31/Mar/2009:16:32:04 -0400] "GET /images/information.png HTTP/1.1" 304 - "http://nikonthenumbers.com/topics/show/125/28409" "Mozilla/4.0 (compatible; MSIE 7.0; Windows NT 5.1; .NET CLR 1.1.4322)"
65.55.108.214 - - [31/Mar/2009:16:32:25 -0400] "GET /profile/648714 HTTP/1.1" 200 58666 "-" "msnbot-media/1.1 (+http://search.msn.com/msnbot.htm)"
24.64.223.205 - - [31/Mar/2009:16:32:38 -0400] "POST /topic/125/talk/create HTTP/1.1" 200 2309 "http://nikonthenumbers.com/topics/show/125/28409#comment_28539" "Mozilla/4.0 (compatible; MSIE 7.0; Windows NT 5.1; .NET CLR 1.1.4322)"
24.224.138.136 - - [31/Mar/2009:16:32:41 -0400] "GET /rss HTTP/1.1" 200 100138 "-" "Mozilla/5.0 (compatible; Google Desktop)"
174.133.253.162 - - [31/Mar/2009:16:32:53 -0400] "GET / HTTP/1.0" 200 24901 "-" "Pingdom.com_bot_version_1.4_(http://www.pingdom.com/)"
70.71.168.222 - - [31/Mar/2009:16:33:04 -0400] "POST /topic/125/talk/create HTTP/1.1" 200 3375 "http://nikonthenumbers.com/topics/show/125/28409#comment_28538" "Mozilla/4.0 (compatible; MSIE 7.0; Windows NT 5.1; GTB5; .NET CLR 1.1.4322)"
70.71.168.222 - - [31/Mar/2009:16:33:12 -0400] "POST /topic/125/talk/create HTTP/1.1" 200 3375 "http://nikonthenumbers.com/topics/show/125/28409#comment_28538" "Mozilla/4.0 (compatible; MSIE 7.0; Windows NT 5.1; GTB5; .NET CLR 1.1.4322)"
70.71.168.222 - - [31/Mar/2009:16:33:14 -0400] "POST /topic/125/talk/create HTTP/1.1" 200 2839 "http://nikonthenumbers.com/topics/show/125/28409#comment_28538" "Mozilla/4.0 (compatible; MSIE 7.0; Windows NT 5.1; GTB5; .NET CLR 1.1.4322)"
205.205.91.66 - - [31/Mar/2009:16:33:15 -0400] "GET /rss HTTP/1.1" 200 100138 "-" "Mozilla/4.0 (compatible; MSIE 7.0; Windows NT 5.1; GTB5; .NET CLR 1.1.4322; .NET CLR 2.0.50727; InfoPath.2; Alexa Toolbar; MS-RTC LM 8; MSOffice 12)"
64.231.213.213 - - [31/Mar/2009:16:34:07 -0400] "GET / HTTP/1.1" 200 19880 "http://nikonthenumbers.com/" "Mozilla/5.0 (Windows; U; Windows NT 5.1; en-US; rv:1.9.0.8) Gecko/2009032609 Firefox/3.0.8"
89.151.110.152 - - [31/Mar/2009:16:34:52 -0400] "GET / HTTP/1.0" 200 24892 "-" "Pingdom.com_bot_version_1.4_(http://www.pingdom.com/)"
72.30.65.34 - - [31/Mar/2009:16:35:19 -0400] "GET /profile/663185 HTTP/1.0" 200 29963 "-" "Mozilla/5.0 (compatible; Yahoo! Slurp/3.0; http://help.yahoo.com/help/us/ysearch/slurp)"
67.195.37.93 - - [31/Mar/2009:16:35:48 -0400] "GET /login HTTP/1.0" 200 13319 "-" "Mozilla/5.0 (compatible; Yahoo! Slurp; http://help.yahoo.com/help/us/ysearch/slurp)"
208.65.73.116 - - [31/Mar/2009:16:35:48 -0400] "GET / HTTP/1.1" 200 24892 "http://www.dslreports.com/forum/r22157825-CRTC-opens-online-consultation-on-throttling~start=20" "Mozilla/5.0 (Windows; U; Windows NT 5.1; en-US; rv:1.9.0.7) Gecko/2009021910 Firefox/3.0.7"
208.65.73.116 - - [31/Mar/2009:16:35:49 -0400] "GET /favicon.ico HTTP/1.1" 200 894 "-" "Mozilla/5.0 (Windows; U; Windows NT 5.1; en-US; rv:1.9.0.7) Gecko/2009021910 Firefox/3.0.7"
208.65.73.116 - - [31/Mar/2009:16:35:49 -0400] "GET /images/feed-icon-14x14.png HTTP/1.1" 200 689 "http://www.nikonthenumbers.com/" "Mozilla/5.0 (Windows; U; Windows NT 5.1; en-US; rv:1.9.0.7) Gecko/2009021910 Firefox/3.0.7"
208.65.73.116 - - [31/Mar/2009:16:35:49 -0400] "GET /images/RULE-FADE.jpg HTTP/1.1" 200 448 "http://www.nikonthenumbers.com/" "Mozilla/5.0 (Windows; U; Windows NT 5.1; en-US; rv:1.9.0.7) Gecko/2009021910 Firefox/3.0.7"
208.65.73.116 - - [31/Mar/2009:16:35:49 -0400] "GET /stylesheets/base_1221113035.css HTTP/1.1" 200 14188 "http://www.nikonthenumbers.com/" "Mozilla/5.0 (Windows; U; Windows NT 5.1; en-US; rv:1.9.0.7) Gecko/2009021910 Firefox/3.0.7"
208.65.73.116 - - [31/Mar/2009:16:35:49 -0400] "GET /images/TOP_01.jpg HTTP/1.1" 200 12839 "http://www.nikonthenumbers.com/" "Mozilla/5.0 (Windows; U; Windows NT 5.1; en-US; rv:1.9.0.7) Gecko/2009021910 Firefox/3.0.7"
208.65.73.116 - - [31/Mar/2009:16:35:49 -0400] "GET /images/TOP_03.jpg HTTP/1.1" 200 15516 "http://www.nikonthenumbers.com/" "Mozilla/5.0 (Windows; U; Windows NT 5.1; en-US; rv:1.9.0.7) Gecko/2009021910 Firefox/3.0.7"
208.65.73.116 - - [31/Mar/2009:16:35:49 -0400] "GET /images/TOP_02.jpg HTTP/1.1" 200 14856 "http://www.nikonthenumbers.com/" "Mozilla/5.0 (Windows; U; Windows NT 5.1; en-US; rv:1.9.0.7) Gecko/2009021910 Firefox/3.0.7"
208.65.73.116 - - [31/Mar/2009:16:35:50 -0400] "GET /images/polling_results.jpg?1221113035 HTTP/1.1" 200 5021 "http://www.nikonthenumbers.com/" "Mozilla/5.0 (Windows; U; Windows NT 5.1; en-US; rv:1.9.0.7) Gecko/2009021910 Firefox/3.0.7"
208.65.73.116 - - [31/Mar/2009:16:35:50 -0400] "GET /images/safe_subscribe_logo.gif HTTP/1.1" 200 457 "http://www.nikonthenumbers.com/" "Mozilla/5.0 (Windows; U; Windows NT 5.1; en-US; rv:1.9.0.7) Gecko/2009021910 Firefox/3.0.7"
208.65.73.116 - - [31/Mar/2009:16:35:50 -0400] "GET /images/page-bg.gif HTTP/1.1" 200 1487 "http://www.nikonthenumbers.com/stylesheets/base_1221113035.css" "Mozilla/5.0 (Windows; U; Windows NT 5.1; en-US; rv:1.9.0.7) Gecko/2009021910 Firefox/3.0.7"
208.65.73.116 - - [31/Mar/2009:16:35:50 -0400] "GET /images/TOP_06.jpg HTTP/1.1" 200 2158 "http://www.nikonthenumbers.com/stylesheets/base_1221113035.css" "Mozilla/5.0 (Windows; U; Windows NT 5.1; en-US; rv:1.9.0.7) Gecko/2009021910 Firefox/3.0.7"
208.65.73.116 - - [31/Mar/2009:16:35:50 -0400] "GET /images/red-band.gif HTTP/1.1" 200 4358 "http://www.nikonthenumbers.com/stylesheets/base_1221113035.css" "Mozilla/5.0 (Windows; U; Windows NT 5.1; en-US; rv:1.9.0.7) Gecko/2009021910 Firefox/3.0.7"
208.65.73.116 - - [31/Mar/2009:16:35:50 -0400] "GET /images/bottom-with-shaddow.gif HTTP/1.1" 200 9790 "http://www.nikonthenumbers.com/stylesheets/base_1221113035.css" "Mozilla/5.0 (Windows; U; Windows NT 5.1; en-US; rv:1.9.0.7) Gecko/2009021910 Firefox/3.0.7"
208.65.73.116 - - [31/Mar/2009:16:35:50 -0400] "GET /images/BOX-BACK.jpg HTTP/1.1" 200 1025 "http://www.nikonthenumbers.com/stylesheets/base_1221113035.css" "Mozilla/5.0 (Windows; U; Windows NT 5.1; en-US; rv:1.9.0.7) Gecko/2009021910 Firefox/3.0.7"
208.65.73.116 - - [31/Mar/2009:16:35:50 -0400] "GET /images/comment_bw.png HTTP/1.1" 200 384 "http://www.nikonthenumbers.com/stylesheets/base_1221113035.css" "Mozilla/5.0 (Windows; U; Windows NT 5.1; en-US; rv:1.9.0.7) Gecko/2009021910 Firefox/3.0.7"
209.62.54.130 - - [31/Mar/2009:16:35:51 -0400] "GET / HTTP/1.0" 200 24892 "-" "Pingdom.com_bot_version_1.4_(http://www.pingdom.com/)"
67.195.37.93 - - [31/Mar/2009:16:35:57 -0400] "GET /images/Ses-Townhall-AD-FED-20080911.swf HTTP/1.0" 304 - "-" "Mozilla/5.0 (compatible; Yahoo! Slurp; http://help.yahoo.com/help/us/ysearch/slurp)"
83.140.19.38 - - [31/Mar/2009:16:36:19 -0400] "GET / HTTP/1.0" 200 24892 "-" "Pingdom.com_bot_version_1.4_(http://www.pingdom.com/)"
72.51.41.47 - - [31/Mar/2009:16:36:51 -0400] "GET / HTTP/1.0" 200 24892 "-" "Pingdom.com_bot_version_1.4_(http://www.pingdom.com/)"
65.55.105.115 - - [31/Mar/2009:16:36:48 -0400] "GET /topics/show/115/23929 HTTP/1.1" 200 1135638 "-" "msnbot/1.1 (+http://search.msn.com/msnbot.htm)"
67.195.37.93 - - [31/Mar/2009:16:37:30 -0400] "GET /about HTTP/1.0" 200 14052 "-" "Mozilla/5.0 (compatible; Yahoo! Slurp; http://help.yahoo.com/help/us/ysearch/slurp)"
64.34.195.154 - - [31/Mar/2009:16:37:30 -0400] "GET /rss HTTP/1.1" 200 99686 "-" "Mozilla/5.0 (X11; U; Linux i686; en-US; rv:1.2.1; aggregator:Spinn3r (Spinn3r 3.0); http://spinn3r.com/robot) Gecko/20021130"
212.247.189.113 - - [31/Mar/2009:16:37:52 -0400] "GET / HTTP/1.0" 200 24892 "-" "Pingdom.com_bot_version_1.4_(http://www.pingdom.com/)"
66.249.73.230 - - [31/Mar/2009:16:38:17 -0400] "GET /topics/show/124/28172 HTTP/1.1" 200 227435 "-" "Mozilla/5.0 (compatible; Googlebot/2.1; +http://www.google.com/bot.html)"
142.52.81.11 - - [31/Mar/2009:16:38:21 -0400] "GET /rss HTTP/1.1" 200 100138 "-" "SharpReader/0.9.7.0 (.NET CLR 1.1.4322.573; WinNT 5.1.2600.0)"
208.87.54.177 - - [31/Mar/2009:16:38:40 -0400] "GET /rss HTTP/1.1" 200 100138 "-" "Mozilla/5.0 (Windows; U; Windows NT 5.1; en-US; rv:1.8.1.21) Gecko/20090302 Thunderbird/2.0.0.21"
207.97.207.200 - - [31/Mar/2009:16:38:51 -0400] "GET / HTTP/1.0" 200 24892 "-" "Pingdom.com_bot_version_1.4_(http://www.pingdom.com/)"
66.249.73.230 - - [31/Mar/2009:16:39:24 -0400] "GET /topics/show/78/10596 HTTP/1.1" 200 154649 "-" "Mozilla/5.0 (compatible; Googlebot/2.1; +http://www.google.com/bot.html)"
204.209.81.14 - - [31/Mar/2009:16:39:26 -0400] "GET /rss HTTP/1.0" 200 100138 "-" "Mozilla/5.0 (Windows; U; Windows NT 5.0; en-GB; rv:1.9.0.6) Gecko/2009011913 Firefox/3.0.6"
209.85.238.23 - - [31/Mar/2009:16:39:35 -0400] "GET /rss HTTP/1.1" 200 100138 "-" "Feedfetcher-Google; (+http://www.google.com/feedfetcher.html; 85 subscribers; feed-id=3544419756895700983)"
72.30.65.34 - - [31/Mar/2009:16:39:36 -0400] "GET /topics/show/113/19702 HTTP/1.0" 200 324095 "-" "Mozilla/5.0 (compatible; Yahoo! Slurp/3.0; http://help.yahoo.com/help/us/ysearch/slurp)"
65.54.152.181 - - [31/Mar/2009:16:39:49 -0400] "GET /rss HTTP/1.1" 200 100138 "-" "Mozilla/4.0 (compatible; MSIE 7.0; Windows NT 5.2)"
67.192.120.134 - - [31/Mar/2009:16:39:51 -0400] "GET / HTTP/1.0" 200 24892 "-" "Pingdom.com_bot_version_1.4_(http://www.pingdom.com/)"
70.30.26.11 - - [31/Mar/2009:16:40:02 -0400] "GET /rss HTTP/1.1" 200 100138 "-" "Windows-RSS-Platform/1.0 (MSIE 7.0; Windows NT 5.1)"
65.55.105.115 - - [31/Mar/2009:16:40:44 -0400] "GET /topics/show/115/20951 HTTP/1.1" 200 1127638 "-" "msnbot/1.1 (+http://search.msn.com/msnbot.htm)"
78.136.27.223 - - [31/Mar/2009:16:40:51 -0400] "GET / HTTP/1.0" 200 24892 "-" "Pingdom.com_bot_version_1.4_(http://www.pingdom.com/)"
66.249.71.24 - - [31/Mar/2009:16:41:04 -0400] "GET /robots.txt HTTP/1.1" 200 161 "-" "Mozilla/5.0 (compatible; Googlebot/2.1; +http://www.google.com/bot.html)"
66.249.71.24 - - [31/Mar/2009:16:41:04 -0400] "GET /topics/show/www.nanosresearch.com HTTP/1.1" 500 2328 "-" "Mozilla/5.0 (compatible; Googlebot/2.1; +http://www.google.com/bot.html)"
67.195.37.93 - - [31/Mar/2009:16:41:51 -0400] "GET /topics/show/104/15912 HTTP/1.0" 200 121799 "-" "Mozilla/5.0 (compatible; Yahoo! Slurp; http://help.yahoo.com/help/us/ysearch/slurp)"
67.205.112.79 - - [31/Mar/2009:16:41:51 -0400] "GET / HTTP/1.0" 200 24892 "-" "Pingdom.com_bot_version_1.4_(http://www.pingdom.com/)"
65.55.108.233 - - [31/Mar/2009:16:42:18 -0400] "GET /profile/680814 HTTP/1.1" 200 119697 "-" "msnbot-media/1.1 (+http://search.msn.com/msnbot.htm)"
72.12.146.107 - - [31/Mar/2009:16:42:21 -0400] "GET /rss HTTP/1.1" 200 100138 "-" "Windows-RSS-Platform/1.0 (MSIE 7.0; Windows NT 6.0)"
208.124.156.82 - - [31/Mar/2009:16:42:37 -0400] "GET /rss HTTP/1.1" 200 100138 "-" "Mozilla/4.0 (compatible; MSIE 7.0; Windows NT 6.0; SLCC1; .NET CLR 2.0.50727; .NET CLR 3.5.30729; .NET CLR 3.0.30618; MSOffice 12)"
66.249.71.138 - - [31/Mar/2009:16:42:42 -0400] "GET /robots.txt HTTP/1.1" 200 161 "-" "Mozilla/5.0 (compatible; Googlebot/2.1; +http://www.google.com/bot.html)"
66.249.71.138 - - [31/Mar/2009:16:42:43 -0400] "GET /topics/show/96/13513 HTTP/1.1" 200 114273 "-" "Mozilla/5.0 (compatible; Googlebot/2.1; +http://www.google.com/bot.html)"
174.133.253.162 - - [31/Mar/2009:16:42:51 -0400] "GET / HTTP/1.0" 200 24892 "-" "Pingdom.com_bot_version_1.4_(http://www.pingdom.com/)"
75.154.76.172 - - [31/Mar/2009:16:43:12 -0400] "GET /rss HTTP/1.1" 200 100138 "-" "Windows-RSS-Platform/1.0 (MSIE 7.0; Windows NT 6.0)"
205.205.91.66 - - [31/Mar/2009:16:43:24 -0400] "GET /rss HTTP/1.1" 200 100138 "-" "Mozilla/4.0 (compatible; MSIE 7.0; Windows NT 5.1; GTB5; .NET CLR 1.1.4322; .NET CLR 2.0.50727; InfoPath.2; Alexa Toolbar; MS-RTC LM 8; MSOffice 12)"
66.249.71.138 - - [31/Mar/2009:16:44:23 -0400] "GET /topics/show/115/20790 HTTP/1.1" 200 1203566 "-" "Mozilla/5.0 (compatible; Googlebot/2.1; +http://www.google.com/bot.html)"
208.124.156.82 - - [31/Mar/2009:16:44:37 -0400] "GET /rss HTTP/1.1" 200 100138 "-" "Mozilla/4.0 (compatible; MSIE 7.0; Windows NT 6.0; SLCC1; .NET CLR 2.0.50727; .NET CLR 3.5.30729; .NET CLR 3.0.30618; MSOffice 12)"
89.151.110.152 - - [31/Mar/2009:16:44:52 -0400] "GET / HTTP/1.0" 200 24892 "-" "Pingdom.com_bot_version_1.4_(http://www.pingdom.com/)"
66.135.104.77 - - [31/Mar/2009:16:44:51 -0400] "GET /rss HTTP/1.1" 200 100138 "-" "Mozilla/4.0 (compatible; MSIE 7.0; Windows NT 5.1; GTB5; .NET CLR 1.1.4322; InfoPath.2; MSOffice 12)"
70.66.128.222 - - [31/Mar/2009:16:45:01 -0400] "GET /topics/show/124 HTTP/1.0" 200 150385 "http://www.google.ca/search?hl=en&q=harper++ignatieff+march+09+poll&btnG=Google+Search&meta=" "Mozilla/5.0 (X11; U; Linux i686; en; rv:1.8.1.17) Gecko/20080923 Fedora/2.20.3-7.fc8 Epiphany/2.20 Firefox/2.0.0.17"
70.66.128.222 - - [31/Mar/2009:16:45:03 -0400] "GET /stylesheets/base_1221113035.css HTTP/1.0" 200 14188 "http://www.nikonthenumbers.com/topics/show/124" "Mozilla/5.0 (X11; U; Linux i686; en; rv:1.8.1.17) Gecko/20080923 Fedora/2.20.3-7.fc8 Epiphany/2.20 Firefox/2.0.0.17"
70.66.128.222 - - [31/Mar/2009:16:45:03 -0400] "GET /javascripts/base_1221113035.js HTTP/1.0" 200 96039 "http://www.nikonthenumbers.com/topics/show/124" "Mozilla/5.0 (X11; U; Linux i686; en; rv:1.8.1.17) Gecko/20080923 Fedora/2.20.3-7.fc8 Epiphany/2.20 Firefox/2.0.0.17"
70.66.128.222 - - [31/Mar/2009:16:45:03 -0400] "GET /favicon.ico HTTP/1.0" 200 894 "-" "Mozilla/5.0 (X11; U; Linux i686; en; rv:1.8.1.17) Gecko/20080923 Fedora/2.20.3-7.fc8 Epiphany/2.20 Firefox/2.0.0.17"
70.66.128.222 - - [31/Mar/2009:16:45:03 -0400] "GET /images/feed-icon-14x14.png HTTP/1.0" 200 689 "http://www.nikonthenumbers.com/topics/show/124" "Mozilla/5.0 (X11; U; Linux i686; en; rv:1.8.1.17) Gecko/20080923 Fedora/2.20.3-7.fc8 Epiphany/2.20 Firefox/2.0.0.17"
70.66.128.222 - - [31/Mar/2009:16:45:03 -0400] "GET /avatars/0000/0107/hope-nope5_thumb.jpg?1235523623 HTTP/1.0" 200 5188 "http://www.nikonthenumbers.com/topics/show/124" "Mozilla/5.0 (X11; U; Linux i686; en; rv:1.8.1.17) Gecko/20080923 Fedora/2.20.3-7.fc8 Epiphany/2.20 Firefox/2.0.0.17"
70.66.128.222 - - [31/Mar/2009:16:45:03 -0400] "GET /images/TOP_01.jpg HTTP/1.0" 200 12839 "http://www.nikonthenumbers.com/topics/show/124" "Mozilla/5.0 (X11; U; Linux i686; en; rv:1.8.1.17) Gecko/20080923 Fedora/2.20.3-7.fc8 Epiphany/2.20 Firefox/2.0.0.17"
70.66.128.222 - - [31/Mar/2009:16:45:03 -0400] "GET /images/TOP_02.jpg HTTP/1.0" 200 14856 "http://www.nikonthenumbers.com/topics/show/124" "Mozilla/5.0 (X11; U; Linux i686; en; rv:1.8.1.17) Gecko/20080923 Fedora/2.20.3-7.fc8 Epiphany/2.20 Firefox/2.0.0.17"
70.66.128.222 - - [31/Mar/2009:16:45:04 -0400] "GET /avatars/0000/0083/LOGO_lg_thumb.png?1228919873 HTTP/1.0" 200 3884 "http://www.nikonthenumbers.com/topics/show/124" "Mozilla/5.0 (X11; U; Linux i686; en; rv:1.8.1.17) Gecko/20080923 Fedora/2.20.3-7.fc8 Epiphany/2.20 Firefox/2.0.0.17"
70.66.128.222 - - [31/Mar/2009:16:45:03 -0400] "GET /images/TOP_03.jpg HTTP/1.0" 200 15516 "http://www.nikonthenumbers.com/topics/show/124" "Mozilla/5.0 (X11; U; Linux i686; en; rv:1.8.1.17) Gecko/20080923 Fedora/2.20.3-7.fc8 Epiphany/2.20 Firefox/2.0.0.17"
70.66.128.222 - - [31/Mar/2009:16:45:04 -0400] "GET /images/RULE-FADE.jpg HTTP/1.0" 200 448 "http://www.nikonthenumbers.com/topics/show/124" "Mozilla/5.0 (X11; U; Linux i686; en; rv:1.8.1.17) Gecko/20080923 Fedora/2.20.3-7.fc8 Epiphany/2.20 Firefox/2.0.0.17"
70.66.128.222 - - [31/Mar/2009:16:45:04 -0400] "GET /fixit.js HTTP/1.0" 200 153 "http://www.nikonthenumbers.com/topics/show/124" "Mozilla/5.0 (X11; U; Linux i686; en; rv:1.8.1.17) Gecko/20080923 Fedora/2.20.3-7.fc8 Epiphany/2.20 Firefox/2.0.0.17"
70.66.128.222 - - [31/Mar/2009:16:45:04 -0400] "GET /images/TOP_06.jpg HTTP/1.0" 200 2158 "http://www.nikonthenumbers.com/stylesheets/base_1221113035.css" "Mozilla/5.0 (X11; U; Linux i686; en; rv:1.8.1.17) Gecko/20080923 Fedora/2.20.3-7.fc8 Epiphany/2.20 Firefox/2.0.0.17"
70.66.128.222 - - [31/Mar/2009:16:45:04 -0400] "GET /images/red-band.gif HTTP/1.0" 200 4358 "http://www.nikonthenumbers.com/stylesheets/base_1221113035.css" "Mozilla/5.0 (X11; U; Linux i686; en; rv:1.8.1.17) Gecko/20080923 Fedora/2.20.3-7.fc8 Epiphany/2.20 Firefox/2.0.0.17"
70.66.128.222 - - [31/Mar/2009:16:45:04 -0400] "GET /images/bottom-with-shaddow.gif HTTP/1.0" 200 9790 "http://www.nikonthenumbers.com/stylesheets/base_1221113035.css" "Mozilla/5.0 (X11; U; Linux i686; en; rv:1.8.1.17) Gecko/20080923 Fedora/2.20.3-7.fc8 Epiphany/2.20 Firefox/2.0.0.17"
70.66.128.222 - - [31/Mar/2009:16:45:04 -0400] "GET /images/comment_bw.png HTTP/1.0" 200 384 "http://www.nikonthenumbers.com/stylesheets/base_1221113035.css" "Mozilla/5.0 (X11; U; Linux i686; en; rv:1.8.1.17) Gecko/20080923 Fedora/2.20.3-7.fc8 Epiphany/2.20 Firefox/2.0.0.17"
70.66.128.222 - - [31/Mar/2009:16:45:04 -0400] "GET /images/BOX-BACK.jpg HTTP/1.0" 200 1025 "http://www.nikonthenumbers.com/stylesheets/base_1221113035.css" "Mozilla/5.0 (X11; U; Linux i686; en; rv:1.8.1.17) Gecko/20080923 Fedora/2.20.3-7.fc8 Epiphany/2.20 Firefox/2.0.0.17"
70.66.128.222 - - [31/Mar/2009:16:45:04 -0400] "GET /images/comment.png HTTP/1.0" 200 540 "http://www.nikonthenumbers.com/stylesheets/base_1221113035.css" "Mozilla/5.0 (X11; U; Linux i686; en; rv:1.8.1.17) Gecko/20080923 Fedora/2.20.3-7.fc8 Epiphany/2.20 Firefox/2.0.0.17"
70.66.128.222 - - [31/Mar/2009:16:45:04 -0400] "GET /images/page-bg.gif HTTP/1.0" 200 1487 "http://www.nikonthenumbers.com/stylesheets/base_1221113035.css" "Mozilla/5.0 (X11; U; Linux i686; en; rv:1.8.1.17) Gecko/20080923 Fedora/2.20.3-7.fc8 Epiphany/2.20 Firefox/2.0.0.17"
70.66.128.222 - - [31/Mar/2009:16:45:04 -0400] "GET /images/polling_results.jpg?1221113035 HTTP/1.0" 200 5021 "http://www.nikonthenumbers.com/topics/show/124" "Mozilla/5.0 (X11; U; Linux i686; en; rv:1.8.1.17) Gecko/20080923 Fedora/2.20.3-7.fc8 Epiphany/2.20 Firefox/2.0.0.17"
70.66.128.222 - - [31/Mar/2009:16:45:04 -0400] "GET /images/safe_subscribe_logo.gif HTTP/1.0" 200 457 "http://www.nikonthenumbers.com/topics/show/124" "Mozilla/5.0 (X11; U; Linux i686; en; rv:1.8.1.17) Gecko/20080923 Fedora/2.20.3-7.fc8 Epiphany/2.20 Firefox/2.0.0.17"
70.66.128.222 - - [31/Mar/2009:16:45:05 -0400] "GET /images/Ses-Townhall-AD-FED-20080911.swf HTTP/1.0" 200 17188 "http://www.nikonthenumbers.com/topics/show/124" "Mozilla/5.0 (X11; U; Linux i686; en; rv:1.8.1.17) Gecko/20080923 Fedora/2.20.3-7.fc8 Epiphany/2.20 Firefox/2.0.0.17"
65.55.107.215 - - [31/Mar/2009:16:45:15 -0400] "GET /topics/show/115/20951 HTTP/1.0" 200 1218078 "http://search.live.com/results.aspx?q=harper" "Mozilla/4.0 (compatible; MSIE 6.0; Windows NT 5.2; SV1; .NET CLR 1.1.4322)"
65.55.107.215 - - [31/Mar/2009:16:45:20 -0400] "GET /javascripts/base_1221113035.js HTTP/1.0" 200 96039 "http://www.nikonthenumbers.com/topics/show/115/20951" "Mozilla/4.0 (compatible; MSIE 6.0; Windows NT 5.2; SV1; .NET CLR 1.1.4322)"
65.55.107.215 - - [31/Mar/2009:16:45:20 -0400] "GET /stylesheets/base_1221113035.css HTTP/1.0" 200 14188 "http://www.nikonthenumbers.com/topics/show/115/20951" "Mozilla/4.0 (compatible; MSIE 6.0; Windows NT 5.2; SV1; .NET CLR 1.1.4322)"
65.55.107.215 - - [31/Mar/2009:16:45:25 -0400] "GET /avatars/0000/0055/Rod_thumb.jpg?1222443029 HTTP/1.0" 200 6663 "http://www.nikonthenumbers.com/topics/show/115/20951" "Mozilla/4.0 (compatible; MSIE 6.0; Windows NT 5.2; SV1; .NET CLR 1.1.4322)"
65.55.107.215 - - [31/Mar/2009:16:45:25 -0400] "GET /avatars/0000/0095/images_thumb.jpg?1231803391 HTTP/1.0" 200 7322 "http://www.nikonthenumbers.com/topics/show/115/20951" "Mozilla/4.0 (compatible; MSIE 6.0; Windows NT 5.2; SV1; .NET CLR 1.1.4322)"
65.55.107.215 - - [31/Mar/2009:16:45:25 -0400] "GET /avatars/0000/0083/LOGO_lg_thumb.png?1228919873 HTTP/1.0" 200 3884 "http://www.nikonthenumbers.com/topics/show/115/20951" "Mozilla/4.0 (compatible; MSIE 6.0; Windows NT 5.2; SV1; .NET CLR 1.1.4322)"
65.55.107.215 - - [31/Mar/2009:16:45:25 -0400] "GET /avatars/0000/0085/van_thumb.png?1229143040 HTTP/1.0" 200 5734 "http://www.nikonthenumbers.com/topics/show/115/20951" "Mozilla/4.0 (compatible; MSIE 6.0; Windows NT 5.2; SV1; .NET CLR 1.1.4322)"
65.55.107.215 - - [31/Mar/2009:16:45:25 -0400] "GET /avatars/0000/0079/n569176217_1141107_431_thumb.jpg?1228191722 HTTP/1.0" 200 4638 "http://www.nikonthenumbers.com/topics/show/115/20951" "Mozilla/4.0 (compatible; MSIE 6.0; Windows NT 5.2; SV1; .NET CLR 1.1.4322)"
65.55.107.215 - - [31/Mar/2009:16:45:36 -0400] "GET /fixit.js HTTP/1.0" 200 153 "http://www.nikonthenumbers.com/topics/show/115/20951" "Mozilla/4.0 (compatible; MSIE 6.0; Windows NT 5.2; SV1; .NET CLR 1.1.4322)"
65.55.107.215 - - [31/Mar/2009:16:45:38 -0400] "GET /images/polling_results.jpg?1221113035 HTTP/1.0" 200 5021 "http://www.nikonthenumbers.com/topics/show/115/20951" "Mozilla/4.0 (compatible; MSIE 6.0; Windows NT 5.2; SV1; .NET CLR 1.1.4322)"
208.111.154.15 - - [31/Mar/2009:16:45:44 -0400] "GET /robots.txt HTTP/1.1" 200 161 "-" "Mozilla/5.0 (compatible; Charlotte/1.1; http://www.searchme.com/support/)"
208.111.154.15 - - [31/Mar/2009:16:45:44 -0400] "GET /topics/show/13/416 HTTP/1.1" 200 35593 "-" "Mozilla/5.0 (compatible; Charlotte/1.1; http://www.searchme.com/support/)"
209.62.54.130 - - [31/Mar/2009:16:45:52 -0400] "GET / HTTP/1.0" 200 24892 "-" "Pingdom.com_bot_version_1.4_(http://www.pingdom.com/)"
66.249.71.138 - - [31/Mar/2009:16:46:02 -0400] "GET /topics/show/89/12072 HTTP/1.1" 200 116238 "-" "Mozilla/5.0 (compatible; Googlebot/2.1; +http://www.google.com/bot.html)"
72.30.65.34 - - [31/Mar/2009:16:46:39 -0400] "GET /topics/show/79/10566 HTTP/1.0" 200 121246 "-" "Mozilla/5.0 (compatible; Yahoo! Slurp/3.0; http://help.yahoo.com/help/us/ysearch/slurp)"
83.140.19.38 - - [31/Mar/2009:16:46:41 -0400] "GET / HTTP/1.0" 200 24892 "-" "Pingdom.com_bot_version_1.4_(http://www.pingdom.com/)"
72.51.41.47 - - [31/Mar/2009:16:46:53 -0400] "GET / HTTP/1.0" 200 24892 "-" "Pingdom.com_bot_version_1.4_(http://www.pingdom.com/)"
142.162.17.88 - - [31/Mar/2009:16:46:57 -0400] "GET /rss HTTP/1.1" 200 100138 "-" "Mozilla/5.0 (Macintosh; U; Intel Mac OS X; en-US; rv:1.8.1.8) Gecko/20071008 Firefox/2.0.0.8"
65.55.105.123 - - [31/Mar/2009:16:47:06 -0400] "GET /robots.txt HTTP/1.1" 200 161 "-" "msnbot/1.1 (+http://search.msn.com/msnbot.htm)"
65.55.105.123 - - [31/Mar/2009:16:47:06 -0400] "GET /profile/725997 HTTP/1.1" 200 18334 "-" "msnbot/1.1 (+http://search.msn.com/msnbot.htm)"
66.249.71.138 - - [31/Mar/2009:16:47:42 -0400] "GET /topics/show/114/20463 HTTP/1.1" 200 285581 "-" "Mozilla/5.0 (compatible; Googlebot/2.1; +http://www.google.com/bot.html)"
212.247.189.113 - - [31/Mar/2009:16:47:52 -0400] "GET / HTTP/1.0" 200 24892 "-" "Pingdom.com_bot_version_1.4_(http://www.pingdom.com/)"
208.87.54.177 - - [31/Mar/2009:16:48:47 -0400] "GET /rss HTTP/1.1" 200 100138 "-" "Mozilla/5.0 (Windows; U; Windows NT 5.1; en-US; rv:1.8.1.21) Gecko/20090302 Thunderbird/2.0.0.21"
207.97.207.200 - - [31/Mar/2009:16:48:52 -0400] "GET / HTTP/1.0" 200 24892 "-" "Pingdom.com_bot_version_1.4_(http://www.pingdom.com/)"
137.207.232.53 - - [31/Mar/2009:16:49:02 -0400] "GET /rss HTTP/1.1" 200 100138 "-" "Mozilla/5.0 (Windows; U; Windows NT 5.1; en-US; rv:1.9.0.7) Gecko/2009021910 Firefox/3.0.7"
66.249.71.138 - - [31/Mar/2009:16:49:21 -0400] "GET /topics/show/105/16206 HTTP/1.1" 200 160345 "-" "Mozilla/5.0 (compatible; Googlebot/2.1; +http://www.google.com/bot.html)"
24.72.140.11 - - [31/Mar/2009:16:49:40 -0400] "GET /login HTTP/1.0" 200 13319 "http://www.nikonthenumbers.com/login" "Opera/9.00 (Windows NT 4.0; U; en)"
67.192.120.134 - - [31/Mar/2009:16:49:51 -0400] "GET / HTTP/1.0" 200 24892 "-" "Pingdom.com_bot_version_1.4_(http://www.pingdom.com/)"
208.124.156.82 - - [31/Mar/2009:16:49:50 -0400] "GET /rss HTTP/1.1" 200 100138 "-" "Mozilla/4.0 (compatible; MSIE 7.0; Windows NT 6.0; SLCC1; .NET CLR 2.0.50727; .NET CLR 3.5.30729; .NET CLR 3.0.30618; MSOffice 12)"
211.206.122.138 - - [31/Mar/2009:16:50:02 -0400] "GET /profile/amember/plugins/payment/linkpoint/linkpoint.inc.php?config[root_dir]=http://www.jocainmo.es/img/.z/d?? HTTP/1.1" 500 2328 "-" "libwww-perl/5.79"
211.206.122.138 - - [31/Mar/2009:16:50:03 -0400] "GET /amember/plugins/payment/linkpoint/linkpoint.inc.php?config[root_dir]=http://www.jocainmo.es/img/.z/d?? HTTP/1.1" 500 2328 "-" "libwww-perl/5.79"
78.136.27.223 - - [31/Mar/2009:16:50:51 -0400] "GET / HTTP/1.0" 200 24892 "-" "Pingdom.com_bot_version_1.4_(http://www.pingdom.com/)"
66.249.71.138 - - [31/Mar/2009:16:51:01 -0400] "GET /topics/show/85/11371 HTTP/1.1" 200 148377 "-" "Mozilla/5.0 (compatible; Googlebot/2.1; +http://www.google.com/bot.html)"
208.111.154.15 - - [31/Mar/2009:16:51:35 -0400] "GET /robots.txt HTTP/1.1" 200 161 "-" "Mozilla/5.0 (compatible; Charlotte/1.1; http://www.searchme.com/support/)"
208.111.154.15 - - [31/Mar/2009:16:51:35 -0400] "GET /profile/268118 HTTP/1.1" 200 15770 "-" "Mozilla/5.0 (compatible; Charlotte/1.1; http://www.searchme.com/support/)"
72.30.65.34 - - [31/Mar/2009:16:51:37 -0400] "GET /topics/show/20/693 HTTP/1.0" 200 93443 "-" "Mozilla/5.0 (compatible; Yahoo! Slurp/3.0; http://help.yahoo.com/help/us/ysearch/slurp)"
67.192.109.106 - - [31/Mar/2009:16:51:40 -0400] "GET /rss HTTP/1.1" 200 100138 "-" "Virtual Reach Newsclip Collector"
67.205.112.79 - - [31/Mar/2009:16:51:51 -0400] "GET / HTTP/1.0" 200 24892 "-" "Pingdom.com_bot_version_1.4_(http://www.pingdom.com/)"
68.144.161.200 - - [31/Mar/2009:16:52:20 -0400] "GET /rss HTTP/1.1" 200 100138 "-" "Windows-RSS-Platform/2.0 (MSIE 8.0; Windows NT 5.1)"
66.249.71.138 - - [31/Mar/2009:16:52:41 -0400] "GET /topics/show/121/27967 HTTP/1.1" 200 1129871 "-" "Mozilla/5.0 (compatible; Googlebot/2.1; +http://www.google.com/bot.html)"
174.133.253.162 - - [31/Mar/2009:16:52:51 -0400] "GET / HTTP/1.0" 200 24892 "-" "Pingdom.com_bot_version_1.4_(http://www.pingdom.com/)"
70.71.162.234 - - [31/Mar/2009:16:52:55 -0400] "GET /rss HTTP/1.1" 200 100138 "-" "Mozilla/5.0 (Windows; U; Windows NT 5.1; en-US; rv:1.9.0.8) Gecko/2009032609 Firefox/3.0.8"
142.52.81.11 - - [31/Mar/2009:16:53:05 -0400] "GET /rss HTTP/1.1" 200 100138 "-" "SharpReader/0.9.7.0 (.NET CLR 1.1.4322.573; WinNT 5.1.2600.0)"
205.205.91.66 - - [31/Mar/2009:16:53:16 -0400] "GET /rss HTTP/1.1" 200 100138 "-" "Mozilla/4.0 (compatible; MSIE 7.0; Windows NT 5.1; GTB5; .NET CLR 1.1.4322; .NET CLR 2.0.50727; InfoPath.2; Alexa Toolbar; MS-RTC LM 8; MSOffice 12)"
67.226.157.169 - - [31/Mar/2009:16:53:51 -0400] "GET /topics/show/124/28426 HTTP/1.1" 200 196671 "http://by102w.bay102.mail.live.com/mail/InboxLight.aspx?FolderID=00000000-0000-0000-0000-000000000001&InboxSortAscending=False&InboxSortBy=Date&n=85232829" "Mozilla/4.0 (compatible; MSIE 7.0; Windows NT 5.1; .NET CLR 1.1.4322)"
67.226.157.169 - - [31/Mar/2009:16:53:52 -0400] "GET /stylesheets/base_1221113035.css HTTP/1.1" 200 14188 "http://nikonthenumbers.com/topics/show/124/28426" "Mozilla/4.0 (compatible; MSIE 7.0; Windows NT 5.1; .NET CLR 1.1.4322)"
67.226.157.169 - - [31/Mar/2009:16:53:52 -0400] "GET /javascripts/base_1221113035.js HTTP/1.1" 200 96039 "http://nikonthenumbers.com/topics/show/124/28426" "Mozilla/4.0 (compatible; MSIE 7.0; Windows NT 5.1; .NET CLR 1.1.4322)"
67.226.157.169 - - [31/Mar/2009:16:53:52 -0400] "GET /images/page-bg.gif HTTP/1.1" 200 1487 "http://nikonthenumbers.com/topics/show/124/28426" "Mozilla/4.0 (compatible; MSIE 7.0; Windows NT 5.1; .NET CLR 1.1.4322)"
67.226.157.169 - - [31/Mar/2009:16:53:52 -0400] "GET /images/TOP_03.jpg HTTP/1.1" 200 15516 "http://nikonthenumbers.com/topics/show/124/28426" "Mozilla/4.0 (compatible; MSIE 7.0; Windows NT 5.1; .NET CLR 1.1.4322)"
67.226.157.169 - - [31/Mar/2009:16:53:52 -0400] "GET /images/TOP_01.jpg HTTP/1.1" 200 12839 "http://nikonthenumbers.com/topics/show/124/28426" "Mozilla/4.0 (compatible; MSIE 7.0; Windows NT 5.1; .NET CLR 1.1.4322)"
67.226.157.169 - - [31/Mar/2009:16:53:52 -0400] "GET /images/TOP_02.jpg HTTP/1.1" 200 14856 "http://nikonthenumbers.com/topics/show/124/28426" "Mozilla/4.0 (compatible; MSIE 7.0; Windows NT 5.1; .NET CLR 1.1.4322)"
67.226.157.169 - - [31/Mar/2009:16:53:53 -0400] "GET /images/feed-icon-14x14.png HTTP/1.1" 200 689 "http://nikonthenumbers.com/topics/show/124/28426" "Mozilla/4.0 (compatible; MSIE 7.0; Windows NT 5.1; .NET CLR 1.1.4322)"
67.226.157.169 - - [31/Mar/2009:16:53:53 -0400] "GET /images/TOP_06.jpg HTTP/1.1" 200 2158 "http://nikonthenumbers.com/topics/show/124/28426" "Mozilla/4.0 (compatible; MSIE 7.0; Windows NT 5.1; .NET CLR 1.1.4322)"
67.226.157.169 - - [31/Mar/2009:16:53:53 -0400] "GET /images/BOX-BACK.jpg HTTP/1.1" 200 1025 "http://nikonthenumbers.com/topics/show/124/28426" "Mozilla/4.0 (compatible; MSIE 7.0; Windows NT 5.1; .NET CLR 1.1.4322)"
67.226.157.169 - - [31/Mar/2009:16:53:53 -0400] "GET /images/bottom-with-shaddow.gif HTTP/1.1" 200 9790 "http://nikonthenumbers.com/topics/show/124/28426" "Mozilla/4.0 (compatible; MSIE 7.0; Windows NT 5.1; .NET CLR 1.1.4322)"
67.226.157.169 - - [31/Mar/2009:16:53:53 -0400] "GET /images/comment.png HTTP/1.1" 200 540 "http://nikonthenumbers.com/topics/show/124/28426" "Mozilla/4.0 (compatible; MSIE 7.0; Windows NT 5.1; .NET CLR 1.1.4322)"
67.226.157.169 - - [31/Mar/2009:16:53:53 -0400] "GET /images/red-band.gif HTTP/1.1" 200 4358 "http://nikonthenumbers.com/topics/show/124/28426" "Mozilla/4.0 (compatible; MSIE 7.0; Windows NT 5.1; .NET CLR 1.1.4322)"
67.226.157.169 - - [31/Mar/2009:16:53:54 -0400] "GET /avatars/0000/0107/hope-nope5_thumb.jpg?1235523623 HTTP/1.1" 200 5188 "http://nikonthenumbers.com/topics/show/124/28426" "Mozilla/4.0 (compatible; MSIE 7.0; Windows NT 5.1; .NET CLR 1.1.4322)"
72.136.129.23 - - [31/Mar/2009:16:53:52 -0400] "GET /rss HTTP/1.1" 200 100138 "-" "Mozilla/5.0 (Windows; U; Windows NT 5.1; en-US; rv:1.9.0.7) Gecko/2009021910 Firefox/3.0.7 (.NET CLR 3.5.30729)"
67.226.157.169 - - [31/Mar/2009:16:53:54 -0400] "GET /avatars/0000/0083/LOGO_lg_thumb.png?1228919873 HTTP/1.1" 200 3884 "http://nikonthenumbers.com/topics/show/124/28426" "Mozilla/4.0 (compatible; MSIE 7.0; Windows NT 5.1; .NET CLR 1.1.4322)"
67.226.157.169 - - [31/Mar/2009:16:53:58 -0400] "GET /images/RULE-FADE.jpg HTTP/1.1" 200 448 "http://nikonthenumbers.com/topics/show/124/28426" "Mozilla/4.0 (compatible; MSIE 7.0; Windows NT 5.1; .NET CLR 1.1.4322)"
67.226.157.169 - - [31/Mar/2009:16:53:58 -0400] "GET /images/Ses-Townhall-AD-FED-20080911.swf HTTP/1.1" 200 17188 "http://nikonthenumbers.com/topics/show/124/28426" "Mozilla/4.0 (compatible; MSIE 7.0; Windows NT 5.1; .NET CLR 1.1.4322)"
67.226.157.169 - - [31/Mar/2009:16:53:58 -0400] "GET /fixit.js HTTP/1.1" 200 153 "http://nikonthenumbers.com/topics/show/124/28426" "Mozilla/4.0 (compatible; MSIE 7.0; Windows NT 5.1; .NET CLR 1.1.4322)"
67.226.157.169 - - [31/Mar/2009:16:53:59 -0400] "GET /images/Ses-Townhall-AD-FED-20080911.swf HTTP/1.1" 304 - "http://nikonthenumbers.com/topics/show/124/28426" "Mozilla/4.0 (compatible; MSIE 7.0; Windows NT 5.1; .NET CLR 1.1.4322)"
67.226.157.169 - - [31/Mar/2009:16:53:59 -0400] "GET /images/polling_results.jpg?1221113035 HTTP/1.1" 200 5021 "http://nikonthenumbers.com/topics/show/124/28426" "Mozilla/4.0 (compatible; MSIE 7.0; Windows NT 5.1; .NET CLR 1.1.4322)"
67.226.157.169 - - [31/Mar/2009:16:53:59 -0400] "GET /images/safe_subscribe_logo.gif HTTP/1.1" 200 457 "http://nikonthenumbers.com/topics/show/124/28426" "Mozilla/4.0 (compatible; MSIE 7.0; Windows NT 5.1; .NET CLR 1.1.4322)"
67.226.157.169 - - [31/Mar/2009:16:53:59 -0400] "GET /images/comment_bw.png HTTP/1.1" 200 384 "http://nikonthenumbers.com/topics/show/124/28426" "Mozilla/4.0 (compatible; MSIE 7.0; Windows NT 5.1; .NET CLR 1.1.4322)"
67.226.157.169 - - [31/Mar/2009:16:53:59 -0400] "GET /images/cancel.png HTTP/1.1" 200 853 "http://nikonthenumbers.com/topics/show/124/28426" "Mozilla/4.0 (compatible; MSIE 7.0; Windows NT 5.1; .NET CLR 1.1.4322)"
65.55.106.160 - - [31/Mar/2009:16:54:10 -0400] "GET /robots.txt HTTP/1.1" 200 161 "-" "msnbot/2.0b (+http://search.msn.com/msnbot.htm)"
67.226.157.169 - - [31/Mar/2009:16:54:11 -0400] "POST /talk/mark/28537 HTTP/1.1" 201 1 "http://nikonthenumbers.com/topics/show/124/28426#comment_28537" "Mozilla/4.0 (compatible; MSIE 7.0; Windows NT 5.1; .NET CLR 1.1.4322)"
64.231.213.213 - - [31/Mar/2009:16:54:14 -0400] "GET / HTTP/1.1" 200 19880 "http://nikonthenumbers.com/" "Mozilla/5.0 (Windows; U; Windows NT 5.1; en-US; rv:1.9.0.8) Gecko/2009032609 Firefox/3.0.8"
66.249.71.138 - - [31/Mar/2009:16:54:20 -0400] "GET /topics/show/49/2664 HTTP/1.1" 200 107813 "-" "Mozilla/5.0 (compatible; Googlebot/2.1; +http://www.google.com/bot.html)"
67.226.157.169 - - [31/Mar/2009:16:54:33 -0400] "GET /images/busy.gif HTTP/1.1" 200 2209 "http://nikonthenumbers.com/topics/show/124/28426" "Mozilla/4.0 (compatible; MSIE 7.0; Windows NT 5.1; .NET CLR 1.1.4322)"
67.226.157.169 - - [31/Mar/2009:16:54:33 -0400] "POST /topic/124/talk/new?parent_id=28537 HTTP/1.1" 200 1246 "http://nikonthenumbers.com/topics/show/124/28426#comment_28537" "Mozilla/4.0 (compatible; MSIE 7.0; Windows NT 5.1; .NET CLR 1.1.4322)"
64.231.213.213 - - [31/Mar/2009:16:54:32 -0400] "GET /topics/show/125/28409 HTTP/1.1" 200 128728 "http://nikonthenumbers.com/" "Mozilla/5.0 (Windows; U; Windows NT 5.1; en-US; rv:1.9.0.8) Gecko/2009032609 Firefox/3.0.8"
64.231.213.213 - - [31/Mar/2009:16:54:38 -0400] "POST /talk/mark/28539 HTTP/1.1" 201 1 "http://nikonthenumbers.com/topics/show/125/28409" "Mozilla/5.0 (Windows; U; Windows NT 5.1; en-US; rv:1.9.0.8) Gecko/2009032609 Firefox/3.0.8"
67.195.37.93 - - [31/Mar/2009:16:54:52 -0400] "GET /topics/show/52/2958 HTTP/1.0" 200 50537 "-" "Mozilla/5.0 (compatible; Yahoo! Slurp; http://help.yahoo.com/help/us/ysearch/slurp)"
89.151.110.152 - - [31/Mar/2009:16:54:52 -0400] "GET / HTTP/1.0" 200 24892 "-" "Pingdom.com_bot_version_1.4_(http://www.pingdom.com/)"
70.30.26.11 - - [31/Mar/2009:16:55:05 -0400] "GET /rss HTTP/1.1" 200 100138 "-" "Windows-RSS-Platform/1.0 (MSIE 7.0; Windows NT 5.1)"
64.231.213.213 - - [31/Mar/2009:16:55:48 -0400] "POST /talk/mark/28540 HTTP/1.1" 201 1 "http://nikonthenumbers.com/topics/show/125/28409" "Mozilla/5.0 (Windows; U; Windows NT 5.1; en-US; rv:1.9.0.8) Gecko/2009032609 Firefox/3.0.8"
209.62.54.130 - - [31/Mar/2009:16:55:52 -0400] "GET / HTTP/1.0" 200 24892 "-" "Pingdom.com_bot_version_1.4_(http://www.pingdom.com/)"
66.249.71.138 - - [31/Mar/2009:16:56:00 -0400] "GET /topics/show/29/1163 HTTP/1.1" 200 71728 "-" "Mozilla/5.0 (compatible; Googlebot/2.1; +http://www.google.com/bot.html)"
64.231.213.213 - - [31/Mar/2009:16:56:05 -0400] "POST /talk/mark/28541 HTTP/1.1" 201 1 "http://nikonthenumbers.com/topics/show/125/28409" "Mozilla/5.0 (Windows; U; Windows NT 5.1; en-US; rv:1.9.0.8) Gecko/2009032609 Firefox/3.0.8"
72.30.65.34 - - [31/Mar/2009:16:56:06 -0400] "GET /topics/show/44/2447 HTTP/1.0" 200 115794 "-" "Mozilla/5.0 (compatible; Yahoo! Slurp/3.0; http://help.yahoo.com/help/us/ysearch/slurp)"
64.231.213.213 - - [31/Mar/2009:16:56:20 -0400] "GET / HTTP/1.1" 200 19880 "http://nikonthenumbers.com/topics/show/125/28409" "Mozilla/5.0 (Windows; U; Windows NT 5.1; en-US; rv:1.9.0.8) Gecko/2009032609 Firefox/3.0.8"
72.51.41.47 - - [31/Mar/2009:16:56:53 -0400] "GET / HTTP/1.0" 200 24892 "-" "Pingdom.com_bot_version_1.4_(http://www.pingdom.com/)"
66.249.71.138 - - [31/Mar/2009:16:57:39 -0400] "GET /topics/show/113/19253 HTTP/1.1" 200 313303 "-" "Mozilla/5.0 (compatible; Googlebot/2.1; +http://www.google.com/bot.html)"
65.55.105.123 - - [31/Mar/2009:16:57:41 -0400] "GET /topics/show/121/26234 HTTP/1.1" 200 1127638 "-" "msnbot/1.1 (+http://search.msn.com/msnbot.htm)"
212.247.189.113 - - [31/Mar/2009:16:57:51 -0400] "GET / HTTP/1.0" 200 24892 "-" "Pingdom.com_bot_version_1.4_(http://www.pingdom.com/)"
75.154.76.172 - - [31/Mar/2009:16:58:15 -0400] "GET /rss HTTP/1.1" 200 100138 "-" "Windows-RSS-Platform/1.0 (MSIE 7.0; Windows NT 6.0)"
70.49.162.208 - - [31/Mar/2009:16:58:26 -0400] "GET /favicon.ico HTTP/1.1" 200 894 "-" "Mozilla/4.0 (compatible; MSIE 8.0; Windows NT 6.0; Trident/4.0; SLCC1; .NET CLR 2.0.50727; .NET CLR 3.5.30729; .NET CLR 3.0.30618)"
64.34.195.137 - - [31/Mar/2009:16:58:48 -0400] "GET / HTTP/1.1" 200 24728 "-" "Mozilla/5.0 (X11; U; Linux i686; en-US; rv:1.2.1; aggregator:Spinn3r (Spinn3r 3.0); http://spinn3r.com/robot) Gecko/20021130"
207.97.207.200 - - [31/Mar/2009:16:58:51 -0400] "GET / HTTP/1.0" 200 24892 "-" "Pingdom.com_bot_version_1.4_(http://www.pingdom.com/)"
64.34.195.137 - - [31/Mar/2009:16:58:51 -0400] "GET /rss HTTP/1.1" 200 99686 "-" "Mozilla/5.0 (X11; U; Linux i686; en-US; rv:1.2.1; aggregator:Spinn3r (Spinn3r 3.0); http://spinn3r.com/robot) Gecko/20021130"
208.87.54.177 - - [31/Mar/2009:16:58:51 -0400] "GET /rss HTTP/1.1" 200 100138 "-" "Mozilla/5.0 (Windows; U; Windows NT 5.1; en-US; rv:1.8.1.21) Gecko/20090302 Thunderbird/2.0.0.21"
194.8.75.163 - - [31/Mar/2009:16:58:48 -0400] "GET /topics/show/119 HTTP/1.0" 200 612288 "http://www.nikonthenumbers.com/topics/show/119" "Mozilla/4.0 (compatible; MSIE 5.5; Windows NT 5.0; .NET CLR 1.1.4322)"
141.117.19.26 - - [31/Mar/2009:16:59:02 -0400] "GET / HTTP/1.0" 200 24892 "http://www.dslreports.com/forum/r22157825-CRTC-opens-online-consultation-on-throttling~start=20" "Mozilla/5.0 (Macintosh; U; Intel Mac OS X 10_5_6; en-us) AppleWebKit/525.27.1 (KHTML, like Gecko) Version/3.2.1 Safari/525.27.1"
141.117.19.26 - - [31/Mar/2009:16:59:03 -0400] "GET /stylesheets/base_1221113035.css HTTP/1.0" 200 14188 "http://www.nikonthenumbers.com/" "Mozilla/5.0 (Macintosh; U; Intel Mac OS X 10_5_6; en-us) AppleWebKit/525.27.1 (KHTML, like Gecko) Version/3.2.1 Safari/525.27.1"
141.117.19.26 - - [31/Mar/2009:16:59:03 -0400] "GET /favicon.ico HTTP/1.0" 200 894 "http://www.nikonthenumbers.com/" "Mozilla/5.0 (Macintosh; U; Intel Mac OS X 10_5_6; en-us) AppleWebKit/525.27.1 (KHTML, like Gecko) Version/3.2.1 Safari/525.27.1"
141.117.19.26 - - [31/Mar/2009:16:59:03 -0400] "GET /javascripts/base_1221113035.js HTTP/1.0" 200 96039 "http://www.nikonthenumbers.com/" "Mozilla/5.0 (Macintosh; U; Intel Mac OS X 10_5_6; en-us) AppleWebKit/525.27.1 (KHTML, like Gecko) Version/3.2.1 Safari/525.27.1"
141.117.19.26 - - [31/Mar/2009:16:59:03 -0400] "GET /images/TOP_01.jpg HTTP/1.0" 200 12839 "http://www.nikonthenumbers.com/" "Mozilla/5.0 (Macintosh; U; Intel Mac OS X 10_5_6; en-us) AppleWebKit/525.27.1 (KHTML, like Gecko) Version/3.2.1 Safari/525.27.1"
141.117.19.26 - - [31/Mar/2009:16:59:03 -0400] "GET /images/TOP_06.jpg HTTP/1.0" 200 2158 "http://www.nikonthenumbers.com/" "Mozilla/5.0 (Macintosh; U; Intel Mac OS X 10_5_6; en-us) AppleWebKit/525.27.1 (KHTML, like Gecko) Version/3.2.1 Safari/525.27.1"
141.117.19.26 - - [31/Mar/2009:16:59:03 -0400] "GET /images/page-bg.gif HTTP/1.0" 200 1487 "http://www.nikonthenumbers.com/" "Mozilla/5.0 (Macintosh; U; Intel Mac OS X 10_5_6; en-us) AppleWebKit/525.27.1 (KHTML, like Gecko) Version/3.2.1 Safari/525.27.1"
141.117.19.26 - - [31/Mar/2009:16:59:03 -0400] "GET /images/TOP_02.jpg HTTP/1.0" 200 14856 "http://www.nikonthenumbers.com/" "Mozilla/5.0 (Macintosh; U; Intel Mac OS X 10_5_6; en-us) AppleWebKit/525.27.1 (KHTML, like Gecko) Version/3.2.1 Safari/525.27.1"
141.117.19.26 - - [31/Mar/2009:16:59:03 -0400] "GET /images/feed-icon-14x14.png HTTP/1.0" 200 689 "http://www.nikonthenumbers.com/" "Mozilla/5.0 (Macintosh; U; Intel Mac OS X 10_5_6; en-us) AppleWebKit/525.27.1 (KHTML, like Gecko) Version/3.2.1 Safari/525.27.1"
141.117.19.26 - - [31/Mar/2009:16:59:03 -0400] "GET /images/red-band.gif HTTP/1.0" 200 4358 "http://www.nikonthenumbers.com/" "Mozilla/5.0 (Macintosh; U; Intel Mac OS X 10_5_6; en-us) AppleWebKit/525.27.1 (KHTML, like Gecko) Version/3.2.1 Safari/525.27.1"
141.117.19.26 - - [31/Mar/2009:16:59:03 -0400] "GET /images/TOP_03.jpg HTTP/1.0" 200 15516 "http://www.nikonthenumbers.com/" "Mozilla/5.0 (Macintosh; U; Intel Mac OS X 10_5_6; en-us) AppleWebKit/525.27.1 (KHTML, like Gecko) Version/3.2.1 Safari/525.27.1"
141.117.19.26 - - [31/Mar/2009:16:59:03 -0400] "GET /fixit.js HTTP/1.0" 200 153 "http://www.nikonthenumbers.com/" "Mozilla/5.0 (Macintosh; U; Intel Mac OS X 10_5_6; en-us) AppleWebKit/525.27.1 (KHTML, like Gecko) Version/3.2.1 Safari/525.27.1"
141.117.19.26 - - [31/Mar/2009:16:59:03 -0400] "GET /images/comment_bw.png HTTP/1.0" 200 384 "http://www.nikonthenumbers.com/" "Mozilla/5.0 (Macintosh; U; Intel Mac OS X 10_5_6; en-us) AppleWebKit/525.27.1 (KHTML, like Gecko) Version/3.2.1 Safari/525.27.1"
141.117.19.26 - - [31/Mar/2009:16:59:03 -0400] "GET /images/bottom-with-shaddow.gif HTTP/1.0" 200 9790 "http://www.nikonthenumbers.com/" "Mozilla/5.0 (Macintosh; U; Intel Mac OS X 10_5_6; en-us) AppleWebKit/525.27.1 (KHTML, like Gecko) Version/3.2.1 Safari/525.27.1"
141.117.19.26 - - [31/Mar/2009:16:59:03 -0400] "GET /images/BOX-BACK.jpg HTTP/1.0" 200 1025 "http://www.nikonthenumbers.com/" "Mozilla/5.0 (Macintosh; U; Intel Mac OS X 10_5_6; en-us) AppleWebKit/525.27.1 (KHTML, like Gecko) Version/3.2.1 Safari/525.27.1"
141.117.19.26 - - [31/Mar/2009:16:59:03 -0400] "GET /images/RULE-FADE.jpg HTTP/1.0" 200 448 "http://www.nikonthenumbers.com/" "Mozilla/5.0 (Macintosh; U; Intel Mac OS X 10_5_6; en-us) AppleWebKit/525.27.1 (KHTML, like Gecko) Version/3.2.1 Safari/525.27.1"
141.117.19.26 - - [31/Mar/2009:16:59:03 -0400] "GET /images/safe_subscribe_logo.gif HTTP/1.0" 200 457 "http://www.nikonthenumbers.com/" "Mozilla/5.0 (Macintosh; U; Intel Mac OS X 10_5_6; en-us) AppleWebKit/525.27.1 (KHTML, like Gecko) Version/3.2.1 Safari/525.27.1"
141.117.19.26 - - [31/Mar/2009:16:59:03 -0400] "GET /images/polling_results.jpg?1221113035 HTTP/1.0" 200 5021 "http://www.nikonthenumbers.com/" "Mozilla/5.0 (Macintosh; U; Intel Mac OS X 10_5_6; en-us) AppleWebKit/525.27.1 (KHTML, like Gecko) Version/3.2.1 Safari/525.27.1"
194.8.75.163 - - [31/Mar/2009:16:59:03 -0400] "GET /profile/988454 HTTP/1.0" 200 78735 "http://www.nikonthenumbers.com/profile/988454" "Mozilla/4.0 (compatible; MSIE 5.5; Windows NT 5.0; .NET CLR 1.1.4322)"
141.117.19.26 - - [31/Mar/2009:16:59:05 -0400] "GET /images/Ses-Townhall-AD-FED-20080911.swf HTTP/1.0" 200 17188 "http://www.nikonthenumbers.com/" "Mozilla/5.0 (Macintosh; U; Intel Mac OS X 10_5_6; en-us) AppleWebKit/525.27.1 (KHTML, like Gecko) Version/3.2.1 Safari/525.27.1"
194.8.75.163 - - [31/Mar/2009:16:59:07 -0400] "GET /topics/show/119/24887 HTTP/1.0" 200 756143 "http://www.nikonthenumbers.com/topics/show/119/24887" "Mozilla/4.0 (compatible; MSIE 5.5; Windows NT 5.0; .NET CLR 1.1.4322)"
66.249.72.16 - - [31/Mar/2009:16:59:19 -0400] "GET /topics/show/115/21670 HTTP/1.1" 200 1195630 "-" "Mozilla/5.0 (compatible; Googlebot/2.1; +http://www.google.com/bot.html)"
194.8.75.163 - - [31/Mar/2009:16:59:26 -0400] "GET /login HTTP/1.0" 200 13319 "http://www.nikonthenumbers.com/login" "Mozilla/4.0 (compatible; MSIE 5.5; Windows NT 5.0; .NET CLR 1.1.4322)"
194.8.75.163 - - [31/Mar/2009:16:59:26 -0400] "POST /login HTTP/1.0" 200 13356 "http://www.nikonthenumbers.com/login" "Mozilla/4.0 (compatible; MSIE 5.5; Windows NT 5.0; .NET CLR 1.1.4322)"
194.8.75.163 - - [31/Mar/2009:16:59:27 -0400] "GET /topics/show/119 HTTP/1.0" 200 612325 "http://www.nikonthenumbers.com/topics/show/119" "Mozilla/4.0 (compatible; MSIE 5.5; Windows NT 5.0; .NET CLR 1.1.4322)"
67.192.120.134 - - [31/Mar/2009:16:59:50 -0400] "GET / HTTP/1.0" 200 24892 "-" "Pingdom.com_bot_version_1.4_(http://www.pingdom.com/)"
194.8.75.163 - - [31/Mar/2009:16:59:52 -0400] "GET /topics/show/119 HTTP/1.0" 200 612288 "http://www.nikonthenumbers.com/topics/show/119" "Mozilla/4.0 (compatible; MSIE 5.5; Windows NT 5.0; .NET CLR 1.1.4322)"
194.8.75.163 - - [31/Mar/2009:17:00:12 -0400] "GET /topics/show/index.php HTTP/1.0" 404 1 "http://www.nikonthenumbers.com/index.php" "Mozilla/4.0 (compatible; MSIE 5.5; Windows NT 5.0; .NET CLR 1.1.4322)"
194.8.75.163 - - [31/Mar/2009:17:00:12 -0400] "GET /show/index.php HTTP/1.0" 500 2328 "http://www.nikonthenumbers.com/show/index.php" "Mozilla/4.0 (compatible; MSIE 5.5; Windows NT 5.0; .NET CLR 1.1.4322)"
65.95.0.129 - - [31/Mar/2009:17:00:16 -0400] "GET /rss HTTP/1.1" 200 100138 "-" "Windows-RSS-Platform/1.0 (MSIE 7.0; Windows NT 5.1)"
205.194.127.36 - - [31/Mar/2009:17:00:13 -0400] "GET /rss HTTP/1.0" 200 100138 "-" "BlackBerry8310/4.2.2 Profile/MIDP-2.0 Configuration/CLDC-1.1 VendorID/107"
65.55.105.123 - - [31/Mar/2009:17:00:14 -0400] "GET /topics/show/121/27631 HTTP/1.1" 200 1161861 "-" "msnbot/1.1 (+http://search.msn.com/msnbot.htm)"
67.195.37.93 - - [31/Mar/2009:17:00:36 -0400] "GET /topics/show/111/18393 HTTP/1.0" 200 177047 "-" "Mozilla/5.0 (compatible; Yahoo! Slurp; http://help.yahoo.com/help/us/ysearch/slurp)"
78.136.27.223 - - [31/Mar/2009:17:00:52 -0400] "GET / HTTP/1.0" 200 24892 "-" "Pingdom.com_bot_version_1.4_(http://www.pingdom.com/)"
66.249.71.138 - - [31/Mar/2009:17:00:58 -0400] "GET /topics/show/113/19706 HTTP/1.1" 200 315183 "-" "Mozilla/5.0 (compatible; Googlebot/2.1; +http://www.google.com/bot.html)"
72.30.65.34 - - [31/Mar/2009:17:01:05 -0400] "GET /topics/show/115/23009 HTTP/1.0" 200 1198567 "-" "Mozilla/5.0 (compatible; Yahoo! Slurp/3.0; http://help.yahoo.com/help/us/ysearch/slurp)"
206.196.125.114 - - [31/Mar/2009:17:01:19 -0400] "GET /rss HTTP/1.1" 200 100138 "-" "BlogSearch/2 +http://www.icerocket.com/"
