70.71.168.222 - - [31/Mar/2009:12:50:15 -0400] "POST /talk/mark/28451 HTTP/1.1" 201 1 "http://www.nikonthenumbers.com/topics/show/125#comments" "Mozilla/4.0 (compatible; MSIE 7.0; Windows NT 5.1; GTB5; .NET CLR 1.1.4322)"
70.71.168.222 - - [31/Mar/2009:12:50:26 -0400] "POST /rater/create/comment_rating/28451 HTTP/1.1" 200 165 "http://www.nikonthenumbers.com/topics/show/125#comments" "Mozilla/4.0 (compatible; MSIE 7.0; Windows NT 5.1; GTB5; .NET CLR 1.1.4322)"
70.71.168.222 - - [31/Mar/2009:12:50:27 -0400] "POST /topic/125/talk/new?parent_id=28451 HTTP/1.1" 200 1246 "http://www.nikonthenumbers.com/topics/show/125#comments" "Mozilla/4.0 (compatible; MSIE 7.0; Windows NT 5.1; GTB5; .NET CLR 1.1.4322)"
70.71.168.222 - - [31/Mar/2009:12:50:50 -0400] "POST /talk/mark/28452 HTTP/1.1" 201 1 "http://www.nikonthenumbers.com/topics/show/125#comments" "Mozilla/4.0 (compatible; MSIE 7.0; Windows NT 5.1; GTB5; .NET CLR 1.1.4322)"
78.136.27.223 - - [31/Mar/2009:12:50:51 -0400] "GET / HTTP/1.0" 200 24896 "-" "Pingdom.com_bot_version_1.4_(http://www.pingdom.com/)"
70.71.168.222 - - [31/Mar/2009:12:51:02 -0400] "POST /talk/mark/28484 HTTP/1.1" 201 1 "http://www.nikonthenumbers.com/topics/show/125#comments" "Mozilla/4.0 (compatible; MSIE 7.0; Windows NT 5.1; GTB5; .NET CLR 1.1.4322)"
72.30.65.34 - - [31/Mar/2009:12:51:05 -0400] "GET /topics/show/5/101 HTTP/1.0" 200 78322 "-" "Mozilla/5.0 (compatible; Yahoo! Slurp/3.0; http://help.yahoo.com/help/us/ysearch/slurp)"
70.71.168.222 - - [31/Mar/2009:12:51:09 -0400] "POST /talk/mark/28489 HTTP/1.1" 201 1 "http://www.nikonthenumbers.com/topics/show/125#comments" "Mozilla/4.0 (compatible; MSIE 7.0; Windows NT 5.1; GTB5; .NET CLR 1.1.4322)"
70.71.168.222 - - [31/Mar/2009:12:51:15 -0400] "POST /talk/mark/28490 HTTP/1.1" 201 1 "http://www.nikonthenumbers.com/topics/show/125#comments" "Mozilla/4.0 (compatible; MSIE 7.0; Windows NT 5.1; GTB5; .NET CLR 1.1.4322)"
67.195.37.93 - - [31/Mar/2009:12:51:38 -0400] "GET /topics/show/115/23505 HTTP/1.0" 200 623638 "-" "Mozilla/5.0 (compatible; Yahoo! Slurp; http://help.yahoo.com/help/us/ysearch/slurp)"
65.95.0.129 - - [31/Mar/2009:12:51:44 -0400] "GET /rss HTTP/1.1" 200 100138 "-" "Windows-RSS-Platform/1.0 (MSIE 7.0; Windows NT 5.1)"
67.205.112.79 - - [31/Mar/2009:12:51:51 -0400] "GET / HTTP/1.0" 200 24896 "-" "Pingdom.com_bot_version_1.4_(http://www.pingdom.com/)"
174.133.253.162 - - [31/Mar/2009:12:52:51 -0400] "GET / HTTP/1.0" 200 24896 "-" "Pingdom.com_bot_version_1.4_(http://www.pingdom.com/)"
198.103.96.11 - - [31/Mar/2009:12:53:17 -0400] "GET /stylesheets/base_1221113035.css HTTP/1.1" 200 14188 "http://www.nikonthenumbers.com/" "Mozilla/4.0 (compatible; MSIE 7.0; Windows NT 5.1; .NET CLR 1.1.4322; .NET CLR 2.0.50727)"
198.103.96.11 - - [31/Mar/2009:12:53:15 -0400] "GET / HTTP/1.1" 200 24896 "http://www.nanosresearch.com/main.asp" "Mozilla/4.0 (compatible; MSIE 7.0; Windows NT 5.1; .NET CLR 1.1.4322; .NET CLR 2.0.50727)"
198.103.96.11 - - [31/Mar/2009:12:53:17 -0400] "GET /javascripts/base_1221113035.js HTTP/1.1" 200 96039 "http://www.nikonthenumbers.com/" "Mozilla/4.0 (compatible; MSIE 7.0; Windows NT 5.1; .NET CLR 1.1.4322; .NET CLR 2.0.50727)"
198.103.96.11 - - [31/Mar/2009:12:53:19 -0400] "GET /images/TOP_02.jpg HTTP/1.1" 200 14856 "http://www.nikonthenumbers.com/" "Mozilla/4.0 (compatible; MSIE 7.0; Windows NT 5.1; .NET CLR 1.1.4322; .NET CLR 2.0.50727)"
198.103.96.11 - - [31/Mar/2009:12:53:19 -0400] "GET /images/TOP_01.jpg HTTP/1.1" 200 12839 "http://www.nikonthenumbers.com/" "Mozilla/4.0 (compatible; MSIE 7.0; Windows NT 5.1; .NET CLR 1.1.4322; .NET CLR 2.0.50727)"
198.103.96.11 - - [31/Mar/2009:12:53:19 -0400] "GET /images/Ses-Townhall-AD-FED-20080911.swf HTTP/1.1" 200 17188 "http://www.nikonthenumbers.com/" "Mozilla/4.0 (compatible; MSIE 7.0; Windows NT 5.1; .NET CLR 1.1.4322; .NET CLR 2.0.50727)"
198.103.96.11 - - [31/Mar/2009:12:53:19 -0400] "GET /images/TOP_03.jpg HTTP/1.1" 200 15516 "http://www.nikonthenumbers.com/" "Mozilla/4.0 (compatible; MSIE 7.0; Windows NT 5.1; .NET CLR 1.1.4322; .NET CLR 2.0.50727)"
198.103.96.11 - - [31/Mar/2009:12:53:20 -0400] "GET /images/feed-icon-14x14.png HTTP/1.1" 200 689 "http://www.nikonthenumbers.com/" "Mozilla/4.0 (compatible; MSIE 7.0; Windows NT 5.1; .NET CLR 1.1.4322; .NET CLR 2.0.50727)"
198.103.96.11 - - [31/Mar/2009:12:53:20 -0400] "GET /images/RULE-FADE.jpg HTTP/1.1" 200 448 "http://www.nikonthenumbers.com/" "Mozilla/4.0 (compatible; MSIE 7.0; Windows NT 5.1; .NET CLR 1.1.4322; .NET CLR 2.0.50727)"
198.103.96.11 - - [31/Mar/2009:12:53:20 -0400] "GET /fixit.js HTTP/1.1" 200 153 "http://www.nikonthenumbers.com/" "Mozilla/4.0 (compatible; MSIE 7.0; Windows NT 5.1; .NET CLR 1.1.4322; .NET CLR 2.0.50727)"
198.103.96.11 - - [31/Mar/2009:12:53:20 -0400] "GET /images/polling_results.jpg?1221113035 HTTP/1.1" 200 5021 "http://www.nikonthenumbers.com/" "Mozilla/4.0 (compatible; MSIE 7.0; Windows NT 5.1; .NET CLR 1.1.4322; .NET CLR 2.0.50727)"
198.103.96.11 - - [31/Mar/2009:12:53:20 -0400] "GET /images/safe_subscribe_logo.gif HTTP/1.1" 200 457 "http://www.nikonthenumbers.com/" "Mozilla/4.0 (compatible; MSIE 7.0; Windows NT 5.1; .NET CLR 1.1.4322; .NET CLR 2.0.50727)"
198.103.96.11 - - [31/Mar/2009:12:53:29 -0400] "GET /favicon.ico HTTP/1.1" 200 894 "-" "Mozilla/4.0 (compatible; MSIE 7.0; Windows NT 5.1; .NET CLR 1.1.4322; .NET CLR 2.0.50727)"
72.30.65.34 - - [31/Mar/2009:12:53:31 -0400] "GET /topics/show/37/1627 HTTP/1.0" 200 96921 "-" "Mozilla/5.0 (compatible; Yahoo! Slurp/3.0; http://help.yahoo.com/help/us/ysearch/slurp)"
66.249.73.230 - - [31/Mar/2009:12:53:30 -0400] "GET /topics/show/121/27360 HTTP/1.1" 200 1149956 "-" "Mozilla/5.0 (compatible; Googlebot/2.1; +http://www.google.com/bot.html)"
198.103.96.11 - - [31/Mar/2009:12:53:46 -0400] "GET /avatars/0000/0107/hope-nope5_thumb.jpg?1235523623 HTTP/1.1" 200 5188 "http://www.nikonthenumbers.com/topics/show/124" "Mozilla/4.0 (compatible; MSIE 7.0; Windows NT 5.1; .NET CLR 1.1.4322; .NET CLR 2.0.50727)"
198.103.96.11 - - [31/Mar/2009:12:53:46 -0400] "GET /avatars/0000/0083/LOGO_lg_thumb.png?1228919873 HTTP/1.1" 200 3884 "http://www.nikonthenumbers.com/topics/show/124" "Mozilla/4.0 (compatible; MSIE 7.0; Windows NT 5.1; .NET CLR 1.1.4322; .NET CLR 2.0.50727)"
198.103.96.11 - - [31/Mar/2009:12:53:44 -0400] "GET /topics/show/124 HTTP/1.1" 200 150387 "http://www.nikonthenumbers.com/" "Mozilla/4.0 (compatible; MSIE 7.0; Windows NT 5.1; .NET CLR 1.1.4322; .NET CLR 2.0.50727)"
72.30.65.34 - - [31/Mar/2009:12:54:00 -0400] "GET /topics/show/112/19196 HTTP/1.0" 200 306943 "-" "Mozilla/5.0 (compatible; Yahoo! Slurp/3.0; http://help.yahoo.com/help/us/ysearch/slurp)"
201.26.203.176 - - [31/Mar/2009:12:54:07 -0400] "GET /topics/show/117/ HTTP/1.0" 200 111756 "-" "Mozilla/4.0 (compatible; MSIE 6.0; AOL 9.0; Windows NT 5.1)"
89.151.110.152 - - [31/Mar/2009:12:54:52 -0400] "GET / HTTP/1.0" 200 24896 "-" "Pingdom.com_bot_version_1.4_(http://www.pingdom.com/)"
201.26.203.176 - - [31/Mar/2009:12:55:06 -0400] "GET /profile/988454 HTTP/1.0" 200 78735 "-" "Mozilla/4.0 (compatible; MSIE 6.0; AOL 9.0; Windows NT 5.1)"
201.26.203.176 - - [31/Mar/2009:12:55:37 -0400] "GET /topics/show/119/24887 HTTP/1.0" 200 756143 "-" "Mozilla/4.0 (compatible; MSIE 6.0; AOL 9.0; Windows NT 5.1)"
209.62.54.130 - - [31/Mar/2009:12:55:52 -0400] "GET / HTTP/1.0" 200 24896 "-" "Pingdom.com_bot_version_1.4_(http://www.pingdom.com/)"
72.30.65.34 - - [31/Mar/2009:12:56:11 -0400] "GET /topics/show/119/25728 HTTP/1.0" 200 617709 "-" "Mozilla/5.0 (compatible; Yahoo! Slurp/3.0; http://help.yahoo.com/help/us/ysearch/slurp)"
66.249.73.230 - - [31/Mar/2009:12:56:19 -0400] "GET /topics/show/44/2421 HTTP/1.1" 200 108807 "-" "Mozilla/5.0 (compatible; Googlebot/2.1; +http://www.google.com/bot.html)"
201.26.203.176 - - [31/Mar/2009:12:56:38 -0400] "GET /login HTTP/1.0" 200 13319 "-" "Mozilla/4.0 (compatible; MSIE 6.0; AOL 9.0; Windows NT 5.1)"
66.249.73.230 - - [31/Mar/2009:12:56:50 -0400] "GET /topics/show/86/11446 HTTP/1.1" 200 76693 "-" "Mozilla/5.0 (compatible; Googlebot/2.1; +http://www.google.com/bot.html)"
72.51.41.47 - - [31/Mar/2009:12:56:51 -0400] "GET / HTTP/1.0" 200 24896 "-" "Pingdom.com_bot_version_1.4_(http://www.pingdom.com/)"
201.26.203.176 - - [31/Mar/2009:12:57:13 -0400] "POST /login HTTP/1.0" 200 13356 "http://www.nikonthenumbers.com/login" "Mozilla/4.0 (compatible; MSIE 6.0; AOL 9.0; Windows NT 5.1)"
72.30.65.34 - - [31/Mar/2009:12:57:38 -0400] "GET /topics/show/109/17669 HTTP/1.0" 200 214628 "-" "Mozilla/5.0 (compatible; Yahoo! Slurp/3.0; http://help.yahoo.com/help/us/ysearch/slurp)"
201.26.203.176 - - [31/Mar/2009:12:57:44 -0400] "POST /login HTTP/1.0" 200 13356 "http://www.nikonthenumbers.com/login" "Mozilla/4.0 (compatible; MSIE 6.0; AOL 9.0; Windows NT 5.1)"
212.247.189.113 - - [31/Mar/2009:12:57:53 -0400] "GET / HTTP/1.0" 200 24896 "-" "Pingdom.com_bot_version_1.4_(http://www.pingdom.com/)"
201.26.203.176 - - [31/Mar/2009:12:58:17 -0400] "GET /topics/show/117/ HTTP/1.0" 200 111793 "-" "Mozilla/4.0 (compatible; MSIE 6.0; AOL 9.0; Windows NT 5.1)"
24.36.137.40 - - [31/Mar/2009:12:58:25 -0400] "GET /rss HTTP/1.1" 200 100138 "-" "Windows-RSS-Platform/1.0 (MSIE 7.0; Windows NT 6.0)"
198.103.96.11 - - [31/Mar/2009:12:58:45 -0400] "GET /images/busy.gif HTTP/1.1" 200 2209 "http://www.nikonthenumbers.com/topics/show/124" "Mozilla/4.0 (compatible; MSIE 7.0; Windows NT 5.1; .NET CLR 1.1.4322; .NET CLR 2.0.50727)"
198.103.96.11 - - [31/Mar/2009:12:58:45 -0400] "POST /topics/show_comments/124/28330 HTTP/1.1" 200 12147 "http://www.nikonthenumbers.com/topics/show/124#comments" "Mozilla/4.0 (compatible; MSIE 7.0; Windows NT 5.1; .NET CLR 1.1.4322; .NET CLR 2.0.50727)"
205.205.91.66 - - [31/Mar/2009:12:58:47 -0400] "GET /rss HTTP/1.1" 200 100138 "-" "Mozilla/4.0 (compatible; MSIE 7.0; Windows NT 5.1; GTB5; .NET CLR 1.1.4322; .NET CLR 2.0.50727; InfoPath.2; Alexa Toolbar; MS-RTC LM 8; MSOffice 12)"
207.97.207.200 - - [31/Mar/2009:12:58:51 -0400] "GET / HTTP/1.0" 200 24896 "-" "Pingdom.com_bot_version_1.4_(http://www.pingdom.com/)"
208.36.144.9 - - [31/Mar/2009:12:58:53 -0400] "GET /topics/show/89/12124 HTTP/1.0" 200 97418 "-" "Mozilla/5.0 (Twiceler-0.9 http://www.cuil.com/twiceler/robot.html)"
198.103.96.11 - - [31/Mar/2009:12:58:57 -0400] "POST /talk/mark/28338 HTTP/1.1" 201 1 "http://www.nikonthenumbers.com/topics/show/124#comments" "Mozilla/4.0 (compatible; MSIE 7.0; Windows NT 5.1; .NET CLR 1.1.4322; .NET CLR 2.0.50727)"
198.103.96.11 - - [31/Mar/2009:12:59:02 -0400] "POST /topics/show_comments/124/28338 HTTP/1.1" 200 27765 "http://www.nikonthenumbers.com/topics/show/124#comments" "Mozilla/4.0 (compatible; MSIE 7.0; Windows NT 5.1; .NET CLR 1.1.4322; .NET CLR 2.0.50727)"
72.30.65.34 - - [31/Mar/2009:12:59:04 -0400] "GET /topics/show/121/26215 HTTP/1.0" 200 1135070 "-" "Mozilla/5.0 (compatible; Yahoo! Slurp/3.0; http://help.yahoo.com/help/us/ysearch/slurp)"
198.103.96.11 - - [31/Mar/2009:12:59:36 -0400] "POST /talk/mark/28352 HTTP/1.1" 201 1 "http://www.nikonthenumbers.com/topics/show/124#comments" "Mozilla/4.0 (compatible; MSIE 7.0; Windows NT 5.1; .NET CLR 1.1.4322; .NET CLR 2.0.50727)"
67.192.120.134 - - [31/Mar/2009:12:59:51 -0400] "GET / HTTP/1.0" 200 24896 "-" "Pingdom.com_bot_version_1.4_(http://www.pingdom.com/)"
198.103.96.11 - - [31/Mar/2009:13:00:01 -0400] "POST /talk/mark/28366 HTTP/1.1" 201 1 "http://www.nikonthenumbers.com/topics/show/124#comments" "Mozilla/4.0 (compatible; MSIE 7.0; Windows NT 5.1; .NET CLR 1.1.4322; .NET CLR 2.0.50727)"
207.161.155.199 - - [31/Mar/2009:13:00:04 -0400] "GET /topics/show/53 HTTP/1.1" 200 67183 "http://www.google.ca/search?hl=en&q=party+poll+federal&btnG=Google+Search&meta=cr%3DcountryCA" "Mozilla/5.0 (Windows; U; Windows NT 5.1; en-US; rv:1.9.0.8) Gecko/2009032609 Firefox/3.0.8 (.NET CLR 3.5.30729)"
207.161.155.199 - - [31/Mar/2009:13:00:05 -0400] "GET /stylesheets/base_1221113035.css HTTP/1.1" 200 14188 "http://www.nikonthenumbers.com/topics/show/53" "Mozilla/5.0 (Windows; U; Windows NT 5.1; en-US; rv:1.9.0.8) Gecko/2009032609 Firefox/3.0.8 (.NET CLR 3.5.30729)"
207.161.155.199 - - [31/Mar/2009:13:00:05 -0400] "GET /javascripts/base_1221113035.js HTTP/1.1" 200 96039 "http://www.nikonthenumbers.com/topics/show/53" "Mozilla/5.0 (Windows; U; Windows NT 5.1; en-US; rv:1.9.0.8) Gecko/2009032609 Firefox/3.0.8 (.NET CLR 3.5.30729)"
207.161.155.199 - - [31/Mar/2009:13:00:06 -0400] "GET /favicon.ico HTTP/1.1" 200 894 "-" "Mozilla/5.0 (Windows; U; Windows NT 5.1; en-US; rv:1.9.0.8) Gecko/2009032609 Firefox/3.0.8 (.NET CLR 3.5.30729)"
207.161.155.199 - - [31/Mar/2009:13:00:06 -0400] "GET /images/TOP_01.jpg HTTP/1.1" 200 12839 "http://www.nikonthenumbers.com/topics/show/53" "Mozilla/5.0 (Windows; U; Windows NT 5.1; en-US; rv:1.9.0.8) Gecko/2009032609 Firefox/3.0.8 (.NET CLR 3.5.30729)"
207.161.155.199 - - [31/Mar/2009:13:00:06 -0400] "GET /images/TOP_02.jpg HTTP/1.1" 200 14856 "http://www.nikonthenumbers.com/topics/show/53" "Mozilla/5.0 (Windows; U; Windows NT 5.1; en-US; rv:1.9.0.8) Gecko/2009032609 Firefox/3.0.8 (.NET CLR 3.5.30729)"
207.161.155.199 - - [31/Mar/2009:13:00:06 -0400] "GET /images/TOP_06.jpg HTTP/1.1" 200 2158 "http://www.nikonthenumbers.com/stylesheets/base_1221113035.css" "Mozilla/5.0 (Windows; U; Windows NT 5.1; en-US; rv:1.9.0.8) Gecko/2009032609 Firefox/3.0.8 (.NET CLR 3.5.30729)"
207.161.155.199 - - [31/Mar/2009:13:00:06 -0400] "GET /images/feed-icon-14x14.png HTTP/1.1" 200 689 "http://www.nikonthenumbers.com/topics/show/53" "Mozilla/5.0 (Windows; U; Windows NT 5.1; en-US; rv:1.9.0.8) Gecko/2009032609 Firefox/3.0.8 (.NET CLR 3.5.30729)"
207.161.155.199 - - [31/Mar/2009:13:00:06 -0400] "GET /images/page-bg.gif HTTP/1.1" 200 1487 "http://www.nikonthenumbers.com/stylesheets/base_1221113035.css" "Mozilla/5.0 (Windows; U; Windows NT 5.1; en-US; rv:1.9.0.8) Gecko/2009032609 Firefox/3.0.8 (.NET CLR 3.5.30729)"
207.161.155.199 - - [31/Mar/2009:13:00:06 -0400] "GET /fixit.js HTTP/1.1" 200 153 "http://www.nikonthenumbers.com/topics/show/53" "Mozilla/5.0 (Windows; U; Windows NT 5.1; en-US; rv:1.9.0.8) Gecko/2009032609 Firefox/3.0.8 (.NET CLR 3.5.30729)"
207.161.155.199 - - [31/Mar/2009:13:00:06 -0400] "GET /images/RULE-FADE.jpg HTTP/1.1" 200 448 "http://www.nikonthenumbers.com/topics/show/53" "Mozilla/5.0 (Windows; U; Windows NT 5.1; en-US; rv:1.9.0.8) Gecko/2009032609 Firefox/3.0.8 (.NET CLR 3.5.30729)"
207.161.155.199 - - [31/Mar/2009:13:00:06 -0400] "GET /images/red-band.gif HTTP/1.1" 200 4358 "http://www.nikonthenumbers.com/stylesheets/base_1221113035.css" "Mozilla/5.0 (Windows; U; Windows NT 5.1; en-US; rv:1.9.0.8) Gecko/2009032609 Firefox/3.0.8 (.NET CLR 3.5.30729)"
207.161.155.199 - - [31/Mar/2009:13:00:06 -0400] "GET /images/bottom-with-shaddow.gif HTTP/1.1" 200 9790 "http://www.nikonthenumbers.com/stylesheets/base_1221113035.css" "Mozilla/5.0 (Windows; U; Windows NT 5.1; en-US; rv:1.9.0.8) Gecko/2009032609 Firefox/3.0.8 (.NET CLR 3.5.30729)"
207.161.155.199 - - [31/Mar/2009:13:00:06 -0400] "GET /images/comment_bw.png HTTP/1.1" 200 384 "http://www.nikonthenumbers.com/stylesheets/base_1221113035.css" "Mozilla/5.0 (Windows; U; Windows NT 5.1; en-US; rv:1.9.0.8) Gecko/2009032609 Firefox/3.0.8 (.NET CLR 3.5.30729)"
207.161.155.199 - - [31/Mar/2009:13:00:06 -0400] "GET /images/BOX-BACK.jpg HTTP/1.1" 200 1025 "http://www.nikonthenumbers.com/stylesheets/base_1221113035.css" "Mozilla/5.0 (Windows; U; Windows NT 5.1; en-US; rv:1.9.0.8) Gecko/2009032609 Firefox/3.0.8 (.NET CLR 3.5.30729)"
207.161.155.199 - - [31/Mar/2009:13:00:06 -0400] "GET /images/comment.png HTTP/1.1" 200 540 "http://www.nikonthenumbers.com/stylesheets/base_1221113035.css" "Mozilla/5.0 (Windows; U; Windows NT 5.1; en-US; rv:1.9.0.8) Gecko/2009032609 Firefox/3.0.8 (.NET CLR 3.5.30729)"
207.161.155.199 - - [31/Mar/2009:13:00:06 -0400] "GET /images/TOP_03.jpg HTTP/1.1" 200 15516 "http://www.nikonthenumbers.com/topics/show/53" "Mozilla/5.0 (Windows; U; Windows NT 5.1; en-US; rv:1.9.0.8) Gecko/2009032609 Firefox/3.0.8 (.NET CLR 3.5.30729)"
207.161.155.199 - - [31/Mar/2009:13:00:06 -0400] "GET /images/Ses-Townhall-AD-FED-20080911.swf HTTP/1.1" 200 17188 "http://www.nikonthenumbers.com/topics/show/53" "Mozilla/5.0 (Windows; U; Windows NT 5.1; en-US; rv:1.9.0.8) Gecko/2009032609 Firefox/3.0.8 (.NET CLR 3.5.30729)"
207.161.155.199 - - [31/Mar/2009:13:00:06 -0400] "GET /images/polling_results.jpg?1221113035 HTTP/1.1" 200 5021 "http://www.nikonthenumbers.com/topics/show/53" "Mozilla/5.0 (Windows; U; Windows NT 5.1; en-US; rv:1.9.0.8) Gecko/2009032609 Firefox/3.0.8 (.NET CLR 3.5.30729)"
207.161.155.199 - - [31/Mar/2009:13:00:06 -0400] "GET /images/safe_subscribe_logo.gif HTTP/1.1" 200 457 "http://www.nikonthenumbers.com/topics/show/53" "Mozilla/5.0 (Windows; U; Windows NT 5.1; en-US; rv:1.9.0.8) Gecko/2009032609 Firefox/3.0.8 (.NET CLR 3.5.30729)"
198.103.96.11 - - [31/Mar/2009:13:00:10 -0400] "POST /talk/mark/28367 HTTP/1.1" 201 1 "http://www.nikonthenumbers.com/topics/show/124#comments" "Mozilla/4.0 (compatible; MSIE 7.0; Windows NT 5.1; .NET CLR 1.1.4322; .NET CLR 2.0.50727)"
198.103.96.11 - - [31/Mar/2009:13:00:17 -0400] "POST /topics/show_comments/124/28367 HTTP/1.1" 200 5650 "http://www.nikonthenumbers.com/topics/show/124#comments" "Mozilla/4.0 (compatible; MSIE 7.0; Windows NT 5.1; .NET CLR 1.1.4322; .NET CLR 2.0.50727)"
205.194.127.36 - - [31/Mar/2009:13:00:13 -0400] "GET /rss HTTP/1.0" 200 100138 "-" "BlackBerry8310/4.2.2 Profile/MIDP-2.0 Configuration/CLDC-1.1 VendorID/107"
207.161.155.199 - - [31/Mar/2009:13:00:22 -0400] "GET / HTTP/1.1" 200 24896 "http://www.nikonthenumbers.com/topics/show/53" "Mozilla/5.0 (Windows; U; Windows NT 5.1; en-US; rv:1.9.0.8) Gecko/2009032609 Firefox/3.0.8 (.NET CLR 3.5.30729)"
198.103.96.11 - - [31/Mar/2009:13:00:39 -0400] "POST /talk/mark/28394 HTTP/1.1" 201 1 "http://www.nikonthenumbers.com/topics/show/124#comments" "Mozilla/4.0 (compatible; MSIE 7.0; Windows NT 5.1; .NET CLR 1.1.4322; .NET CLR 2.0.50727)"
198.103.96.11 - - [31/Mar/2009:13:00:46 -0400] "POST /talk/mark/28395 HTTP/1.1" 201 1 "http://www.nikonthenumbers.com/topics/show/124#comments" "Mozilla/4.0 (compatible; MSIE 7.0; Windows NT 5.1; .NET CLR 1.1.4322; .NET CLR 2.0.50727)"
72.30.65.34 - - [31/Mar/2009:13:00:45 -0400] "GET /topics/show/57/3359 HTTP/1.0" 200 182857 "-" "Mozilla/5.0 (compatible; Yahoo! Slurp/3.0; http://help.yahoo.com/help/us/ysearch/slurp)"
78.136.27.223 - - [31/Mar/2009:13:00:51 -0400] "GET / HTTP/1.0" 200 24896 "-" "Pingdom.com_bot_version_1.4_(http://www.pingdom.com/)"
207.161.155.199 - - [31/Mar/2009:13:01:02 -0400] "GET /topics/show/125 HTTP/1.1" 200 77021 "http://www.nikonthenumbers.com/" "Mozilla/5.0 (Windows; U; Windows NT 5.1; en-US; rv:1.9.0.8) Gecko/2009032609 Firefox/3.0.8 (.NET CLR 3.5.30729)"
198.103.96.11 - - [31/Mar/2009:13:01:06 -0400] "POST /talk/mark/28408 HTTP/1.1" 201 1 "http://www.nikonthenumbers.com/topics/show/124#comments" "Mozilla/4.0 (compatible; MSIE 7.0; Windows NT 5.1; .NET CLR 1.1.4322; .NET CLR 2.0.50727)"
216.39.58.17 - - [31/Mar/2009:13:01:07 -0400] "GET /rss HTTP/1.0" 200 99686 "-" "YahooFeedSeeker/2.0 (compatible; Mozilla 4.0; MSIE 5.5; http://publisher.yahoo.com/rssguide; users 1; views 202)"
198.103.96.11 - - [31/Mar/2009:13:01:15 -0400] "POST /topics/show_comments/124/28408 HTTP/1.1" 200 8505 "http://www.nikonthenumbers.com/topics/show/124#comments" "Mozilla/4.0 (compatible; MSIE 7.0; Windows NT 5.1; .NET CLR 1.1.4322; .NET CLR 2.0.50727)"
198.103.96.11 - - [31/Mar/2009:13:01:28 -0400] "POST /talk/mark/28426 HTTP/1.1" 201 1 "http://www.nikonthenumbers.com/topics/show/124#comments" "Mozilla/4.0 (compatible; MSIE 7.0; Windows NT 5.1; .NET CLR 1.1.4322; .NET CLR 2.0.50727)"
65.55.105.130 - - [31/Mar/2009:13:01:28 -0400] "GET /robots.txt HTTP/1.1" 200 161 "-" "msnbot/1.1 (+http://search.msn.com/msnbot.htm)"
65.55.105.130 - - [31/Mar/2009:13:01:28 -0400] "GET /topics/show/121/27953 HTTP/1.1" 200 1139809 "-" "msnbot/1.1 (+http://search.msn.com/msnbot.htm)"
67.205.112.79 - - [31/Mar/2009:13:01:51 -0400] "GET / HTTP/1.0" 200 24896 "-" "Pingdom.com_bot_version_1.4_(http://www.pingdom.com/)"
67.195.37.93 - - [31/Mar/2009:13:02:05 -0400] "GET /topics/show/108/17357 HTTP/1.0" 200 218662 "-" "Mozilla/5.0 (compatible; Yahoo! Slurp; http://help.yahoo.com/help/us/ysearch/slurp)"
67.195.37.93 - - [31/Mar/2009:13:02:14 -0400] "GET /topics/show/115/23348 HTTP/1.0" 200 639638 "-" "Mozilla/5.0 (compatible; Yahoo! Slurp; http://help.yahoo.com/help/us/ysearch/slurp)"
67.195.37.93 - - [31/Mar/2009:13:02:27 -0400] "GET /topics/show/115/23556 HTTP/1.0" 200 599638 "-" "Mozilla/5.0 (compatible; Yahoo! Slurp; http://help.yahoo.com/help/us/ysearch/slurp)"
174.133.253.162 - - [31/Mar/2009:13:02:51 -0400] "GET / HTTP/1.0" 200 24896 "-" "Pingdom.com_bot_version_1.4_(http://www.pingdom.com/)"
207.245.21.190 - - [31/Mar/2009:13:02:56 -0400] "GET /rss HTTP/1.1" 200 100138 "-" "Mozilla/4.0 (compatible; MSIE 7.0; Windows NT 5.1; InfoPath.2; MSOffice 12)"
206.191.40.208 - - [31/Mar/2009:13:04:35 -0400] "GET /rss HTTP/1.1" 200 100138 "-" "Windows-RSS-Platform/1.0 (MSIE 7.0; Windows NT 5.1)"
72.136.129.23 - - [31/Mar/2009:13:04:45 -0400] "GET /rss HTTP/1.1" 200 100138 "-" "Mozilla/5.0 (Windows; U; Windows NT 5.1; en-US; rv:1.9.0.7) Gecko/2009021910 Firefox/3.0.7 (.NET CLR 3.5.30729)"
89.151.110.152 - - [31/Mar/2009:13:04:51 -0400] "GET / HTTP/1.0" 200 24896 "-" "Pingdom.com_bot_version_1.4_(http://www.pingdom.com/)"
72.30.79.90 - - [31/Mar/2009:13:05:07 -0400] "GET /topics/show/118 HTTP/1.0" 200 149326 "-" "Mozilla/5.0 (compatible; Yahoo! Slurp/3.0; http://help.yahoo.com/help/us/ysearch/slurp)"
72.30.79.90 - - [31/Mar/2009:13:05:08 -0400] "GET /stylesheets/base_1221113035.css HTTP/1.0" 304 - "http://nikonthenumbers.com/topics/show/118" "Mozilla/5.0 (compatible; Yahoo! Slurp/3.0; http://help.yahoo.com/help/us/ysearch/slurp)"
220.181.32.22 - - [31/Mar/2009:13:05:14 -0400] "GET / HTTP/1.1" 200 15640 "-" "Baiduspider+(+http://www.baidu.com/search/spider.htm)"
61.135.168.39 - - [31/Mar/2009:13:05:43 -0400] "GET / HTTP/1.1" 200 15640 "-" "Baiduspider+(+http://www.baidu.com/search/spider.htm)"
209.62.54.130 - - [31/Mar/2009:13:05:51 -0400] "GET / HTTP/1.0" 200 24896 "-" "Pingdom.com_bot_version_1.4_(http://www.pingdom.com/)"
72.30.65.34 - - [31/Mar/2009:13:05:54 -0400] "GET /topics/show/115/21725 HTTP/1.0" 200 1173143 "-" "Mozilla/5.0 (compatible; Yahoo! Slurp/3.0; http://help.yahoo.com/help/us/ysearch/slurp)"
66.249.73.230 - - [31/Mar/2009:13:06:48 -0400] "GET /profile/126514 HTTP/1.1" 200 16469 "-" "Mozilla/5.0 (compatible; Googlebot/2.1; +http://www.google.com/bot.html)"
77.181.196.157 - - [31/Mar/2009:13:07:03 -0400] "GET / HTTP/1.1" 200 24896 "-" "Mozilla/5.0 (Windows; U; Windows NT 5.1; de; rv:1.8.1.11) Gecko/20071127 Firefox/2.0.0.11"
69.63.180.249 - - [31/Mar/2009:13:07:13 -0400] "GET /images/TOP_03.jpg HTTP/1.1" 200 15516 "-" "facebookexternalhit/1.0 (+http://www.facebook.com/externalhit_uatext.php)"
67.71.80.145 - - [31/Mar/2009:13:07:22 -0400] "GET /rss HTTP/1.1" 200 100138 "-" "Mozilla/5.0 (Macintosh; U; PPC Mac OS X Mach-O; en-US; rv:1.8.1.1) Gecko/20061204 Firefox/2.0.0.1"
142.213.127.2 - - [31/Mar/2009:13:07:28 -0400] "GET /rss HTTP/1.0" 200 100138 "-" "RssBandit/1.5.0.10 (.NET CLR 2.0.50727.42; WinNT 5.1.2600 Service Pack 2; http://www.rssbandit.org)"
77.181.196.157 - - [31/Mar/2009:13:07:38 -0400] "GET /archives HTTP/1.1" 200 34644 "-" "Mozilla/5.0 (Windows; U; Windows NT 5.1; de; rv:1.8.1.11) Gecko/20071127 Firefox/2.0.0.11"
72.51.41.47 - - [31/Mar/2009:13:07:36 -0400] "GET / HTTP/1.0" 200 24896 "-" "Pingdom.com_bot_version_1.4_(http://www.pingdom.com/)"
77.181.196.157 - - [31/Mar/2009:13:07:40 -0400] "GET /topics/show/125/28410#comment_28410 HTTP/1.1" 200 87648 "-" "Mozilla/5.0 (Windows; U; Windows NT 5.1; de; rv:1.8.1.11) Gecko/20071127 Firefox/2.0.0.11"
72.30.65.34 - - [31/Mar/2009:13:07:45 -0400] "GET /topics/show/120 HTTP/1.0" 200 198121 "-" "Mozilla/5.0 (compatible; Yahoo! Slurp/3.0; http://help.yahoo.com/help/us/ysearch/slurp)"
72.30.65.34 - - [31/Mar/2009:13:07:50 -0400] "GET /topics/show/125 HTTP/1.0" 200 77021 "-" "Mozilla/5.0 (compatible; Yahoo! Slurp/3.0; http://help.yahoo.com/help/us/ysearch/slurp)"
72.30.65.34 - - [31/Mar/2009:13:07:48 -0400] "GET /topics/show/69/6489 HTTP/1.0" 200 401065 "-" "Mozilla/5.0 (compatible; Yahoo! Slurp/3.0; http://help.yahoo.com/help/us/ysearch/slurp)"
212.247.189.113 - - [31/Mar/2009:13:07:51 -0400] "GET / HTTP/1.0" 200 24896 "-" "Pingdom.com_bot_version_1.4_(http://www.pingdom.com/)"
77.181.196.157 - - [31/Mar/2009:13:08:01 -0400] "GET /topics/show/99 HTTP/1.1" 200 56848 "-" "Mozilla/5.0 (Windows; U; Windows NT 5.1; de; rv:1.8.1.11) Gecko/20071127 Firefox/2.0.0.11"
77.181.196.157 - - [31/Mar/2009:13:08:04 -0400] "GET /topics/show/90 HTTP/1.1" 200 97792 "-" "Mozilla/5.0 (Windows; U; Windows NT 5.1; de; rv:1.8.1.11) Gecko/20071127 Firefox/2.0.0.11"
77.181.196.157 - - [31/Mar/2009:13:08:07 -0400] "GET /topics/show/83 HTTP/1.1" 200 42245 "-" "Mozilla/5.0 (Windows; U; Windows NT 5.1; de; rv:1.8.1.11) Gecko/20071127 Firefox/2.0.0.11"
77.181.196.157 - - [31/Mar/2009:13:08:09 -0400] "GET /topics/show/81 HTTP/1.1" 200 53444 "-" "Mozilla/5.0 (Windows; U; Windows NT 5.1; de; rv:1.8.1.11) Gecko/20071127 Firefox/2.0.0.11"
200.56.85.165 - - [31/Mar/2009:13:08:28 -0400] "GET /login HTTP/1.0" 200 13319 "http://www.cigarettesbuyer.com/" "Mozilla/4.0 (compatible; MSIE 6.0; Windows NT 5.1; SV1; FunWebProducts; .NET CLR 1.1.4322; PeoplePal 6.2)"
77.181.196.157 - - [31/Mar/2009:13:08:39 -0400] "GET /profile/725477 HTTP/1.1" 200 14688 "-" "Mozilla/5.0 (Windows; U; Windows NT 5.1; de; rv:1.8.1.11) Gecko/20071127 Firefox/2.0.0.11"
77.181.196.157 - - [31/Mar/2009:13:08:41 -0400] "GET /account/remind_password HTTP/1.1" 200 12843 "-" "Mozilla/5.0 (Windows; U; Windows NT 5.1; de; rv:1.8.1.11) Gecko/20071127 Firefox/2.0.0.11"
77.181.196.157 - - [31/Mar/2009:13:08:43 -0400] "GET /about HTTP/1.1" 200 14052 "-" "Mozilla/5.0 (Windows; U; Windows NT 5.1; de; rv:1.8.1.11) Gecko/20071127 Firefox/2.0.0.11"
77.181.196.157 - - [31/Mar/2009:13:08:44 -0400] "GET /topics/show/90/12197#comment_12197 HTTP/1.1" 200 103955 "-" "Mozilla/5.0 (Windows; U; Windows NT 5.1; de; rv:1.8.1.11) Gecko/20071127 Firefox/2.0.0.11"
77.181.196.157 - - [31/Mar/2009:13:08:48 -0400] "GET /topic/90/talk/new?parent_id=12201 HTTP/1.1" 302 102 "-" "Mozilla/5.0 (Windows; U; Windows NT 5.1; de; rv:1.8.1.11) Gecko/20071127 Firefox/2.0.0.11"
77.181.196.157 - - [31/Mar/2009:13:08:48 -0400] "GET /topic/90/talk/new?parent_id=12202 HTTP/1.1" 302 102 "-" "Mozilla/5.0 (Windows; U; Windows NT 5.1; de; rv:1.8.1.11) Gecko/20071127 Firefox/2.0.0.11"
77.181.196.157 - - [31/Mar/2009:13:08:48 -0400] "GET /topics/show/90#comment_12270 HTTP/1.1" 200 97792 "-" "Mozilla/5.0 (Windows; U; Windows NT 5.1; de; rv:1.8.1.11) Gecko/20071127 Firefox/2.0.0.11"
207.97.207.200 - - [31/Mar/2009:13:08:51 -0400] "GET / HTTP/1.0" 200 24896 "-" "Pingdom.com_bot_version_1.4_(http://www.pingdom.com/)"
205.205.91.66 - - [31/Mar/2009:13:09:05 -0400] "GET /rss HTTP/1.1" 200 100138 "-" "Mozilla/4.0 (compatible; MSIE 7.0; Windows NT 5.1; GTB5; .NET CLR 1.1.4322; .NET CLR 2.0.50727; InfoPath.2; Alexa Toolbar; MS-RTC LM 8; MSOffice 12)"
204.209.81.14 - - [31/Mar/2009:13:09:24 -0400] "GET /rss HTTP/1.0" 200 100138 "-" "Mozilla/5.0 (Windows; U; Windows NT 5.0; en-GB; rv:1.9.0.6) Gecko/2009011913 Firefox/3.0.6"
72.30.65.34 - - [31/Mar/2009:13:09:33 -0400] "GET /topics/show/8/225 HTTP/1.0" 200 72459 "-" "Mozilla/5.0 (compatible; Yahoo! Slurp/3.0; http://help.yahoo.com/help/us/ysearch/slurp)"
67.192.120.134 - - [31/Mar/2009:13:09:50 -0400] "GET / HTTP/1.0" 200 24896 "-" "Pingdom.com_bot_version_1.4_(http://www.pingdom.com/)"
70.30.26.11 - - [31/Mar/2009:13:10:29 -0400] "GET /rss HTTP/1.1" 200 100138 "-" "Windows-RSS-Platform/1.0 (MSIE 7.0; Windows NT 5.1)"
78.136.27.223 - - [31/Mar/2009:13:10:51 -0400] "GET / HTTP/1.0" 200 24896 "-" "Pingdom.com_bot_version_1.4_(http://www.pingdom.com/)"
67.195.37.93 - - [31/Mar/2009:13:11:29 -0400] "GET /topics/show/115/24061 HTTP/1.0" 200 647638 "-" "Mozilla/5.0 (compatible; Yahoo! Slurp; http://help.yahoo.com/help/us/ysearch/slurp)"
67.205.112.79 - - [31/Mar/2009:13:11:51 -0400] "GET / HTTP/1.0" 200 24896 "-" "Pingdom.com_bot_version_1.4_(http://www.pingdom.com/)"
24.67.79.209 - - [31/Mar/2009:13:11:54 -0400] "GET /favicon.ico HTTP/1.0" 200 894 "http://www.google.ca/search?q=crtc+Nanos+Research&ie=utf-8&oe=utf-8&aq=t&rls=org.mozilla:en-US:official&client=firefox-a" "Mozilla/5.0 (Windows; U; Windows NT 5.1; en-US; rv:1.9.0.8) Gecko/2009032609 Firefox/3.0.8 (.NET CLR 3.5.30729)"
174.133.253.162 - - [31/Mar/2009:13:12:51 -0400] "GET / HTTP/1.0" 200 24896 "-" "Pingdom.com_bot_version_1.4_(http://www.pingdom.com/)"
216.254.209.95 - - [31/Mar/2009:13:12:56 -0400] "GET /rss HTTP/1.1" 200 100138 "-" "Mozilla/5.0 (Macintosh; U; Intel Mac OS X 10.5; en-US; rv:1.9.0.8) Gecko/2009032608 Firefox/3.0.8"
65.55.108.215 - - [31/Mar/2009:13:12:58 -0400] "GET /topics/show/117/24193 HTTP/1.1" 200 273055 "-" "msnbot-media/1.1 (+http://search.msn.com/msnbot.htm)"
72.30.65.34 - - [31/Mar/2009:13:13:18 -0400] "GET /topics/show/115/22210 HTTP/1.0" 200 1274253 "-" "Mozilla/5.0 (compatible; Yahoo! Slurp/3.0; http://help.yahoo.com/help/us/ysearch/slurp)"
75.154.76.172 - - [31/Mar/2009:13:13:36 -0400] "GET /rss HTTP/1.1" 200 100138 "-" "Windows-RSS-Platform/1.0 (MSIE 7.0; Windows NT 6.0)"
208.124.156.82 - - [31/Mar/2009:13:13:39 -0400] "GET /rss HTTP/1.1" 200 100138 "-" "Mozilla/4.0 (compatible; MSIE 7.0; Windows NT 6.0; SLCC1; .NET CLR 2.0.50727; .NET CLR 3.5.30729; .NET CLR 3.0.30618; MSOffice 12)"
66.135.104.77 - - [31/Mar/2009:13:13:46 -0400] "GET /rss HTTP/1.1" 200 100138 "-" "Mozilla/4.0 (compatible; MSIE 7.0; Windows NT 5.1; GTB5; .NET CLR 1.1.4322; InfoPath.2; MSOffice 12)"
89.151.110.152 - - [31/Mar/2009:13:14:51 -0400] "GET / HTTP/1.0" 200 24896 "-" "Pingdom.com_bot_version_1.4_(http://www.pingdom.com/)"
209.62.54.130 - - [31/Mar/2009:13:15:51 -0400] "GET / HTTP/1.0" 200 24896 "-" "Pingdom.com_bot_version_1.4_(http://www.pingdom.com/)"
64.34.195.157 - - [31/Mar/2009:13:16:46 -0400] "GET /rss HTTP/1.1" 200 99686 "-" "Mozilla/5.0 (X11; U; Linux i686; en-US; rv:1.2.1; aggregator:Spinn3r (Spinn3r 3.0); http://spinn3r.com/robot) Gecko/20021130"
72.51.41.47 - - [31/Mar/2009:13:16:52 -0400] "GET / HTTP/1.0" 200 24896 "-" "Pingdom.com_bot_version_1.4_(http://www.pingdom.com/)"
67.195.37.93 - - [31/Mar/2009:13:17:52 -0400] "GET /profile/894152 HTTP/1.0" 200 27690 "-" "Mozilla/5.0 (compatible; Yahoo! Slurp; http://help.yahoo.com/help/us/ysearch/slurp)"
212.247.189.113 - - [31/Mar/2009:13:17:51 -0400] "GET / HTTP/1.0" 200 24896 "-" "Pingdom.com_bot_version_1.4_(http://www.pingdom.com/)"
64.34.195.158 - - [31/Mar/2009:13:18:14 -0400] "GET / HTTP/1.1" 200 24732 "-" "Mozilla/5.0 (X11; U; Linux i686; en-US; rv:1.2.1; aggregator:Spinn3r (Spinn3r 3.0); http://spinn3r.com/robot) Gecko/20021130"
207.97.207.200 - - [31/Mar/2009:13:18:54 -0400] "GET / HTTP/1.0" 200 24896 "-" "Pingdom.com_bot_version_1.4_(http://www.pingdom.com/)"
137.207.232.53 - - [31/Mar/2009:13:19:02 -0400] "GET /rss HTTP/1.1" 200 100138 "-" "Mozilla/5.0 (Windows; U; Windows NT 5.1; en-US; rv:1.9.0.7) Gecko/2009021910 Firefox/3.0.7"
205.205.91.66 - - [31/Mar/2009:13:19:05 -0400] "GET /rss HTTP/1.1" 200 100138 "-" "Mozilla/4.0 (compatible; MSIE 7.0; Windows NT 5.1; GTB5; .NET CLR 1.1.4322; .NET CLR 2.0.50727; InfoPath.2; Alexa Toolbar; MS-RTC LM 8; MSOffice 12)"
67.192.120.134 - - [31/Mar/2009:13:19:50 -0400] "GET / HTTP/1.0" 200 24896 "-" "Pingdom.com_bot_version_1.4_(http://www.pingdom.com/)"
65.55.105.132 - - [31/Mar/2009:13:19:56 -0400] "GET /robots.txt HTTP/1.1" 200 161 "-" "msnbot/1.1 (+http://search.msn.com/msnbot.htm)"
67.195.37.93 - - [31/Mar/2009:13:20:15 -0400] "GET /topics/show/107/17233 HTTP/1.0" 200 209523 "-" "Mozilla/5.0 (compatible; Yahoo! Slurp; http://help.yahoo.com/help/us/ysearch/slurp)"
65.55.105.124 - - [31/Mar/2009:13:20:53 -0400] "GET /robots.txt HTTP/1.1" 200 161 "-" "msnbot/1.1 (+http://search.msn.com/msnbot.htm)"
78.136.27.223 - - [31/Mar/2009:13:20:51 -0400] "GET / HTTP/1.0" 200 24896 "-" "Pingdom.com_bot_version_1.4_(http://www.pingdom.com/)"
65.55.105.124 - - [31/Mar/2009:13:20:53 -0400] "GET /topics/show/66 HTTP/1.1" 200 91670 "-" "msnbot/1.1 (+http://search.msn.com/msnbot.htm)"
65.55.105.124 - - [31/Mar/2009:13:20:54 -0400] "GET /topics/show/29 HTTP/1.1" 200 53115 "-" "msnbot/1.1 (+http://search.msn.com/msnbot.htm)"
65.54.152.184 - - [31/Mar/2009:13:21:36 -0400] "GET /rss HTTP/1.1" 200 100138 "-" "Mozilla/4.0 (compatible; MSIE 7.0; Windows NT 5.2)"
65.55.109.141 - - [31/Mar/2009:13:21:42 -0400] "GET /topics/show/66 HTTP/1.0" 200 91670 "http://search.live.com/results.aspx?q=nanos" "Mozilla/4.0 (compatible; MSIE 6.0; Windows NT 5.2; SV1; .NET CLR 1.1.4322)"
65.55.109.141 - - [31/Mar/2009:13:21:45 -0400] "GET /javascripts/base_1221113035.js HTTP/1.0" 200 96039 "http://www.nikonthenumbers.com/topics/show/66" "Mozilla/4.0 (compatible; MSIE 6.0; Windows NT 5.2; SV1; .NET CLR 1.1.4322)"
65.55.109.141 - - [31/Mar/2009:13:21:47 -0400] "GET /stylesheets/base_1221113035.css HTTP/1.0" 200 14188 "http://www.nikonthenumbers.com/topics/show/66" "Mozilla/4.0 (compatible; MSIE 6.0; Windows NT 5.2; SV1; .NET CLR 1.1.4322)"
67.205.112.79 - - [31/Mar/2009:13:21:51 -0400] "GET / HTTP/1.0" 200 24896 "-" "Pingdom.com_bot_version_1.4_(http://www.pingdom.com/)"
65.55.109.141 - - [31/Mar/2009:13:21:54 -0400] "GET /avatars/0000/0021/Richard_thumb.jpg?1207177580 HTTP/1.0" 200 7816 "http://www.nikonthenumbers.com/topics/show/66" "Mozilla/4.0 (compatible; MSIE 6.0; Windows NT 5.2; SV1; .NET CLR 1.1.4322)"
174.133.253.162 - - [31/Mar/2009:13:22:51 -0400] "GET / HTTP/1.0" 200 24896 "-" "Pingdom.com_bot_version_1.4_(http://www.pingdom.com/)"
66.249.73.230 - - [31/Mar/2009:13:23:04 -0400] "GET /topics/show/35/1663 HTTP/1.1" 200 56540 "-" "Mozilla/5.0 (compatible; Googlebot/2.1; +http://www.google.com/bot.html)"
67.195.37.93 - - [31/Mar/2009:13:24:39 -0400] "GET /topics/show/115 HTTP/1.0" 200 631638 "-" "Mozilla/5.0 (compatible; Yahoo! Slurp; http://help.yahoo.com/help/us/ysearch/slurp)"
195.245.118.209 - - [31/Mar/2009:13:24:49 -0400] "GET /topics/show/91 HTTP/1.0" 200 49541 "http://www.nikonthenumbers.com/topics/show/91" "Mozilla/4.0 (compatible; MSIE 7.0b; Windows NT 6.0)"
89.151.110.152 - - [31/Mar/2009:13:24:52 -0400] "GET / HTTP/1.0" 200 24896 "-" "Pingdom.com_bot_version_1.4_(http://www.pingdom.com/)"
70.30.26.11 - - [31/Mar/2009:13:25:29 -0400] "GET /rss HTTP/1.1" 200 100138 "-" "Windows-RSS-Platform/1.0 (MSIE 7.0; Windows NT 5.1)"
69.11.6.87 - - [31/Mar/2009:13:25:47 -0400] "GET /rss HTTP/1.1" 200 100138 "-" "Windows-RSS-Platform/1.0 (MSIE 7.0; Windows NT 6.0)"
209.62.54.130 - - [31/Mar/2009:13:25:52 -0400] "GET / HTTP/1.0" 200 24896 "-" "Pingdom.com_bot_version_1.4_(http://www.pingdom.com/)"
137.122.119.57 - - [31/Mar/2009:13:26:02 -0400] "GET /rss HTTP/1.1" 200 100138 "-" "Vienna/2.3.0.2301"
67.195.37.93 - - [31/Mar/2009:13:26:09 -0400] "GET /topics/show/90/12291 HTTP/1.0" 200 134153 "-" "Mozilla/5.0 (compatible; Yahoo! Slurp; http://help.yahoo.com/help/us/ysearch/slurp)"
72.30.65.34 - - [31/Mar/2009:13:26:14 -0400] "GET /profile/694331 HTTP/1.0" 200 24093 "-" "Mozilla/5.0 (compatible; Yahoo! Slurp/3.0; http://help.yahoo.com/help/us/ysearch/slurp)"
83.140.19.38 - - [31/Mar/2009:13:26:25 -0400] "GET / HTTP/1.0" 200 24896 "-" "Pingdom.com_bot_version_1.4_(http://www.pingdom.com/)"
72.30.65.34 - - [31/Mar/2009:13:26:34 -0400] "GET /topics/show/107/17106 HTTP/1.0" 200 221277 "-" "Mozilla/5.0 (compatible; Yahoo! Slurp/3.0; http://help.yahoo.com/help/us/ysearch/slurp)"
72.51.41.47 - - [31/Mar/2009:13:26:52 -0400] "GET / HTTP/1.0" 200 24896 "-" "Pingdom.com_bot_version_1.4_(http://www.pingdom.com/)"
65.55.105.115 - - [31/Mar/2009:13:27:02 -0400] "GET /topics/show/68 HTTP/1.1" 200 82930 "-" "msnbot/1.1 (+http://search.msn.com/msnbot.htm)"
208.124.156.82 - - [31/Mar/2009:13:27:09 -0400] "GET /rss HTTP/1.1" 200 100138 "-" "Mozilla/4.0 (compatible; MSIE 7.0; Windows NT 6.0; SLCC1; .NET CLR 2.0.50727; .NET CLR 3.5.30729; .NET CLR 3.0.30618; MSOffice 12)"
65.55.105.120 - - [31/Mar/2009:13:27:11 -0400] "GET /topics/show/83 HTTP/1.1" 200 42245 "-" "msnbot/1.1 (+http://search.msn.com/msnbot.htm)"
67.195.37.93 - - [31/Mar/2009:13:27:10 -0400] "GET /topics/show/121/27793 HTTP/1.0" 200 607638 "-" "Mozilla/5.0 (compatible; Yahoo! Slurp; http://help.yahoo.com/help/us/ysearch/slurp)"
67.195.37.93 - - [31/Mar/2009:13:27:42 -0400] "GET /topics/show/98/14231 HTTP/1.0" 200 269041 "-" "Mozilla/5.0 (compatible; Yahoo! Slurp; http://help.yahoo.com/help/us/ysearch/slurp)"
212.247.189.113 - - [31/Mar/2009:13:27:52 -0400] "GET / HTTP/1.0" 200 24896 "-" "Pingdom.com_bot_version_1.4_(http://www.pingdom.com/)"
216.121.201.174 - - [31/Mar/2009:13:27:54 -0400] "GET /rss HTTP/1.1" 200 100138 "-" "Windows-RSS-Platform/1.0 (MSIE 7.0; Windows NT 5.1)"
67.195.37.93 - - [31/Mar/2009:13:27:52 -0400] "GET /topics/show/115/22490 HTTP/1.0" 200 639638 "-" "Mozilla/5.0 (compatible; Yahoo! Slurp; http://help.yahoo.com/help/us/ysearch/slurp)"
208.124.156.82 - - [31/Mar/2009:13:28:22 -0400] "GET /rss HTTP/1.1" 200 100138 "-" "Mozilla/4.0 (compatible; MSIE 7.0; Windows NT 6.0; SLCC1; .NET CLR 2.0.50727; .NET CLR 3.5.30729; .NET CLR 3.0.30618; MSOffice 12)"
75.154.76.172 - - [31/Mar/2009:13:28:39 -0400] "GET /rss HTTP/1.1" 200 100138 "-" "Windows-RSS-Platform/1.0 (MSIE 7.0; Windows NT 6.0)"
208.124.156.82 - - [31/Mar/2009:13:28:42 -0400] "GET /rss HTTP/1.1" 200 100138 "-" "Mozilla/4.0 (compatible; MSIE 7.0; Windows NT 6.0; SLCC1; .NET CLR 2.0.50727; .NET CLR 3.5.30729; .NET CLR 3.0.30618; MSOffice 12)"
207.97.207.200 - - [31/Mar/2009:13:28:51 -0400] "GET / HTTP/1.0" 200 24896 "-" "Pingdom.com_bot_version_1.4_(http://www.pingdom.com/)"
205.205.91.66 - - [31/Mar/2009:13:29:23 -0400] "GET /rss HTTP/1.1" 200 100138 "-" "Mozilla/4.0 (compatible; MSIE 7.0; Windows NT 5.1; GTB5; .NET CLR 1.1.4322; .NET CLR 2.0.50727; InfoPath.2; Alexa Toolbar; MS-RTC LM 8; MSOffice 12)"
208.124.156.82 - - [31/Mar/2009:13:29:32 -0400] "GET /rss HTTP/1.1" 200 100138 "-" "Mozilla/4.0 (compatible; MSIE 7.0; Windows NT 6.0; SLCC1; .NET CLR 2.0.50727; .NET CLR 3.5.30729; .NET CLR 3.0.30618; MSOffice 12)"
67.192.120.134 - - [31/Mar/2009:13:29:50 -0400] "GET / HTTP/1.0" 200 24896 "-" "Pingdom.com_bot_version_1.4_(http://www.pingdom.com/)"
142.213.127.2 - - [31/Mar/2009:13:30:14 -0400] "GET /rss HTTP/1.0" 200 100138 "-" "RssBandit/1.5.0.10 (.NET CLR 2.0.50727.42; WinNT 5.1.2600 Service Pack 2; http://www.rssbandit.org)"
78.136.27.223 - - [31/Mar/2009:13:30:52 -0400] "GET / HTTP/1.0" 200 24896 "-" "Pingdom.com_bot_version_1.4_(http://www.pingdom.com/)"
72.30.78.224 - - [31/Mar/2009:13:31:09 -0400] "GET /robots.txt HTTP/1.0" 200 161 "-" "Mozilla/5.0 (compatible; Yahoo! Slurp; http://help.yahoo.com/help/us/ysearch/slurp)"
67.205.112.79 - - [31/Mar/2009:13:31:51 -0400] "GET / HTTP/1.0" 200 24896 "-" "Pingdom.com_bot_version_1.4_(http://www.pingdom.com/)"
96.49.199.11 - - [31/Mar/2009:13:31:52 -0400] "GET /rss HTTP/1.1" 200 99686 "-" "Mozilla/5.0 (Windows; U; Windows NT 5.1; en-US; rv:1.9.0.8) Gecko/2009032609 Firefox/3.0.8"
24.150.204.117 - - [31/Mar/2009:13:32:29 -0400] "GET /rss HTTP/1.1" 200 100138 "-" "Mozilla/5.0 (Windows; U; Windows NT 6.0; en-GB; rv:1.9.0.8) Gecko/2009032609 Firefox/3.0.8 (.NET CLR 3.5.30729)"
208.36.144.9 - - [31/Mar/2009:13:32:49 -0400] "GET /profile/682693 HTTP/1.0" 200 14746 "-" "Mozilla/5.0 (Twiceler-0.9 http://www.cuil.com/twiceler/robot.html)"
174.133.253.162 - - [31/Mar/2009:13:32:51 -0400] "GET / HTTP/1.0" 200 24896 "-" "Pingdom.com_bot_version_1.4_(http://www.pingdom.com/)"
91.205.124.13 - - [31/Mar/2009:13:33:07 -0400] "GET /robots.txt HTTP/1.1" 200 161 "-" "Yanga WorldSearch Bot v1.1/beta (http://www.yanga.co.uk/)"
91.205.124.13 - - [31/Mar/2009:13:33:07 -0400] "GET / HTTP/1.1" 200 24896 "-" "Yanga WorldSearch Bot v1.1/beta (http://www.yanga.co.uk/)"
72.30.78.224 - - [31/Mar/2009:13:33:26 -0400] "GET /profile/704733 HTTP/1.0" 200 16756 "-" "Mozilla/5.0 (compatible; Yahoo! Slurp/3.0; http://help.yahoo.com/help/us/ysearch/slurp)"
72.30.78.224 - - [31/Mar/2009:13:33:28 -0400] "GET /stylesheets/base_1221113035.css HTTP/1.0" 200 14188 "http://www.nikonthenumbers.com/profile/704733" "Mozilla/5.0 (compatible; Yahoo! Slurp/3.0; http://help.yahoo.com/help/us/ysearch/slurp)"
89.151.110.152 - - [31/Mar/2009:13:34:52 -0400] "GET / HTTP/1.0" 200 24896 "-" "Pingdom.com_bot_version_1.4_(http://www.pingdom.com/)"
192.197.82.203 - - [31/Mar/2009:13:35:35 -0400] "GET /rss HTTP/1.1" 200 100138 "-" "Windows-RSS-Platform/1.0 (MSIE 7.0; Windows NT 5.1)"
216.97.239.30 - - [31/Mar/2009:13:35:46 -0400] "GET /rss HTTP/1.0" 200 100138 "-" "FeedForAll rss2html.php v2"
209.62.54.130 - - [31/Mar/2009:13:35:52 -0400] "GET / HTTP/1.0" 200 24896 "-" "Pingdom.com_bot_version_1.4_(http://www.pingdom.com/)"
83.140.19.38 - - [31/Mar/2009:13:36:22 -0400] "GET / HTTP/1.0" 200 24896 "-" "Pingdom.com_bot_version_1.4_(http://www.pingdom.com/)"
65.55.105.134 - - [31/Mar/2009:13:36:42 -0400] "GET /robots.txt HTTP/1.1" 200 161 "-" "msnbot/1.1 (+http://search.msn.com/msnbot.htm)"
72.30.65.34 - - [31/Mar/2009:13:36:47 -0400] "GET /topics/show/91/12364 HTTP/1.0" 200 56340 "-" "Mozilla/5.0 (compatible; Yahoo! Slurp/3.0; http://help.yahoo.com/help/us/ysearch/slurp)"
65.55.105.134 - - [31/Mar/2009:13:36:42 -0400] "GET /profile/510281 HTTP/1.1" 200 929412 "-" "msnbot/1.1 (+http://search.msn.com/msnbot.htm)"
72.51.41.47 - - [31/Mar/2009:13:36:52 -0400] "GET / HTTP/1.0" 200 24896 "-" "Pingdom.com_bot_version_1.4_(http://www.pingdom.com/)"
212.247.189.113 - - [31/Mar/2009:13:37:52 -0400] "GET / HTTP/1.0" 200 24896 "-" "Pingdom.com_bot_version_1.4_(http://www.pingdom.com/)"
78.41.158.58 - - [31/Mar/2009:13:38:00 -0400] "GET /robots.txt HTTP/1.0" 200 161 "-" "HouxouCrawler/Nutch-0.9 (houxou.com's nutch-based crawler which serves special interest on-line communities; http://www.houxou.com/crawler; crawler at houxou dot com)"
78.41.158.58 - - [31/Mar/2009:13:38:01 -0400] "GET /topics/show/101/14998 HTTP/1.0" 200 143435 "-" "HouxouCrawler/Nutch-0.9 (houxou.com's nutch-based crawler which serves special interest on-line communities; http://www.houxou.com/crawler; crawler at houxou dot com)"
24.224.138.136 - - [31/Mar/2009:13:38:25 -0400] "GET /rss HTTP/1.1" 200 100138 "-" "Mozilla/5.0 (compatible; Google Desktop)"
78.41.158.58 - - [31/Mar/2009:13:38:41 -0400] "GET /topics/show/22/733 HTTP/1.0" 200 137265 "-" "HouxouCrawler/Nutch-0.9 (houxou.com's nutch-based crawler which serves special interest on-line communities; http://www.houxou.com/crawler; crawler at houxou dot com)"
207.97.207.200 - - [31/Mar/2009:13:38:58 -0400] "GET / HTTP/1.0" 200 24896 "-" "Pingdom.com_bot_version_1.4_(http://www.pingdom.com/)"
209.85.238.23 - - [31/Mar/2009:13:39:01 -0400] "GET /rss HTTP/1.1" 200 100138 "-" "Feedfetcher-Google; (+http://www.google.com/feedfetcher.html; 85 subscribers; feed-id=3544419756895700983)"
204.209.81.14 - - [31/Mar/2009:13:39:24 -0400] "GET /rss HTTP/1.0" 200 100138 "-" "Mozilla/5.0 (Windows; U; Windows NT 5.0; en-GB; rv:1.9.0.6) Gecko/2009011913 Firefox/3.0.6"
205.205.91.66 - - [31/Mar/2009:13:39:38 -0400] "GET /rss HTTP/1.1" 200 100138 "-" "Mozilla/4.0 (compatible; MSIE 7.0; Windows NT 5.1; GTB5; .NET CLR 1.1.4322; .NET CLR 2.0.50727; InfoPath.2; Alexa Toolbar; MS-RTC LM 8; MSOffice 12)"
67.192.120.134 - - [31/Mar/2009:13:39:50 -0400] "GET / HTTP/1.0" 200 24896 "-" "Pingdom.com_bot_version_1.4_(http://www.pingdom.com/)"
78.41.158.58 - - [31/Mar/2009:13:39:55 -0400] "GET /topics/show/56/3163 HTTP/1.0" 200 152429 "-" "HouxouCrawler/Nutch-0.9 (houxou.com's nutch-based crawler which serves special interest on-line communities; http://www.houxou.com/crawler; crawler at houxou dot com)"
70.30.26.11 - - [31/Mar/2009:13:39:59 -0400] "GET /rss HTTP/1.1" 200 100138 "-" "Windows-RSS-Platform/1.0 (MSIE 7.0; Windows NT 5.1)"
78.41.158.58 - - [31/Mar/2009:13:40:01 -0400] "GET /topics/show/112/18408 HTTP/1.0" 200 151639 "-" "HouxouCrawler/Nutch-0.9 (houxou.com's nutch-based crawler which serves special interest on-line communities; http://www.houxou.com/crawler; crawler at houxou dot com)"
78.41.158.58 - - [31/Mar/2009:13:40:39 -0400] "GET /topics/show/68/6227 HTTP/1.0" 200 156797 "-" "HouxouCrawler/Nutch-0.9 (houxou.com's nutch-based crawler which serves special interest on-line communities; http://www.houxou.com/crawler; crawler at houxou dot com)"
78.136.27.223 - - [31/Mar/2009:13:40:51 -0400] "GET / HTTP/1.0" 200 24896 "-" "Pingdom.com_bot_version_1.4_(http://www.pingdom.com/)"
65.55.110.51 - - [31/Mar/2009:13:41:08 -0400] "GET /profile/510281 HTTP/1.0" 200 929412 "http://search.live.com/results.aspx?q=nanos" "Mozilla/4.0 (compatible; MSIE 6.0; Windows NT 5.2; SV1; .NET CLR 1.1.4322)"
65.55.110.51 - - [31/Mar/2009:13:41:18 -0400] "GET /javascripts/base_1221113035.js HTTP/1.0" 200 96039 "http://nikonthenumbers.com/profile/510281" "Mozilla/4.0 (compatible; MSIE 6.0; Windows NT 5.2; SV1; .NET CLR 1.1.4322)"
65.55.110.51 - - [31/Mar/2009:13:41:19 -0400] "GET /stylesheets/base_1221113035.css HTTP/1.0" 200 14188 "http://nikonthenumbers.com/profile/510281" "Mozilla/4.0 (compatible; MSIE 6.0; Windows NT 5.2; SV1; .NET CLR 1.1.4322)"
65.55.110.51 - - [31/Mar/2009:13:41:29 -0400] "GET /fixit.js HTTP/1.0" 200 153 "http://nikonthenumbers.com/profile/510281" "Mozilla/4.0 (compatible; MSIE 6.0; Windows NT 5.2; SV1; .NET CLR 1.1.4322)"
65.55.110.51 - - [31/Mar/2009:13:41:29 -0400] "GET /images/polling_results.jpg?1221113035 HTTP/1.0" 200 5021 "http://nikonthenumbers.com/profile/510281" "Mozilla/4.0 (compatible; MSIE 6.0; Windows NT 5.2; SV1; .NET CLR 1.1.4322)"
67.205.112.79 - - [31/Mar/2009:13:41:51 -0400] "GET / HTTP/1.0" 200 24896 "-" "Pingdom.com_bot_version_1.4_(http://www.pingdom.com/)"
70.53.119.122 - - [31/Mar/2009:13:42:21 -0400] "GET /stylesheets/base_1221113035.css HTTP/1.1" 304 - "http://www.nikonthenumbers.com/" "Mozilla/4.0 (compatible; MSIE 7.0; Windows NT 5.1; GTB5; .NET CLR 1.0.3705; .NET CLR 2.0.50727; .NET CLR 1.1.4322; .NET CLR 3.0.04506.30; .NET CLR 3.0.04506.648)"
70.53.119.122 - - [31/Mar/2009:13:42:19 -0400] "GET / HTTP/1.1" 200 24896 "http://www.google.ca/search?sourceid=navclient&aq=h18&oq=&ie=UTF-8&rlz=1T4GGLJ_en&q=nik+on+the+numbers" "Mozilla/4.0 (compatible; MSIE 7.0; Windows NT 5.1; GTB5; .NET CLR 1.0.3705; .NET CLR 2.0.50727; .NET CLR 1.1.4322; .NET CLR 3.0.04506.30; .NET CLR 3.0.04506.648)"
70.53.119.122 - - [31/Mar/2009:13:42:21 -0400] "GET /javascripts/base_1221113035.js HTTP/1.1" 304 - "http://www.nikonthenumbers.com/" "Mozilla/4.0 (compatible; MSIE 7.0; Windows NT 5.1; GTB5; .NET CLR 1.0.3705; .NET CLR 2.0.50727; .NET CLR 1.1.4322; .NET CLR 3.0.04506.30; .NET CLR 3.0.04506.648)"
70.53.119.122 - - [31/Mar/2009:13:42:21 -0400] "GET /images/TOP_01.jpg HTTP/1.1" 304 - "http://www.nikonthenumbers.com/" "Mozilla/4.0 (compatible; MSIE 7.0; Windows NT 5.1; GTB5; .NET CLR 1.0.3705; .NET CLR 2.0.50727; .NET CLR 1.1.4322; .NET CLR 3.0.04506.30; .NET CLR 3.0.04506.648)"
70.53.119.122 - - [31/Mar/2009:13:42:21 -0400] "GET /images/Ses-Townhall-AD-FED-20080911.swf HTTP/1.1" 304 - "http://www.nikonthenumbers.com/" "Mozilla/4.0 (compatible; MSIE 7.0; Windows NT 5.1; GTB5; .NET CLR 1.0.3705; .NET CLR 2.0.50727; .NET CLR 1.1.4322; .NET CLR 3.0.04506.30; .NET CLR 3.0.04506.648)"
70.53.119.122 - - [31/Mar/2009:13:42:21 -0400] "GET /images/page-bg.gif HTTP/1.1" 304 - "http://www.nikonthenumbers.com/" "Mozilla/4.0 (compatible; MSIE 7.0; Windows NT 5.1; GTB5; .NET CLR 1.0.3705; .NET CLR 2.0.50727; .NET CLR 1.1.4322; .NET CLR 3.0.04506.30; .NET CLR 3.0.04506.648)"
70.53.119.122 - - [31/Mar/2009:13:42:21 -0400] "GET /images/TOP_02.jpg HTTP/1.1" 304 - "http://www.nikonthenumbers.com/" "Mozilla/4.0 (compatible; MSIE 7.0; Windows NT 5.1; GTB5; .NET CLR 1.0.3705; .NET CLR 2.0.50727; .NET CLR 1.1.4322; .NET CLR 3.0.04506.30; .NET CLR 3.0.04506.648)"
70.53.119.122 - - [31/Mar/2009:13:42:21 -0400] "GET /images/TOP_03.jpg HTTP/1.1" 304 - "http://www.nikonthenumbers.com/" "Mozilla/4.0 (compatible; MSIE 7.0; Windows NT 5.1; GTB5; .NET CLR 1.0.3705; .NET CLR 2.0.50727; .NET CLR 1.1.4322; .NET CLR 3.0.04506.30; .NET CLR 3.0.04506.648)"
70.53.119.122 - - [31/Mar/2009:13:42:22 -0400] "GET /images/feed-icon-14x14.png HTTP/1.1" 304 - "http://www.nikonthenumbers.com/" "Mozilla/4.0 (compatible; MSIE 7.0; Windows NT 5.1; GTB5; .NET CLR 1.0.3705; .NET CLR 2.0.50727; .NET CLR 1.1.4322; .NET CLR 3.0.04506.30; .NET CLR 3.0.04506.648)"
70.53.119.122 - - [31/Mar/2009:13:42:22 -0400] "GET /images/RULE-FADE.jpg HTTP/1.1" 304 - "http://www.nikonthenumbers.com/" "Mozilla/4.0 (compatible; MSIE 7.0; Windows NT 5.1; GTB5; .NET CLR 1.0.3705; .NET CLR 2.0.50727; .NET CLR 1.1.4322; .NET CLR 3.0.04506.30; .NET CLR 3.0.04506.648)"
70.53.119.122 - - [31/Mar/2009:13:42:22 -0400] "GET /fixit.js HTTP/1.1" 304 - "http://www.nikonthenumbers.com/" "Mozilla/4.0 (compatible; MSIE 7.0; Windows NT 5.1; GTB5; .NET CLR 1.0.3705; .NET CLR 2.0.50727; .NET CLR 1.1.4322; .NET CLR 3.0.04506.30; .NET CLR 3.0.04506.648)"
70.53.119.122 - - [31/Mar/2009:13:42:22 -0400] "GET /images/TOP_06.jpg HTTP/1.1" 304 - "http://www.nikonthenumbers.com/" "Mozilla/4.0 (compatible; MSIE 7.0; Windows NT 5.1; GTB5; .NET CLR 1.0.3705; .NET CLR 2.0.50727; .NET CLR 1.1.4322; .NET CLR 3.0.04506.30; .NET CLR 3.0.04506.648)"
70.53.119.122 - - [31/Mar/2009:13:42:22 -0400] "GET /images/bottom-with-shaddow.gif HTTP/1.1" 304 - "http://www.nikonthenumbers.com/" "Mozilla/4.0 (compatible; MSIE 7.0; Windows NT 5.1; GTB5; .NET CLR 1.0.3705; .NET CLR 2.0.50727; .NET CLR 1.1.4322; .NET CLR 3.0.04506.30; .NET CLR 3.0.04506.648)"
70.53.119.122 - - [31/Mar/2009:13:42:22 -0400] "GET /images/BOX-BACK.jpg HTTP/1.1" 304 - "http://www.nikonthenumbers.com/" "Mozilla/4.0 (compatible; MSIE 7.0; Windows NT 5.1; GTB5; .NET CLR 1.0.3705; .NET CLR 2.0.50727; .NET CLR 1.1.4322; .NET CLR 3.0.04506.30; .NET CLR 3.0.04506.648)"
