76.10.128.44 - - [31/Mar/2009:15:26:28 -0400] "GET /images/feed-icon-14x14.png HTTP/1.1" 200 689 "http://www.nikonthenumbers.com/" "Mozilla/5.0 (Windows; U; Windows NT 6.0; en-US) AppleWebKit/530.1 (KHTML, like Gecko) Chrome/2.0.169.1 Safari/530.1"
76.10.128.44 - - [31/Mar/2009:15:26:28 -0400] "GET /images/TOP_02.jpg HTTP/1.1" 200 14856 "http://www.nikonthenumbers.com/" "Mozilla/5.0 (Windows; U; Windows NT 6.0; en-US) AppleWebKit/530.1 (KHTML, like Gecko) Chrome/2.0.169.1 Safari/530.1"
76.10.128.44 - - [31/Mar/2009:15:26:28 -0400] "GET /images/bottom-with-shaddow.gif HTTP/1.1" 200 9790 "http://www.nikonthenumbers.com/" "Mozilla/5.0 (Windows; U; Windows NT 6.0; en-US) AppleWebKit/530.1 (KHTML, like Gecko) Chrome/2.0.169.1 Safari/530.1"
76.10.128.44 - - [31/Mar/2009:15:26:28 -0400] "GET /images/BOX-BACK.jpg HTTP/1.1" 200 1025 "http://www.nikonthenumbers.com/" "Mozilla/5.0 (Windows; U; Windows NT 6.0; en-US) AppleWebKit/530.1 (KHTML, like Gecko) Chrome/2.0.169.1 Safari/530.1"
76.10.128.44 - - [31/Mar/2009:15:26:28 -0400] "GET /images/comment_bw.png HTTP/1.1" 200 384 "http://www.nikonthenumbers.com/" "Mozilla/5.0 (Windows; U; Windows NT 6.0; en-US) AppleWebKit/530.1 (KHTML, like Gecko) Chrome/2.0.169.1 Safari/530.1"
76.10.128.44 - - [31/Mar/2009:15:26:28 -0400] "GET /images/RULE-FADE.jpg HTTP/1.1" 200 448 "http://www.nikonthenumbers.com/" "Mozilla/5.0 (Windows; U; Windows NT 6.0; en-US) AppleWebKit/530.1 (KHTML, like Gecko) Chrome/2.0.169.1 Safari/530.1"
76.10.128.44 - - [31/Mar/2009:15:26:28 -0400] "GET /images/Ses-Townhall-AD-FED-20080911.swf HTTP/1.1" 200 17188 "http://www.nikonthenumbers.com/" "Mozilla/5.0 (Windows; U; Windows NT 6.0; en-US) AppleWebKit/530.1 (KHTML, like Gecko) Chrome/2.0.169.1 Safari/530.1"
76.10.128.44 - - [31/Mar/2009:15:26:28 -0400] "GET /images/polling_results.jpg?1221113035 HTTP/1.1" 200 5021 "http://www.nikonthenumbers.com/" "Mozilla/5.0 (Windows; U; Windows NT 6.0; en-US) AppleWebKit/530.1 (KHTML, like Gecko) Chrome/2.0.169.1 Safari/530.1"
76.10.128.44 - - [31/Mar/2009:15:26:28 -0400] "GET /images/safe_subscribe_logo.gif HTTP/1.1" 200 457 "http://www.nikonthenumbers.com/" "Mozilla/5.0 (Windows; U; Windows NT 6.0; en-US) AppleWebKit/530.1 (KHTML, like Gecko) Chrome/2.0.169.1 Safari/530.1"
76.10.128.44 - - [31/Mar/2009:15:26:29 -0400] "GET /favicon.ico HTTP/1.1" 200 894 "-" "Mozilla/5.0 (Windows; U; Windows NT 6.0; en-US) AppleWebKit/530.1 (KHTML, like Gecko) Chrome/2.0.169.1 Safari/530.1"
83.140.19.38 - - [31/Mar/2009:15:26:51 -0400] "GET / HTTP/1.0" 200 24898 "-" "Pingdom.com_bot_version_1.4_(http://www.pingdom.com/)"
72.51.41.47 - - [31/Mar/2009:15:26:55 -0400] "GET / HTTP/1.0" 200 24898 "-" "Pingdom.com_bot_version_1.4_(http://www.pingdom.com/)"
212.247.189.113 - - [31/Mar/2009:15:27:52 -0400] "GET / HTTP/1.0" 200 24898 "-" "Pingdom.com_bot_version_1.4_(http://www.pingdom.com/)"
64.34.195.152 - - [31/Mar/2009:15:27:55 -0400] "GET / HTTP/1.1" 200 24734 "-" "Mozilla/5.0 (X11; U; Linux i686; en-US; rv:1.2.1; aggregator:Spinn3r (Spinn3r 3.0); http://spinn3r.com/robot) Gecko/20021130"
75.154.76.172 - - [31/Mar/2009:15:28:30 -0400] "GET /rss HTTP/1.1" 200 100138 "-" "Windows-RSS-Platform/1.0 (MSIE 7.0; Windows NT 6.0)"
207.97.207.200 - - [31/Mar/2009:15:28:51 -0400] "GET / HTTP/1.0" 200 24898 "-" "Pingdom.com_bot_version_1.4_(http://www.pingdom.com/)"
67.192.120.134 - - [31/Mar/2009:15:29:51 -0400] "GET / HTTP/1.0" 200 24898 "-" "Pingdom.com_bot_version_1.4_(http://www.pingdom.com/)"
78.136.27.223 - - [31/Mar/2009:15:30:51 -0400] "GET / HTTP/1.0" 200 24898 "-" "Pingdom.com_bot_version_1.4_(http://www.pingdom.com/)"
205.205.91.66 - - [31/Mar/2009:15:31:50 -0400] "GET /rss HTTP/1.1" 200 100138 "-" "Mozilla/4.0 (compatible; MSIE 7.0; Windows NT 5.1; GTB5; .NET CLR 1.1.4322; .NET CLR 2.0.50727; InfoPath.2; Alexa Toolbar; MS-RTC LM 8; MSOffice 12)"
67.205.112.79 - - [31/Mar/2009:15:31:51 -0400] "GET / HTTP/1.0" 200 24898 "-" "Pingdom.com_bot_version_1.4_(http://www.pingdom.com/)"
65.55.105.115 - - [31/Mar/2009:15:32:07 -0400] "GET /topics/show/103/15588 HTTP/1.1" 200 130111 "-" "msnbot/1.1 (+http://search.msn.com/msnbot.htm)"
174.133.253.162 - - [31/Mar/2009:15:32:51 -0400] "GET / HTTP/1.0" 200 24898 "-" "Pingdom.com_bot_version_1.4_(http://www.pingdom.com/)"
65.55.107.194 - - [31/Mar/2009:15:33:01 -0400] "GET /topics/show/103/15588 HTTP/1.0" 200 130111 "http://search.live.com/results.aspx?q=nanos" "Mozilla/4.0 (compatible; MSIE 6.0; Windows NT 5.2; SV1; .NET CLR 1.1.4322)"
65.55.107.194 - - [31/Mar/2009:15:33:02 -0400] "GET /stylesheets/base_1221113035.css HTTP/1.0" 200 14188 "http://www.nikonthenumbers.com/topics/show/103/15588" "Mozilla/4.0 (compatible; MSIE 6.0; Windows NT 5.2; SV1; .NET CLR 1.1.4322)"
65.55.107.194 - - [31/Mar/2009:15:33:02 -0400] "GET /javascripts/base_1221113035.js HTTP/1.0" 200 96039 "http://www.nikonthenumbers.com/topics/show/103/15588" "Mozilla/4.0 (compatible; MSIE 6.0; Windows NT 5.2; SV1; .NET CLR 1.1.4322)"
65.55.107.194 - - [31/Mar/2009:15:33:06 -0400] "GET /avatars/0000/0071/NDP_eng_4-col_thumb.jpg?1223689763 HTTP/1.0" 200 3436 "http://www.nikonthenumbers.com/topics/show/103/15588" "Mozilla/4.0 (compatible; MSIE 6.0; Windows NT 5.2; SV1; .NET CLR 1.1.4322)"
65.55.107.194 - - [31/Mar/2009:15:33:06 -0400] "GET /avatars/0000/0065/SaveTemp_0_thumb.jpg?1223108681 HTTP/1.0" 200 6062 "http://www.nikonthenumbers.com/topics/show/103/15588" "Mozilla/4.0 (compatible; MSIE 6.0; Windows NT 5.2; SV1; .NET CLR 1.1.4322)"
65.55.107.194 - - [31/Mar/2009:15:33:07 -0400] "GET /avatars/0000/0055/Rod_thumb.jpg?1222443029 HTTP/1.0" 200 6663 "http://www.nikonthenumbers.com/topics/show/103/15588" "Mozilla/4.0 (compatible; MSIE 6.0; Windows NT 5.2; SV1; .NET CLR 1.1.4322)"
65.55.107.194 - - [31/Mar/2009:15:33:07 -0400] "GET /fixit.js HTTP/1.0" 200 153 "http://www.nikonthenumbers.com/topics/show/103/15588" "Mozilla/4.0 (compatible; MSIE 6.0; Windows NT 5.2; SV1; .NET CLR 1.1.4322)"
65.55.107.194 - - [31/Mar/2009:15:33:08 -0400] "GET /images/polling_results.jpg?1221113035 HTTP/1.0" 200 5021 "http://www.nikonthenumbers.com/topics/show/103/15588" "Mozilla/4.0 (compatible; MSIE 6.0; Windows NT 5.2; SV1; .NET CLR 1.1.4322)"
208.124.156.82 - - [31/Mar/2009:15:33:22 -0400] "GET /rss HTTP/1.1" 200 100138 "-" "Mozilla/4.0 (compatible; MSIE 7.0; Windows NT 6.0; SLCC1; .NET CLR 2.0.50727; .NET CLR 3.5.30729; .NET CLR 3.0.30618; MSOffice 12)"
208.80.195.37 - - [31/Mar/2009:15:33:55 -0400] "GET / HTTP/1.0" 200 24898 "-" "Mozilla/4.0 (compatible; MSIE 7.0; Windows NT 5.1; Mozilla/4.0 (compatible; MSIE 6.0; Windows NT 5.1; SV1) ; MSN 9.0;MSN 9.1; MSNbVZ02; MSNmen-us; MSNcOTH)"
64.231.213.213 - - [31/Mar/2009:15:34:00 -0400] "GET / HTTP/1.1" 200 19886 "http://nikonthenumbers.com/" "Mozilla/5.0 (Windows; U; Windows NT 5.1; en-US; rv:1.9.0.8) Gecko/2009032609 Firefox/3.0.8"
89.151.110.152 - - [31/Mar/2009:15:34:52 -0400] "GET / HTTP/1.0" 200 24898 "-" "Pingdom.com_bot_version_1.4_(http://www.pingdom.com/)"
67.195.37.93 - - [31/Mar/2009:15:35:18 -0400] "GET /topics/show/121/27505 HTTP/1.0" 200 887638 "-" "Mozilla/5.0 (compatible; Yahoo! Slurp; http://help.yahoo.com/help/us/ysearch/slurp)"
209.62.54.130 - - [31/Mar/2009:15:35:52 -0400] "GET / HTTP/1.0" 200 24898 "-" "Pingdom.com_bot_version_1.4_(http://www.pingdom.com/)"
67.98.18.19 - - [31/Mar/2009:15:36:09 -0400] "GET /topics/show/124 HTTP/1.1" 200 150385 "http://www.nikonthenumbers.com/topics/show/124" "Mozilla/4.0+"
158.35.225.231 - - [31/Mar/2009:15:36:17 -0400] "GET /stylesheets/base_1221113035.css HTTP/1.1" 200 14188 "-" "Mozilla/4.0 (compatible; Lotus-Notes/6.0; Windows-NT)"
158.35.225.231 - - [31/Mar/2009:15:36:19 -0400] "GET /javascripts/base_1221113035.js HTTP/1.1" 200 96039 "-" "Mozilla/4.0 (compatible; Lotus-Notes/6.0; Windows-NT)"
89.248.160.195 - - [31/Mar/2009:15:36:34 -0400] "GET /topics/show/30 HTTP/1.0" 200 123303 "http://www.nikonthenumbers.com/topics/show/30" "Mozilla/4.0 (compatible; MSIE 6.0; Windows NT 5.1; KKman2.0)"
89.248.160.195 - - [31/Mar/2009:15:36:40 -0400] "GET /login HTTP/1.0" 200 13319 "http://www.nikonthenumbers.com/login" "Mozilla/4.0 (compatible; MSIE 6.0; Windows NT 5.1; KKman2.0)"
89.248.160.195 - - [31/Mar/2009:15:36:42 -0400] "POST /login HTTP/1.0" 200 13356 "http://www.nikonthenumbers.com/login" "Mozilla/4.0 (compatible; MSIE 6.0; Windows NT 5.1; KKman2.0)"
83.140.19.38 - - [31/Mar/2009:15:36:40 -0400] "GET / HTTP/1.0" 200 24898 "-" "Pingdom.com_bot_version_1.4_(http://www.pingdom.com/)"
89.248.160.195 - - [31/Mar/2009:15:36:34 -0400] "GET /profile/13525 HTTP/1.0" 200 681696 "http://www.nikonthenumbers.com/profile/13525" "Mozilla/4.0 (compatible; MSIE 6.0; Windows NT 5.0; T312461)"
89.248.160.195 - - [31/Mar/2009:15:36:43 -0400] "GET /topics/show/30 HTTP/1.0" 200 123340 "http://www.nikonthenumbers.com/topics/show/30" "Mozilla/4.0 (compatible; MSIE 6.0; Windows NT 5.1; KKman2.0)"
142.204.118.195 - - [31/Mar/2009:15:37:01 -0400] "GET /images/TOP_03.jpg HTTP/1.1" 200 15516 "http://conservativereporter.wordpress.com/2008/02/07/afghanistan-talk/?referer=sphere_related_content/" "Mozilla/5.0 (Macintosh; U; Intel Mac OS X; en-US; rv:1.8.1.3) Gecko/20070309 Firefox/2.0.0.3"
64.34.195.156 - - [31/Mar/2009:15:37:01 -0400] "GET /rss HTTP/1.1" 200 99686 "-" "Mozilla/5.0 (X11; U; Linux i686; en-US; rv:1.2.1; aggregator:Spinn3r (Spinn3r 3.0); http://spinn3r.com/robot) Gecko/20021130"
89.248.160.195 - - [31/Mar/2009:15:37:09 -0400] "GET /login HTTP/1.0" 200 13319 "http://www.nikonthenumbers.com/login" "Mozilla/4.0 (compatible; MSIE 6.0; Windows NT 5.0; T312461)"
89.248.160.195 - - [31/Mar/2009:15:37:10 -0400] "POST /login HTTP/1.0" 200 13356 "http://www.nikonthenumbers.com/login" "Mozilla/4.0 (compatible; MSIE 6.0; Windows NT 5.0; T312461)"
89.248.160.195 - - [31/Mar/2009:15:37:11 -0400] "GET /profile/13525 HTTP/1.0" 200 681733 "http://www.nikonthenumbers.com/profile/13525" "Mozilla/4.0 (compatible; MSIE 6.0; Windows NT 5.0; T312461)"
89.248.160.195 - - [31/Mar/2009:15:37:18 -0400] "POST /login HTTP/1.0" 200 13356 "http://www.nikonthenumbers.com/profile/13525" "Mozilla/4.0 (compatible; MSIE 6.0; Windows NT 5.0; T312461)"
212.247.189.113 - - [31/Mar/2009:15:37:52 -0400] "GET / HTTP/1.0" 200 24898 "-" "Pingdom.com_bot_version_1.4_(http://www.pingdom.com/)"
70.71.162.234 - - [31/Mar/2009:15:37:54 -0400] "GET /rss HTTP/1.1" 200 100138 "-" "Mozilla/5.0 (Windows; U; Windows NT 5.1; en-US; rv:1.9.0.8) Gecko/2009032609 Firefox/3.0.8"
142.52.81.11 - - [31/Mar/2009:15:38:29 -0400] "GET /rss HTTP/1.1" 200 100138 "-" "SharpReader/0.9.7.0 (.NET CLR 1.1.4322.573; WinNT 5.1.2600.0)"
207.97.207.200 - - [31/Mar/2009:15:38:51 -0400] "GET / HTTP/1.0" 200 24898 "-" "Pingdom.com_bot_version_1.4_(http://www.pingdom.com/)"
204.209.81.14 - - [31/Mar/2009:15:39:26 -0400] "GET /rss HTTP/1.0" 200 100138 "-" "Mozilla/5.0 (Windows; U; Windows NT 5.0; en-GB; rv:1.9.0.6) Gecko/2009011913 Firefox/3.0.6"
209.85.238.23 - - [31/Mar/2009:15:39:32 -0400] "GET /rss HTTP/1.1" 200 100138 "-" "Feedfetcher-Google; (+http://www.google.com/feedfetcher.html; 85 subscribers; feed-id=3544419756895700983)"
72.30.65.34 - - [31/Mar/2009:15:39:51 -0400] "GET /topics/show/40 HTTP/1.0" 200 120215 "-" "Mozilla/5.0 (compatible; Yahoo! Slurp/3.0; http://help.yahoo.com/help/us/ysearch/slurp)"
67.192.120.134 - - [31/Mar/2009:15:39:51 -0400] "GET / HTTP/1.0" 200 24898 "-" "Pingdom.com_bot_version_1.4_(http://www.pingdom.com/)"
67.195.37.93 - - [31/Mar/2009:15:39:51 -0400] "GET /topics/show/105/16133 HTTP/1.0" 200 200572 "-" "Mozilla/5.0 (compatible; Yahoo! Slurp; http://help.yahoo.com/help/us/ysearch/slurp)"
70.30.26.11 - - [31/Mar/2009:15:40:23 -0400] "GET /rss HTTP/1.1" 200 100138 "-" "Windows-RSS-Platform/1.0 (MSIE 7.0; Windows NT 5.1)"
78.136.27.223 - - [31/Mar/2009:15:40:51 -0400] "GET / HTTP/1.0" 200 24898 "-" "Pingdom.com_bot_version_1.4_(http://www.pingdom.com/)"
208.124.156.82 - - [31/Mar/2009:15:41:07 -0400] "GET /rss HTTP/1.1" 200 100138 "-" "Mozilla/4.0 (compatible; MSIE 7.0; Windows NT 6.0; SLCC1; .NET CLR 2.0.50727; .NET CLR 3.5.30729; .NET CLR 3.0.30618; MSOffice 12)"
67.205.112.79 - - [31/Mar/2009:15:41:51 -0400] "GET / HTTP/1.0" 200 24898 "-" "Pingdom.com_bot_version_1.4_(http://www.pingdom.com/)"
66.249.73.230 - - [31/Mar/2009:15:41:56 -0400] "GET /topics/show/124/28408 HTTP/1.1" 200 158128 "-" "Mozilla/5.0 (compatible; Googlebot/2.1; +http://www.google.com/bot.html)"
205.205.91.66 - - [31/Mar/2009:15:42:00 -0400] "GET /rss HTTP/1.1" 200 100138 "-" "Mozilla/4.0 (compatible; MSIE 7.0; Windows NT 5.1; GTB5; .NET CLR 1.1.4322; .NET CLR 2.0.50727; InfoPath.2; Alexa Toolbar; MS-RTC LM 8; MSOffice 12)"
69.196.168.100 - - [31/Mar/2009:15:42:39 -0400] "GET / HTTP/1.1" 200 24898 "-" "Mozilla/5.0 (Macintosh; U; PPC Mac OS X 10_4_11; en) AppleWebKit/525.27.1 (KHTML, like Gecko) Version/3.2.1 Safari/525.27.1"
69.196.168.100 - - [31/Mar/2009:15:42:42 -0400] "GET /stylesheets/base_1221113035.css HTTP/1.1" 200 14188 "http://www.nikonthenumbers.com/" "Mozilla/5.0 (Macintosh; U; PPC Mac OS X 10_4_11; en) AppleWebKit/525.27.1 (KHTML, like Gecko) Version/3.2.1 Safari/525.27.1"
69.196.168.100 - - [31/Mar/2009:15:42:42 -0400] "GET /favicon.ico HTTP/1.1" 200 894 "http://www.nikonthenumbers.com/" "Mozilla/5.0 (Macintosh; U; PPC Mac OS X 10_4_11; en) AppleWebKit/525.27.1 (KHTML, like Gecko) Version/3.2.1 Safari/525.27.1"
69.196.168.100 - - [31/Mar/2009:15:42:42 -0400] "GET /javascripts/base_1221113035.js HTTP/1.1" 200 96039 "http://www.nikonthenumbers.com/" "Mozilla/5.0 (Macintosh; U; PPC Mac OS X 10_4_11; en) AppleWebKit/525.27.1 (KHTML, like Gecko) Version/3.2.1 Safari/525.27.1"
69.196.168.100 - - [31/Mar/2009:15:42:44 -0400] "GET /images/page-bg.gif HTTP/1.1" 200 1487 "http://www.nikonthenumbers.com/" "Mozilla/5.0 (Macintosh; U; PPC Mac OS X 10_4_11; en) AppleWebKit/525.27.1 (KHTML, like Gecko) Version/3.2.1 Safari/525.27.1"
69.196.168.100 - - [31/Mar/2009:15:42:44 -0400] "GET /images/TOP_01.jpg HTTP/1.1" 200 12839 "http://www.nikonthenumbers.com/" "Mozilla/5.0 (Macintosh; U; PPC Mac OS X 10_4_11; en) AppleWebKit/525.27.1 (KHTML, like Gecko) Version/3.2.1 Safari/525.27.1"
69.196.168.100 - - [31/Mar/2009:15:42:44 -0400] "GET /images/TOP_02.jpg HTTP/1.1" 200 14856 "http://www.nikonthenumbers.com/" "Mozilla/5.0 (Macintosh; U; PPC Mac OS X 10_4_11; en) AppleWebKit/525.27.1 (KHTML, like Gecko) Version/3.2.1 Safari/525.27.1"
69.196.168.100 - - [31/Mar/2009:15:42:44 -0400] "GET /images/TOP_06.jpg HTTP/1.1" 200 2158 "http://www.nikonthenumbers.com/" "Mozilla/5.0 (Macintosh; U; PPC Mac OS X 10_4_11; en) AppleWebKit/525.27.1 (KHTML, like Gecko) Version/3.2.1 Safari/525.27.1"
69.196.168.100 - - [31/Mar/2009:15:42:44 -0400] "GET /images/BOX-BACK.jpg HTTP/1.1" 200 1025 "http://www.nikonthenumbers.com/" "Mozilla/5.0 (Macintosh; U; PPC Mac OS X 10_4_11; en) AppleWebKit/525.27.1 (KHTML, like Gecko) Version/3.2.1 Safari/525.27.1"
69.196.168.100 - - [31/Mar/2009:15:42:44 -0400] "GET /images/feed-icon-14x14.png HTTP/1.1" 200 689 "http://www.nikonthenumbers.com/" "Mozilla/5.0 (Macintosh; U; PPC Mac OS X 10_4_11; en) AppleWebKit/525.27.1 (KHTML, like Gecko) Version/3.2.1 Safari/525.27.1"
69.196.168.100 - - [31/Mar/2009:15:42:44 -0400] "GET /images/Ses-Townhall-AD-FED-20080911.swf HTTP/1.1" 200 17188 "http://www.nikonthenumbers.com/" "Mozilla/5.0 (Macintosh; U; PPC Mac OS X 10_4_11; en) AppleWebKit/525.27.1 (KHTML, like Gecko) Version/3.2.1 Safari/525.27.1"
69.196.168.100 - - [31/Mar/2009:15:42:44 -0400] "GET /images/TOP_03.jpg HTTP/1.1" 200 15516 "http://www.nikonthenumbers.com/" "Mozilla/5.0 (Macintosh; U; PPC Mac OS X 10_4_11; en) AppleWebKit/525.27.1 (KHTML, like Gecko) Version/3.2.1 Safari/525.27.1"
69.196.168.100 - - [31/Mar/2009:15:42:45 -0400] "GET /images/comment_bw.png HTTP/1.1" 200 384 "http://www.nikonthenumbers.com/" "Mozilla/5.0 (Macintosh; U; PPC Mac OS X 10_4_11; en) AppleWebKit/525.27.1 (KHTML, like Gecko) Version/3.2.1 Safari/525.27.1"
69.196.168.100 - - [31/Mar/2009:15:42:45 -0400] "GET /images/bottom-with-shaddow.gif HTTP/1.1" 200 9790 "http://www.nikonthenumbers.com/" "Mozilla/5.0 (Macintosh; U; PPC Mac OS X 10_4_11; en) AppleWebKit/525.27.1 (KHTML, like Gecko) Version/3.2.1 Safari/525.27.1"
69.196.168.100 - - [31/Mar/2009:15:42:46 -0400] "GET /fixit.js HTTP/1.1" 200 153 "http://www.nikonthenumbers.com/" "Mozilla/5.0 (Macintosh; U; PPC Mac OS X 10_4_11; en) AppleWebKit/525.27.1 (KHTML, like Gecko) Version/3.2.1 Safari/525.27.1"
69.196.168.100 - - [31/Mar/2009:15:42:46 -0400] "GET /images/polling_results.jpg?1221113035 HTTP/1.1" 200 5021 "http://www.nikonthenumbers.com/" "Mozilla/5.0 (Macintosh; U; PPC Mac OS X 10_4_11; en) AppleWebKit/525.27.1 (KHTML, like Gecko) Version/3.2.1 Safari/525.27.1"
69.196.168.100 - - [31/Mar/2009:15:42:48 -0400] "GET /images/red-band.gif HTTP/1.1" 200 4358 "http://www.nikonthenumbers.com/" "Mozilla/5.0 (Macintosh; U; PPC Mac OS X 10_4_11; en) AppleWebKit/525.27.1 (KHTML, like Gecko) Version/3.2.1 Safari/525.27.1"
69.196.168.100 - - [31/Mar/2009:15:42:48 -0400] "GET /images/safe_subscribe_logo.gif HTTP/1.1" 200 457 "http://www.nikonthenumbers.com/" "Mozilla/5.0 (Macintosh; U; PPC Mac OS X 10_4_11; en) AppleWebKit/525.27.1 (KHTML, like Gecko) Version/3.2.1 Safari/525.27.1"
69.196.168.100 - - [31/Mar/2009:15:42:48 -0400] "GET /images/RULE-FADE.jpg HTTP/1.1" 200 448 "http://www.nikonthenumbers.com/" "Mozilla/5.0 (Macintosh; U; PPC Mac OS X 10_4_11; en) AppleWebKit/525.27.1 (KHTML, like Gecko) Version/3.2.1 Safari/525.27.1"
69.196.168.100 - - [31/Mar/2009:15:42:49 -0400] "GET /images/Ses-Townhall-AD-FED-20080911.swf HTTP/1.1" 200 17188 "http://www.nikonthenumbers.com/" "Mozilla/5.0 (Macintosh; U; PPC Mac OS X 10_4_11; en) AppleWebKit/525.27.1 (KHTML, like Gecko) Version/3.2.1 Safari/525.27.1"
99.231.66.122 - - [31/Mar/2009:15:42:49 -0400] "GET /rss HTTP/1.1" 200 100138 "-" "Windows-RSS-Platform/2.0 (MSIE 8.0; Windows NT 6.0)"
174.133.253.162 - - [31/Mar/2009:15:42:51 -0400] "GET / HTTP/1.0" 200 24898 "-" "Pingdom.com_bot_version_1.4_(http://www.pingdom.com/)"
72.136.129.23 - - [31/Mar/2009:15:42:55 -0400] "GET /rss HTTP/1.1" 200 100138 "-" "Mozilla/5.0 (Windows; U; Windows NT 5.1; en-US; rv:1.9.0.7) Gecko/2009021910 Firefox/3.0.7 (.NET CLR 3.5.30729)"
72.30.65.34 - - [31/Mar/2009:15:43:26 -0400] "GET /profile/13785 HTTP/1.0" 200 14622 "-" "Mozilla/5.0 (compatible; Yahoo! Slurp/3.0; http://help.yahoo.com/help/us/ysearch/slurp)"
75.154.76.172 - - [31/Mar/2009:15:43:33 -0400] "GET /rss HTTP/1.1" 200 100138 "-" "Windows-RSS-Platform/1.0 (MSIE 7.0; Windows NT 6.0)"
64.78.155.100 - - [31/Mar/2009:15:44:06 -0400] "GET /rss HTTP/1.1" 200 100138 "-" "NewsGatorOnline/2.0 (http://www.newsgator.com; 12 subscribers)"
208.124.156.82 - - [31/Mar/2009:15:44:14 -0400] "GET /rss HTTP/1.1" 200 100138 "-" "Mozilla/4.0 (compatible; MSIE 7.0; Windows NT 6.0; SLCC1; .NET CLR 2.0.50727; .NET CLR 3.5.30729; .NET CLR 3.0.30618; MSOffice 12)"
67.195.37.93 - - [31/Mar/2009:15:44:27 -0400] "GET /topics/show/106/16667 HTTP/1.0" 200 159154 "-" "Mozilla/5.0 (compatible; Yahoo! Slurp; http://help.yahoo.com/help/us/ysearch/slurp)"
66.135.104.77 - - [31/Mar/2009:15:44:28 -0400] "GET /rss HTTP/1.1" 200 100138 "-" "Mozilla/4.0 (compatible; MSIE 7.0; Windows NT 5.1; GTB5; .NET CLR 1.1.4322; InfoPath.2; MSOffice 12)"
142.213.127.2 - - [31/Mar/2009:15:44:42 -0400] "GET /rss HTTP/1.0" 200 100138 "-" "RssBandit/1.5.0.10 (.NET CLR 2.0.50727.42; WinNT 5.1.2600 Service Pack 2; http://www.rssbandit.org)"
89.151.110.152 - - [31/Mar/2009:15:44:52 -0400] "GET / HTTP/1.0" 200 24898 "-" "Pingdom.com_bot_version_1.4_(http://www.pingdom.com/)"
209.62.54.130 - - [31/Mar/2009:15:45:52 -0400] "GET / HTTP/1.0" 200 24898 "-" "Pingdom.com_bot_version_1.4_(http://www.pingdom.com/)"
83.140.19.38 - - [31/Mar/2009:15:46:40 -0400] "GET / HTTP/1.0" 200 24898 "-" "Pingdom.com_bot_version_1.4_(http://www.pingdom.com/)"
142.162.17.88 - - [31/Mar/2009:15:46:42 -0400] "GET /rss HTTP/1.1" 200 100138 "-" "Mozilla/5.0 (Macintosh; U; Intel Mac OS X; en-US; rv:1.8.1.8) Gecko/20071008 Firefox/2.0.0.8"
72.51.41.47 - - [31/Mar/2009:15:47:15 -0400] "GET / HTTP/1.0" 200 24898 "-" "Pingdom.com_bot_version_1.4_(http://www.pingdom.com/)"
212.247.189.113 - - [31/Mar/2009:15:47:52 -0400] "GET / HTTP/1.0" 200 24898 "-" "Pingdom.com_bot_version_1.4_(http://www.pingdom.com/)"
72.30.65.34 - - [31/Mar/2009:15:48:31 -0400] "GET /topics/show/71/7585 HTTP/1.0" 200 177722 "-" "Mozilla/5.0 (compatible; Yahoo! Slurp/3.0; http://help.yahoo.com/help/us/ysearch/slurp)"
207.97.207.200 - - [31/Mar/2009:15:48:51 -0400] "GET / HTTP/1.0" 200 24898 "-" "Pingdom.com_bot_version_1.4_(http://www.pingdom.com/)"
66.249.73.230 - - [31/Mar/2009:15:49:38 -0400] "GET /topics/show/112/18463 HTTP/1.1" 200 369812 "-" "Mozilla/5.0 (compatible; Googlebot/2.1; +http://www.google.com/bot.html)"
67.192.120.134 - - [31/Mar/2009:15:49:51 -0400] "GET / HTTP/1.0" 200 24898 "-" "Pingdom.com_bot_version_1.4_(http://www.pingdom.com/)"
67.195.37.93 - - [31/Mar/2009:15:50:10 -0400] "GET /topics/show/71/7735 HTTP/1.0" 200 261142 "-" "Mozilla/5.0 (compatible; Yahoo! Slurp; http://help.yahoo.com/help/us/ysearch/slurp)"
67.195.37.93 - - [31/Mar/2009:15:50:41 -0400] "GET /topics/show/5/119 HTTP/1.0" 200 89830 "-" "Mozilla/5.0 (compatible; Yahoo! Slurp; http://help.yahoo.com/help/us/ysearch/slurp)"
78.136.27.223 - - [31/Mar/2009:15:50:51 -0400] "GET / HTTP/1.0" 200 24898 "-" "Pingdom.com_bot_version_1.4_(http://www.pingdom.com/)"
24.137.117.37 - - [31/Mar/2009:15:50:59 -0400] "GET /stylesheets/base_1221113035.css HTTP/1.1" 304 - "http://www.nikonthenumbers.com/" "Mozilla/4.0 (compatible; MSIE 7.0; Windows NT 5.1; GTB5; .NET CLR 1.1.4322; .NET CLR 2.0.50727; OfficeLiveConnector.1.3; OfficeLivePatch.0.0)"
24.137.117.37 - - [31/Mar/2009:15:50:56 -0400] "GET / HTTP/1.1" 200 24898 "-" "Mozilla/4.0 (compatible; MSIE 7.0; Windows NT 5.1; GTB5; .NET CLR 1.1.4322; .NET CLR 2.0.50727; OfficeLiveConnector.1.3; OfficeLivePatch.0.0)"
24.137.117.37 - - [31/Mar/2009:15:50:59 -0400] "GET /javascripts/base_1221113035.js HTTP/1.1" 304 - "http://www.nikonthenumbers.com/" "Mozilla/4.0 (compatible; MSIE 7.0; Windows NT 5.1; GTB5; .NET CLR 1.1.4322; .NET CLR 2.0.50727; OfficeLiveConnector.1.3; OfficeLivePatch.0.0)"
24.137.117.37 - - [31/Mar/2009:15:50:59 -0400] "GET /images/page-bg.gif HTTP/1.1" 304 - "http://www.nikonthenumbers.com/" "Mozilla/4.0 (compatible; MSIE 7.0; Windows NT 5.1; GTB5; .NET CLR 1.1.4322; .NET CLR 2.0.50727; OfficeLiveConnector.1.3; OfficeLivePatch.0.0)"
24.137.117.37 - - [31/Mar/2009:15:50:59 -0400] "GET /images/TOP_01.jpg HTTP/1.1" 304 - "http://www.nikonthenumbers.com/" "Mozilla/4.0 (compatible; MSIE 7.0; Windows NT 5.1; GTB5; .NET CLR 1.1.4322; .NET CLR 2.0.50727; OfficeLiveConnector.1.3; OfficeLivePatch.0.0)"
24.137.117.37 - - [31/Mar/2009:15:50:59 -0400] "GET /images/TOP_02.jpg HTTP/1.1" 304 - "http://www.nikonthenumbers.com/" "Mozilla/4.0 (compatible; MSIE 7.0; Windows NT 5.1; GTB5; .NET CLR 1.1.4322; .NET CLR 2.0.50727; OfficeLiveConnector.1.3; OfficeLivePatch.0.0)"
24.137.117.37 - - [31/Mar/2009:15:50:59 -0400] "GET /images/TOP_03.jpg HTTP/1.1" 304 - "http://www.nikonthenumbers.com/" "Mozilla/4.0 (compatible; MSIE 7.0; Windows NT 5.1; GTB5; .NET CLR 1.1.4322; .NET CLR 2.0.50727; OfficeLiveConnector.1.3; OfficeLivePatch.0.0)"
24.137.117.37 - - [31/Mar/2009:15:50:59 -0400] "GET /images/feed-icon-14x14.png HTTP/1.1" 304 - "http://www.nikonthenumbers.com/" "Mozilla/4.0 (compatible; MSIE 7.0; Windows NT 5.1; GTB5; .NET CLR 1.1.4322; .NET CLR 2.0.50727; OfficeLiveConnector.1.3; OfficeLivePatch.0.0)"
24.137.117.37 - - [31/Mar/2009:15:50:59 -0400] "GET /images/TOP_06.jpg HTTP/1.1" 304 - "http://www.nikonthenumbers.com/" "Mozilla/4.0 (compatible; MSIE 7.0; Windows NT 5.1; GTB5; .NET CLR 1.1.4322; .NET CLR 2.0.50727; OfficeLiveConnector.1.3; OfficeLivePatch.0.0)"
24.137.117.37 - - [31/Mar/2009:15:50:59 -0400] "GET /images/bottom-with-shaddow.gif HTTP/1.1" 304 - "http://www.nikonthenumbers.com/" "Mozilla/4.0 (compatible; MSIE 7.0; Windows NT 5.1; GTB5; .NET CLR 1.1.4322; .NET CLR 2.0.50727; OfficeLiveConnector.1.3; OfficeLivePatch.0.0)"
24.137.117.37 - - [31/Mar/2009:15:50:59 -0400] "GET /images/RULE-FADE.jpg HTTP/1.1" 304 - "http://www.nikonthenumbers.com/" "Mozilla/4.0 (compatible; MSIE 7.0; Windows NT 5.1; GTB5; .NET CLR 1.1.4322; .NET CLR 2.0.50727; OfficeLiveConnector.1.3; OfficeLivePatch.0.0)"
24.137.117.37 - - [31/Mar/2009:15:50:59 -0400] "GET /images/BOX-BACK.jpg HTTP/1.1" 304 - "http://www.nikonthenumbers.com/" "Mozilla/4.0 (compatible; MSIE 7.0; Windows NT 5.1; GTB5; .NET CLR 1.1.4322; .NET CLR 2.0.50727; OfficeLiveConnector.1.3; OfficeLivePatch.0.0)"
24.137.117.37 - - [31/Mar/2009:15:50:59 -0400] "GET /images/Ses-Townhall-AD-FED-20080911.swf HTTP/1.1" 304 - "http://www.nikonthenumbers.com/" "Mozilla/4.0 (compatible; MSIE 7.0; Windows NT 5.1; GTB5; .NET CLR 1.1.4322; .NET CLR 2.0.50727; OfficeLiveConnector.1.3; OfficeLivePatch.0.0)"
24.137.117.37 - - [31/Mar/2009:15:50:59 -0400] "GET /images/red-band.gif HTTP/1.1" 304 - "http://www.nikonthenumbers.com/" "Mozilla/4.0 (compatible; MSIE 7.0; Windows NT 5.1; GTB5; .NET CLR 1.1.4322; .NET CLR 2.0.50727; OfficeLiveConnector.1.3; OfficeLivePatch.0.0)"
24.137.117.37 - - [31/Mar/2009:15:50:59 -0400] "GET /fixit.js HTTP/1.1" 304 - "http://www.nikonthenumbers.com/" "Mozilla/4.0 (compatible; MSIE 7.0; Windows NT 5.1; GTB5; .NET CLR 1.1.4322; .NET CLR 2.0.50727; OfficeLiveConnector.1.3; OfficeLivePatch.0.0)"
24.137.117.37 - - [31/Mar/2009:15:50:59 -0400] "GET /images/polling_results.jpg?1221113035 HTTP/1.1" 304 - "http://www.nikonthenumbers.com/" "Mozilla/4.0 (compatible; MSIE 7.0; Windows NT 5.1; GTB5; .NET CLR 1.1.4322; .NET CLR 2.0.50727; OfficeLiveConnector.1.3; OfficeLivePatch.0.0)"
24.137.117.37 - - [31/Mar/2009:15:50:59 -0400] "GET /images/safe_subscribe_logo.gif HTTP/1.1" 304 - "http://www.nikonthenumbers.com/" "Mozilla/4.0 (compatible; MSIE 7.0; Windows NT 5.1; GTB5; .NET CLR 1.1.4322; .NET CLR 2.0.50727; OfficeLiveConnector.1.3; OfficeLivePatch.0.0)"
24.137.117.37 - - [31/Mar/2009:15:50:59 -0400] "GET /images/comment_bw.png HTTP/1.1" 304 - "http://www.nikonthenumbers.com/" "Mozilla/4.0 (compatible; MSIE 7.0; Windows NT 5.1; GTB5; .NET CLR 1.1.4322; .NET CLR 2.0.50727; OfficeLiveConnector.1.3; OfficeLivePatch.0.0)"
24.137.117.37 - - [31/Mar/2009:15:51:00 -0400] "GET /images/cancel.png HTTP/1.1" 304 - "http://www.nikonthenumbers.com/" "Mozilla/4.0 (compatible; MSIE 7.0; Windows NT 5.1; GTB5; .NET CLR 1.1.4322; .NET CLR 2.0.50727; OfficeLiveConnector.1.3; OfficeLivePatch.0.0)"
66.249.73.230 - - [31/Mar/2009:15:51:15 -0400] "GET /topics/show/30/1193 HTTP/1.1" 200 123303 "-" "Mozilla/5.0 (compatible; Googlebot/2.1; +http://www.google.com/bot.html)"
66.249.73.230 - - [31/Mar/2009:15:51:20 -0400] "GET /profile/688137 HTTP/1.1" 200 19240 "-" "Mozilla/5.0 (compatible; Googlebot/2.1; +http://www.google.com/bot.html)"
208.124.156.82 - - [31/Mar/2009:15:51:29 -0400] "GET /rss HTTP/1.1" 200 100138 "-" "Mozilla/4.0 (compatible; MSIE 7.0; Windows NT 6.0; SLCC1; .NET CLR 2.0.50727; .NET CLR 3.5.30729; .NET CLR 3.0.30618; MSOffice 12)"
207.245.21.152 - - [31/Mar/2009:15:51:31 -0400] "GET /rss HTTP/1.1" 200 100138 "-" "Mozilla/4.0 (compatible; MSIE 7.0; Windows NT 5.1; InfoPath.2; MSOffice 12)"
65.55.232.30 - - [31/Mar/2009:15:51:46 -0400] "GET /topics/show/125/28410 HTTP/1.1" 200 87653 "-" "msnbot/1.1 (+http://search.msn.com/msnbot.htm)"
65.55.232.30 - - [31/Mar/2009:15:51:47 -0400] "GET /topics/show/124/28426 HTTP/1.1" 200 197587 "-" "msnbot/1.1 (+http://search.msn.com/msnbot.htm)"
67.205.112.79 - - [31/Mar/2009:15:51:51 -0400] "GET / HTTP/1.0" 200 24898 "-" "Pingdom.com_bot_version_1.4_(http://www.pingdom.com/)"
24.137.117.37 - - [31/Mar/2009:15:52:04 -0400] "GET /topics/show/125/28409 HTTP/1.1" 200 128546 "http://www.nikonthenumbers.com/" "Mozilla/4.0 (compatible; MSIE 7.0; Windows NT 5.1; GTB5; .NET CLR 1.1.4322; .NET CLR 2.0.50727; OfficeLiveConnector.1.3; OfficeLivePatch.0.0)"
24.137.117.37 - - [31/Mar/2009:15:52:09 -0400] "GET /images/comment.png HTTP/1.1" 304 - "http://www.nikonthenumbers.com/topics/show/125/28409" "Mozilla/4.0 (compatible; MSIE 7.0; Windows NT 5.1; GTB5; .NET CLR 1.1.4322; .NET CLR 2.0.50727; OfficeLiveConnector.1.3; OfficeLivePatch.0.0)"
205.205.91.66 - - [31/Mar/2009:15:52:13 -0400] "GET /rss HTTP/1.1" 200 100138 "-" "Mozilla/4.0 (compatible; MSIE 7.0; Windows NT 5.1; GTB5; .NET CLR 1.1.4322; .NET CLR 2.0.50727; InfoPath.2; Alexa Toolbar; MS-RTC LM 8; MSOffice 12)"
24.137.117.37 - - [31/Mar/2009:15:52:17 -0400] "POST /talk/mark/28538 HTTP/1.1" 201 1 "http://www.nikonthenumbers.com/topics/show/125/28409#comment_28538" "Mozilla/4.0 (compatible; MSIE 7.0; Windows NT 5.1; GTB5; .NET CLR 1.1.4322; .NET CLR 2.0.50727; OfficeLiveConnector.1.3; OfficeLivePatch.0.0)"
174.133.253.162 - - [31/Mar/2009:15:52:51 -0400] "GET / HTTP/1.0" 200 24898 "-" "Pingdom.com_bot_version_1.4_(http://www.pingdom.com/)"
66.249.73.230 - - [31/Mar/2009:15:52:57 -0400] "GET /topics/show/111/18397 HTTP/1.1" 200 157225 "-" "Mozilla/5.0 (compatible; Googlebot/2.1; +http://www.google.com/bot.html)"
65.55.232.35 - - [31/Mar/2009:15:53:25 -0400] "GET /topics/show/125/28410 HTTP/1.0" 200 87653 "http://search.live.com/results.aspx?q=nanos" "Mozilla/4.0 (compatible; MSIE 6.0; Windows NT 5.2; SV1; .NET CLR 1.1.4322)"
65.55.232.35 - - [31/Mar/2009:15:53:26 -0400] "GET /stylesheets/base_1221113035.css HTTP/1.0" 200 14188 "http://www.nikonthenumbers.com/topics/show/125/28410" "Mozilla/4.0 (compatible; MSIE 6.0; Windows NT 5.2; SV1; .NET CLR 1.1.4322)"
65.55.232.35 - - [31/Mar/2009:15:53:26 -0400] "GET /javascripts/base_1221113035.js HTTP/1.0" 200 96039 "http://www.nikonthenumbers.com/topics/show/125/28410" "Mozilla/4.0 (compatible; MSIE 6.0; Windows NT 5.2; SV1; .NET CLR 1.1.4322)"
65.55.232.35 - - [31/Mar/2009:15:53:28 -0400] "GET /fixit.js HTTP/1.0" 200 153 "http://www.nikonthenumbers.com/topics/show/125/28410" "Mozilla/4.0 (compatible; MSIE 6.0; Windows NT 5.2; SV1; .NET CLR 1.1.4322)"
65.55.232.35 - - [31/Mar/2009:15:53:29 -0400] "GET /images/polling_results.jpg?1221113035 HTTP/1.0" 200 5021 "http://www.nikonthenumbers.com/topics/show/125/28410" "Mozilla/4.0 (compatible; MSIE 6.0; Windows NT 5.2; SV1; .NET CLR 1.1.4322)"
142.52.81.11 - - [31/Mar/2009:15:53:33 -0400] "GET /rss HTTP/1.1" 200 100138 "-" "SharpReader/0.9.7.0 (.NET CLR 1.1.4322.573; WinNT 5.1.2600.0)"
24.137.117.37 - - [31/Mar/2009:15:53:35 -0400] "POST /talk/mark/28536 HTTP/1.1" 201 1 "http://www.nikonthenumbers.com/topics/show/125/28409#comment_28538" "Mozilla/4.0 (compatible; MSIE 7.0; Windows NT 5.1; GTB5; .NET CLR 1.1.4322; .NET CLR 2.0.50727; OfficeLiveConnector.1.3; OfficeLivePatch.0.0)"
65.163.13.213 - - [31/Mar/2009:15:53:42 -0400] "HEAD /topics/show/124 HTTP/1.0" 200 - "-" "Drupal (+http://drupal.org/)"
65.163.13.213 - - [31/Mar/2009:15:53:43 -0400] "GET /topics/show/124 HTTP/1.0" 200 150385 "-" "Drupal (+http://drupal.org/)"
137.122.119.57 - - [31/Mar/2009:15:53:50 -0400] "GET /rss HTTP/1.1" 200 100138 "-" "Vienna/2.3.0.2301"
67.195.37.93 - - [31/Mar/2009:15:54:26 -0400] "GET /topics/show/112/18726 HTTP/1.0" 200 342765 "-" "Mozilla/5.0 (compatible; Yahoo! Slurp; http://help.yahoo.com/help/us/ysearch/slurp)"
66.249.73.230 - - [31/Mar/2009:15:54:37 -0400] "GET /topics/show/88/11701 HTTP/1.1" 200 65806 "-" "Mozilla/5.0 (compatible; Googlebot/2.1; +http://www.google.com/bot.html)"
72.30.65.34 - - [31/Mar/2009:15:54:45 -0400] "GET /profile/293412 HTTP/1.0" 200 16869 "-" "Mozilla/5.0 (compatible; Yahoo! Slurp/3.0; http://help.yahoo.com/help/us/ysearch/slurp)"
89.151.110.152 - - [31/Mar/2009:15:54:52 -0400] "GET / HTTP/1.0" 200 24898 "-" "Pingdom.com_bot_version_1.4_(http://www.pingdom.com/)"
70.30.26.11 - - [31/Mar/2009:15:55:26 -0400] "GET /rss HTTP/1.1" 200 100138 "-" "Windows-RSS-Platform/1.0 (MSIE 7.0; Windows NT 5.1)"
209.62.54.130 - - [31/Mar/2009:15:55:52 -0400] "GET / HTTP/1.0" 200 24898 "-" "Pingdom.com_bot_version_1.4_(http://www.pingdom.com/)"
208.87.54.177 - - [31/Mar/2009:15:55:58 -0400] "GET /rss HTTP/1.1" 200 100138 "-" "Mozilla/5.0 (Windows; U; Windows NT 5.1; en-US; rv:1.8.1.21) Gecko/20090302 Thunderbird/2.0.0.21"
67.195.37.93 - - [31/Mar/2009:15:56:47 -0400] "GET /topics/show/108/17399 HTTP/1.0" 200 127059 "-" "Mozilla/5.0 (compatible; Yahoo! Slurp; http://help.yahoo.com/help/us/ysearch/slurp)"
72.51.41.47 - - [31/Mar/2009:15:56:51 -0400] "GET / HTTP/1.0" 200 24898 "-" "Pingdom.com_bot_version_1.4_(http://www.pingdom.com/)"
72.139.16.172 - - [31/Mar/2009:15:57:24 -0400] "GET / HTTP/1.1" 200 24898 "-" "Mozilla/5.0 (Macintosh; U; Intel Mac OS X 10_5_6; en-us) AppleWebKit/528.16 (KHTML, like Gecko) Version/4.0 Safari/528.16"
72.139.16.172 - - [31/Mar/2009:15:57:25 -0400] "GET /stylesheets/base_1221113035.css HTTP/1.1" 200 14188 "http://www.nikonthenumbers.com/" "Mozilla/5.0 (Macintosh; U; Intel Mac OS X 10_5_6; en-us) AppleWebKit/528.16 (KHTML, like Gecko) Version/4.0 Safari/528.16"
72.139.16.172 - - [31/Mar/2009:15:57:25 -0400] "GET /javascripts/base_1221113035.js HTTP/1.1" 200 96039 "http://www.nikonthenumbers.com/" "Mozilla/5.0 (Macintosh; U; Intel Mac OS X 10_5_6; en-us) AppleWebKit/528.16 (KHTML, like Gecko) Version/4.0 Safari/528.16"
72.139.16.172 - - [31/Mar/2009:15:57:27 -0400] "GET /images/TOP_02.jpg HTTP/1.1" 200 14856 "http://www.nikonthenumbers.com/" "Mozilla/5.0 (Macintosh; U; Intel Mac OS X 10_5_6; en-us) AppleWebKit/528.16 (KHTML, like Gecko) Version/4.0 Safari/528.16"
72.139.16.172 - - [31/Mar/2009:15:57:27 -0400] "GET /fixit.js HTTP/1.1" 200 153 "http://www.nikonthenumbers.com/" "Mozilla/5.0 (Macintosh; U; Intel Mac OS X 10_5_6; en-us) AppleWebKit/528.16 (KHTML, like Gecko) Version/4.0 Safari/528.16"
72.139.16.172 - - [31/Mar/2009:15:57:27 -0400] "GET /images/TOP_03.jpg HTTP/1.1" 200 15516 "http://www.nikonthenumbers.com/" "Mozilla/5.0 (Macintosh; U; Intel Mac OS X 10_5_6; en-us) AppleWebKit/528.16 (KHTML, like Gecko) Version/4.0 Safari/528.16"
72.139.16.172 - - [31/Mar/2009:15:57:27 -0400] "GET /images/page-bg.gif HTTP/1.1" 200 1487 "http://www.nikonthenumbers.com/" "Mozilla/5.0 (Macintosh; U; Intel Mac OS X 10_5_6; en-us) AppleWebKit/528.16 (KHTML, like Gecko) Version/4.0 Safari/528.16"
72.139.16.172 - - [31/Mar/2009:15:57:27 -0400] "GET /images/feed-icon-14x14.png HTTP/1.1" 200 689 "http://www.nikonthenumbers.com/" "Mozilla/5.0 (Macintosh; U; Intel Mac OS X 10_5_6; en-us) AppleWebKit/528.16 (KHTML, like Gecko) Version/4.0 Safari/528.16"
72.139.16.172 - - [31/Mar/2009:15:57:28 -0400] "GET /images/polling_results.jpg?1221113035 HTTP/1.1" 200 5021 "http://www.nikonthenumbers.com/" "Mozilla/5.0 (Macintosh; U; Intel Mac OS X 10_5_6; en-us) AppleWebKit/528.16 (KHTML, like Gecko) Version/4.0 Safari/528.16"
72.139.16.172 - - [31/Mar/2009:15:57:28 -0400] "GET /images/BOX-BACK.jpg HTTP/1.1" 200 1025 "http://www.nikonthenumbers.com/" "Mozilla/5.0 (Macintosh; U; Intel Mac OS X 10_5_6; en-us) AppleWebKit/528.16 (KHTML, like Gecko) Version/4.0 Safari/528.16"
72.139.16.172 - - [31/Mar/2009:15:57:28 -0400] "GET /images/safe_subscribe_logo.gif HTTP/1.1" 200 457 "http://www.nikonthenumbers.com/" "Mozilla/5.0 (Macintosh; U; Intel Mac OS X 10_5_6; en-us) AppleWebKit/528.16 (KHTML, like Gecko) Version/4.0 Safari/528.16"
72.139.16.172 - - [31/Mar/2009:15:57:28 -0400] "GET /images/bottom-with-shaddow.gif HTTP/1.1" 200 9790 "http://www.nikonthenumbers.com/" "Mozilla/5.0 (Macintosh; U; Intel Mac OS X 10_5_6; en-us) AppleWebKit/528.16 (KHTML, like Gecko) Version/4.0 Safari/528.16"
72.139.16.172 - - [31/Mar/2009:15:57:28 -0400] "GET /images/RULE-FADE.jpg HTTP/1.1" 200 448 "http://www.nikonthenumbers.com/" "Mozilla/5.0 (Macintosh; U; Intel Mac OS X 10_5_6; en-us) AppleWebKit/528.16 (KHTML, like Gecko) Version/4.0 Safari/528.16"
72.139.16.172 - - [31/Mar/2009:15:57:27 -0400] "GET /images/TOP_01.jpg HTTP/1.1" 200 12839 "http://www.nikonthenumbers.com/" "Mozilla/5.0 (Macintosh; U; Intel Mac OS X 10_5_6; en-us) AppleWebKit/528.16 (KHTML, like Gecko) Version/4.0 Safari/528.16"
72.139.16.172 - - [31/Mar/2009:15:57:28 -0400] "GET /images/red-band.gif HTTP/1.1" 200 4358 "http://www.nikonthenumbers.com/" "Mozilla/5.0 (Macintosh; U; Intel Mac OS X 10_5_6; en-us) AppleWebKit/528.16 (KHTML, like Gecko) Version/4.0 Safari/528.16"
72.139.16.172 - - [31/Mar/2009:15:57:28 -0400] "GET /images/TOP_06.jpg HTTP/1.1" 200 2158 "http://www.nikonthenumbers.com/" "Mozilla/5.0 (Macintosh; U; Intel Mac OS X 10_5_6; en-us) AppleWebKit/528.16 (KHTML, like Gecko) Version/4.0 Safari/528.16"
72.139.16.172 - - [31/Mar/2009:15:57:28 -0400] "GET /images/comment_bw.png HTTP/1.1" 200 384 "http://www.nikonthenumbers.com/" "Mozilla/5.0 (Macintosh; U; Intel Mac OS X 10_5_6; en-us) AppleWebKit/528.16 (KHTML, like Gecko) Version/4.0 Safari/528.16"
72.139.16.172 - - [31/Mar/2009:15:57:29 -0400] "GET /favicon.ico HTTP/1.1" 200 894 "http://www.nikonthenumbers.com/" "Mozilla/5.0 (Macintosh; U; Intel Mac OS X 10_5_6; en-us) AppleWebKit/528.16 (KHTML, like Gecko) Version/4.0 Safari/528.16"
212.247.189.113 - - [31/Mar/2009:15:57:53 -0400] "GET / HTTP/1.0" 200 24898 "-" "Pingdom.com_bot_version_1.4_(http://www.pingdom.com/)"
64.34.195.145 - - [31/Mar/2009:15:58:29 -0400] "GET / HTTP/1.1" 200 24734 "-" "Mozilla/5.0 (X11; U; Linux i686; en-US; rv:1.2.1; aggregator:Spinn3r (Spinn3r 3.0); http://spinn3r.com/robot) Gecko/20021130"
75.154.76.172 - - [31/Mar/2009:15:58:36 -0400] "GET /rss HTTP/1.1" 200 100138 "-" "Windows-RSS-Platform/1.0 (MSIE 7.0; Windows NT 6.0)"
64.231.213.213 - - [31/Mar/2009:15:58:42 -0400] "GET / HTTP/1.1" 200 19886 "http://nikonthenumbers.com/" "Mozilla/5.0 (Windows; U; Windows NT 5.1; en-US; rv:1.9.0.8) Gecko/2009032609 Firefox/3.0.8"
207.97.207.200 - - [31/Mar/2009:15:58:51 -0400] "GET / HTTP/1.0" 200 24898 "-" "Pingdom.com_bot_version_1.4_(http://www.pingdom.com/)"
67.192.120.134 - - [31/Mar/2009:15:59:51 -0400] "GET / HTTP/1.0" 200 24898 "-" "Pingdom.com_bot_version_1.4_(http://www.pingdom.com/)"
72.139.16.172 - - [31/Mar/2009:16:00:06 -0400] "GET /images/Ses-Townhall-AD-FED-20080911.swf HTTP/1.1" 200 17188 "http://www.nikonthenumbers.com/" "Mozilla/5.0 (Macintosh; U; Intel Mac OS X 10_5_6; en-us) AppleWebKit/528.16 (KHTML, like Gecko) Version/4.0 Safari/528.16"
205.194.127.36 - - [31/Mar/2009:16:00:34 -0400] "GET /rss HTTP/1.0" 200 100138 "-" "BlackBerry8310/4.2.2 Profile/MIDP-2.0 Configuration/CLDC-1.1 VendorID/107"
65.54.152.182 - - [31/Mar/2009:16:00:41 -0400] "GET /rss HTTP/1.1" 200 100138 "-" "Mozilla/4.0 (compatible; MSIE 7.0; Windows NT 5.2)"
78.136.27.223 - - [31/Mar/2009:16:00:51 -0400] "GET / HTTP/1.0" 200 24898 "-" "Pingdom.com_bot_version_1.4_(http://www.pingdom.com/)"
66.249.73.230 - - [31/Mar/2009:16:01:23 -0400] "GET /topics/show/125/28410 HTTP/1.1" 200 87653 "-" "Mozilla/5.0 (compatible; Googlebot/2.1; +http://www.google.com/bot.html)"
74.56.246.28 - - [31/Mar/2009:16:01:23 -0400] "GET /rss HTTP/1.1" 200 100138 "-" "libEtPan!"
66.249.73.230 - - [31/Mar/2009:16:01:32 -0400] "GET /topics/show/25/1198 HTTP/1.1" 200 80182 "-" "Mozilla/5.0 (compatible; Googlebot/2.1; +http://www.google.com/bot.html)"
67.205.112.79 - - [31/Mar/2009:16:01:51 -0400] "GET / HTTP/1.0" 200 24898 "-" "Pingdom.com_bot_version_1.4_(http://www.pingdom.com/)"
70.53.119.122 - - [31/Mar/2009:16:01:55 -0400] "GET /stylesheets/base_1221113035.css HTTP/1.1" 304 - "http://www.nikonthenumbers.com/" "Mozilla/4.0 (compatible; MSIE 7.0; Windows NT 5.1; GTB5; .NET CLR 1.0.3705; .NET CLR 2.0.50727; .NET CLR 1.1.4322; .NET CLR 3.0.04506.30; .NET CLR 3.0.04506.648)"
70.53.119.122 - - [31/Mar/2009:16:01:53 -0400] "GET / HTTP/1.1" 200 24898 "http://www.google.ca/search?sourceid=navclient&aq=h0&oq=&ie=UTF-8&rlz=1T4GGLJ_en&q=nik+on+the+numbers" "Mozilla/4.0 (compatible; MSIE 7.0; Windows NT 5.1; GTB5; .NET CLR 1.0.3705; .NET CLR 2.0.50727; .NET CLR 1.1.4322; .NET CLR 3.0.04506.30; .NET CLR 3.0.04506.648)"
70.53.119.122 - - [31/Mar/2009:16:01:56 -0400] "GET /javascripts/base_1221113035.js HTTP/1.1" 304 - "http://www.nikonthenumbers.com/" "Mozilla/4.0 (compatible; MSIE 7.0; Windows NT 5.1; GTB5; .NET CLR 1.0.3705; .NET CLR 2.0.50727; .NET CLR 1.1.4322; .NET CLR 3.0.04506.30; .NET CLR 3.0.04506.648)"
70.53.119.122 - - [31/Mar/2009:16:01:56 -0400] "GET /images/TOP_01.jpg HTTP/1.1" 304 - "http://www.nikonthenumbers.com/" "Mozilla/4.0 (compatible; MSIE 7.0; Windows NT 5.1; GTB5; .NET CLR 1.0.3705; .NET CLR 2.0.50727; .NET CLR 1.1.4322; .NET CLR 3.0.04506.30; .NET CLR 3.0.04506.648)"
70.53.119.122 - - [31/Mar/2009:16:01:56 -0400] "GET /images/Ses-Townhall-AD-FED-20080911.swf HTTP/1.1" 304 - "http://www.nikonthenumbers.com/" "Mozilla/4.0 (compatible; MSIE 7.0; Windows NT 5.1; GTB5; .NET CLR 1.0.3705; .NET CLR 2.0.50727; .NET CLR 1.1.4322; .NET CLR 3.0.04506.30; .NET CLR 3.0.04506.648)"
70.53.119.122 - - [31/Mar/2009:16:01:56 -0400] "GET /images/TOP_02.jpg HTTP/1.1" 304 - "http://www.nikonthenumbers.com/" "Mozilla/4.0 (compatible; MSIE 7.0; Windows NT 5.1; GTB5; .NET CLR 1.0.3705; .NET CLR 2.0.50727; .NET CLR 1.1.4322; .NET CLR 3.0.04506.30; .NET CLR 3.0.04506.648)"
70.53.119.122 - - [31/Mar/2009:16:01:56 -0400] "GET /images/page-bg.gif HTTP/1.1" 304 - "http://www.nikonthenumbers.com/" "Mozilla/4.0 (compatible; MSIE 7.0; Windows NT 5.1; GTB5; .NET CLR 1.0.3705; .NET CLR 2.0.50727; .NET CLR 1.1.4322; .NET CLR 3.0.04506.30; .NET CLR 3.0.04506.648)"
70.53.119.122 - - [31/Mar/2009:16:01:56 -0400] "GET /images/TOP_03.jpg HTTP/1.1" 304 - "http://www.nikonthenumbers.com/" "Mozilla/4.0 (compatible; MSIE 7.0; Windows NT 5.1; GTB5; .NET CLR 1.0.3705; .NET CLR 2.0.50727; .NET CLR 1.1.4322; .NET CLR 3.0.04506.30; .NET CLR 3.0.04506.648)"
70.53.119.122 - - [31/Mar/2009:16:01:56 -0400] "GET /images/feed-icon-14x14.png HTTP/1.1" 304 - "http://www.nikonthenumbers.com/" "Mozilla/4.0 (compatible; MSIE 7.0; Windows NT 5.1; GTB5; .NET CLR 1.0.3705; .NET CLR 2.0.50727; .NET CLR 1.1.4322; .NET CLR 3.0.04506.30; .NET CLR 3.0.04506.648)"
70.53.119.122 - - [31/Mar/2009:16:01:56 -0400] "GET /images/RULE-FADE.jpg HTTP/1.1" 304 - "http://www.nikonthenumbers.com/" "Mozilla/4.0 (compatible; MSIE 7.0; Windows NT 5.1; GTB5; .NET CLR 1.0.3705; .NET CLR 2.0.50727; .NET CLR 1.1.4322; .NET CLR 3.0.04506.30; .NET CLR 3.0.04506.648)"
70.53.119.122 - - [31/Mar/2009:16:01:56 -0400] "GET /images/TOP_06.jpg HTTP/1.1" 304 - "http://www.nikonthenumbers.com/" "Mozilla/4.0 (compatible; MSIE 7.0; Windows NT 5.1; GTB5; .NET CLR 1.0.3705; .NET CLR 2.0.50727; .NET CLR 1.1.4322; .NET CLR 3.0.04506.30; .NET CLR 3.0.04506.648)"
70.53.119.122 - - [31/Mar/2009:16:01:56 -0400] "GET /fixit.js HTTP/1.1" 304 - "http://www.nikonthenumbers.com/" "Mozilla/4.0 (compatible; MSIE 7.0; Windows NT 5.1; GTB5; .NET CLR 1.0.3705; .NET CLR 2.0.50727; .NET CLR 1.1.4322; .NET CLR 3.0.04506.30; .NET CLR 3.0.04506.648)"
70.53.119.122 - - [31/Mar/2009:16:01:56 -0400] "GET /images/bottom-with-shaddow.gif HTTP/1.1" 304 - "http://www.nikonthenumbers.com/" "Mozilla/4.0 (compatible; MSIE 7.0; Windows NT 5.1; GTB5; .NET CLR 1.0.3705; .NET CLR 2.0.50727; .NET CLR 1.1.4322; .NET CLR 3.0.04506.30; .NET CLR 3.0.04506.648)"
70.53.119.122 - - [31/Mar/2009:16:01:56 -0400] "GET /images/BOX-BACK.jpg HTTP/1.1" 304 - "http://www.nikonthenumbers.com/" "Mozilla/4.0 (compatible; MSIE 7.0; Windows NT 5.1; GTB5; .NET CLR 1.0.3705; .NET CLR 2.0.50727; .NET CLR 1.1.4322; .NET CLR 3.0.04506.30; .NET CLR 3.0.04506.648)"
70.53.119.122 - - [31/Mar/2009:16:01:56 -0400] "GET /images/red-band.gif HTTP/1.1" 304 - "http://www.nikonthenumbers.com/" "Mozilla/4.0 (compatible; MSIE 7.0; Windows NT 5.1; GTB5; .NET CLR 1.0.3705; .NET CLR 2.0.50727; .NET CLR 1.1.4322; .NET CLR 3.0.04506.30; .NET CLR 3.0.04506.648)"
70.53.119.122 - - [31/Mar/2009:16:01:56 -0400] "GET /images/polling_results.jpg?1221113035 HTTP/1.1" 304 - "http://www.nikonthenumbers.com/" "Mozilla/4.0 (compatible; MSIE 7.0; Windows NT 5.1; GTB5; .NET CLR 1.0.3705; .NET CLR 2.0.50727; .NET CLR 1.1.4322; .NET CLR 3.0.04506.30; .NET CLR 3.0.04506.648)"
70.53.119.122 - - [31/Mar/2009:16:01:56 -0400] "GET /images/safe_subscribe_logo.gif HTTP/1.1" 304 - "http://www.nikonthenumbers.com/" "Mozilla/4.0 (compatible; MSIE 7.0; Windows NT 5.1; GTB5; .NET CLR 1.0.3705; .NET CLR 2.0.50727; .NET CLR 1.1.4322; .NET CLR 3.0.04506.30; .NET CLR 3.0.04506.648)"
70.53.119.122 - - [31/Mar/2009:16:01:56 -0400] "GET /images/comment_bw.png HTTP/1.1" 304 - "http://www.nikonthenumbers.com/" "Mozilla/4.0 (compatible; MSIE 7.0; Windows NT 5.1; GTB5; .NET CLR 1.0.3705; .NET CLR 2.0.50727; .NET CLR 1.1.4322; .NET CLR 3.0.04506.30; .NET CLR 3.0.04506.648)"
70.53.119.122 - - [31/Mar/2009:16:01:56 -0400] "GET /images/cancel.png HTTP/1.1" 304 - "http://www.nikonthenumbers.com/" "Mozilla/4.0 (compatible; MSIE 7.0; Windows NT 5.1; GTB5; .NET CLR 1.0.3705; .NET CLR 2.0.50727; .NET CLR 1.1.4322; .NET CLR 3.0.04506.30; .NET CLR 3.0.04506.648)"
208.124.156.82 - - [31/Mar/2009:16:01:56 -0400] "GET /rss HTTP/1.1" 200 100138 "-" "Mozilla/4.0 (compatible; MSIE 7.0; Windows NT 6.0; SLCC1; .NET CLR 2.0.50727; .NET CLR 3.5.30729; .NET CLR 3.0.30618; MSOffice 12)"
70.53.119.122 - - [31/Mar/2009:16:02:27 -0400] "GET /images/comment.png HTTP/1.1" 304 - "http://www.nikonthenumbers.com/topics/show/125/28409" "Mozilla/4.0 (compatible; MSIE 7.0; Windows NT 5.1; GTB5; .NET CLR 1.0.3705; .NET CLR 2.0.50727; .NET CLR 1.1.4322; .NET CLR 3.0.04506.30; .NET CLR 3.0.04506.648)"
70.53.119.122 - - [31/Mar/2009:16:02:26 -0400] "GET /topics/show/125/28409 HTTP/1.1" 200 128546 "http://www.nikonthenumbers.com/" "Mozilla/4.0 (compatible; MSIE 7.0; Windows NT 5.1; GTB5; .NET CLR 1.0.3705; .NET CLR 2.0.50727; .NET CLR 1.1.4322; .NET CLR 3.0.04506.30; .NET CLR 3.0.04506.648)"
70.53.119.122 - - [31/Mar/2009:16:02:33 -0400] "POST /talk/mark/28538 HTTP/1.1" 201 1 "http://www.nikonthenumbers.com/topics/show/125/28409#comment_28538" "Mozilla/4.0 (compatible; MSIE 7.0; Windows NT 5.1; GTB5; .NET CLR 1.0.3705; .NET CLR 2.0.50727; .NET CLR 1.1.4322; .NET CLR 3.0.04506.30; .NET CLR 3.0.04506.648)"
205.205.91.66 - - [31/Mar/2009:16:02:32 -0400] "GET /rss HTTP/1.1" 200 100138 "-" "Mozilla/4.0 (compatible; MSIE 7.0; Windows NT 5.1; GTB5; .NET CLR 1.1.4322; .NET CLR 2.0.50727; InfoPath.2; Alexa Toolbar; MS-RTC LM 8; MSOffice 12)"
24.150.204.117 - - [31/Mar/2009:16:02:28 -0400] "GET /rss HTTP/1.1" 200 100138 "-" "Mozilla/5.0 (Windows; U; Windows NT 6.0; en-GB; rv:1.9.0.8) Gecko/2009032609 Firefox/3.0.8 (.NET CLR 3.5.30729)"
174.133.253.162 - - [31/Mar/2009:16:02:51 -0400] "GET / HTTP/1.0" 200 24898 "-" "Pingdom.com_bot_version_1.4_(http://www.pingdom.com/)"
70.53.119.122 - - [31/Mar/2009:16:03:33 -0400] "GET /images/busy.gif HTTP/1.1" 304 - "http://www.nikonthenumbers.com/topics/show/125/28409" "Mozilla/4.0 (compatible; MSIE 7.0; Windows NT 5.1; GTB5; .NET CLR 1.0.3705; .NET CLR 2.0.50727; .NET CLR 1.1.4322; .NET CLR 3.0.04506.30; .NET CLR 3.0.04506.648)"
70.53.119.122 - - [31/Mar/2009:16:03:33 -0400] "POST /topic/125/talk/new?parent_id=28538 HTTP/1.1" 200 1246 "http://www.nikonthenumbers.com/topics/show/125/28409#comment_28538" "Mozilla/4.0 (compatible; MSIE 7.0; Windows NT 5.1; GTB5; .NET CLR 1.0.3705; .NET CLR 2.0.50727; .NET CLR 1.1.4322; .NET CLR 3.0.04506.30; .NET CLR 3.0.04506.648)"
72.30.65.34 - - [31/Mar/2009:16:03:59 -0400] "GET /stylesheets/base_1221113035.css HTTP/1.0" 304 - "http://www.nikonthenumbers.com/topics/show/115/23266" "Mozilla/5.0 (compatible; Yahoo! Slurp/3.0; http://help.yahoo.com/help/us/ysearch/slurp)"
72.30.65.34 - - [31/Mar/2009:16:03:56 -0400] "GET /topics/show/115/23266 HTTP/1.0" 200 1184817 "-" "Mozilla/5.0 (compatible; Yahoo! Slurp/3.0; http://help.yahoo.com/help/us/ysearch/slurp)"
67.195.37.93 - - [31/Mar/2009:16:04:13 -0400] "GET /topics/show/111/18176 HTTP/1.0" 200 168096 "-" "Mozilla/5.0 (compatible; Yahoo! Slurp; http://help.yahoo.com/help/us/ysearch/slurp)"
89.151.110.152 - - [31/Mar/2009:16:04:52 -0400] "GET / HTTP/1.0" 200 24898 "-" "Pingdom.com_bot_version_1.4_(http://www.pingdom.com/)"
208.124.156.82 - - [31/Mar/2009:16:05:15 -0400] "GET /rss HTTP/1.1" 200 100138 "-" "Mozilla/4.0 (compatible; MSIE 7.0; Windows NT 6.0; SLCC1; .NET CLR 2.0.50727; .NET CLR 3.5.30729; .NET CLR 3.0.30618; MSOffice 12)"
220.181.32.22 - - [31/Mar/2009:16:05:16 -0400] "GET / HTTP/1.1" 200 15640 "-" "Baiduspider+(+http://www.baidu.com/search/spider.htm)"
209.62.54.130 - - [31/Mar/2009:16:05:51 -0400] "GET / HTTP/1.0" 200 24898 "-" "Pingdom.com_bot_version_1.4_(http://www.pingdom.com/)"
83.140.19.38 - - [31/Mar/2009:16:06:33 -0400] "GET / HTTP/1.0" 200 24898 "-" "Pingdom.com_bot_version_1.4_(http://www.pingdom.com/)"
208.87.54.177 - - [31/Mar/2009:16:06:39 -0400] "GET /rss HTTP/1.1" 200 100138 "-" "Mozilla/5.0 (Windows; U; Windows NT 5.1; en-US; rv:1.8.1.21) Gecko/20090302 Thunderbird/2.0.0.21"
72.51.41.47 - - [31/Mar/2009:16:06:51 -0400] "GET / HTTP/1.0" 200 24898 "-" "Pingdom.com_bot_version_1.4_(http://www.pingdom.com/)"
64.34.195.154 - - [31/Mar/2009:16:07:13 -0400] "GET /rss HTTP/1.1" 200 99686 "-" "Mozilla/5.0 (X11; U; Linux i686; en-US; rv:1.2.1; aggregator:Spinn3r (Spinn3r 3.0); http://spinn3r.com/robot) Gecko/20021130"
64.231.213.213 - - [31/Mar/2009:16:07:28 -0400] "GET / HTTP/1.1" 200 19886 "http://nikonthenumbers.com/" "Mozilla/5.0 (Windows; U; Windows NT 5.1; en-US; rv:1.9.0.8) Gecko/2009032609 Firefox/3.0.8"
66.249.73.230 - - [31/Mar/2009:16:07:43 -0400] "GET /topics/show/9/209 HTTP/1.1" 200 126032 "-" "Mozilla/5.0 (compatible; Googlebot/2.1; +http://www.google.com/bot.html)"
68.144.161.200 - - [31/Mar/2009:16:07:51 -0400] "GET /rss HTTP/1.1" 200 100138 "-" "Windows-RSS-Platform/2.0 (MSIE 8.0; Windows NT 5.1)"
212.247.189.113 - - [31/Mar/2009:16:07:52 -0400] "GET / HTTP/1.0" 200 24898 "-" "Pingdom.com_bot_version_1.4_(http://www.pingdom.com/)"
61.135.168.39 - - [31/Mar/2009:16:08:05 -0400] "GET / HTTP/1.1" 200 15640 "-" "Baiduspider+(+http://www.baidu.com/search/spider.htm)"
