24.137.117.37 - - [31/Mar/2009:11:09:18 -0400] "GET /images/TOP_01.jpg HTTP/1.1" 304 - "http://www.nikonthenumbers.com/" "Mozilla/4.0 (compatible; MSIE 7.0; Windows NT 5.1; GTB5; .NET CLR 1.1.4322; .NET CLR 2.0.50727; OfficeLiveConnector.1.3; OfficeLivePatch.0.0)"
24.137.117.37 - - [31/Mar/2009:11:09:18 -0400] "GET /images/page-bg.gif HTTP/1.1" 304 - "http://www.nikonthenumbers.com/" "Mozilla/4.0 (compatible; MSIE 7.0; Windows NT 5.1; GTB5; .NET CLR 1.1.4322; .NET CLR 2.0.50727; OfficeLiveConnector.1.3; OfficeLivePatch.0.0)"
24.137.117.37 - - [31/Mar/2009:11:09:18 -0400] "GET /images/TOP_02.jpg HTTP/1.1" 304 - "http://www.nikonthenumbers.com/" "Mozilla/4.0 (compatible; MSIE 7.0; Windows NT 5.1; GTB5; .NET CLR 1.1.4322; .NET CLR 2.0.50727; OfficeLiveConnector.1.3; OfficeLivePatch.0.0)"
24.137.117.37 - - [31/Mar/2009:11:09:18 -0400] "GET /images/TOP_03.jpg HTTP/1.1" 304 - "http://www.nikonthenumbers.com/" "Mozilla/4.0 (compatible; MSIE 7.0; Windows NT 5.1; GTB5; .NET CLR 1.1.4322; .NET CLR 2.0.50727; OfficeLiveConnector.1.3; OfficeLivePatch.0.0)"
24.137.117.37 - - [31/Mar/2009:11:09:18 -0400] "GET /images/feed-icon-14x14.png HTTP/1.1" 304 - "http://www.nikonthenumbers.com/" "Mozilla/4.0 (compatible; MSIE 7.0; Windows NT 5.1; GTB5; .NET CLR 1.1.4322; .NET CLR 2.0.50727; OfficeLiveConnector.1.3; OfficeLivePatch.0.0)"
24.137.117.37 - - [31/Mar/2009:11:09:18 -0400] "GET /images/TOP_06.jpg HTTP/1.1" 304 - "http://www.nikonthenumbers.com/" "Mozilla/4.0 (compatible; MSIE 7.0; Windows NT 5.1; GTB5; .NET CLR 1.1.4322; .NET CLR 2.0.50727; OfficeLiveConnector.1.3; OfficeLivePatch.0.0)"
24.137.117.37 - - [31/Mar/2009:11:09:18 -0400] "GET /images/bottom-with-shaddow.gif HTTP/1.1" 304 - "http://www.nikonthenumbers.com/" "Mozilla/4.0 (compatible; MSIE 7.0; Windows NT 5.1; GTB5; .NET CLR 1.1.4322; .NET CLR 2.0.50727; OfficeLiveConnector.1.3; OfficeLivePatch.0.0)"
24.137.117.37 - - [31/Mar/2009:11:09:18 -0400] "GET /images/red-band.gif HTTP/1.1" 304 - "http://www.nikonthenumbers.com/" "Mozilla/4.0 (compatible; MSIE 7.0; Windows NT 5.1; GTB5; .NET CLR 1.1.4322; .NET CLR 2.0.50727; OfficeLiveConnector.1.3; OfficeLivePatch.0.0)"
24.137.117.37 - - [31/Mar/2009:11:09:18 -0400] "GET /images/Ses-Townhall-AD-FED-20080911.swf HTTP/1.1" 304 - "http://www.nikonthenumbers.com/" "Mozilla/4.0 (compatible; MSIE 7.0; Windows NT 5.1; GTB5; .NET CLR 1.1.4322; .NET CLR 2.0.50727; OfficeLiveConnector.1.3; OfficeLivePatch.0.0)"
24.137.117.37 - - [31/Mar/2009:11:09:18 -0400] "GET /images/RULE-FADE.jpg HTTP/1.1" 304 - "http://www.nikonthenumbers.com/" "Mozilla/4.0 (compatible; MSIE 7.0; Windows NT 5.1; GTB5; .NET CLR 1.1.4322; .NET CLR 2.0.50727; OfficeLiveConnector.1.3; OfficeLivePatch.0.0)"
24.137.117.37 - - [31/Mar/2009:11:09:19 -0400] "GET /images/BOX-BACK.jpg HTTP/1.1" 304 - "http://www.nikonthenumbers.com/" "Mozilla/4.0 (compatible; MSIE 7.0; Windows NT 5.1; GTB5; .NET CLR 1.1.4322; .NET CLR 2.0.50727; OfficeLiveConnector.1.3; OfficeLivePatch.0.0)"
24.137.117.37 - - [31/Mar/2009:11:09:19 -0400] "GET /fixit.js HTTP/1.1" 304 - "http://www.nikonthenumbers.com/" "Mozilla/4.0 (compatible; MSIE 7.0; Windows NT 5.1; GTB5; .NET CLR 1.1.4322; .NET CLR 2.0.50727; OfficeLiveConnector.1.3; OfficeLivePatch.0.0)"
24.137.117.37 - - [31/Mar/2009:11:09:19 -0400] "GET /images/polling_results.jpg?1221113035 HTTP/1.1" 304 - "http://www.nikonthenumbers.com/" "Mozilla/4.0 (compatible; MSIE 7.0; Windows NT 5.1; GTB5; .NET CLR 1.1.4322; .NET CLR 2.0.50727; OfficeLiveConnector.1.3; OfficeLivePatch.0.0)"
24.137.117.37 - - [31/Mar/2009:11:09:19 -0400] "GET /images/safe_subscribe_logo.gif HTTP/1.1" 304 - "http://www.nikonthenumbers.com/" "Mozilla/4.0 (compatible; MSIE 7.0; Windows NT 5.1; GTB5; .NET CLR 1.1.4322; .NET CLR 2.0.50727; OfficeLiveConnector.1.3; OfficeLivePatch.0.0)"
24.137.117.37 - - [31/Mar/2009:11:09:19 -0400] "GET /images/comment_bw.png HTTP/1.1" 304 - "http://www.nikonthenumbers.com/" "Mozilla/4.0 (compatible; MSIE 7.0; Windows NT 5.1; GTB5; .NET CLR 1.1.4322; .NET CLR 2.0.50727; OfficeLiveConnector.1.3; OfficeLivePatch.0.0)"
24.137.117.37 - - [31/Mar/2009:11:09:19 -0400] "GET /images/cancel.png HTTP/1.1" 304 - "http://www.nikonthenumbers.com/" "Mozilla/4.0 (compatible; MSIE 7.0; Windows NT 5.1; GTB5; .NET CLR 1.1.4322; .NET CLR 2.0.50727; OfficeLiveConnector.1.3; OfficeLivePatch.0.0)"
24.137.117.37 - - [31/Mar/2009:11:09:20 -0400] "GET /favicon.ico HTTP/1.1" 200 894 "-" "Mozilla/4.0 (compatible; MSIE 7.0; Windows NT 5.1; GTB5; .NET CLR 1.1.4322; .NET CLR 2.0.50727; OfficeLiveConnector.1.3; OfficeLivePatch.0.0)"
142.213.127.2 - - [31/Mar/2009:11:09:25 -0400] "GET /rss HTTP/1.0" 200 100138 "-" "RssBandit/1.5.0.10 (.NET CLR 2.0.50727.42; WinNT 5.1.2600 Service Pack 2; http://www.rssbandit.org)"
86.104.26.115 - - [31/Mar/2009:11:09:27 -0400] "GET /topics/show/120/25841/ HTTP/1.0" 200 15639 "-" "Mozilla/2.0 (compatible; NEWT ActiveX; Win32)"
204.209.81.14 - - [31/Mar/2009:11:09:27 -0400] "GET /rss HTTP/1.0" 200 100138 "-" "Mozilla/5.0 (Windows; U; Windows NT 5.0; en-GB; rv:1.9.0.6) Gecko/2009011913 Firefox/3.0.6"
72.30.65.34 - - [31/Mar/2009:11:09:35 -0400] "GET /profile/722707 HTTP/1.0" 200 23040 "-" "Mozilla/5.0 (compatible; Yahoo! Slurp/3.0; http://help.yahoo.com/help/us/ysearch/slurp)"
67.192.120.134 - - [31/Mar/2009:11:09:51 -0400] "GET / HTTP/1.0" 200 24896 "-" "Pingdom.com_bot_version_1.4_(http://www.pingdom.com/)"
72.30.65.34 - - [31/Mar/2009:11:09:56 -0400] "GET /topics/show/119/25635 HTTP/1.0" 200 617318 "-" "Mozilla/5.0 (compatible; Yahoo! Slurp/3.0; http://help.yahoo.com/help/us/ysearch/slurp)"
24.137.117.37 - - [31/Mar/2009:11:10:02 -0400] "GET /avatars/0000/0107/hope-nope5_thumb.jpg?1235523623 HTTP/1.1" 304 - "http://www.nikonthenumbers.com/topics/show/124/28395" "Mozilla/4.0 (compatible; MSIE 7.0; Windows NT 5.1; GTB5; .NET CLR 1.1.4322; .NET CLR 2.0.50727; OfficeLiveConnector.1.3; OfficeLivePatch.0.0)"
24.137.117.37 - - [31/Mar/2009:11:10:03 -0400] "GET /avatars/0000/0083/LOGO_lg_thumb.png?1228919873 HTTP/1.1" 304 - "http://www.nikonthenumbers.com/topics/show/124/28395" "Mozilla/4.0 (compatible; MSIE 7.0; Windows NT 5.1; GTB5; .NET CLR 1.1.4322; .NET CLR 2.0.50727; OfficeLiveConnector.1.3; OfficeLivePatch.0.0)"
24.137.117.37 - - [31/Mar/2009:11:10:00 -0400] "GET /topics/show/124/28395 HTTP/1.1" 200 169493 "http://www.nikonthenumbers.com/" "Mozilla/4.0 (compatible; MSIE 7.0; Windows NT 5.1; GTB5; .NET CLR 1.1.4322; .NET CLR 2.0.50727; OfficeLiveConnector.1.3; OfficeLivePatch.0.0)"
24.137.117.37 - - [31/Mar/2009:11:10:07 -0400] "GET /images/comment.png HTTP/1.1" 304 - "http://www.nikonthenumbers.com/topics/show/124/28395" "Mozilla/4.0 (compatible; MSIE 7.0; Windows NT 5.1; GTB5; .NET CLR 1.1.4322; .NET CLR 2.0.50727; OfficeLiveConnector.1.3; OfficeLivePatch.0.0)"
24.137.117.37 - - [31/Mar/2009:11:10:16 -0400] "POST /talk/mark/28533 HTTP/1.1" 201 1 "http://www.nikonthenumbers.com/topics/show/124/28395#comment_28533" "Mozilla/4.0 (compatible; MSIE 7.0; Windows NT 5.1; GTB5; .NET CLR 1.1.4322; .NET CLR 2.0.50727; OfficeLiveConnector.1.3; OfficeLivePatch.0.0)"
87.118.90.190 - - [31/Mar/2009:11:10:53 -0400] "GET /login/ HTTP/1.0" 200 13319 "http://www.nikonthenumbers.com/login/" "Opera/7.11 (Windows NT 5.1; U) [en]"
87.118.90.190 - - [31/Mar/2009:11:10:54 -0400] "GET /login HTTP/1.0" 200 13319 "http://www.nikonthenumbers.com/login" "Opera/7.11 (Windows NT 5.1; U) [en]"
87.118.90.190 - - [31/Mar/2009:11:10:55 -0400] "POST /login HTTP/1.0" 200 13356 "http://www.nikonthenumbers.com/login" "Opera/7.11 (Windows NT 5.1; U) [en]"
78.136.27.223 - - [31/Mar/2009:11:10:54 -0400] "GET / HTTP/1.0" 200 24896 "-" "Pingdom.com_bot_version_1.4_(http://www.pingdom.com/)"
87.118.90.190 - - [31/Mar/2009:11:10:57 -0400] "GET /login/ HTTP/1.0" 200 13356 "http://www.nikonthenumbers.com/login/" "Opera/7.11 (Windows NT 5.1; U) [en]"
87.118.90.190 - - [31/Mar/2009:11:10:58 -0400] "POST /login/login HTTP/1.0" 500 2328 "http://www.nikonthenumbers.com/login/" "Opera/7.11 (Windows NT 5.1; U) [en]"
24.137.117.37 - - [31/Mar/2009:11:11:10 -0400] "GET /images/busy.gif HTTP/1.1" 304 - "http://www.nikonthenumbers.com/topics/show/124/28395" "Mozilla/4.0 (compatible; MSIE 7.0; Windows NT 5.1; GTB5; .NET CLR 1.1.4322; .NET CLR 2.0.50727; OfficeLiveConnector.1.3; OfficeLivePatch.0.0)"
24.137.117.37 - - [31/Mar/2009:11:11:10 -0400] "POST /topics/show_comments/124/28426 HTTP/1.1" 200 43898 "http://www.nikonthenumbers.com/topics/show/124/28395#comment_28533" "Mozilla/4.0 (compatible; MSIE 7.0; Windows NT 5.1; GTB5; .NET CLR 1.1.4322; .NET CLR 2.0.50727; OfficeLiveConnector.1.3; OfficeLivePatch.0.0)"
24.137.117.37 - - [31/Mar/2009:11:11:39 -0400] "POST /talk/mark/28487 HTTP/1.1" 201 1 "http://www.nikonthenumbers.com/topics/show/124/28395#comment_28533" "Mozilla/4.0 (compatible; MSIE 7.0; Windows NT 5.1; GTB5; .NET CLR 1.1.4322; .NET CLR 2.0.50727; OfficeLiveConnector.1.3; OfficeLivePatch.0.0)"
67.205.112.79 - - [31/Mar/2009:11:11:51 -0400] "GET / HTTP/1.0" 200 24896 "-" "Pingdom.com_bot_version_1.4_(http://www.pingdom.com/)"
24.137.117.37 - - [31/Mar/2009:11:12:06 -0400] "POST /talk/mark/28524 HTTP/1.1" 201 1 "http://www.nikonthenumbers.com/topics/show/124/28395#comment_28533" "Mozilla/4.0 (compatible; MSIE 7.0; Windows NT 5.1; GTB5; .NET CLR 1.1.4322; .NET CLR 2.0.50727; OfficeLiveConnector.1.3; OfficeLivePatch.0.0)"
66.249.73.230 - - [31/Mar/2009:11:12:05 -0400] "GET /topics/show/90/12197 HTTP/1.1" 200 103955 "-" "Mozilla/5.0 (compatible; Googlebot/2.1; +http://www.google.com/bot.html)"
206.191.40.208 - - [31/Mar/2009:11:12:16 -0400] "GET /rss HTTP/1.1" 200 100138 "-" "Windows-RSS-Platform/1.0 (MSIE 7.0; Windows NT 5.1)"
72.30.65.34 - - [31/Mar/2009:11:12:33 -0400] "GET /topics/show/114/19926 HTTP/1.0" 200 273502 "-" "Mozilla/5.0 (compatible; Yahoo! Slurp/3.0; http://help.yahoo.com/help/us/ysearch/slurp)"
174.133.253.162 - - [31/Mar/2009:11:12:51 -0400] "GET / HTTP/1.0" 200 24896 "-" "Pingdom.com_bot_version_1.4_(http://www.pingdom.com/)"
24.137.117.37 - - [31/Mar/2009:11:13:09 -0400] "GET / HTTP/1.1" 200 24896 "-" "Mozilla/4.0 (compatible; MSIE 7.0; Windows NT 5.1; GTB5; .NET CLR 1.1.4322; .NET CLR 2.0.50727; OfficeLiveConnector.1.3; OfficeLivePatch.0.0)"
208.124.156.82 - - [31/Mar/2009:11:13:16 -0400] "GET /rss HTTP/1.1" 200 100138 "-" "Mozilla/4.0 (compatible; MSIE 7.0; Windows NT 6.0; SLCC1; .NET CLR 2.0.50727; .NET CLR 3.5.30729; .NET CLR 3.0.30618; MSOffice 12)"
66.135.104.77 - - [31/Mar/2009:11:13:19 -0400] "GET /rss HTTP/1.1" 200 100138 "-" "Mozilla/4.0 (compatible; MSIE 7.0; Windows NT 5.1; GTB5; .NET CLR 1.1.4322; InfoPath.2; MSOffice 12)"
67.195.37.93 - - [31/Mar/2009:11:13:42 -0400] "GET /topics/show/70/6978 HTTP/1.0" 200 260458 "-" "Mozilla/5.0 (compatible; Yahoo! Slurp; http://help.yahoo.com/help/us/ysearch/slurp)"
66.249.73.230 - - [31/Mar/2009:11:13:45 -0400] "GET /profile/712470 HTTP/1.1" 200 17289 "-" "Mozilla/5.0 (compatible; Googlebot/2.1; +http://www.google.com/bot.html)"
24.137.117.37 - - [31/Mar/2009:11:13:47 -0400] "GET /topics/show/125 HTTP/1.1" 200 77022 "http://www.nikonthenumbers.com/" "Mozilla/4.0 (compatible; MSIE 7.0; Windows NT 5.1; GTB5; .NET CLR 1.1.4322; .NET CLR 2.0.50727; OfficeLiveConnector.1.3; OfficeLivePatch.0.0)"
24.137.117.37 - - [31/Mar/2009:11:14:15 -0400] "POST /talk/mark/28490 HTTP/1.1" 201 1 "http://www.nikonthenumbers.com/topics/show/125#comments" "Mozilla/4.0 (compatible; MSIE 7.0; Windows NT 5.1; GTB5; .NET CLR 1.1.4322; .NET CLR 2.0.50727; OfficeLiveConnector.1.3; OfficeLivePatch.0.0)"
24.137.117.37 - - [31/Mar/2009:11:14:23 -0400] "POST /topics/show_comments/125/28490 HTTP/1.1" 200 19308 "http://www.nikonthenumbers.com/topics/show/125#comments" "Mozilla/4.0 (compatible; MSIE 7.0; Windows NT 5.1; GTB5; .NET CLR 1.1.4322; .NET CLR 2.0.50727; OfficeLiveConnector.1.3; OfficeLivePatch.0.0)"
24.137.117.37 - - [31/Mar/2009:11:14:36 -0400] "POST /talk/mark/28500 HTTP/1.1" 201 1 "http://www.nikonthenumbers.com/topics/show/125#comments" "Mozilla/4.0 (compatible; MSIE 7.0; Windows NT 5.1; GTB5; .NET CLR 1.1.4322; .NET CLR 2.0.50727; OfficeLiveConnector.1.3; OfficeLivePatch.0.0)"
89.151.110.152 - - [31/Mar/2009:11:14:52 -0400] "GET / HTTP/1.0" 200 24896 "-" "Pingdom.com_bot_version_1.4_(http://www.pingdom.com/)"
70.30.24.162 - - [31/Mar/2009:11:15:04 -0400] "GET /rss HTTP/1.1" 200 100138 "-" "Windows-RSS-Platform/1.0 (MSIE 7.0; Windows NT 5.1)"
66.249.73.230 - - [31/Mar/2009:11:15:24 -0400] "GET /topics/show/92/12480 HTTP/1.1" 200 195510 "-" "Mozilla/5.0 (compatible; Googlebot/2.1; +http://www.google.com/bot.html)"
208.124.156.82 - - [31/Mar/2009:11:15:36 -0400] "GET /rss HTTP/1.1" 200 100138 "-" "Mozilla/4.0 (compatible; MSIE 7.0; Windows NT 6.0; SLCC1; .NET CLR 2.0.50727; .NET CLR 3.5.30729; .NET CLR 3.0.30618; MSOffice 12)"
194.8.75.96 - - [31/Mar/2009:11:15:46 -0400] "GET /login HTTP/1.0" 200 13319 "http://www.nikonthenumbers.com/login" "Mozilla/4.0 (compatible; MSIE 6.0; Windows NT 5.1; SV1; .NET CLR 1.1.4322; .NET CLR 2.0.50727)"
194.8.75.96 - - [31/Mar/2009:11:15:47 -0400] "GET /topics/show/82/ HTTP/1.0" 200 40018 "http://www.nikonthenumbers.com/topics/show/82/" "Mozilla/4.0 (compatible; MSIE 6.0; Windows NT 5.1; SV1; .NET CLR 1.1.4322; .NET CLR 2.0.50727)"
67.195.37.93 - - [31/Mar/2009:11:15:49 -0400] "GET /profile/1035585 HTTP/1.0" 200 82699 "-" "Mozilla/5.0 (compatible; Yahoo! Slurp/3.0; http://help.yahoo.com/help/us/ysearch/slurp)"
209.62.54.130 - - [31/Mar/2009:11:15:51 -0400] "GET / HTTP/1.0" 200 24896 "-" "Pingdom.com_bot_version_1.4_(http://www.pingdom.com/)"
208.87.54.177 - - [31/Mar/2009:11:16:14 -0400] "GET /rss HTTP/1.1" 200 100138 "-" "Mozilla/5.0 (Windows; U; Windows NT 5.1; en-US; rv:1.8.1.21) Gecko/20090302 Thunderbird/2.0.0.21"
67.195.37.93 - - [31/Mar/2009:11:16:27 -0400] "GET /profile/291600 HTTP/1.0" 200 47639 "-" "Mozilla/5.0 (compatible; Yahoo! Slurp/3.0; http://help.yahoo.com/help/us/ysearch/slurp)"
67.195.37.93 - - [31/Mar/2009:11:16:30 -0400] "GET /profile/291600 HTTP/1.0" 200 415229 "-" "Mozilla/5.0 (compatible; Yahoo! Slurp/3.0; http://help.yahoo.com/help/us/ysearch/slurp)"
83.140.19.38 - - [31/Mar/2009:11:16:36 -0400] "GET / HTTP/1.0" 200 24896 "-" "Pingdom.com_bot_version_1.4_(http://www.pingdom.com/)"
72.51.41.47 - - [31/Mar/2009:11:16:53 -0400] "GET / HTTP/1.0" 200 24896 "-" "Pingdom.com_bot_version_1.4_(http://www.pingdom.com/)"
66.249.73.230 - - [31/Mar/2009:11:17:04 -0400] "GET /profile/1026678 HTTP/1.1" 200 21632 "-" "Mozilla/5.0 (compatible; Googlebot/2.1; +http://www.google.com/bot.html)"
212.247.189.113 - - [31/Mar/2009:11:17:52 -0400] "GET / HTTP/1.0" 200 24896 "-" "Pingdom.com_bot_version_1.4_(http://www.pingdom.com/)"
205.205.91.66 - - [31/Mar/2009:11:17:55 -0400] "GET /rss HTTP/1.1" 200 100138 "-" "Mozilla/4.0 (compatible; MSIE 7.0; Windows NT 5.1; GTB5; .NET CLR 1.1.4322; .NET CLR 2.0.50727; InfoPath.2; Alexa Toolbar; MS-RTC LM 8; MSOffice 12)"
75.154.76.172 - - [31/Mar/2009:11:18:14 -0400] "GET /rss HTTP/1.1" 200 100138 "-" "Windows-RSS-Platform/1.0 (MSIE 7.0; Windows NT 6.0)"
66.249.73.230 - - [31/Mar/2009:11:18:43 -0400] "GET /profile/572224 HTTP/1.1" 200 23076 "-" "Mozilla/5.0 (compatible; Googlebot/2.1; +http://www.google.com/bot.html)"
207.97.207.200 - - [31/Mar/2009:11:18:51 -0400] "GET / HTTP/1.0" 200 24896 "-" "Pingdom.com_bot_version_1.4_(http://www.pingdom.com/)"
208.124.156.82 - - [31/Mar/2009:11:19:04 -0400] "GET /rss HTTP/1.1" 200 100138 "-" "Mozilla/4.0 (compatible; MSIE 7.0; Windows NT 6.0; SLCC1; .NET CLR 2.0.50727; .NET CLR 3.5.30729; .NET CLR 3.0.30618; MSOffice 12)"
65.55.105.119 - - [31/Mar/2009:11:19:33 -0400] "GET /viewer/index/40 HTTP/1.1" 200 634 "-" "msnbot/1.1 (+http://search.msn.com/msnbot.htm)"
67.192.120.134 - - [31/Mar/2009:11:19:51 -0400] "GET / HTTP/1.0" 200 24896 "-" "Pingdom.com_bot_version_1.4_(http://www.pingdom.com/)"
66.249.73.230 - - [31/Mar/2009:11:20:23 -0400] "GET /topics/show/71/7573 HTTP/1.1" 200 253506 "-" "Mozilla/5.0 (compatible; Googlebot/2.1; +http://www.google.com/bot.html)"
78.136.27.223 - - [31/Mar/2009:11:20:51 -0400] "GET / HTTP/1.0" 200 24896 "-" "Pingdom.com_bot_version_1.4_(http://www.pingdom.com/)"
38.116.202.117 - - [31/Mar/2009:11:21:08 -0400] "GET / HTTP/1.1" 200 24896 "-" "Mozilla/4.0 (compatible; MSIE 7.0; Windows NT 5.1; .NET CLR 1.1.4322; .NET CLR 2.0.50727)"
38.116.202.117 - - [31/Mar/2009:11:21:10 -0400] "GET /stylesheets/base_1221113035.css HTTP/1.1" 200 14188 "http://www.nikonthenumbers.com/" "Mozilla/4.0 (compatible; MSIE 7.0; Windows NT 5.1; .NET CLR 1.1.4322; .NET CLR 2.0.50727)"
38.116.202.117 - - [31/Mar/2009:11:21:10 -0400] "GET /javascripts/base_1221113035.js HTTP/1.1" 200 96039 "http://www.nikonthenumbers.com/" "Mozilla/4.0 (compatible; MSIE 7.0; Windows NT 5.1; .NET CLR 1.1.4322; .NET CLR 2.0.50727)"
38.116.202.117 - - [31/Mar/2009:11:21:10 -0400] "GET /images/page-bg.gif HTTP/1.1" 200 1487 "http://www.nikonthenumbers.com/" "Mozilla/4.0 (compatible; MSIE 7.0; Windows NT 5.1; .NET CLR 1.1.4322; .NET CLR 2.0.50727)"
38.116.202.117 - - [31/Mar/2009:11:21:10 -0400] "GET /images/TOP_01.jpg HTTP/1.1" 200 12839 "http://www.nikonthenumbers.com/" "Mozilla/4.0 (compatible; MSIE 7.0; Windows NT 5.1; .NET CLR 1.1.4322; .NET CLR 2.0.50727)"
38.116.202.117 - - [31/Mar/2009:11:21:10 -0400] "GET /images/TOP_02.jpg HTTP/1.1" 200 14856 "http://www.nikonthenumbers.com/" "Mozilla/4.0 (compatible; MSIE 7.0; Windows NT 5.1; .NET CLR 1.1.4322; .NET CLR 2.0.50727)"
38.116.202.117 - - [31/Mar/2009:11:21:10 -0400] "GET /images/feed-icon-14x14.png HTTP/1.1" 200 689 "http://www.nikonthenumbers.com/" "Mozilla/4.0 (compatible; MSIE 7.0; Windows NT 5.1; .NET CLR 1.1.4322; .NET CLR 2.0.50727)"
38.116.202.117 - - [31/Mar/2009:11:21:10 -0400] "GET /images/TOP_03.jpg HTTP/1.1" 200 15516 "http://www.nikonthenumbers.com/" "Mozilla/4.0 (compatible; MSIE 7.0; Windows NT 5.1; .NET CLR 1.1.4322; .NET CLR 2.0.50727)"
38.116.202.117 - - [31/Mar/2009:11:21:10 -0400] "GET /images/RULE-FADE.jpg HTTP/1.1" 200 448 "http://www.nikonthenumbers.com/" "Mozilla/4.0 (compatible; MSIE 7.0; Windows NT 5.1; .NET CLR 1.1.4322; .NET CLR 2.0.50727)"
38.116.202.117 - - [31/Mar/2009:11:21:10 -0400] "GET /fixit.js HTTP/1.1" 200 153 "http://www.nikonthenumbers.com/" "Mozilla/4.0 (compatible; MSIE 7.0; Windows NT 5.1; .NET CLR 1.1.4322; .NET CLR 2.0.50727)"
38.116.202.117 - - [31/Mar/2009:11:21:10 -0400] "GET /images/TOP_06.jpg HTTP/1.1" 200 2158 "http://www.nikonthenumbers.com/" "Mozilla/4.0 (compatible; MSIE 7.0; Windows NT 5.1; .NET CLR 1.1.4322; .NET CLR 2.0.50727)"
38.116.202.117 - - [31/Mar/2009:11:21:10 -0400] "GET /images/Ses-Townhall-AD-FED-20080911.swf HTTP/1.1" 200 17188 "http://www.nikonthenumbers.com/" "Mozilla/4.0 (compatible; MSIE 7.0; Windows NT 5.1; .NET CLR 1.1.4322; .NET CLR 2.0.50727)"
38.116.202.117 - - [31/Mar/2009:11:21:10 -0400] "GET /images/bottom-with-shaddow.gif HTTP/1.1" 200 9790 "http://www.nikonthenumbers.com/" "Mozilla/4.0 (compatible; MSIE 7.0; Windows NT 5.1; .NET CLR 1.1.4322; .NET CLR 2.0.50727)"
38.116.202.117 - - [31/Mar/2009:11:21:11 -0400] "GET /images/BOX-BACK.jpg HTTP/1.1" 200 1025 "http://www.nikonthenumbers.com/" "Mozilla/4.0 (compatible; MSIE 7.0; Windows NT 5.1; .NET CLR 1.1.4322; .NET CLR 2.0.50727)"
38.116.202.117 - - [31/Mar/2009:11:21:11 -0400] "GET /images/red-band.gif HTTP/1.1" 200 4358 "http://www.nikonthenumbers.com/" "Mozilla/4.0 (compatible; MSIE 7.0; Windows NT 5.1; .NET CLR 1.1.4322; .NET CLR 2.0.50727)"
38.116.202.117 - - [31/Mar/2009:11:21:11 -0400] "GET /images/Ses-Townhall-AD-FED-20080911.swf HTTP/1.1" 200 17188 "http://www.nikonthenumbers.com/" "Mozilla/4.0 (compatible; MSIE 7.0; Windows NT 5.1; .NET CLR 1.1.4322; .NET CLR 2.0.50727)"
38.116.202.117 - - [31/Mar/2009:11:21:11 -0400] "GET /images/polling_results.jpg?1221113035 HTTP/1.1" 200 5021 "http://www.nikonthenumbers.com/" "Mozilla/4.0 (compatible; MSIE 7.0; Windows NT 5.1; .NET CLR 1.1.4322; .NET CLR 2.0.50727)"
38.116.202.117 - - [31/Mar/2009:11:21:11 -0400] "GET /images/safe_subscribe_logo.gif HTTP/1.1" 200 457 "http://www.nikonthenumbers.com/" "Mozilla/4.0 (compatible; MSIE 7.0; Windows NT 5.1; .NET CLR 1.1.4322; .NET CLR 2.0.50727)"
38.116.202.117 - - [31/Mar/2009:11:21:11 -0400] "GET /images/comment_bw.png HTTP/1.1" 200 384 "http://www.nikonthenumbers.com/" "Mozilla/4.0 (compatible; MSIE 7.0; Windows NT 5.1; .NET CLR 1.1.4322; .NET CLR 2.0.50727)"
38.116.202.117 - - [31/Mar/2009:11:21:11 -0400] "GET /images/cancel.png HTTP/1.1" 200 853 "http://www.nikonthenumbers.com/" "Mozilla/4.0 (compatible; MSIE 7.0; Windows NT 5.1; .NET CLR 1.1.4322; .NET CLR 2.0.50727)"
38.116.202.117 - - [31/Mar/2009:11:21:38 -0400] "GET /topics/show/125 HTTP/1.1" 200 77022 "http://www.nikonthenumbers.com/" "Mozilla/4.0 (compatible; MSIE 7.0; Windows NT 5.1; .NET CLR 1.1.4322; .NET CLR 2.0.50727)"
38.116.202.117 - - [31/Mar/2009:11:21:39 -0400] "GET /images/comment.png HTTP/1.1" 200 540 "http://www.nikonthenumbers.com/topics/show/125" "Mozilla/4.0 (compatible; MSIE 7.0; Windows NT 5.1; .NET CLR 1.1.4322; .NET CLR 2.0.50727)"
38.116.202.117 - - [31/Mar/2009:11:21:39 -0400] "GET /favicon.ico HTTP/1.1" 200 894 "-" "Mozilla/4.0 (compatible; MSIE 7.0; Windows NT 5.1; .NET CLR 1.1.4322; .NET CLR 2.0.50727)"
66.249.73.230 - - [31/Mar/2009:11:21:38 -0400] "GET /topics/show/124 HTTP/1.1" 200 150388 "-" "DoCoMo/2.0 N905i(c100;TB;W24H16) (compatible; Googlebot-Mobile/2.1; +http://www.google.com/bot.html)"
67.205.112.79 - - [31/Mar/2009:11:21:51 -0400] "GET / HTTP/1.0" 200 24896 "-" "Pingdom.com_bot_version_1.4_(http://www.pingdom.com/)"
72.30.65.34 - - [31/Mar/2009:11:22:14 -0400] "GET /profile/746460 HTTP/1.0" 200 15339 "-" "Mozilla/5.0 (compatible; Yahoo! Slurp/3.0; http://help.yahoo.com/help/us/ysearch/slurp)"
65.55.105.119 - - [31/Mar/2009:11:22:18 -0400] "GET /robots.txt HTTP/1.1" 200 161 "-" "msnbot/1.0 (+http://search.msn.com/msnbot.htm)"
136.159.237.198 - - [31/Mar/2009:11:22:24 -0400] "GET /rss HTTP/1.1" 200 100138 "-" "Mozilla/5.0 (Macintosh; U; PPC Mac OS X 10.5; en-GB; rv:1.9.0.8) Gecko/2009032608 Firefox/3.0.8"
65.55.105.119 - - [31/Mar/2009:11:22:18 -0400] "GET /viewer/header/40 HTTP/1.1" 200 3639 "-" "msnbot/1.0 (+http://search.msn.com/msnbot.htm)"
66.249.73.230 - - [31/Mar/2009:11:22:03 -0400] "GET /topics/show/74/8429 HTTP/1.1" 200 728944 "-" "Mozilla/5.0 (compatible; Googlebot/2.1; +http://www.google.com/bot.html)"
174.133.253.162 - - [31/Mar/2009:11:22:51 -0400] "GET / HTTP/1.0" 200 24896 "-" "Pingdom.com_bot_version_1.4_(http://www.pingdom.com/)"
208.124.156.82 - - [31/Mar/2009:11:22:57 -0400] "GET /rss HTTP/1.1" 200 100138 "-" "Mozilla/4.0 (compatible; MSIE 7.0; Windows NT 6.0; SLCC1; .NET CLR 2.0.50727; .NET CLR 3.5.30729; .NET CLR 3.0.30618; MSOffice 12)"
66.249.73.230 - - [31/Mar/2009:11:23:42 -0400] "GET /profile/180964 HTTP/1.1" 200 14674 "-" "Mozilla/5.0 (compatible; Googlebot/2.1; +http://www.google.com/bot.html)"
89.151.110.152 - - [31/Mar/2009:11:24:52 -0400] "GET / HTTP/1.0" 200 24896 "-" "Pingdom.com_bot_version_1.4_(http://www.pingdom.com/)"
66.249.73.230 - - [31/Mar/2009:11:25:22 -0400] "GET /profile/172836 HTTP/1.1" 200 21408 "-" "Mozilla/5.0 (compatible; Googlebot/2.1; +http://www.google.com/bot.html)"
65.55.105.130 - - [31/Mar/2009:11:25:38 -0400] "GET /robots.txt HTTP/1.1" 200 161 "-" "msnbot/1.1 (+http://search.msn.com/msnbot.htm)"
209.62.54.130 - - [31/Mar/2009:11:25:51 -0400] "GET / HTTP/1.0" 200 24896 "-" "Pingdom.com_bot_version_1.4_(http://www.pingdom.com/)"
208.87.54.177 - - [31/Mar/2009:11:26:16 -0400] "GET /rss HTTP/1.1" 200 100138 "-" "Mozilla/5.0 (Windows; U; Windows NT 5.1; en-US; rv:1.8.1.21) Gecko/20090302 Thunderbird/2.0.0.21"
83.140.19.38 - - [31/Mar/2009:11:26:29 -0400] "GET / HTTP/1.0" 200 24896 "-" "Pingdom.com_bot_version_1.4_(http://www.pingdom.com/)"
65.55.105.133 - - [31/Mar/2009:11:26:50 -0400] "GET /robots.txt HTTP/1.1" 200 161 "-" "msnbot/1.1 (+http://search.msn.com/msnbot.htm)"
66.249.73.230 - - [31/Mar/2009:11:27:02 -0400] "GET /profile/735400 HTTP/1.1" 200 17668 "-" "Mozilla/5.0 (compatible; Googlebot/2.1; +http://www.google.com/bot.html)"
205.205.91.66 - - [31/Mar/2009:11:27:37 -0400] "GET /rss HTTP/1.1" 200 100138 "-" "Mozilla/4.0 (compatible; MSIE 7.0; Windows NT 5.1; GTB5; .NET CLR 1.1.4322; .NET CLR 2.0.50727; InfoPath.2; Alexa Toolbar; MS-RTC LM 8; MSOffice 12)"
212.247.189.113 - - [31/Mar/2009:11:27:51 -0400] "GET / HTTP/1.0" 200 24896 "-" "Pingdom.com_bot_version_1.4_(http://www.pingdom.com/)"
72.51.41.47 - - [31/Mar/2009:11:27:58 -0400] "GET / HTTP/1.0" 200 24896 "-" "Pingdom.com_bot_version_1.4_(http://www.pingdom.com/)"
98.238.4.162 - - [31/Mar/2009:11:28:17 -0400] "GET /stylesheets/base_1221113035.css HTTP/1.1" 200 14188 "http://www.nikonthenumbers.com/topics/show/124" "Mozilla/4.0 (compatible; MSIE 7.0; Windows NT 6.0; GTB5; FunWebProducts; SLCC1; .NET CLR 2.0.50727; Media Center PC 5.0; .NET CLR 3.5.30729; .NET CLR 3.0.30618)"
98.238.4.162 - - [31/Mar/2009:11:28:16 -0400] "GET /topics/show/124 HTTP/1.1" 200 150388 "-" "Mozilla/4.0 (compatible; MSIE 7.0; Windows NT 6.0; GTB5; FunWebProducts; SLCC1; .NET CLR 2.0.50727; Media Center PC 5.0; .NET CLR 3.5.30729; .NET CLR 3.0.30618)"
98.238.4.162 - - [31/Mar/2009:11:28:17 -0400] "GET /javascripts/base_1221113035.js HTTP/1.1" 200 96039 "http://www.nikonthenumbers.com/topics/show/124" "Mozilla/4.0 (compatible; MSIE 7.0; Windows NT 6.0; GTB5; FunWebProducts; SLCC1; .NET CLR 2.0.50727; Media Center PC 5.0; .NET CLR 3.5.30729; .NET CLR 3.0.30618)"
98.238.4.162 - - [31/Mar/2009:11:28:18 -0400] "GET /images/page-bg.gif HTTP/1.1" 200 1487 "http://www.nikonthenumbers.com/topics/show/124" "Mozilla/4.0 (compatible; MSIE 7.0; Windows NT 6.0; GTB5; FunWebProducts; SLCC1; .NET CLR 2.0.50727; Media Center PC 5.0; .NET CLR 3.5.30729; .NET CLR 3.0.30618)"
98.238.4.162 - - [31/Mar/2009:11:28:18 -0400] "GET /images/TOP_01.jpg HTTP/1.1" 200 12839 "http://www.nikonthenumbers.com/topics/show/124" "Mozilla/4.0 (compatible; MSIE 7.0; Windows NT 6.0; GTB5; FunWebProducts; SLCC1; .NET CLR 2.0.50727; Media Center PC 5.0; .NET CLR 3.5.30729; .NET CLR 3.0.30618)"
98.238.4.162 - - [31/Mar/2009:11:28:18 -0400] "GET /images/TOP_03.jpg HTTP/1.1" 200 15516 "http://www.nikonthenumbers.com/topics/show/124" "Mozilla/4.0 (compatible; MSIE 7.0; Windows NT 6.0; GTB5; FunWebProducts; SLCC1; .NET CLR 2.0.50727; Media Center PC 5.0; .NET CLR 3.5.30729; .NET CLR 3.0.30618)"
98.238.4.162 - - [31/Mar/2009:11:28:18 -0400] "GET /images/TOP_02.jpg HTTP/1.1" 200 14856 "http://www.nikonthenumbers.com/topics/show/124" "Mozilla/4.0 (compatible; MSIE 7.0; Windows NT 6.0; GTB5; FunWebProducts; SLCC1; .NET CLR 2.0.50727; Media Center PC 5.0; .NET CLR 3.5.30729; .NET CLR 3.0.30618)"
98.238.4.162 - - [31/Mar/2009:11:28:18 -0400] "GET /images/Ses-Townhall-AD-FED-20080911.swf HTTP/1.1" 200 17188 "http://www.nikonthenumbers.com/topics/show/124" "Mozilla/4.0 (compatible; MSIE 7.0; Windows NT 6.0; GTB5; FunWebProducts; SLCC1; .NET CLR 2.0.50727; Media Center PC 5.0; .NET CLR 3.5.30729; .NET CLR 3.0.30618)"
98.238.4.162 - - [31/Mar/2009:11:28:18 -0400] "GET /images/feed-icon-14x14.png HTTP/1.1" 200 689 "http://www.nikonthenumbers.com/topics/show/124" "Mozilla/4.0 (compatible; MSIE 7.0; Windows NT 6.0; GTB5; FunWebProducts; SLCC1; .NET CLR 2.0.50727; Media Center PC 5.0; .NET CLR 3.5.30729; .NET CLR 3.0.30618)"
98.238.4.162 - - [31/Mar/2009:11:28:18 -0400] "GET /images/TOP_06.jpg HTTP/1.1" 200 2158 "http://www.nikonthenumbers.com/topics/show/124" "Mozilla/4.0 (compatible; MSIE 7.0; Windows NT 6.0; GTB5; FunWebProducts; SLCC1; .NET CLR 2.0.50727; Media Center PC 5.0; .NET CLR 3.5.30729; .NET CLR 3.0.30618)"
98.238.4.162 - - [31/Mar/2009:11:28:18 -0400] "GET /images/bottom-with-shaddow.gif HTTP/1.1" 200 9790 "http://www.nikonthenumbers.com/topics/show/124" "Mozilla/4.0 (compatible; MSIE 7.0; Windows NT 6.0; GTB5; FunWebProducts; SLCC1; .NET CLR 2.0.50727; Media Center PC 5.0; .NET CLR 3.5.30729; .NET CLR 3.0.30618)"
98.238.4.162 - - [31/Mar/2009:11:28:18 -0400] "GET /images/BOX-BACK.jpg HTTP/1.1" 200 1025 "http://www.nikonthenumbers.com/topics/show/124" "Mozilla/4.0 (compatible; MSIE 7.0; Windows NT 6.0; GTB5; FunWebProducts; SLCC1; .NET CLR 2.0.50727; Media Center PC 5.0; .NET CLR 3.5.30729; .NET CLR 3.0.30618)"
98.238.4.162 - - [31/Mar/2009:11:28:18 -0400] "GET /avatars/0000/0107/hope-nope5_thumb.jpg?1235523623 HTTP/1.1" 200 5188 "http://www.nikonthenumbers.com/topics/show/124" "Mozilla/4.0 (compatible; MSIE 7.0; Windows NT 6.0; GTB5; FunWebProducts; SLCC1; .NET CLR 2.0.50727; Media Center PC 5.0; .NET CLR 3.5.30729; .NET CLR 3.0.30618)"
98.238.4.162 - - [31/Mar/2009:11:28:18 -0400] "GET /avatars/0000/0083/LOGO_lg_thumb.png?1228919873 HTTP/1.1" 200 3884 "http://www.nikonthenumbers.com/topics/show/124" "Mozilla/4.0 (compatible; MSIE 7.0; Windows NT 6.0; GTB5; FunWebProducts; SLCC1; .NET CLR 2.0.50727; Media Center PC 5.0; .NET CLR 3.5.30729; .NET CLR 3.0.30618)"
98.238.4.162 - - [31/Mar/2009:11:28:18 -0400] "GET /images/red-band.gif HTTP/1.1" 200 4358 "http://www.nikonthenumbers.com/topics/show/124" "Mozilla/4.0 (compatible; MSIE 7.0; Windows NT 6.0; GTB5; FunWebProducts; SLCC1; .NET CLR 2.0.50727; Media Center PC 5.0; .NET CLR 3.5.30729; .NET CLR 3.0.30618)"
98.238.4.162 - - [31/Mar/2009:11:28:18 -0400] "GET /images/RULE-FADE.jpg HTTP/1.1" 200 448 "http://www.nikonthenumbers.com/topics/show/124" "Mozilla/4.0 (compatible; MSIE 7.0; Windows NT 6.0; GTB5; FunWebProducts; SLCC1; .NET CLR 2.0.50727; Media Center PC 5.0; .NET CLR 3.5.30729; .NET CLR 3.0.30618)"
98.238.4.162 - - [31/Mar/2009:11:28:18 -0400] "GET /fixit.js HTTP/1.1" 200 153 "http://www.nikonthenumbers.com/topics/show/124" "Mozilla/4.0 (compatible; MSIE 7.0; Windows NT 6.0; GTB5; FunWebProducts; SLCC1; .NET CLR 2.0.50727; Media Center PC 5.0; .NET CLR 3.5.30729; .NET CLR 3.0.30618)"
98.238.4.162 - - [31/Mar/2009:11:28:18 -0400] "GET /images/comment_bw.png HTTP/1.1" 200 384 "http://www.nikonthenumbers.com/topics/show/124" "Mozilla/4.0 (compatible; MSIE 7.0; Windows NT 6.0; GTB5; FunWebProducts; SLCC1; .NET CLR 2.0.50727; Media Center PC 5.0; .NET CLR 3.5.30729; .NET CLR 3.0.30618)"
98.238.4.162 - - [31/Mar/2009:11:28:18 -0400] "GET /images/comment.png HTTP/1.1" 200 540 "http://www.nikonthenumbers.com/topics/show/124" "Mozilla/4.0 (compatible; MSIE 7.0; Windows NT 6.0; GTB5; FunWebProducts; SLCC1; .NET CLR 2.0.50727; Media Center PC 5.0; .NET CLR 3.5.30729; .NET CLR 3.0.30618)"
98.238.4.162 - - [31/Mar/2009:11:28:18 -0400] "GET /images/polling_results.jpg?1221113035 HTTP/1.1" 200 5021 "http://www.nikonthenumbers.com/topics/show/124" "Mozilla/4.0 (compatible; MSIE 7.0; Windows NT 6.0; GTB5; FunWebProducts; SLCC1; .NET CLR 2.0.50727; Media Center PC 5.0; .NET CLR 3.5.30729; .NET CLR 3.0.30618)"
98.238.4.162 - - [31/Mar/2009:11:28:18 -0400] "GET /images/safe_subscribe_logo.gif HTTP/1.1" 200 457 "http://www.nikonthenumbers.com/topics/show/124" "Mozilla/4.0 (compatible; MSIE 7.0; Windows NT 6.0; GTB5; FunWebProducts; SLCC1; .NET CLR 2.0.50727; Media Center PC 5.0; .NET CLR 3.5.30729; .NET CLR 3.0.30618)"
98.238.4.162 - - [31/Mar/2009:11:28:18 -0400] "GET /images/cancel.png HTTP/1.1" 200 853 "http://www.nikonthenumbers.com/topics/show/124" "Mozilla/4.0 (compatible; MSIE 7.0; Windows NT 6.0; GTB5; FunWebProducts; SLCC1; .NET CLR 2.0.50727; Media Center PC 5.0; .NET CLR 3.5.30729; .NET CLR 3.0.30618)"
98.238.4.162 - - [31/Mar/2009:11:28:19 -0400] "GET /favicon.ico HTTP/1.1" 200 894 "-" "Mozilla/4.0 (compatible; MSIE 7.0; Windows NT 6.0; GTB5; FunWebProducts; SLCC1; .NET CLR 2.0.50727; Media Center PC 5.0; .NET CLR 3.5.30729; .NET CLR 3.0.30618)"
99.240.94.33 - - [31/Mar/2009:11:28:36 -0400] "GET /rss HTTP/1.1" 200 100138 "-" "Vienna/2.3.0.2301"
66.249.73.230 - - [31/Mar/2009:11:28:42 -0400] "GET /profile/704621 HTTP/1.1" 200 15175 "-" "Mozilla/5.0 (compatible; Googlebot/2.1; +http://www.google.com/bot.html)"
207.97.207.200 - - [31/Mar/2009:11:28:51 -0400] "GET / HTTP/1.0" 200 24896 "-" "Pingdom.com_bot_version_1.4_(http://www.pingdom.com/)"
99.250.110.87 - - [31/Mar/2009:11:29:39 -0400] "GET /rss HTTP/1.1" 200 100138 "-" "Mozilla/5.0 (Windows; U; Windows NT 5.1; en-US; rv:1.9.0.8) Gecko/2009032609 Firefox/3.0.8"
67.192.120.134 - - [31/Mar/2009:11:29:51 -0400] "GET / HTTP/1.0" 200 24896 "-" "Pingdom.com_bot_version_1.4_(http://www.pingdom.com/)"
66.249.73.230 - - [31/Mar/2009:11:30:21 -0400] "GET /profile/1072780 HTTP/1.1" 200 14664 "-" "Mozilla/5.0 (compatible; Googlebot/2.1; +http://www.google.com/bot.html)"
78.136.27.223 - - [31/Mar/2009:11:30:53 -0400] "GET / HTTP/1.0" 200 24896 "-" "Pingdom.com_bot_version_1.4_(http://www.pingdom.com/)"
67.205.112.79 - - [31/Mar/2009:11:31:51 -0400] "GET / HTTP/1.0" 200 24896 "-" "Pingdom.com_bot_version_1.4_(http://www.pingdom.com/)"
65.55.105.120 - - [31/Mar/2009:11:31:58 -0400] "GET /robots.txt HTTP/1.1" 200 161 "-" "msnbot/1.1 (+http://search.msn.com/msnbot.htm)"
66.249.73.230 - - [31/Mar/2009:11:32:01 -0400] "GET /profile/1066533 HTTP/1.1" 200 14672 "-" "Mozilla/5.0 (compatible; Googlebot/2.1; +http://www.google.com/bot.html)"
174.133.253.162 - - [31/Mar/2009:11:32:53 -0400] "GET / HTTP/1.0" 200 24896 "-" "Pingdom.com_bot_version_1.4_(http://www.pingdom.com/)"
204.187.150.30 - - [31/Mar/2009:11:32:54 -0400] "GET / HTTP/1.1" 200 24896 "http://www.google.com/search?client=safari&rls=en&q=Nik+Nanos&ie=UTF-8&oe=UTF-8" "Mozilla/5.0 (Macintosh; U; PPC Mac OS X; en) AppleWebKit/418.9 (KHTML, like Gecko) Safari/419.3"
142.213.127.2 - - [31/Mar/2009:11:32:54 -0400] "GET /rss HTTP/1.0" 200 100138 "-" "RssBandit/1.5.0.10 (.NET CLR 2.0.50727.42; WinNT 5.1.2600 Service Pack 2; http://www.rssbandit.org)"
204.187.150.30 - - [31/Mar/2009:11:32:57 -0400] "GET /images/TOP_01.jpg HTTP/1.1" 200 12839 "http://www.nikonthenumbers.com/" "Mozilla/5.0 (Macintosh; U; PPC Mac OS X; en) AppleWebKit/418.9 (KHTML, like Gecko) Safari/419.3"
204.187.150.30 - - [31/Mar/2009:11:32:57 -0400] "GET /images/TOP_03.jpg HTTP/1.1" 200 15516 "http://www.nikonthenumbers.com/" "Mozilla/5.0 (Macintosh; U; PPC Mac OS X; en) AppleWebKit/418.9 (KHTML, like Gecko) Safari/419.3"
204.187.150.30 - - [31/Mar/2009:11:32:57 -0400] "GET /images/RULE-FADE.jpg HTTP/1.1" 200 448 "http://www.nikonthenumbers.com/" "Mozilla/5.0 (Macintosh; U; PPC Mac OS X; en) AppleWebKit/418.9 (KHTML, like Gecko) Safari/419.3"
204.187.150.30 - - [31/Mar/2009:11:32:57 -0400] "GET /images/polling_results.jpg?1221113035 HTTP/1.1" 200 5021 "http://www.nikonthenumbers.com/" "Mozilla/5.0 (Macintosh; U; PPC Mac OS X; en) AppleWebKit/418.9 (KHTML, like Gecko) Safari/419.3"
204.187.150.30 - - [31/Mar/2009:11:32:57 -0400] "GET /images/safe_subscribe_logo.gif HTTP/1.1" 200 457 "http://www.nikonthenumbers.com/" "Mozilla/5.0 (Macintosh; U; PPC Mac OS X; en) AppleWebKit/418.9 (KHTML, like Gecko) Safari/419.3"
204.187.150.30 - - [31/Mar/2009:11:32:57 -0400] "GET /images/red-band.gif HTTP/1.1" 200 4358 "http://www.nikonthenumbers.com/" "Mozilla/5.0 (Macintosh; U; PPC Mac OS X; en) AppleWebKit/418.9 (KHTML, like Gecko) Safari/419.3"
204.187.150.30 - - [31/Mar/2009:11:32:57 -0400] "GET /images/BOX-BACK.jpg HTTP/1.1" 200 1025 "http://www.nikonthenumbers.com/" "Mozilla/5.0 (Macintosh; U; PPC Mac OS X; en) AppleWebKit/418.9 (KHTML, like Gecko) Safari/419.3"
204.187.150.30 - - [31/Mar/2009:11:32:58 -0400] "GET /images/comment_bw.png HTTP/1.1" 200 384 "http://www.nikonthenumbers.com/" "Mozilla/5.0 (Macintosh; U; PPC Mac OS X; en) AppleWebKit/418.9 (KHTML, like Gecko) Safari/419.3"
204.187.150.30 - - [31/Mar/2009:11:32:57 -0400] "GET /rss HTTP/1.1" 200 100138 "http://www.nikonthenumbers.com/" "Mozilla/5.0 (Macintosh; U; PPC Mac OS X; en) AppleWebKit/418.9 (KHTML, like Gecko) Safari/419.3"
75.154.76.172 - - [31/Mar/2009:11:33:17 -0400] "GET /rss HTTP/1.1" 200 100138 "-" "Windows-RSS-Platform/1.0 (MSIE 7.0; Windows NT 6.0)"
66.249.73.230 - - [31/Mar/2009:11:33:41 -0400] "GET /profile/1066227 HTTP/1.1" 200 15175 "-" "Mozilla/5.0 (compatible; Googlebot/2.1; +http://www.google.com/bot.html)"
72.30.65.34 - - [31/Mar/2009:11:34:03 -0400] "GET /topics/show/115/23404 HTTP/1.0" 200 1220228 "-" "Mozilla/5.0 (compatible; Yahoo! Slurp/3.0; http://help.yahoo.com/help/us/ysearch/slurp)"
64.34.195.145 - - [31/Mar/2009:11:34:09 -0400] "GET /rss HTTP/1.1" 200 99686 "-" "Mozilla/5.0 (X11; U; Linux i686; en-US; rv:1.2.1; aggregator:Spinn3r (Spinn3r 3.0); http://spinn3r.com/robot) Gecko/20021130"
64.34.195.156 - - [31/Mar/2009:11:34:33 -0400] "GET / HTTP/1.1" 200 24732 "-" "Mozilla/5.0 (X11; U; Linux i686; en-US; rv:1.2.1; aggregator:Spinn3r (Spinn3r 3.0); http://spinn3r.com/robot) Gecko/20021130"
93.190.142.78 - - [31/Mar/2009:11:34:40 -0400] "GET /login+%5BPLM=0%5D%5BR%5D+GET+http://www.nikonthenumbers.com/login+%5B0,5754,13604%5D+-%3E+%5BR%5D+POST+http://www.nikonthenumbers.com/login+%5B0,5791,13641%5D+-%3E+%5BL%5D+POST+http://www.nikonthenumbers.com/login+%5B0,0,13641%5D HTTP/1.0" 500 2328 "http://www.nikonthenumbers.com/login+%5BPLM=0%5D%5BR%5D+GET+http://www.nikonthenumbers.com/login+%5B0,5754,13604%5D+-%3E+%5BR%5D+POST+http://www.nikonthenumbers.com/login+%5B0,5791,13641%5D+-%3E+%5BL%5D+POST+http://www.nikonthenumbers.com/login+%5B0,0,13641%5D" "Mozilla/4.0 (compatible; MSIE 6.0; Windows 98; Win 9x 4.90)"
93.190.142.78 - - [31/Mar/2009:11:34:40 -0400] "GET / HTTP/1.0" 200 24896 "http://www.nikonthenumbers.com/" "Mozilla/4.0 (compatible; MSIE 6.0; Windows 98; Win 9x 4.90)"
93.190.142.78 - - [31/Mar/2009:11:34:42 -0400] "GET /login HTTP/1.0" 200 13319 "http://www.nikonthenumbers.com/login" "Mozilla/4.0 (compatible; MSIE 6.0; Windows 98; Win 9x 4.90)"
93.190.142.78 - - [31/Mar/2009:11:34:43 -0400] "POST /login HTTP/1.0" 200 13356 "http://www.nikonthenumbers.com/login" "Mozilla/4.0 (compatible; MSIE 6.0; Windows 98; Win 9x 4.90)"
93.190.142.78 - - [31/Mar/2009:11:34:44 -0400] "GET /login+%5BPLM=0%5D%5BR%5D+GET+http://www.nikonthenumbers.com/login+%5B0,5754,13604%5D+-%3E+%5BR%5D+POST+http://www.nikonthenumbers.com/login+%5B0,5791,13641%5D+-%3E+%5BL%5D+POST+http://www.nikonthenumbers.com/login+%5B0,0,13641%5D HTTP/1.0" 500 2328 "http://www.nikonthenumbers.com/login+%5BPLM=0%5D%5BR%5D+GET+http://www.nikonthenumbers.com/login+%5B0,5754,13604%5D+-%3E+%5BR%5D+POST+http://www.nikonthenumbers.com/login+%5B0,5791,13641%5D+-%3E+%5BL%5D+POST+http://www.nikonthenumbers.com/login+%5B0,0,13641%5D" "Mozilla/4.0 (compatible; MSIE 6.0; Windows 98; Win 9x 4.90)"
93.190.142.78 - - [31/Mar/2009:11:34:45 -0400] "POST /login HTTP/1.0" 200 13356 "http://www.nikonthenumbers.com/login+%5BPLM=0%5D%5BR%5D+GET+http://www.nikonthenumbers.com/login+%5B0,5754,13604%5D+-%3E+%5BR%5D+POST+http://www.nikonthenumbers.com/login+%5B0,5791,13641%5D+-%3E+%5BL%5D+POST+http://www.nikonthenumbers.com/login+%5B0,0,13641%5D" "Mozilla/4.0 (compatible; MSIE 6.0; Windows 98; Win 9x 4.90)"
89.151.110.152 - - [31/Mar/2009:11:34:52 -0400] "GET / HTTP/1.0" 200 24896 "-" "Pingdom.com_bot_version_1.4_(http://www.pingdom.com/)"
72.30.65.34 - - [31/Mar/2009:11:35:04 -0400] "GET /topics/show/59/3812 HTTP/1.0" 200 310308 "-" "Mozilla/5.0 (compatible; Yahoo! Slurp/3.0; http://help.yahoo.com/help/us/ysearch/slurp)"
66.249.73.230 - - [31/Mar/2009:11:35:21 -0400] "GET /profile/1067423 HTTP/1.1" 200 14658 "-" "Mozilla/5.0 (compatible; Googlebot/2.1; +http://www.google.com/bot.html)"
209.62.54.130 - - [31/Mar/2009:11:35:52 -0400] "GET / HTTP/1.0" 200 24896 "-" "Pingdom.com_bot_version_1.4_(http://www.pingdom.com/)"
208.87.54.177 - - [31/Mar/2009:11:36:14 -0400] "GET /rss HTTP/1.1" 200 100138 "-" "Mozilla/5.0 (Windows; U; Windows NT 5.1; en-US; rv:1.8.1.21) Gecko/20090302 Thunderbird/2.0.0.21"
83.140.19.38 - - [31/Mar/2009:11:36:30 -0400] "GET / HTTP/1.0" 200 24896 "-" "Pingdom.com_bot_version_1.4_(http://www.pingdom.com/)"
72.51.41.47 - - [31/Mar/2009:11:36:52 -0400] "GET / HTTP/1.0" 200 24896 "-" "Pingdom.com_bot_version_1.4_(http://www.pingdom.com/)"
66.249.73.230 - - [31/Mar/2009:11:37:01 -0400] "GET /profile/1069431 HTTP/1.1" 200 14732 "-" "Mozilla/5.0 (compatible; Googlebot/2.1; +http://www.google.com/bot.html)"
204.187.150.30 - - [31/Mar/2009:11:37:10 -0400] "GET /about HTTP/1.1" 200 14052 "http://www.nikonthenumbers.com/" "Mozilla/5.0 (Macintosh; U; PPC Mac OS X; en) AppleWebKit/418.9 (KHTML, like Gecko) Safari/419.3"
205.205.91.66 - - [31/Mar/2009:11:37:44 -0400] "GET /rss HTTP/1.1" 200 100138 "-" "Mozilla/4.0 (compatible; MSIE 7.0; Windows NT 5.1; GTB5; .NET CLR 1.1.4322; .NET CLR 2.0.50727; InfoPath.2; Alexa Toolbar; MS-RTC LM 8; MSOffice 12)"
99.250.247.10 - - [31/Mar/2009:11:37:50 -0400] "GET /favicon.ico HTTP/1.1" 200 894 "-" "Mozilla/4.0 (compatible; MSIE 8.0; Windows NT 5.1; Trident/4.0; YPC 3.2.0; .NET CLR 1.1.4322; .NET CLR 2.0.50727; .NET CLR 3.0.4506.2152; .NET CLR 3.5.30729)"
212.247.189.113 - - [31/Mar/2009:11:37:51 -0400] "GET / HTTP/1.0" 200 24896 "-" "Pingdom.com_bot_version_1.4_(http://www.pingdom.com/)"
209.85.238.23 - - [31/Mar/2009:11:38:40 -0400] "GET /rss HTTP/1.1" 200 100138 "-" "Feedfetcher-Google; (+http://www.google.com/feedfetcher.html; 85 subscribers; feed-id=3544419756895700983)"
66.249.73.230 - - [31/Mar/2009:11:38:43 -0400] "GET /profile/1054419 HTTP/1.1" 200 22632 "-" "Mozilla/5.0 (compatible; Googlebot/2.1; +http://www.google.com/bot.html)"
67.195.37.93 - - [31/Mar/2009:11:38:39 -0400] "GET /topics/show/119/25163 HTTP/1.0" 200 634174 "-" "Mozilla/5.0 (compatible; Yahoo! Slurp; http://help.yahoo.com/help/us/ysearch/slurp)"
207.97.207.200 - - [31/Mar/2009:11:38:53 -0400] "GET / HTTP/1.0" 200 24896 "-" "Pingdom.com_bot_version_1.4_(http://www.pingdom.com/)"
70.53.119.122 - - [31/Mar/2009:11:38:56 -0400] "GET / HTTP/1.1" 200 24896 "http://www.google.ca/search?sourceid=navclient&aq=h12&oq=&ie=UTF-8&rlz=1T4GGLJ_en&q=nik+on+the+numbers" "Mozilla/4.0 (compatible; MSIE 7.0; Windows NT 5.1; GTB5; .NET CLR 1.0.3705; .NET CLR 2.0.50727; .NET CLR 1.1.4322; .NET CLR 3.0.04506.30; .NET CLR 3.0.04506.648)"
70.53.119.122 - - [31/Mar/2009:11:38:57 -0400] "GET /stylesheets/base_1221113035.css HTTP/1.1" 304 - "http://www.nikonthenumbers.com/" "Mozilla/4.0 (compatible; MSIE 7.0; Windows NT 5.1; GTB5; .NET CLR 1.0.3705; .NET CLR 2.0.50727; .NET CLR 1.1.4322; .NET CLR 3.0.04506.30; .NET CLR 3.0.04506.648)"
70.53.119.122 - - [31/Mar/2009:11:38:57 -0400] "GET /javascripts/base_1221113035.js HTTP/1.1" 304 - "http://www.nikonthenumbers.com/" "Mozilla/4.0 (compatible; MSIE 7.0; Windows NT 5.1; GTB5; .NET CLR 1.0.3705; .NET CLR 2.0.50727; .NET CLR 1.1.4322; .NET CLR 3.0.04506.30; .NET CLR 3.0.04506.648)"
70.53.119.122 - - [31/Mar/2009:11:38:58 -0400] "GET /images/TOP_01.jpg HTTP/1.1" 304 - "http://www.nikonthenumbers.com/" "Mozilla/4.0 (compatible; MSIE 7.0; Windows NT 5.1; GTB5; .NET CLR 1.0.3705; .NET CLR 2.0.50727; .NET CLR 1.1.4322; .NET CLR 3.0.04506.30; .NET CLR 3.0.04506.648)"
70.53.119.122 - - [31/Mar/2009:11:38:58 -0400] "GET /images/TOP_02.jpg HTTP/1.1" 304 - "http://www.nikonthenumbers.com/" "Mozilla/4.0 (compatible; MSIE 7.0; Windows NT 5.1; GTB5; .NET CLR 1.0.3705; .NET CLR 2.0.50727; .NET CLR 1.1.4322; .NET CLR 3.0.04506.30; .NET CLR 3.0.04506.648)"
70.53.119.122 - - [31/Mar/2009:11:38:58 -0400] "GET /images/TOP_03.jpg HTTP/1.1" 304 - "http://www.nikonthenumbers.com/" "Mozilla/4.0 (compatible; MSIE 7.0; Windows NT 5.1; GTB5; .NET CLR 1.0.3705; .NET CLR 2.0.50727; .NET CLR 1.1.4322; .NET CLR 3.0.04506.30; .NET CLR 3.0.04506.648)"
70.53.119.122 - - [31/Mar/2009:11:38:58 -0400] "GET /images/Ses-Townhall-AD-FED-20080911.swf HTTP/1.1" 304 - "http://www.nikonthenumbers.com/" "Mozilla/4.0 (compatible; MSIE 7.0; Windows NT 5.1; GTB5; .NET CLR 1.0.3705; .NET CLR 2.0.50727; .NET CLR 1.1.4322; .NET CLR 3.0.04506.30; .NET CLR 3.0.04506.648)"
70.53.119.122 - - [31/Mar/2009:11:38:58 -0400] "GET /images/page-bg.gif HTTP/1.1" 304 - "http://www.nikonthenumbers.com/" "Mozilla/4.0 (compatible; MSIE 7.0; Windows NT 5.1; GTB5; .NET CLR 1.0.3705; .NET CLR 2.0.50727; .NET CLR 1.1.4322; .NET CLR 3.0.04506.30; .NET CLR 3.0.04506.648)"
70.53.119.122 - - [31/Mar/2009:11:38:58 -0400] "GET /images/feed-icon-14x14.png HTTP/1.1" 304 - "http://www.nikonthenumbers.com/" "Mozilla/4.0 (compatible; MSIE 7.0; Windows NT 5.1; GTB5; .NET CLR 1.0.3705; .NET CLR 2.0.50727; .NET CLR 1.1.4322; .NET CLR 3.0.04506.30; .NET CLR 3.0.04506.648)"
70.53.119.122 - - [31/Mar/2009:11:38:58 -0400] "GET /images/TOP_06.jpg HTTP/1.1" 304 - "http://www.nikonthenumbers.com/" "Mozilla/4.0 (compatible; MSIE 7.0; Windows NT 5.1; GTB5; .NET CLR 1.0.3705; .NET CLR 2.0.50727; .NET CLR 1.1.4322; .NET CLR 3.0.04506.30; .NET CLR 3.0.04506.648)"
70.53.119.122 - - [31/Mar/2009:11:38:58 -0400] "GET /images/bottom-with-shaddow.gif HTTP/1.1" 304 - "http://www.nikonthenumbers.com/" "Mozilla/4.0 (compatible; MSIE 7.0; Windows NT 5.1; GTB5; .NET CLR 1.0.3705; .NET CLR 2.0.50727; .NET CLR 1.1.4322; .NET CLR 3.0.04506.30; .NET CLR 3.0.04506.648)"
70.53.119.122 - - [31/Mar/2009:11:38:58 -0400] "GET /images/red-band.gif HTTP/1.1" 304 - "http://www.nikonthenumbers.com/" "Mozilla/4.0 (compatible; MSIE 7.0; Windows NT 5.1; GTB5; .NET CLR 1.0.3705; .NET CLR 2.0.50727; .NET CLR 1.1.4322; .NET CLR 3.0.04506.30; .NET CLR 3.0.04506.648)"
70.53.119.122 - - [31/Mar/2009:11:38:58 -0400] "GET /images/BOX-BACK.jpg HTTP/1.1" 304 - "http://www.nikonthenumbers.com/" "Mozilla/4.0 (compatible; MSIE 7.0; Windows NT 5.1; GTB5; .NET CLR 1.0.3705; .NET CLR 2.0.50727; .NET CLR 1.1.4322; .NET CLR 3.0.04506.30; .NET CLR 3.0.04506.648)"
70.53.119.122 - - [31/Mar/2009:11:38:59 -0400] "GET /images/RULE-FADE.jpg HTTP/1.1" 304 - "http://www.nikonthenumbers.com/" "Mozilla/4.0 (compatible; MSIE 7.0; Windows NT 5.1; GTB5; .NET CLR 1.0.3705; .NET CLR 2.0.50727; .NET CLR 1.1.4322; .NET CLR 3.0.04506.30; .NET CLR 3.0.04506.648)"
70.53.119.122 - - [31/Mar/2009:11:38:59 -0400] "GET /fixit.js HTTP/1.1" 304 - "http://www.nikonthenumbers.com/" "Mozilla/4.0 (compatible; MSIE 7.0; Windows NT 5.1; GTB5; .NET CLR 1.0.3705; .NET CLR 2.0.50727; .NET CLR 1.1.4322; .NET CLR 3.0.04506.30; .NET CLR 3.0.04506.648)"
70.53.119.122 - - [31/Mar/2009:11:38:59 -0400] "GET /images/comment_bw.png HTTP/1.1" 304 - "http://www.nikonthenumbers.com/" "Mozilla/4.0 (compatible; MSIE 7.0; Windows NT 5.1; GTB5; .NET CLR 1.0.3705; .NET CLR 2.0.50727; .NET CLR 1.1.4322; .NET CLR 3.0.04506.30; .NET CLR 3.0.04506.648)"
70.53.119.122 - - [31/Mar/2009:11:38:59 -0400] "GET /images/polling_results.jpg?1221113035 HTTP/1.1" 304 - "http://www.nikonthenumbers.com/" "Mozilla/4.0 (compatible; MSIE 7.0; Windows NT 5.1; GTB5; .NET CLR 1.0.3705; .NET CLR 2.0.50727; .NET CLR 1.1.4322; .NET CLR 3.0.04506.30; .NET CLR 3.0.04506.648)"
70.53.119.122 - - [31/Mar/2009:11:38:59 -0400] "GET /images/safe_subscribe_logo.gif HTTP/1.1" 304 - "http://www.nikonthenumbers.com/" "Mozilla/4.0 (compatible; MSIE 7.0; Windows NT 5.1; GTB5; .NET CLR 1.0.3705; .NET CLR 2.0.50727; .NET CLR 1.1.4322; .NET CLR 3.0.04506.30; .NET CLR 3.0.04506.648)"
70.53.119.122 - - [31/Mar/2009:11:38:59 -0400] "GET /images/cancel.png HTTP/1.1" 304 - "http://www.nikonthenumbers.com/" "Mozilla/4.0 (compatible; MSIE 7.0; Windows NT 5.1; GTB5; .NET CLR 1.0.3705; .NET CLR 2.0.50727; .NET CLR 1.1.4322; .NET CLR 3.0.04506.30; .NET CLR 3.0.04506.648)"
70.53.119.122 - - [31/Mar/2009:11:38:59 -0400] "GET /favicon.ico HTTP/1.1" 200 894 "-" "Mozilla/4.0 (compatible; MSIE 7.0; Windows NT 5.1; GTB5; .NET CLR 1.0.3705; .NET CLR 2.0.50727; .NET CLR 1.1.4322; .NET CLR 3.0.04506.30; .NET CLR 3.0.04506.648)"
70.53.119.122 - - [31/Mar/2009:11:39:12 -0400] "GET /images/comment.png HTTP/1.1" 304 - "http://www.nikonthenumbers.com/topics/show/124/28395" "Mozilla/4.0 (compatible; MSIE 7.0; Windows NT 5.1; GTB5; .NET CLR 1.0.3705; .NET CLR 2.0.50727; .NET CLR 1.1.4322; .NET CLR 3.0.04506.30; .NET CLR 3.0.04506.648)"
70.53.119.122 - - [31/Mar/2009:11:39:12 -0400] "GET /avatars/0000/0107/hope-nope5_thumb.jpg?1235523623 HTTP/1.1" 200 5188 "http://www.nikonthenumbers.com/topics/show/124/28395" "Mozilla/4.0 (compatible; MSIE 7.0; Windows NT 5.1; GTB5; .NET CLR 1.0.3705; .NET CLR 2.0.50727; .NET CLR 1.1.4322; .NET CLR 3.0.04506.30; .NET CLR 3.0.04506.648)"
70.53.119.122 - - [31/Mar/2009:11:39:10 -0400] "GET /topics/show/124/28395 HTTP/1.1" 200 169493 "http://www.nikonthenumbers.com/" "Mozilla/4.0 (compatible; MSIE 7.0; Windows NT 5.1; GTB5; .NET CLR 1.0.3705; .NET CLR 2.0.50727; .NET CLR 1.1.4322; .NET CLR 3.0.04506.30; .NET CLR 3.0.04506.648)"
70.53.119.122 - - [31/Mar/2009:11:39:12 -0400] "GET /avatars/0000/0083/LOGO_lg_thumb.png?1228919873 HTTP/1.1" 200 3884 "http://www.nikonthenumbers.com/topics/show/124/28395" "Mozilla/4.0 (compatible; MSIE 7.0; Windows NT 5.1; GTB5; .NET CLR 1.0.3705; .NET CLR 2.0.50727; .NET CLR 1.1.4322; .NET CLR 3.0.04506.30; .NET CLR 3.0.04506.648)"
70.53.119.122 - - [31/Mar/2009:11:39:19 -0400] "POST /talk/mark/28533 HTTP/1.1" 201 1 "http://www.nikonthenumbers.com/topics/show/124/28395#comment_28533" "Mozilla/4.0 (compatible; MSIE 7.0; Windows NT 5.1; GTB5; .NET CLR 1.0.3705; .NET CLR 2.0.50727; .NET CLR 1.1.4322; .NET CLR 3.0.04506.30; .NET CLR 3.0.04506.648)"
204.209.81.14 - - [31/Mar/2009:11:39:29 -0400] "GET /rss HTTP/1.0" 200 100138 "-" "Mozilla/5.0 (Windows; U; Windows NT 5.0; en-GB; rv:1.9.0.6) Gecko/2009011913 Firefox/3.0.6"
70.53.119.122 - - [31/Mar/2009:11:39:35 -0400] "POST /talk/mark/28397 HTTP/1.1" 201 1 "http://www.nikonthenumbers.com/topics/show/124/28395#comment_28533" "Mozilla/4.0 (compatible; MSIE 7.0; Windows NT 5.1; GTB5; .NET CLR 1.0.3705; .NET CLR 2.0.50727; .NET CLR 1.1.4322; .NET CLR 3.0.04506.30; .NET CLR 3.0.04506.648)"
67.192.120.134 - - [31/Mar/2009:11:39:51 -0400] "GET / HTTP/1.0" 200 24896 "-" "Pingdom.com_bot_version_1.4_(http://www.pingdom.com/)"
70.53.119.122 - - [31/Mar/2009:11:39:57 -0400] "POST /talk/mark/28400 HTTP/1.1" 201 1 "http://www.nikonthenumbers.com/topics/show/124/28395#comment_28533" "Mozilla/4.0 (compatible; MSIE 7.0; Windows NT 5.1; GTB5; .NET CLR 1.0.3705; .NET CLR 2.0.50727; .NET CLR 1.1.4322; .NET CLR 3.0.04506.30; .NET CLR 3.0.04506.648)"
66.249.73.230 - - [31/Mar/2009:11:40:20 -0400] "GET /profile/1068107 HTTP/1.1" 200 14709 "-" "Mozilla/5.0 (compatible; Googlebot/2.1; +http://www.google.com/bot.html)"
