205.194.127.36 - - [31/Mar/2009:22:00:13 -0400] "GET /rss HTTP/1.0" 200 100138 "-" "BlackBerry8310/4.2.2 Profile/MIDP-2.0 Configuration/CLDC-1.1 VendorID/107"
64.34.195.157 - - [31/Mar/2009:22:00:26 -0400] "GET /rss HTTP/1.1" 200 99686 "-" "Mozilla/5.0 (X11; U; Linux i686; en-US; rv:1.2.1; aggregator:Spinn3r (Spinn3r 3.0); http://spinn3r.com/robot) Gecko/20021130"
72.30.65.34 - - [31/Mar/2009:22:00:24 -0400] "GET /topics/show/111/18046 HTTP/1.0" 200 240541 "-" "Mozilla/5.0 (compatible; Yahoo! Slurp/3.0; http://help.yahoo.com/help/us/ysearch/slurp)"
78.136.27.223 - - [31/Mar/2009:22:00:51 -0400] "GET / HTTP/1.0" 200 24822 "-" "Pingdom.com_bot_version_1.4_(http://www.pingdom.com/)"
216.121.192.236 - - [31/Mar/2009:22:01:06 -0400] "GET /about HTTP/1.1" 200 14052 "http://www.nikonthenumbers.com/topics/show/89" "Mozilla/4.0 (compatible; MSIE 7.0; Windows NT 6.0; SLCC1; .NET CLR 2.0.50727; Media Center PC 5.0; .NET CLR 3.0.04506)"
99.240.94.33 - - [31/Mar/2009:22:01:09 -0400] "GET /rss HTTP/1.1" 200 100138 "-" "Vienna/2.3.0.2301"
66.249.71.138 - - [31/Mar/2009:22:01:16 -0400] "GET /topics/show/12/408 HTTP/1.1" 200 86406 "-" "Mozilla/5.0 (compatible; Googlebot/2.1; +http://www.google.com/bot.html)"
67.205.112.79 - - [31/Mar/2009:22:01:51 -0400] "GET / HTTP/1.0" 200 24822 "-" "Pingdom.com_bot_version_1.4_(http://www.pingdom.com/)"
174.133.253.162 - - [31/Mar/2009:22:02:51 -0400] "GET / HTTP/1.0" 200 24822 "-" "Pingdom.com_bot_version_1.4_(http://www.pingdom.com/)"
64.34.195.157 - - [31/Mar/2009:22:02:52 -0400] "GET / HTTP/1.1" 200 24658 "-" "Mozilla/5.0 (X11; U; Linux i686; en-US; rv:1.2.1; aggregator:Spinn3r (Spinn3r 3.0); http://spinn3r.com/robot) Gecko/20021130"
64.34.195.157 - - [31/Mar/2009:22:02:54 -0400] "GET /rss HTTP/1.1" 200 99686 "-" "Mozilla/5.0 (X11; U; Linux i686; en-US; rv:1.2.1; aggregator:Spinn3r (Spinn3r 3.0); http://spinn3r.com/robot) Gecko/20021130"
66.249.71.138 - - [31/Mar/2009:22:02:55 -0400] "GET /topics/show/115/22499 HTTP/1.1" 200 1181005 "-" "Mozilla/5.0 (compatible; Googlebot/2.1; +http://www.google.com/bot.html)"
68.144.161.200 - - [31/Mar/2009:22:03:17 -0400] "GET /rss HTTP/1.1" 200 100138 "-" "Windows-RSS-Platform/2.0 (MSIE 8.0; Windows NT 5.1)"
72.30.65.34 - - [31/Mar/2009:22:03:31 -0400] "GET /profile/663419 HTTP/1.0" 200 14611 "-" "Mozilla/5.0 (compatible; Yahoo! Slurp/3.0; http://help.yahoo.com/help/us/ysearch/slurp)"
216.97.239.30 - - [31/Mar/2009:22:04:32 -0400] "GET /rss HTTP/1.0" 200 100138 "-" "FeedForAll rss2html.php v2"
66.249.71.138 - - [31/Mar/2009:22:04:34 -0400] "GET /topics/show/115/22993 HTTP/1.1" 200 1175054 "-" "Mozilla/5.0 (compatible; Googlebot/2.1; +http://www.google.com/bot.html)"
89.151.110.152 - - [31/Mar/2009:22:04:51 -0400] "GET / HTTP/1.0" 200 24822 "-" "Pingdom.com_bot_version_1.4_(http://www.pingdom.com/)"
24.57.45.109 - - [31/Mar/2009:22:05:12 -0400] "GET /rss HTTP/1.1" 200 100138 "-" "Mozilla/5.0 (Windows; U; Windows NT 5.1; en-US; rv:1.9.0.7) Gecko/2009021910 Firefox/3.0.7"
209.62.54.130 - - [31/Mar/2009:22:05:51 -0400] "GET / HTTP/1.0" 200 24822 "-" "Pingdom.com_bot_version_1.4_(http://www.pingdom.com/)"
66.249.71.138 - - [31/Mar/2009:22:06:14 -0400] "GET /topics/show/112/18786 HTTP/1.1" 200 331464 "-" "Mozilla/5.0 (compatible; Googlebot/2.1; +http://www.google.com/bot.html)"
83.140.19.38 - - [31/Mar/2009:22:06:34 -0400] "GET / HTTP/1.0" 200 24822 "-" "Pingdom.com_bot_version_1.4_(http://www.pingdom.com/)"
138.130.140.203 - - [31/Mar/2009:22:06:44 -0400] "GET /rss HTTP/1.1" 200 100138 "-" "Apple-PubSub/65.6"
72.51.41.47 - - [31/Mar/2009:22:06:54 -0400] "GET / HTTP/1.0" 200 24822 "-" "Pingdom.com_bot_version_1.4_(http://www.pingdom.com/)"
72.30.65.34 - - [31/Mar/2009:22:07:30 -0400] "GET /topics/show/100/14908 HTTP/1.0" 200 275690 "-" "Mozilla/5.0 (compatible; Yahoo! Slurp/3.0; http://help.yahoo.com/help/us/ysearch/slurp)"
212.247.189.113 - - [31/Mar/2009:22:07:51 -0400] "GET / HTTP/1.0" 200 24822 "-" "Pingdom.com_bot_version_1.4_(http://www.pingdom.com/)"
66.249.71.138 - - [31/Mar/2009:22:07:53 -0400] "GET /topics/show/112/18721 HTTP/1.1" 200 309587 "-" "Mozilla/5.0 (compatible; Googlebot/2.1; +http://www.google.com/bot.html)"
72.30.65.34 - - [31/Mar/2009:22:08:04 -0400] "GET /topics/show/114/20610 HTTP/1.0" 200 281977 "-" "Mozilla/5.0 (compatible; Yahoo! Slurp/3.0; http://help.yahoo.com/help/us/ysearch/slurp)"
207.97.207.200 - - [31/Mar/2009:22:08:51 -0400] "GET / HTTP/1.0" 200 24822 "-" "Pingdom.com_bot_version_1.4_(http://www.pingdom.com/)"
204.209.81.14 - - [31/Mar/2009:22:09:25 -0400] "GET /rss HTTP/1.0" 200 100138 "-" "Mozilla/5.0 (Windows; U; Windows NT 5.0; en-GB; rv:1.9.0.6) Gecko/2009011913 Firefox/3.0.6"
66.249.71.138 - - [31/Mar/2009:22:09:33 -0400] "GET /topics/show/113/19630 HTTP/1.1" 200 312137 "-" "Mozilla/5.0 (compatible; Googlebot/2.1; +http://www.google.com/bot.html)"
67.192.120.134 - - [31/Mar/2009:22:09:51 -0400] "GET / HTTP/1.0" 200 24822 "-" "Pingdom.com_bot_version_1.4_(http://www.pingdom.com/)"
173.45.82.146 - - [31/Mar/2009:22:09:55 -0400] "GET /topics/show/72 HTTP/1.1" 200 78331 "-" "MyApp"
173.45.82.146 - - [31/Mar/2009:22:09:56 -0400] "GET /topics/show/72 HTTP/1.1" 200 78331 "-" "MyApp"
173.45.82.146 - - [31/Mar/2009:22:09:57 -0400] "GET /topics/show/72 HTTP/1.1" 200 78331 "-" "MyApp"
173.45.82.146 - - [31/Mar/2009:22:09:57 -0400] "GET /topics/show/72/7894 HTTP/1.1" 200 82359 "-" "MyApp"
173.45.82.146 - - [31/Mar/2009:22:09:58 -0400] "GET /topics/show/72/7891 HTTP/1.1" 200 94226 "-" "MyApp"
173.45.82.146 - - [31/Mar/2009:22:09:58 -0400] "GET /topics/show/72/7900 HTTP/1.1" 200 104106 "-" "MyApp"
173.45.82.146 - - [31/Mar/2009:22:09:59 -0400] "GET /topics/show/72/7906 HTTP/1.1" 200 78331 "-" "MyApp"
173.45.82.146 - - [31/Mar/2009:22:09:59 -0400] "GET /topics/show/72 HTTP/1.1" 200 78331 "-" "MyApp"
173.45.82.146 - - [31/Mar/2009:22:10:00 -0400] "GET /topics/show/72 HTTP/1.1" 200 78331 "-" "MyApp"
173.45.82.146 - - [31/Mar/2009:22:10:00 -0400] "GET /topics/show/72 HTTP/1.1" 200 78331 "-" "MyApp"
173.45.82.146 - - [31/Mar/2009:22:10:01 -0400] "GET /topics/show/72 HTTP/1.1" 200 78331 "-" "MyApp"
173.45.82.146 - - [31/Mar/2009:22:10:01 -0400] "GET /topics/show/72 HTTP/1.1" 200 78331 "-" "MyApp"
173.45.82.146 - - [31/Mar/2009:22:10:02 -0400] "GET /topics/show/72 HTTP/1.1" 200 78331 "-" "MyApp"
173.45.82.146 - - [31/Mar/2009:22:10:03 -0400] "GET /topics/show/72 HTTP/1.1" 200 78331 "-" "MyApp"
173.45.82.146 - - [31/Mar/2009:22:10:04 -0400] "GET /topics/show/72 HTTP/1.1" 200 78331 "-" "MyApp"
173.45.82.146 - - [31/Mar/2009:22:10:04 -0400] "GET /topics/show/72 HTTP/1.1" 200 78331 "-" "MyApp"
173.45.82.146 - - [31/Mar/2009:22:10:05 -0400] "GET /topics/show/72 HTTP/1.1" 200 78331 "-" "MyApp"
173.45.82.146 - - [31/Mar/2009:22:10:05 -0400] "GET /topics/show/72 HTTP/1.1" 200 78331 "-" "MyApp"
72.30.65.34 - - [31/Mar/2009:22:10:05 -0400] "GET /topics/show/124 HTTP/1.0" 200 150383 "-" "Mozilla/5.0 (compatible; Yahoo! Slurp/3.0; http://help.yahoo.com/help/us/ysearch/slurp)"
173.45.82.146 - - [31/Mar/2009:22:10:06 -0400] "GET /topics/show/72 HTTP/1.1" 200 78331 "-" "MyApp"
173.45.82.146 - - [31/Mar/2009:22:10:06 -0400] "GET /topics/show/72 HTTP/1.1" 200 78331 "-" "MyApp"
72.30.65.34 - - [31/Mar/2009:22:10:08 -0400] "GET /topics/show/119/25749 HTTP/1.0" 200 612288 "-" "Mozilla/5.0 (compatible; Yahoo! Slurp/3.0; http://help.yahoo.com/help/us/ysearch/slurp)"
78.136.27.223 - - [31/Mar/2009:22:10:51 -0400] "GET / HTTP/1.0" 200 24822 "-" "Pingdom.com_bot_version_1.4_(http://www.pingdom.com/)"
67.205.112.79 - - [31/Mar/2009:22:11:51 -0400] "GET / HTTP/1.0" 200 24822 "-" "Pingdom.com_bot_version_1.4_(http://www.pingdom.com/)"
174.133.253.162 - - [31/Mar/2009:22:12:51 -0400] "GET / HTTP/1.0" 200 24822 "-" "Pingdom.com_bot_version_1.4_(http://www.pingdom.com/)"
65.55.105.121 - - [31/Mar/2009:22:13:08 -0400] "GET /profile/125216 HTTP/1.1" 200 18385 "-" "msnbot/1.1 (+http://search.msn.com/msnbot.htm)"
65.55.110.218 - - [31/Mar/2009:22:13:41 -0400] "GET /profile/125216 HTTP/1.0" 200 18385 "http://search.live.com/results.aspx?q=canada" "Mozilla/4.0 (compatible; MSIE 6.0; Windows NT 5.2; SV1; .NET CLR 1.1.4322)"
65.55.110.218 - - [31/Mar/2009:22:13:43 -0400] "GET /stylesheets/base_1221113035.css HTTP/1.0" 200 14188 "http://www.nikonthenumbers.com/profile/125216" "Mozilla/4.0 (compatible; MSIE 6.0; Windows NT 5.2; SV1; .NET CLR 1.1.4322)"
65.55.110.218 - - [31/Mar/2009:22:13:43 -0400] "GET /javascripts/base_1221113035.js HTTP/1.0" 200 96039 "http://www.nikonthenumbers.com/profile/125216" "Mozilla/4.0 (compatible; MSIE 6.0; Windows NT 5.2; SV1; .NET CLR 1.1.4322)"
70.64.170.212 - - [31/Mar/2009:22:14:16 -0400] "GET /rss HTTP/1.0" 200 100138 "-" "Liferea/1.4.23 (Linux; C; http://liferea.sf.net/)"
66.249.71.138 - - [31/Mar/2009:22:14:32 -0400] "GET /topics/show/18/582 HTTP/1.1" 200 111077 "-" "Mozilla/5.0 (compatible; Googlebot/2.1; +http://www.google.com/bot.html)"
89.151.110.152 - - [31/Mar/2009:22:14:52 -0400] "GET / HTTP/1.0" 200 24822 "-" "Pingdom.com_bot_version_1.4_(http://www.pingdom.com/)"
72.30.79.90 - - [31/Mar/2009:22:15:44 -0400] "GET /profile/693253 HTTP/1.0" 200 14615 "-" "Mozilla/5.0 (compatible; Yahoo! Slurp/3.0; http://help.yahoo.com/help/us/ysearch/slurp)"
72.30.79.90 - - [31/Mar/2009:22:15:45 -0400] "GET /stylesheets/base_1221113035.css HTTP/1.0" 304 - "http://nikonthenumbers.com/profile/693253" "Mozilla/5.0 (compatible; Yahoo! Slurp/3.0; http://help.yahoo.com/help/us/ysearch/slurp)"
209.62.54.130 - - [31/Mar/2009:22:15:51 -0400] "GET / HTTP/1.0" 200 24822 "-" "Pingdom.com_bot_version_1.4_(http://www.pingdom.com/)"
83.140.19.38 - - [31/Mar/2009:22:16:21 -0400] "GET / HTTP/1.0" 200 24822 "-" "Pingdom.com_bot_version_1.4_(http://www.pingdom.com/)"
67.195.37.93 - - [31/Mar/2009:22:16:34 -0400] "GET /topics/show/124/28171 HTTP/1.0" 200 218979 "-" "Mozilla/5.0 (compatible; Yahoo! Slurp/3.0; http://help.yahoo.com/help/us/ysearch/slurp)"
125.213.201.165 - - [31/Mar/2009:22:16:41 -0400] "GET /topics/show/27 HTTP/1.1" 200 55640 "http://www.google.com/search?hl=en&q=show+me+afghan+peoples+picture+in+canada&btnG=Search" "Mozilla/4.0 (compatible; MSIE 6.0; Windows NT 5.1; SV1; Mozilla/4.0 (compatible; MSIE 6.0; Windows NT 5.1; SV1) ; (R1 1.3); InfoPath.1)"
125.213.201.165 - - [31/Mar/2009:22:16:41 -0400] "GET /topics/show/27 HTTP/1.1" 200 70887 "http://www.google.com/search?hl=en&q=show+me+afghan+peoples+picture+in+canada&btnG=Search" "Mozilla/4.0 (compatible; MSIE 6.0; Windows NT 5.1; SV1; Mozilla/4.0 (compatible; MSIE 6.0; Windows NT 5.1; SV1) ; (R1 1.3); InfoPath.1)"
125.213.201.165 - - [31/Mar/2009:22:16:41 -0400] "GET /topics/show/27 HTTP/1.1" 200 63640 "http://www.google.com/search?hl=en&q=show+me+afghan+peoples+picture+in+canada&btnG=Search" "Mozilla/4.0 (compatible; MSIE 6.0; Windows NT 5.1; SV1; Mozilla/4.0 (compatible; MSIE 6.0; Windows NT 5.1; SV1) ; (R1 1.3); InfoPath.1)"
65.55.110.211 - - [31/Mar/2009:22:16:42 -0400] "GET /topics/show/19/713 HTTP/1.0" 200 104852 "http://search.live.com/results.aspx?q=environment" "Mozilla/4.0 (compatible; MSIE 6.0; Windows NT 5.2; SV1; .NET CLR 1.1.4322)"
125.213.201.165 - - [31/Mar/2009:22:16:42 -0400] "GET /topics/show/27 HTTP/1.1" 200 63640 "http://www.google.com/search?hl=en&q=show+me+afghan+peoples+picture+in+canada&btnG=Search" "Mozilla/4.0 (compatible; MSIE 6.0; Windows NT 5.1; SV1; Mozilla/4.0 (compatible; MSIE 6.0; Windows NT 5.1; SV1) ; (R1 1.3); InfoPath.1)"
125.213.201.165 - - [31/Mar/2009:22:16:42 -0400] "GET /topics/show/27 HTTP/1.1" 200 47640 "http://www.google.com/search?hl=en&q=show+me+afghan+peoples+picture+in+canada&btnG=Search" "Mozilla/4.0 (compatible; MSIE 6.0; Windows NT 5.1; SV1; Mozilla/4.0 (compatible; MSIE 6.0; Windows NT 5.1; SV1) ; (R1 1.3); InfoPath.1)"
125.213.201.165 - - [31/Mar/2009:22:16:43 -0400] "GET /topics/show/27 HTTP/1.1" 200 63640 "http://www.google.com/search?hl=en&q=show+me+afghan+peoples+picture+in+canada&btnG=Search" "Mozilla/4.0 (compatible; MSIE 6.0; Windows NT 5.1; SV1; Mozilla/4.0 (compatible; MSIE 6.0; Windows NT 5.1; SV1) ; (R1 1.3); InfoPath.1)"
65.55.110.211 - - [31/Mar/2009:22:16:45 -0400] "GET /javascripts/base_1221113035.js HTTP/1.0" 200 96039 "http://www.nikonthenumbers.com/topics/show/19/713" "Mozilla/4.0 (compatible; MSIE 6.0; Windows NT 5.2; SV1; .NET CLR 1.1.4322)"
125.213.201.165 - - [31/Mar/2009:22:16:43 -0400] "GET /topics/show/27 HTTP/1.1" 200 70887 "http://www.google.com/search?hl=en&q=show+me+afghan+peoples+picture+in+canada&btnG=Search" "Mozilla/4.0 (compatible; MSIE 6.0; Windows NT 5.1; SV1; Mozilla/4.0 (compatible; MSIE 6.0; Windows NT 5.1; SV1) ; (R1 1.3); InfoPath.1)"
125.213.201.165 - - [31/Mar/2009:22:16:45 -0400] "GET /stylesheets/base_1221113035.css HTTP/1.1" 200 14188 "http://www.nikonthenumbers.com/topics/show/27" "Mozilla/4.0 (compatible; MSIE 6.0; Windows NT 5.1; SV1; Mozilla/4.0 (compatible; MSIE 6.0; Windows NT 5.1; SV1) ; (R1 1.3); InfoPath.1)"
65.55.110.211 - - [31/Mar/2009:22:16:45 -0400] "GET /stylesheets/base_1221113035.css HTTP/1.0" 200 14188 "http://www.nikonthenumbers.com/topics/show/19/713" "Mozilla/4.0 (compatible; MSIE 6.0; Windows NT 5.2; SV1; .NET CLR 1.1.4322)"
125.213.201.165 - - [31/Mar/2009:22:16:46 -0400] "GET /javascripts/base_1221113035.js HTTP/1.1" 200 96039 "http://www.nikonthenumbers.com/topics/show/27" "Mozilla/4.0 (compatible; MSIE 6.0; Windows NT 5.1; SV1; Mozilla/4.0 (compatible; MSIE 6.0; Windows NT 5.1; SV1) ; (R1 1.3); InfoPath.1)"
125.213.201.165 - - [31/Mar/2009:22:16:50 -0400] "GET /images/TOP_01.jpg HTTP/1.1" 200 12839 "http://www.nikonthenumbers.com/topics/show/27" "Mozilla/4.0 (compatible; MSIE 6.0; Windows NT 5.1; SV1; Mozilla/4.0 (compatible; MSIE 6.0; Windows NT 5.1; SV1) ; (R1 1.3); InfoPath.1)"
125.213.201.165 - - [31/Mar/2009:22:16:51 -0400] "GET /images/TOP_02.jpg HTTP/1.1" 200 14856 "http://www.nikonthenumbers.com/topics/show/27" "Mozilla/4.0 (compatible; MSIE 6.0; Windows NT 5.1; SV1; Mozilla/4.0 (compatible; MSIE 6.0; Windows NT 5.1; SV1) ; (R1 1.3); InfoPath.1)"
125.213.201.165 - - [31/Mar/2009:22:16:51 -0400] "GET /images/Ses-Townhall-AD-FED-20080911.swf HTTP/1.1" 200 17188 "-" "Mozilla/4.0 (compatible; MSIE 6.0; Windows NT 5.1; SV1; Mozilla/4.0 (compatible; MSIE 6.0; Windows NT 5.1; SV1) ; (R1 1.3); InfoPath.1)"
125.213.201.165 - - [31/Mar/2009:22:16:52 -0400] "GET /images/page-bg.gif HTTP/1.1" 200 1487 "http://www.nikonthenumbers.com/topics/show/27" "Mozilla/4.0 (compatible; MSIE 6.0; Windows NT 5.1; SV1; Mozilla/4.0 (compatible; MSIE 6.0; Windows NT 5.1; SV1) ; (R1 1.3); InfoPath.1)"
125.213.201.165 - - [31/Mar/2009:22:16:53 -0400] "GET /images/feed-icon-14x14.png HTTP/1.1" 200 689 "http://www.nikonthenumbers.com/topics/show/27" "Mozilla/4.0 (compatible; MSIE 6.0; Windows NT 5.1; SV1; Mozilla/4.0 (compatible; MSIE 6.0; Windows NT 5.1; SV1) ; (R1 1.3); InfoPath.1)"
125.213.201.165 - - [31/Mar/2009:22:16:53 -0400] "GET /images/TOP_06.jpg HTTP/1.1" 200 2158 "http://www.nikonthenumbers.com/topics/show/27" "Mozilla/4.0 (compatible; MSIE 6.0; Windows NT 5.1; SV1; Mozilla/4.0 (compatible; MSIE 6.0; Windows NT 5.1; SV1) ; (R1 1.3); InfoPath.1)"
125.213.201.165 - - [31/Mar/2009:22:16:54 -0400] "GET /images/bottom-with-shaddow.gif HTTP/1.1" 200 9790 "http://www.nikonthenumbers.com/topics/show/27" "Mozilla/4.0 (compatible; MSIE 6.0; Windows NT 5.1; SV1; Mozilla/4.0 (compatible; MSIE 6.0; Windows NT 5.1; SV1) ; (R1 1.3); InfoPath.1)"
125.213.201.165 - - [31/Mar/2009:22:16:54 -0400] "GET /images/BOX-BACK.jpg HTTP/1.1" 200 1025 "http://www.nikonthenumbers.com/topics/show/27" "Mozilla/4.0 (compatible; MSIE 6.0; Windows NT 5.1; SV1; Mozilla/4.0 (compatible; MSIE 6.0; Windows NT 5.1; SV1) ; (R1 1.3); InfoPath.1)"
125.213.201.165 - - [31/Mar/2009:22:16:55 -0400] "GET /images/red-band.gif HTTP/1.1" 200 4358 "http://www.nikonthenumbers.com/topics/show/27" "Mozilla/4.0 (compatible; MSIE 6.0; Windows NT 5.1; SV1; Mozilla/4.0 (compatible; MSIE 6.0; Windows NT 5.1; SV1) ; (R1 1.3); InfoPath.1)"
125.213.201.165 - - [31/Mar/2009:22:16:55 -0400] "GET /images/TOP_03.jpg HTTP/1.1" 200 15516 "http://www.nikonthenumbers.com/topics/show/27" "Mozilla/4.0 (compatible; MSIE 6.0; Windows NT 5.1; SV1; Mozilla/4.0 (compatible; MSIE 6.0; Windows NT 5.1; SV1) ; (R1 1.3); InfoPath.1)"
125.213.201.165 - - [31/Mar/2009:22:16:56 -0400] "GET /images/RULE-FADE.jpg HTTP/1.1" 200 448 "http://www.nikonthenumbers.com/topics/show/27" "Mozilla/4.0 (compatible; MSIE 6.0; Windows NT 5.1; SV1; Mozilla/4.0 (compatible; MSIE 6.0; Windows NT 5.1; SV1) ; (R1 1.3); InfoPath.1)"
125.213.201.165 - - [31/Mar/2009:22:16:56 -0400] "GET /fixit.js HTTP/1.1" 200 153 "http://www.nikonthenumbers.com/topics/show/27" "Mozilla/4.0 (compatible; MSIE 6.0; Windows NT 5.1; SV1; Mozilla/4.0 (compatible; MSIE 6.0; Windows NT 5.1; SV1) ; (R1 1.3); InfoPath.1)"
125.213.201.165 - - [31/Mar/2009:22:16:57 -0400] "GET /images/Ses-Townhall-AD-FED-20080911.swf HTTP/1.1" 304 - "-" "Mozilla/4.0 (compatible; MSIE 6.0; Windows NT 5.1; SV1; Mozilla/4.0 (compatible; MSIE 6.0; Windows NT 5.1; SV1) ; (R1 1.3); InfoPath.1)"
125.213.201.165 - - [31/Mar/2009:22:16:57 -0400] "GET /images/polling_results.jpg?1221113035 HTTP/1.1" 200 5021 "http://www.nikonthenumbers.com/topics/show/27" "Mozilla/4.0 (compatible; MSIE 6.0; Windows NT 5.1; SV1; Mozilla/4.0 (compatible; MSIE 6.0; Windows NT 5.1; SV1) ; (R1 1.3); InfoPath.1)"
125.213.201.165 - - [31/Mar/2009:22:16:58 -0400] "GET /images/safe_subscribe_logo.gif HTTP/1.1" 200 457 "http://www.nikonthenumbers.com/topics/show/27" "Mozilla/4.0 (compatible; MSIE 6.0; Windows NT 5.1; SV1; Mozilla/4.0 (compatible; MSIE 6.0; Windows NT 5.1; SV1) ; (R1 1.3); InfoPath.1)"
125.213.201.165 - - [31/Mar/2009:22:16:58 -0400] "GET /images/comment_bw.png HTTP/1.1" 200 384 "http://www.nikonthenumbers.com/topics/show/27" "Mozilla/4.0 (compatible; MSIE 6.0; Windows NT 5.1; SV1; Mozilla/4.0 (compatible; MSIE 6.0; Windows NT 5.1; SV1) ; (R1 1.3); InfoPath.1)"
125.213.201.165 - - [31/Mar/2009:22:16:59 -0400] "GET /images/comment.png HTTP/1.1" 200 540 "http://www.nikonthenumbers.com/topics/show/27" "Mozilla/4.0 (compatible; MSIE 6.0; Windows NT 5.1; SV1; Mozilla/4.0 (compatible; MSIE 6.0; Windows NT 5.1; SV1) ; (R1 1.3); InfoPath.1)"
125.213.201.165 - - [31/Mar/2009:22:16:59 -0400] "GET /images/cancel.png HTTP/1.1" 200 853 "http://www.nikonthenumbers.com/topics/show/27" "Mozilla/4.0 (compatible; MSIE 6.0; Windows NT 5.1; SV1; Mozilla/4.0 (compatible; MSIE 6.0; Windows NT 5.1; SV1) ; (R1 1.3); InfoPath.1)"
65.55.110.211 - - [31/Mar/2009:22:17:06 -0400] "GET /fixit.js HTTP/1.0" 200 153 "http://www.nikonthenumbers.com/topics/show/19/713" "Mozilla/4.0 (compatible; MSIE 6.0; Windows NT 5.2; SV1; .NET CLR 1.1.4322)"
65.55.110.211 - - [31/Mar/2009:22:17:08 -0400] "GET /images/polling_results.jpg?1221113035 HTTP/1.0" 200 5021 "http://www.nikonthenumbers.com/topics/show/19/713" "Mozilla/4.0 (compatible; MSIE 6.0; Windows NT 5.2; SV1; .NET CLR 1.1.4322)"
72.51.41.47 - - [31/Mar/2009:22:17:47 -0400] "GET / HTTP/1.0" 200 24822 "-" "Pingdom.com_bot_version_1.4_(http://www.pingdom.com/)"
72.136.129.23 - - [31/Mar/2009:22:17:50 -0400] "GET /rss HTTP/1.1" 200 100138 "-" "Mozilla/5.0 (Windows; U; Windows NT 5.1; en-US; rv:1.9.0.7) Gecko/2009021910 Firefox/3.0.7 (.NET CLR 3.5.30729)"
212.247.189.113 - - [31/Mar/2009:22:17:52 -0400] "GET / HTTP/1.0" 200 24822 "-" "Pingdom.com_bot_version_1.4_(http://www.pingdom.com/)"
66.249.71.138 - - [31/Mar/2009:22:17:51 -0400] "GET /topics/show/113/19770 HTTP/1.1" 200 306564 "-" "Mozilla/5.0 (compatible; Googlebot/2.1; +http://www.google.com/bot.html)"
207.97.207.200 - - [31/Mar/2009:22:18:51 -0400] "GET / HTTP/1.0" 200 24822 "-" "Pingdom.com_bot_version_1.4_(http://www.pingdom.com/)"
66.249.71.138 - - [31/Mar/2009:22:19:31 -0400] "GET /topics/show/115/22633 HTTP/1.1" 200 1177937 "-" "Mozilla/5.0 (compatible; Googlebot/2.1; +http://www.google.com/bot.html)"
67.192.120.134 - - [31/Mar/2009:22:19:52 -0400] "GET / HTTP/1.0" 200 24822 "-" "Pingdom.com_bot_version_1.4_(http://www.pingdom.com/)"
72.30.79.90 - - [31/Mar/2009:22:20:54 -0400] "GET /topics/show/35 HTTP/1.0" 200 56276 "-" "Mozilla/5.0 (compatible; Yahoo! Slurp/3.0; http://help.yahoo.com/help/us/ysearch/slurp)"
78.136.27.223 - - [31/Mar/2009:22:20:52 -0400] "GET / HTTP/1.0" 200 24822 "-" "Pingdom.com_bot_version_1.4_(http://www.pingdom.com/)"
24.224.138.136 - - [31/Mar/2009:22:20:52 -0400] "GET /rss HTTP/1.1" 200 100138 "-" "Mozilla/5.0 (compatible; Google Desktop)"
66.249.71.138 - - [31/Mar/2009:22:21:10 -0400] "GET /topics/show/115/22510 HTTP/1.1" 200 1169743 "-" "Mozilla/5.0 (compatible; Googlebot/2.1; +http://www.google.com/bot.html)"
67.205.112.79 - - [31/Mar/2009:22:21:51 -0400] "GET / HTTP/1.0" 200 24822 "-" "Pingdom.com_bot_version_1.4_(http://www.pingdom.com/)"
66.249.71.138 - - [31/Mar/2009:22:22:49 -0400] "GET /topics/show/112/18960 HTTP/1.1" 200 304221 "-" "Mozilla/5.0 (compatible; Googlebot/2.1; +http://www.google.com/bot.html)"
174.133.253.162 - - [31/Mar/2009:22:22:51 -0400] "GET / HTTP/1.0" 200 24822 "-" "Pingdom.com_bot_version_1.4_(http://www.pingdom.com/)"
72.30.65.34 - - [31/Mar/2009:22:23:41 -0400] "GET /topics/show/63/4280 HTTP/1.0" 200 95243 "-" "Mozilla/5.0 (compatible; Yahoo! Slurp/3.0; http://help.yahoo.com/help/us/ysearch/slurp)"
72.30.65.34 - - [31/Mar/2009:22:23:42 -0400] "GET /topics/show/51/2823 HTTP/1.0" 200 146691 "-" "Mozilla/5.0 (compatible; Yahoo! Slurp/3.0; http://help.yahoo.com/help/us/ysearch/slurp)"
72.30.65.34 - - [31/Mar/2009:22:23:47 -0400] "GET /stylesheets/base_1221113035.css HTTP/1.0" 200 14188 "http://www.nikonthenumbers.com/topics/show/63/4280" "Mozilla/5.0 (compatible; Yahoo! Slurp/3.0; http://help.yahoo.com/help/us/ysearch/slurp)"
72.30.65.34 - - [31/Mar/2009:22:23:52 -0400] "GET /topics/show/51/2823 HTTP/1.0" 200 146691 "-" "Mozilla/5.0 (compatible; Yahoo! Slurp/3.0; http://help.yahoo.com/help/us/ysearch/slurp)"
66.249.71.138 - - [31/Mar/2009:22:24:29 -0400] "GET /topics/show/115/21725 HTTP/1.1" 200 1173143 "-" "Mozilla/5.0 (compatible; Googlebot/2.1; +http://www.google.com/bot.html)"
89.151.110.152 - - [31/Mar/2009:22:24:52 -0400] "GET / HTTP/1.0" 200 24822 "-" "Pingdom.com_bot_version_1.4_(http://www.pingdom.com/)"
209.62.54.130 - - [31/Mar/2009:22:25:52 -0400] "GET / HTTP/1.0" 200 24822 "-" "Pingdom.com_bot_version_1.4_(http://www.pingdom.com/)"
66.249.71.138 - - [31/Mar/2009:22:26:08 -0400] "GET /topics/show/115/21739 HTTP/1.1" 200 1169743 "-" "Mozilla/5.0 (compatible; Googlebot/2.1; +http://www.google.com/bot.html)"
83.140.19.38 - - [31/Mar/2009:22:26:16 -0400] "GET / HTTP/1.0" 200 24822 "-" "Pingdom.com_bot_version_1.4_(http://www.pingdom.com/)"
72.30.65.34 - - [31/Mar/2009:22:26:33 -0400] "GET /profile/1104826 HTTP/1.0" 200 20352 "-" "Mozilla/5.0 (compatible; Yahoo! Slurp; http://help.yahoo.com/help/us/ysearch/slurp)"
208.36.144.9 - - [31/Mar/2009:22:26:46 -0400] "GET /topics/show/115/ HTTP/1.0" 200 1111638 "-" "Mozilla/5.0 (Twiceler-0.9 http://www.cuil.com/twiceler/robot.html)"
72.51.41.47 - - [31/Mar/2009:22:27:36 -0400] "GET / HTTP/1.0" 200 24822 "-" "Pingdom.com_bot_version_1.4_(http://www.pingdom.com/)"
212.247.189.113 - - [31/Mar/2009:22:27:52 -0400] "GET / HTTP/1.0" 200 24822 "-" "Pingdom.com_bot_version_1.4_(http://www.pingdom.com/)"
66.249.71.138 - - [31/Mar/2009:22:27:51 -0400] "GET /topics/show/115/23659 HTTP/1.1" 200 1169743 "-" "Mozilla/5.0 (compatible; Googlebot/2.1; +http://www.google.com/bot.html)"
72.30.65.34 - - [31/Mar/2009:22:28:48 -0400] "GET /profile/89814 HTTP/1.0" 200 17773 "-" "Mozilla/5.0 (compatible; Yahoo! Slurp/3.0; http://help.yahoo.com/help/us/ysearch/slurp)"
207.97.207.200 - - [31/Mar/2009:22:28:51 -0400] "GET / HTTP/1.0" 200 24822 "-" "Pingdom.com_bot_version_1.4_(http://www.pingdom.com/)"
72.30.65.34 - - [31/Mar/2009:22:28:58 -0400] "GET /privacy_policy HTTP/1.0" 200 15492 "-" "Mozilla/5.0 (compatible; Yahoo! Slurp/3.0; http://help.yahoo.com/help/us/ysearch/slurp)"
66.249.71.138 - - [31/Mar/2009:22:29:28 -0400] "GET /topics/show/113/19773 HTTP/1.1" 200 311950 "-" "Mozilla/5.0 (compatible; Googlebot/2.1; +http://www.google.com/bot.html)"
67.192.120.134 - - [31/Mar/2009:22:29:50 -0400] "GET / HTTP/1.0" 200 24822 "-" "Pingdom.com_bot_version_1.4_(http://www.pingdom.com/)"
24.137.117.37 - - [31/Mar/2009:22:30:13 -0400] "GET / HTTP/1.1" 200 24822 "-" "Mozilla/4.0 (compatible; MSIE 7.0; Windows NT 5.1; GTB5; .NET CLR 1.1.4322; .NET CLR 2.0.50727; OfficeLiveConnector.1.3; OfficeLivePatch.0.0)"
64.34.195.137 - - [31/Mar/2009:22:30:29 -0400] "GET /rss HTTP/1.1" 200 99686 "-" "Mozilla/5.0 (X11; U; Linux i686; en-US; rv:1.2.1; aggregator:Spinn3r (Spinn3r 3.0); http://spinn3r.com/robot) Gecko/20021130"
78.136.27.223 - - [31/Mar/2009:22:30:51 -0400] "GET / HTTP/1.0" 200 24822 "-" "Pingdom.com_bot_version_1.4_(http://www.pingdom.com/)"
24.64.223.204 - - [31/Mar/2009:22:30:57 -0400] "GET / HTTP/1.1" 200 24822 "-" "Mozilla/4.0 (compatible; MSIE 7.0; Windows NT 5.1; .NET CLR 1.1.4322)"
24.64.223.204 - - [31/Mar/2009:22:30:58 -0400] "GET /stylesheets/base_1221113035.css HTTP/1.1" 200 14188 "http://www.nikonthenumbers.com/" "Mozilla/4.0 (compatible; MSIE 7.0; Windows NT 5.1; .NET CLR 1.1.4322)"
24.64.223.204 - - [31/Mar/2009:22:30:58 -0400] "GET /javascripts/base_1221113035.js HTTP/1.1" 200 96039 "http://www.nikonthenumbers.com/" "Mozilla/4.0 (compatible; MSIE 7.0; Windows NT 5.1; .NET CLR 1.1.4322)"
24.64.223.204 - - [31/Mar/2009:22:31:03 -0400] "GET /images/TOP_01.jpg HTTP/1.1" 200 12839 "http://www.nikonthenumbers.com/" "Mozilla/4.0 (compatible; MSIE 7.0; Windows NT 5.1; .NET CLR 1.1.4322)"
24.64.223.204 - - [31/Mar/2009:22:31:03 -0400] "GET /images/TOP_02.jpg HTTP/1.1" 200 14856 "http://www.nikonthenumbers.com/" "Mozilla/4.0 (compatible; MSIE 7.0; Windows NT 5.1; .NET CLR 1.1.4322)"
24.64.223.204 - - [31/Mar/2009:22:31:03 -0400] "GET /images/page-bg.gif HTTP/1.1" 200 1487 "http://www.nikonthenumbers.com/" "Mozilla/4.0 (compatible; MSIE 7.0; Windows NT 5.1; .NET CLR 1.1.4322)"
24.64.223.204 - - [31/Mar/2009:22:31:03 -0400] "GET /images/TOP_03.jpg HTTP/1.1" 200 15516 "http://www.nikonthenumbers.com/" "Mozilla/4.0 (compatible; MSIE 7.0; Windows NT 5.1; .NET CLR 1.1.4322)"
24.64.223.204 - - [31/Mar/2009:22:31:03 -0400] "GET /images/feed-icon-14x14.png HTTP/1.1" 200 689 "http://www.nikonthenumbers.com/" "Mozilla/4.0 (compatible; MSIE 7.0; Windows NT 5.1; .NET CLR 1.1.4322)"
24.64.223.204 - - [31/Mar/2009:22:31:03 -0400] "GET /images/RULE-FADE.jpg HTTP/1.1" 200 448 "http://www.nikonthenumbers.com/" "Mozilla/4.0 (compatible; MSIE 7.0; Windows NT 5.1; .NET CLR 1.1.4322)"
24.64.223.204 - - [31/Mar/2009:22:31:03 -0400] "GET /images/bottom-with-shaddow.gif HTTP/1.1" 200 9790 "http://www.nikonthenumbers.com/" "Mozilla/4.0 (compatible; MSIE 7.0; Windows NT 5.1; .NET CLR 1.1.4322)"
24.64.223.204 - - [31/Mar/2009:22:31:03 -0400] "GET /images/TOP_06.jpg HTTP/1.1" 200 2158 "http://www.nikonthenumbers.com/" "Mozilla/4.0 (compatible; MSIE 7.0; Windows NT 5.1; .NET CLR 1.1.4322)"
24.64.223.204 - - [31/Mar/2009:22:31:04 -0400] "GET /images/Ses-Townhall-AD-FED-20080911.swf HTTP/1.1" 200 17188 "http://www.nikonthenumbers.com/" "Mozilla/4.0 (compatible; MSIE 7.0; Windows NT 5.1; .NET CLR 1.1.4322)"
24.64.223.204 - - [31/Mar/2009:22:31:04 -0400] "GET /images/red-band.gif HTTP/1.1" 200 4358 "http://www.nikonthenumbers.com/" "Mozilla/4.0 (compatible; MSIE 7.0; Windows NT 5.1; .NET CLR 1.1.4322)"
24.64.223.204 - - [31/Mar/2009:22:31:06 -0400] "GET /fixit.js HTTP/1.1" 200 153 "http://www.nikonthenumbers.com/" "Mozilla/4.0 (compatible; MSIE 7.0; Windows NT 5.1; .NET CLR 1.1.4322)"
24.64.223.204 - - [31/Mar/2009:22:31:06 -0400] "GET /images/BOX-BACK.jpg HTTP/1.1" 200 1025 "http://www.nikonthenumbers.com/" "Mozilla/4.0 (compatible; MSIE 7.0; Windows NT 5.1; .NET CLR 1.1.4322)"
24.64.223.204 - - [31/Mar/2009:22:31:06 -0400] "GET /images/polling_results.jpg?1221113035 HTTP/1.1" 200 5021 "http://www.nikonthenumbers.com/" "Mozilla/4.0 (compatible; MSIE 7.0; Windows NT 5.1; .NET CLR 1.1.4322)"
24.64.223.204 - - [31/Mar/2009:22:31:07 -0400] "GET /images/safe_subscribe_logo.gif HTTP/1.1" 200 457 "http://www.nikonthenumbers.com/" "Mozilla/4.0 (compatible; MSIE 7.0; Windows NT 5.1; .NET CLR 1.1.4322)"
24.64.223.204 - - [31/Mar/2009:22:31:07 -0400] "GET /images/comment_bw.png HTTP/1.1" 200 384 "http://www.nikonthenumbers.com/" "Mozilla/4.0 (compatible; MSIE 7.0; Windows NT 5.1; .NET CLR 1.1.4322)"
24.64.223.204 - - [31/Mar/2009:22:31:07 -0400] "GET /images/cancel.png HTTP/1.1" 200 853 "http://www.nikonthenumbers.com/" "Mozilla/4.0 (compatible; MSIE 7.0; Windows NT 5.1; .NET CLR 1.1.4322)"
99.240.94.33 - - [31/Mar/2009:22:31:10 -0400] "GET /rss HTTP/1.1" 200 100138 "-" "Vienna/2.3.0.2301"
66.249.71.138 - - [31/Mar/2009:22:31:07 -0400] "GET /topics/show/115/23721 HTTP/1.1" 200 1169743 "-" "Mozilla/5.0 (compatible; Googlebot/2.1; +http://www.google.com/bot.html)"
67.205.112.79 - - [31/Mar/2009:22:31:51 -0400] "GET / HTTP/1.0" 200 24822 "-" "Pingdom.com_bot_version_1.4_(http://www.pingdom.com/)"
67.71.80.145 - - [31/Mar/2009:22:32:05 -0400] "GET /rss HTTP/1.1" 200 100138 "-" "Mozilla/5.0 (Macintosh; U; PPC Mac OS X Mach-O; en-US; rv:1.8.1.1) Gecko/20061204 Firefox/2.0.0.1"
24.137.117.37 - - [31/Mar/2009:22:31:10 -0400] "GET /topics/show/124/28169 HTTP/1.1" 200 223935 "http://www.nikonthenumbers.com/" "Mozilla/4.0 (compatible; MSIE 7.0; Windows NT 5.1; GTB5; .NET CLR 1.1.4322; .NET CLR 2.0.50727; OfficeLiveConnector.1.3; OfficeLivePatch.0.0)"
24.150.204.117 - - [31/Mar/2009:22:32:06 -0400] "GET /rss HTTP/1.1" 200 100138 "-" "Mozilla/5.0 (Windows; U; Windows NT 6.0; en-GB; rv:1.9.0.8) Gecko/2009032609 Firefox/3.0.8 (.NET CLR 3.5.30729)"
24.137.117.37 - - [31/Mar/2009:22:32:21 -0400] "POST /talk/mark/28553 HTTP/1.1" 201 1 "http://www.nikonthenumbers.com/topics/show/124/28169#comment_28553" "Mozilla/4.0 (compatible; MSIE 7.0; Windows NT 5.1; GTB5; .NET CLR 1.1.4322; .NET CLR 2.0.50727; OfficeLiveConnector.1.3; OfficeLivePatch.0.0)"
24.64.223.204 - - [31/Mar/2009:22:32:25 -0400] "GET /topics/show/125 HTTP/1.1" 200 77021 "http://www.nikonthenumbers.com/" "Mozilla/4.0 (compatible; MSIE 7.0; Windows NT 5.1; .NET CLR 1.1.4322)"
24.64.223.204 - - [31/Mar/2009:22:32:28 -0400] "GET /images/comment.png HTTP/1.1" 200 540 "http://www.nikonthenumbers.com/topics/show/125" "Mozilla/4.0 (compatible; MSIE 7.0; Windows NT 5.1; .NET CLR 1.1.4322)"
24.64.223.204 - - [31/Mar/2009:22:32:33 -0400] "GET /favicon.ico HTTP/1.1" 200 894 "-" "Mozilla/4.0 (compatible; MSIE 7.0; Windows NT 5.1; .NET CLR 1.1.4322)"
24.137.117.37 - - [31/Mar/2009:22:32:45 -0400] "POST /talk/mark/28545 HTTP/1.1" 201 1 "http://www.nikonthenumbers.com/topics/show/124/28169#comment_28553" "Mozilla/4.0 (compatible; MSIE 7.0; Windows NT 5.1; GTB5; .NET CLR 1.1.4322; .NET CLR 2.0.50727; OfficeLiveConnector.1.3; OfficeLivePatch.0.0)"
66.249.71.138 - - [31/Mar/2009:22:32:46 -0400] "GET /topics/show/112/19126 HTTP/1.1" 200 304221 "-" "Mozilla/5.0 (compatible; Googlebot/2.1; +http://www.google.com/bot.html)"
174.133.253.162 - - [31/Mar/2009:22:32:51 -0400] "GET / HTTP/1.0" 200 24822 "-" "Pingdom.com_bot_version_1.4_(http://www.pingdom.com/)"
216.39.58.18 - - [31/Mar/2009:22:33:01 -0400] "GET /rss HTTP/1.0" 200 100138 "-" "YahooFeedSeeker/2.0 (compatible; Mozilla 4.0; MSIE 5.5; http://publisher.yahoo.com/rssguide; users 1; views 202)"
64.34.195.156 - - [31/Mar/2009:22:33:03 -0400] "GET / HTTP/1.1" 200 24658 "-" "Mozilla/5.0 (X11; U; Linux i686; en-US; rv:1.2.1; aggregator:Spinn3r (Spinn3r 3.0); http://spinn3r.com/robot) Gecko/20021130"
24.64.223.204 - - [31/Mar/2009:22:33:28 -0400] "POST /talk/mark/28411 HTTP/1.1" 201 1 "http://www.nikonthenumbers.com/topics/show/125" "Mozilla/4.0 (compatible; MSIE 7.0; Windows NT 5.1; .NET CLR 1.1.4322)"
24.64.223.204 - - [31/Mar/2009:22:33:39 -0400] "POST /rater/create/comment_rating/28411 HTTP/1.1" 200 165 "http://www.nikonthenumbers.com/topics/show/125#comment_28411" "Mozilla/4.0 (compatible; MSIE 7.0; Windows NT 5.1; .NET CLR 1.1.4322)"
24.64.223.204 - - [31/Mar/2009:22:33:49 -0400] "POST /talk/mark/28421 HTTP/1.1" 201 1 "http://www.nikonthenumbers.com/topics/show/125#comment_28411" "Mozilla/4.0 (compatible; MSIE 7.0; Windows NT 5.1; .NET CLR 1.1.4322)"
70.71.162.234 - - [31/Mar/2009:22:34:08 -0400] "GET /rss HTTP/1.1" 200 100138 "-" "Mozilla/5.0 (Windows; U; Windows NT 6.0; en-GB; rv:1.9.0.8) Gecko/2009032609 Firefox/3.0.8 (.NET CLR 3.5.30729)"
24.64.223.204 - - [31/Mar/2009:22:34:10 -0400] "POST /rater/create/comment_rating/28421 HTTP/1.1" 200 165 "http://www.nikonthenumbers.com/topics/show/125#comment_28421" "Mozilla/4.0 (compatible; MSIE 7.0; Windows NT 5.1; .NET CLR 1.1.4322)"
24.64.223.204 - - [31/Mar/2009:22:34:17 -0400] "POST /talk/mark/28410 HTTP/1.1" 201 1 "http://www.nikonthenumbers.com/topics/show/125#comment_28421" "Mozilla/4.0 (compatible; MSIE 7.0; Windows NT 5.1; .NET CLR 1.1.4322)"
99.241.122.210 - - [31/Mar/2009:22:34:19 -0400] "GET /stylesheets/base_1221113035.css HTTP/1.1" 304 - "http://www.nikonthenumbers.com/topics/show/124" "Mozilla/4.0 (compatible; MSIE 7.0; Windows NT 6.0; SLCC1; .NET CLR 2.0.50727; Media Center PC 5.0; .NET CLR 3.0.04506; InfoPath.1)"
99.241.122.210 - - [31/Mar/2009:22:34:19 -0400] "GET /javascripts/base_1221113035.js HTTP/1.1" 304 - "http://www.nikonthenumbers.com/topics/show/124" "Mozilla/4.0 (compatible; MSIE 7.0; Windows NT 6.0; SLCC1; .NET CLR 2.0.50727; Media Center PC 5.0; .NET CLR 3.0.04506; InfoPath.1)"
99.241.122.210 - - [31/Mar/2009:22:34:16 -0400] "GET /topics/show/124 HTTP/1.1" 200 144751 "http://www.nikonthenumbers.com/" "Mozilla/4.0 (compatible; MSIE 7.0; Windows NT 6.0; SLCC1; .NET CLR 2.0.50727; Media Center PC 5.0; .NET CLR 3.0.04506; InfoPath.1)"
99.241.122.210 - - [31/Mar/2009:22:34:20 -0400] "GET /images/TOP_01.jpg HTTP/1.1" 304 - "http://www.nikonthenumbers.com/topics/show/124" "Mozilla/4.0 (compatible; MSIE 7.0; Windows NT 6.0; SLCC1; .NET CLR 2.0.50727; Media Center PC 5.0; .NET CLR 3.0.04506; InfoPath.1)"
99.241.122.210 - - [31/Mar/2009:22:34:21 -0400] "GET /images/TOP_02.jpg HTTP/1.1" 304 - "http://www.nikonthenumbers.com/topics/show/124" "Mozilla/4.0 (compatible; MSIE 7.0; Windows NT 6.0; SLCC1; .NET CLR 2.0.50727; Media Center PC 5.0; .NET CLR 3.0.04506; InfoPath.1)"
99.241.122.210 - - [31/Mar/2009:22:34:21 -0400] "GET /images/TOP_03.jpg HTTP/1.1" 304 - "http://www.nikonthenumbers.com/topics/show/124" "Mozilla/4.0 (compatible; MSIE 7.0; Windows NT 6.0; SLCC1; .NET CLR 2.0.50727; Media Center PC 5.0; .NET CLR 3.0.04506; InfoPath.1)"
99.241.122.210 - - [31/Mar/2009:22:34:21 -0400] "GET /images/feed-icon-14x14.png HTTP/1.1" 304 - "http://www.nikonthenumbers.com/topics/show/124" "Mozilla/4.0 (compatible; MSIE 7.0; Windows NT 6.0; SLCC1; .NET CLR 2.0.50727; Media Center PC 5.0; .NET CLR 3.0.04506; InfoPath.1)"
99.241.122.210 - - [31/Mar/2009:22:34:21 -0400] "GET /avatars/0000/0107/hope-nope5_thumb.jpg?1235523623 HTTP/1.1" 304 - "http://www.nikonthenumbers.com/topics/show/124" "Mozilla/4.0 (compatible; MSIE 7.0; Windows NT 6.0; SLCC1; .NET CLR 2.0.50727; Media Center PC 5.0; .NET CLR 3.0.04506; InfoPath.1)"
99.241.122.210 - - [31/Mar/2009:22:34:21 -0400] "GET /images/Ses-Townhall-AD-FED-20080911.swf HTTP/1.1" 304 - "http://www.nikonthenumbers.com/topics/show/124" "Mozilla/4.0 (compatible; MSIE 7.0; Windows NT 6.0; SLCC1; .NET CLR 2.0.50727; Media Center PC 5.0; .NET CLR 3.0.04506; InfoPath.1)"
99.241.122.210 - - [31/Mar/2009:22:34:21 -0400] "GET /images/page-bg.gif HTTP/1.1" 304 - "http://www.nikonthenumbers.com/topics/show/124" "Mozilla/4.0 (compatible; MSIE 7.0; Windows NT 6.0; SLCC1; .NET CLR 2.0.50727; Media Center PC 5.0; .NET CLR 3.0.04506; InfoPath.1)"
99.241.122.210 - - [31/Mar/2009:22:34:21 -0400] "GET /avatars/0000/0083/LOGO_lg_thumb.png?1228919873 HTTP/1.1" 304 - "http://www.nikonthenumbers.com/topics/show/124" "Mozilla/4.0 (compatible; MSIE 7.0; Windows NT 6.0; SLCC1; .NET CLR 2.0.50727; Media Center PC 5.0; .NET CLR 3.0.04506; InfoPath.1)"
99.241.122.210 - - [31/Mar/2009:22:34:21 -0400] "GET /images/TOP_06.jpg HTTP/1.1" 304 - "http://www.nikonthenumbers.com/topics/show/124" "Mozilla/4.0 (compatible; MSIE 7.0; Windows NT 6.0; SLCC1; .NET CLR 2.0.50727; Media Center PC 5.0; .NET CLR 3.0.04506; InfoPath.1)"
99.241.122.210 - - [31/Mar/2009:22:34:21 -0400] "GET /images/bottom-with-shaddow.gif HTTP/1.1" 304 - "http://www.nikonthenumbers.com/topics/show/124" "Mozilla/4.0 (compatible; MSIE 7.0; Windows NT 6.0; SLCC1; .NET CLR 2.0.50727; Media Center PC 5.0; .NET CLR 3.0.04506; InfoPath.1)"
99.241.122.210 - - [31/Mar/2009:22:34:21 -0400] "GET /images/BOX-BACK.jpg HTTP/1.1" 304 - "http://www.nikonthenumbers.com/topics/show/124" "Mozilla/4.0 (compatible; MSIE 7.0; Windows NT 6.0; SLCC1; .NET CLR 2.0.50727; Media Center PC 5.0; .NET CLR 3.0.04506; InfoPath.1)"
99.241.122.210 - - [31/Mar/2009:22:34:21 -0400] "GET /images/red-band.gif HTTP/1.1" 304 - "http://www.nikonthenumbers.com/topics/show/124" "Mozilla/4.0 (compatible; MSIE 7.0; Windows NT 6.0; SLCC1; .NET CLR 2.0.50727; Media Center PC 5.0; .NET CLR 3.0.04506; InfoPath.1)"
99.241.122.210 - - [31/Mar/2009:22:34:21 -0400] "GET /images/comment.png HTTP/1.1" 304 - "http://www.nikonthenumbers.com/topics/show/124" "Mozilla/4.0 (compatible; MSIE 7.0; Windows NT 6.0; SLCC1; .NET CLR 2.0.50727; Media Center PC 5.0; .NET CLR 3.0.04506; InfoPath.1)"
99.241.122.210 - - [31/Mar/2009:22:34:21 -0400] "GET /images/comment_bw.png HTTP/1.1" 304 - "http://www.nikonthenumbers.com/topics/show/124" "Mozilla/4.0 (compatible; MSIE 7.0; Windows NT 6.0; SLCC1; .NET CLR 2.0.50727; Media Center PC 5.0; .NET CLR 3.0.04506; InfoPath.1)"
99.241.122.210 - - [31/Mar/2009:22:34:21 -0400] "GET /images/RULE-FADE.jpg HTTP/1.1" 304 - "http://www.nikonthenumbers.com/topics/show/124" "Mozilla/4.0 (compatible; MSIE 7.0; Windows NT 6.0; SLCC1; .NET CLR 2.0.50727; Media Center PC 5.0; .NET CLR 3.0.04506; InfoPath.1)"
99.241.122.210 - - [31/Mar/2009:22:34:21 -0400] "GET /fixit.js HTTP/1.1" 304 - "http://www.nikonthenumbers.com/topics/show/124" "Mozilla/4.0 (compatible; MSIE 7.0; Windows NT 6.0; SLCC1; .NET CLR 2.0.50727; Media Center PC 5.0; .NET CLR 3.0.04506; InfoPath.1)"
99.241.122.210 - - [31/Mar/2009:22:34:22 -0400] "GET /images/polling_results.jpg?1221113035 HTTP/1.1" 304 - "http://www.nikonthenumbers.com/topics/show/124" "Mozilla/4.0 (compatible; MSIE 7.0; Windows NT 6.0; SLCC1; .NET CLR 2.0.50727; Media Center PC 5.0; .NET CLR 3.0.04506; InfoPath.1)"
99.241.122.210 - - [31/Mar/2009:22:34:22 -0400] "GET /images/safe_subscribe_logo.gif HTTP/1.1" 304 - "http://www.nikonthenumbers.com/topics/show/124" "Mozilla/4.0 (compatible; MSIE 7.0; Windows NT 6.0; SLCC1; .NET CLR 2.0.50727; Media Center PC 5.0; .NET CLR 3.0.04506; InfoPath.1)"
66.249.71.138 - - [31/Mar/2009:22:34:26 -0400] "GET /topics/show/115/22639 HTTP/1.1" 200 1169743 "-" "Mozilla/5.0 (compatible; Googlebot/2.1; +http://www.google.com/bot.html)"
99.241.122.210 - - [31/Mar/2009:22:34:32 -0400] "GET /images/busy.gif HTTP/1.1" 304 - "http://www.nikonthenumbers.com/topics/show/124" "Mozilla/4.0 (compatible; MSIE 7.0; Windows NT 6.0; SLCC1; .NET CLR 2.0.50727; Media Center PC 5.0; .NET CLR 3.0.04506; InfoPath.1)"
99.241.122.210 - - [31/Mar/2009:22:34:32 -0400] "POST /topics/show_comments/124/28169 HTTP/1.1" 200 74821 "http://www.nikonthenumbers.com/topics/show/124" "Mozilla/4.0 (compatible; MSIE 7.0; Windows NT 6.0; SLCC1; .NET CLR 2.0.50727; Media Center PC 5.0; .NET CLR 3.0.04506; InfoPath.1)"
24.64.223.204 - - [31/Mar/2009:22:34:47 -0400] "POST /rater/create/comment_rating/28410 HTTP/1.1" 200 165 "http://www.nikonthenumbers.com/topics/show/125#comment_28410" "Mozilla/4.0 (compatible; MSIE 7.0; Windows NT 5.1; .NET CLR 1.1.4322)"
89.151.110.152 - - [31/Mar/2009:22:34:52 -0400] "GET / HTTP/1.0" 200 24822 "-" "Pingdom.com_bot_version_1.4_(http://www.pingdom.com/)"
24.64.223.204 - - [31/Mar/2009:22:34:54 -0400] "POST /talk/mark/28418 HTTP/1.1" 201 1 "http://www.nikonthenumbers.com/topics/show/125#comment_28410" "Mozilla/4.0 (compatible; MSIE 7.0; Windows NT 5.1; .NET CLR 1.1.4322)"
99.241.122.210 - - [31/Mar/2009:22:34:57 -0400] "POST /talk/mark/28545 HTTP/1.1" 201 1 "http://www.nikonthenumbers.com/topics/show/124" "Mozilla/4.0 (compatible; MSIE 7.0; Windows NT 6.0; SLCC1; .NET CLR 2.0.50727; Media Center PC 5.0; .NET CLR 3.0.04506; InfoPath.1)"
99.241.122.210 - - [31/Mar/2009:22:35:03 -0400] "POST /talk/mark/28553 HTTP/1.1" 201 1 "http://www.nikonthenumbers.com/topics/show/124" "Mozilla/4.0 (compatible; MSIE 7.0; Windows NT 6.0; SLCC1; .NET CLR 2.0.50727; Media Center PC 5.0; .NET CLR 3.0.04506; InfoPath.1)"
99.241.122.210 - - [31/Mar/2009:22:35:08 -0400] "POST /topics/show_comments/124/28170 HTTP/1.1" 200 51631 "http://www.nikonthenumbers.com/topics/show/124" "Mozilla/4.0 (compatible; MSIE 7.0; Windows NT 6.0; SLCC1; .NET CLR 2.0.50727; Media Center PC 5.0; .NET CLR 3.0.04506; InfoPath.1)"
24.64.223.204 - - [31/Mar/2009:22:35:10 -0400] "GET /topics/show/125/28410 HTTP/1.1" 200 85296 "http://www.nikonthenumbers.com/topics/show/125" "Mozilla/4.0 (compatible; MSIE 7.0; Windows NT 5.1; .NET CLR 1.1.4322)"
99.241.122.210 - - [31/Mar/2009:22:35:15 -0400] "POST /rater/create/comment_rating/28553 HTTP/1.1" 200 165 "http://www.nikonthenumbers.com/topics/show/124" "Mozilla/4.0 (compatible; MSIE 7.0; Windows NT 6.0; SLCC1; .NET CLR 2.0.50727; Media Center PC 5.0; .NET CLR 3.0.04506; InfoPath.1)"
24.64.223.204 - - [31/Mar/2009:22:35:20 -0400] "POST /talk/mark/28419 HTTP/1.1" 201 1 "http://www.nikonthenumbers.com/topics/show/125/28410#comment_28419" "Mozilla/4.0 (compatible; MSIE 7.0; Windows NT 5.1; .NET CLR 1.1.4322)"
99.241.122.210 - - [31/Mar/2009:22:35:24 -0400] "POST /talk/mark/28546 HTTP/1.1" 201 1 "http://www.nikonthenumbers.com/topics/show/124" "Mozilla/4.0 (compatible; MSIE 7.0; Windows NT 6.0; SLCC1; .NET CLR 2.0.50727; Media Center PC 5.0; .NET CLR 3.0.04506; InfoPath.1)"
66.249.71.138 - - [31/Mar/2009:22:35:44 -0400] "GET /topics/show/74 HTTP/1.1" 200 171583 "-" "Mozilla/5.0 (compatible; Googlebot/2.1; +http://www.google.com/bot.html)"
209.62.54.130 - - [31/Mar/2009:22:35:52 -0400] "GET / HTTP/1.0" 200 24822 "-" "Pingdom.com_bot_version_1.4_(http://www.pingdom.com/)"
66.249.71.138 - - [31/Mar/2009:22:36:06 -0400] "GET /topics/show/114/19926 HTTP/1.1" 200 273502 "-" "Mozilla/5.0 (compatible; Googlebot/2.1; +http://www.google.com/bot.html)"
83.140.19.38 - - [31/Mar/2009:22:36:21 -0400] "GET / HTTP/1.0" 200 24822 "-" "Pingdom.com_bot_version_1.4_(http://www.pingdom.com/)"
65.55.105.125 - - [31/Mar/2009:22:36:18 -0400] "GET /topics/show/121/26343 HTTP/1.1" 200 1143638 "-" "msnbot/1.1 (+http://search.msn.com/msnbot.htm)"
65.55.105.118 - - [31/Mar/2009:22:36:44 -0400] "GET /topics/show/69/6507 HTTP/1.1" 200 155266 "-" "msnbot/1.1 (+http://search.msn.com/msnbot.htm)"
24.64.223.204 - - [31/Mar/2009:22:36:46 -0400] "POST /rater/create/comment_rating/28419 HTTP/1.1" 200 165 "http://www.nikonthenumbers.com/topics/show/125/28410#comment_28419" "Mozilla/4.0 (compatible; MSIE 7.0; Windows NT 5.1; .NET CLR 1.1.4322)"
138.130.140.203 - - [31/Mar/2009:22:36:45 -0400] "GET /rss HTTP/1.1" 200 100138 "-" "Apple-PubSub/65.6"
99.241.122.210 - - [31/Mar/2009:22:36:48 -0400] "POST /topics/show_comments/124/28171 HTTP/1.1" 200 70776 "http://www.nikonthenumbers.com/topics/show/124" "Mozilla/4.0 (compatible; MSIE 7.0; Windows NT 6.0; SLCC1; .NET CLR 2.0.50727; Media Center PC 5.0; .NET CLR 3.0.04506; InfoPath.1)"
99.241.122.210 - - [31/Mar/2009:22:36:52 -0400] "GET /avatars/0000/0035/avatar3457_1_thumb.png?1221427967 HTTP/1.1" 304 - "http://www.nikonthenumbers.com/topics/show/124" "Mozilla/4.0 (compatible; MSIE 7.0; Windows NT 6.0; SLCC1; .NET CLR 2.0.50727; Media Center PC 5.0; .NET CLR 3.0.04506; InfoPath.1)"
24.64.223.204 - - [31/Mar/2009:22:36:55 -0400] "GET /topics/show/125/28409 HTTP/1.1" 200 135015 "http://www.nikonthenumbers.com/topics/show/125/28410" "Mozilla/4.0 (compatible; MSIE 7.0; Windows NT 5.1; .NET CLR 1.1.4322)"
65.55.105.118 - - [31/Mar/2009:22:36:46 -0400] "GET /topics/show/115/23469 HTTP/1.1" 200 1159638 "-" "msnbot/1.1 (+http://search.msn.com/msnbot.htm)"
24.64.223.204 - - [31/Mar/2009:22:37:12 -0400] "POST /talk/mark/28446 HTTP/1.1" 201 1 "http://www.nikonthenumbers.com/topics/show/125/28409#comment_28446" "Mozilla/4.0 (compatible; MSIE 7.0; Windows NT 5.1; .NET CLR 1.1.4322)"
99.241.122.210 - - [31/Mar/2009:22:37:12 -0400] "POST /talk/mark/28550 HTTP/1.1" 201 1 "http://www.nikonthenumbers.com/topics/show/124" "Mozilla/4.0 (compatible; MSIE 7.0; Windows NT 6.0; SLCC1; .NET CLR 2.0.50727; Media Center PC 5.0; .NET CLR 3.0.04506; InfoPath.1)"
99.241.122.210 - - [31/Mar/2009:22:37:16 -0400] "POST /talk/mark/28547 HTTP/1.1" 201 1 "http://www.nikonthenumbers.com/topics/show/124" "Mozilla/4.0 (compatible; MSIE 7.0; Windows NT 6.0; SLCC1; .NET CLR 2.0.50727; Media Center PC 5.0; .NET CLR 3.0.04506; InfoPath.1)"
119.63.194.106 - - [31/Mar/2009:22:37:16 -0400] "GET / HTTP/1.1" 200 24822 "-" "Baiduspider+(+http://www.baidu.jp/spider/)"
99.241.122.210 - - [31/Mar/2009:22:37:25 -0400] "POST /topic/124/talk/new?parent_id=28550 HTTP/1.1" 200 1246 "http://www.nikonthenumbers.com/topics/show/124" "Mozilla/4.0 (compatible; MSIE 7.0; Windows NT 6.0; SLCC1; .NET CLR 2.0.50727; Media Center PC 5.0; .NET CLR 3.0.04506; InfoPath.1)"
99.241.122.210 - - [31/Mar/2009:22:37:25 -0400] "GET /images/cancel.png HTTP/1.1" 304 - "http://www.nikonthenumbers.com/topics/show/124" "Mozilla/4.0 (compatible; MSIE 7.0; Windows NT 6.0; SLCC1; .NET CLR 2.0.50727; Media Center PC 5.0; .NET CLR 3.0.04506; InfoPath.1)"
72.51.41.47 - - [31/Mar/2009:22:37:25 -0400] "GET / HTTP/1.0" 200 24822 "-" "Pingdom.com_bot_version_1.4_(http://www.pingdom.com/)"
65.55.109.168 - - [31/Mar/2009:22:37:33 -0400] "GET /topics/show/121/26343 HTTP/1.0" 200 1147749 "http://search.live.com/results.aspx?q=nanos" "Mozilla/4.0 (compatible; MSIE 6.0; Windows NT 5.2; SV1; .NET CLR 1.1.4322)"
65.55.109.168 - - [31/Mar/2009:22:37:40 -0400] "GET /javascripts/base_1221113035.js HTTP/1.0" 200 96039 "http://www.nikonthenumbers.com/topics/show/121/26343" "Mozilla/4.0 (compatible; MSIE 6.0; Windows NT 5.2; SV1; .NET CLR 1.1.4322)"
65.55.109.168 - - [31/Mar/2009:22:37:40 -0400] "GET /stylesheets/base_1221113035.css HTTP/1.0" 200 14188 "http://www.nikonthenumbers.com/topics/show/121/26343" "Mozilla/4.0 (compatible; MSIE 6.0; Windows NT 5.2; SV1; .NET CLR 1.1.4322)"
65.55.109.168 - - [31/Mar/2009:22:37:43 -0400] "GET /avatars/0000/0085/van_thumb.png?1229143040 HTTP/1.0" 200 5734 "http://www.nikonthenumbers.com/topics/show/121/26343" "Mozilla/4.0 (compatible; MSIE 6.0; Windows NT 5.2; SV1; .NET CLR 1.1.4322)"
65.55.109.168 - - [31/Mar/2009:22:37:44 -0400] "GET /avatars/0000/0107/hope-nope5_thumb.jpg?1235523623 HTTP/1.0" 200 5188 "http://www.nikonthenumbers.com/topics/show/121/26343" "Mozilla/4.0 (compatible; MSIE 6.0; Windows NT 5.2; SV1; .NET CLR 1.1.4322)"
72.30.65.34 - - [31/Mar/2009:22:37:48 -0400] "GET /topics/show/119/25044 HTTP/1.0" 200 625929 "-" "Mozilla/5.0 (compatible; Yahoo! Slurp/3.0; http://help.yahoo.com/help/us/ysearch/slurp)"
212.247.189.113 - - [31/Mar/2009:22:37:51 -0400] "GET / HTTP/1.0" 200 24822 "-" "Pingdom.com_bot_version_1.4_(http://www.pingdom.com/)"
72.30.65.34 - - [31/Mar/2009:22:37:55 -0400] "GET /stylesheets/base_1221113035.css HTTP/1.0" 304 - "http://www.nikonthenumbers.com/topics/show/119/25044" "Mozilla/5.0 (compatible; Yahoo! Slurp/3.0; http://help.yahoo.com/help/us/ysearch/slurp)"
64.78.155.100 - - [31/Mar/2009:22:38:00 -0400] "GET /rss HTTP/1.1" 200 100138 "-" "NewsGatorOnline/2.0 (http://www.newsgator.com; 12 subscribers)"
65.55.109.168 - - [31/Mar/2009:22:38:02 -0400] "GET /fixit.js HTTP/1.0" 200 153 "http://www.nikonthenumbers.com/topics/show/121/26343" "Mozilla/4.0 (compatible; MSIE 6.0; Windows NT 5.2; SV1; .NET CLR 1.1.4322)"
65.55.109.168 - - [31/Mar/2009:22:38:03 -0400] "GET /images/polling_results.jpg?1221113035 HTTP/1.0" 200 5021 "http://www.nikonthenumbers.com/topics/show/121/26343" "Mozilla/4.0 (compatible; MSIE 6.0; Windows NT 5.2; SV1; .NET CLR 1.1.4322)"
207.97.207.200 - - [31/Mar/2009:22:38:51 -0400] "GET / HTTP/1.0" 200 24822 "-" "Pingdom.com_bot_version_1.4_(http://www.pingdom.com/)"
24.64.223.204 - - [31/Mar/2009:22:38:55 -0400] "POST /rater/create/comment_rating/28446 HTTP/1.1" 200 165 "http://www.nikonthenumbers.com/topics/show/125/28409#comment_28446" "Mozilla/4.0 (compatible; MSIE 7.0; Windows NT 5.1; .NET CLR 1.1.4322)"
24.64.223.204 - - [31/Mar/2009:22:39:03 -0400] "POST /talk/mark/28534 HTTP/1.1" 201 1 "http://www.nikonthenumbers.com/topics/show/125/28409#comment_28446" "Mozilla/4.0 (compatible; MSIE 7.0; Windows NT 5.1; .NET CLR 1.1.4322)"
24.64.223.204 - - [31/Mar/2009:22:39:10 -0400] "POST /rater/create/comment_rating/28534 HTTP/1.1" 200 165 "http://www.nikonthenumbers.com/topics/show/125/28409#comment_28446" "Mozilla/4.0 (compatible; MSIE 7.0; Windows NT 5.1; .NET CLR 1.1.4322)"
24.64.223.204 - - [31/Mar/2009:22:39:17 -0400] "POST /talk/mark/28443 HTTP/1.1" 201 1 "http://www.nikonthenumbers.com/topics/show/125/28409#comment_28446" "Mozilla/4.0 (compatible; MSIE 7.0; Windows NT 5.1; .NET CLR 1.1.4322)"
67.192.120.134 - - [31/Mar/2009:22:39:50 -0400] "GET / HTTP/1.0" 200 24822 "-" "Pingdom.com_bot_version_1.4_(http://www.pingdom.com/)"
72.30.65.34 - - [31/Mar/2009:22:40:35 -0400] "GET /topics/show/113/19770 HTTP/1.0" 200 306564 "-" "Mozilla/5.0 (compatible; Yahoo! Slurp/3.0; http://help.yahoo.com/help/us/ysearch/slurp)"
78.136.27.223 - - [31/Mar/2009:22:40:54 -0400] "GET / HTTP/1.0" 200 24822 "-" "Pingdom.com_bot_version_1.4_(http://www.pingdom.com/)"
24.64.223.204 - - [31/Mar/2009:22:41:04 -0400] "POST /rater/create/comment_rating/28443 HTTP/1.1" 200 174 "http://www.nikonthenumbers.com/topics/show/125/28409#comment_28446" "Mozilla/4.0 (compatible; MSIE 7.0; Windows NT 5.1; .NET CLR 1.1.4322)"
66.249.71.138 - - [31/Mar/2009:22:41:04 -0400] "GET /profile/8989 HTTP/1.1" 200 14618 "-" "Mozilla/5.0 (compatible; Googlebot/2.1; +http://www.google.com/bot.html)"
