70.48.69.122 - - [31/Mar/2009:20:49:48 -0400] "GET /images/TOP_01.jpg HTTP/1.1" 200 12839 "http://www.nikonthenumbers.com/" "Mozilla/4.0 (compatible; MSIE 8.0; Windows NT 6.0; Trident/4.0; SLCC1; .NET CLR 2.0.50727; Media Center PC 5.0; .NET CLR 1.1.4322; .NET CLR 3.5.30729; .NET CLR 3.0.30618; OfficeLiveConnector.1.3; OfficeLivePatch.0.0)"
70.48.69.122 - - [31/Mar/2009:20:49:48 -0400] "GET /images/TOP_03.jpg HTTP/1.1" 200 15516 "http://www.nikonthenumbers.com/" "Mozilla/4.0 (compatible; MSIE 8.0; Windows NT 6.0; Trident/4.0; SLCC1; .NET CLR 2.0.50727; Media Center PC 5.0; .NET CLR 1.1.4322; .NET CLR 3.5.30729; .NET CLR 3.0.30618; OfficeLiveConnector.1.3; OfficeLivePatch.0.0)"
70.48.69.122 - - [31/Mar/2009:20:49:48 -0400] "GET /images/RULE-FADE.jpg HTTP/1.1" 200 448 "http://www.nikonthenumbers.com/" "Mozilla/4.0 (compatible; MSIE 8.0; Windows NT 6.0; Trident/4.0; SLCC1; .NET CLR 2.0.50727; Media Center PC 5.0; .NET CLR 1.1.4322; .NET CLR 3.5.30729; .NET CLR 3.0.30618; OfficeLiveConnector.1.3; OfficeLivePatch.0.0)"
70.48.69.122 - - [31/Mar/2009:20:49:48 -0400] "GET /images/feed-icon-14x14.png HTTP/1.1" 200 689 "http://www.nikonthenumbers.com/" "Mozilla/4.0 (compatible; MSIE 8.0; Windows NT 6.0; Trident/4.0; SLCC1; .NET CLR 2.0.50727; Media Center PC 5.0; .NET CLR 1.1.4322; .NET CLR 3.5.30729; .NET CLR 3.0.30618; OfficeLiveConnector.1.3; OfficeLivePatch.0.0)"
70.48.69.122 - - [31/Mar/2009:20:49:48 -0400] "GET /images/Ses-Townhall-AD-FED-20080911.swf HTTP/1.1" 200 17188 "http://www.nikonthenumbers.com/" "Mozilla/4.0 (compatible; MSIE 8.0; Windows NT 6.0; Trident/4.0; SLCC1; .NET CLR 2.0.50727; Media Center PC 5.0; .NET CLR 1.1.4322; .NET CLR 3.5.30729; .NET CLR 3.0.30618; OfficeLiveConnector.1.3; OfficeLivePatch.0.0)"
70.48.69.122 - - [31/Mar/2009:20:49:48 -0400] "GET /images/bottom-with-shaddow.gif HTTP/1.1" 200 9790 "http://www.nikonthenumbers.com/" "Mozilla/4.0 (compatible; MSIE 8.0; Windows NT 6.0; Trident/4.0; SLCC1; .NET CLR 2.0.50727; Media Center PC 5.0; .NET CLR 1.1.4322; .NET CLR 3.5.30729; .NET CLR 3.0.30618; OfficeLiveConnector.1.3; OfficeLivePatch.0.0)"
70.48.69.122 - - [31/Mar/2009:20:49:48 -0400] "GET /images/TOP_02.jpg HTTP/1.1" 200 14856 "http://www.nikonthenumbers.com/" "Mozilla/4.0 (compatible; MSIE 8.0; Windows NT 6.0; Trident/4.0; SLCC1; .NET CLR 2.0.50727; Media Center PC 5.0; .NET CLR 1.1.4322; .NET CLR 3.5.30729; .NET CLR 3.0.30618; OfficeLiveConnector.1.3; OfficeLivePatch.0.0)"
70.48.69.122 - - [31/Mar/2009:20:49:48 -0400] "GET /images/BOX-BACK.jpg HTTP/1.1" 200 1025 "http://www.nikonthenumbers.com/" "Mozilla/4.0 (compatible; MSIE 8.0; Windows NT 6.0; Trident/4.0; SLCC1; .NET CLR 2.0.50727; Media Center PC 5.0; .NET CLR 1.1.4322; .NET CLR 3.5.30729; .NET CLR 3.0.30618; OfficeLiveConnector.1.3; OfficeLivePatch.0.0)"
70.48.69.122 - - [31/Mar/2009:20:49:48 -0400] "GET /images/page-bg.gif HTTP/1.1" 200 1487 "http://www.nikonthenumbers.com/" "Mozilla/4.0 (compatible; MSIE 8.0; Windows NT 6.0; Trident/4.0; SLCC1; .NET CLR 2.0.50727; Media Center PC 5.0; .NET CLR 1.1.4322; .NET CLR 3.5.30729; .NET CLR 3.0.30618; OfficeLiveConnector.1.3; OfficeLivePatch.0.0)"
70.48.69.122 - - [31/Mar/2009:20:49:48 -0400] "GET /images/TOP_06.jpg HTTP/1.1" 200 2158 "http://www.nikonthenumbers.com/" "Mozilla/4.0 (compatible; MSIE 8.0; Windows NT 6.0; Trident/4.0; SLCC1; .NET CLR 2.0.50727; Media Center PC 5.0; .NET CLR 1.1.4322; .NET CLR 3.5.30729; .NET CLR 3.0.30618; OfficeLiveConnector.1.3; OfficeLivePatch.0.0)"
70.48.69.122 - - [31/Mar/2009:20:49:48 -0400] "GET /images/polling_results.jpg?1221113035 HTTP/1.1" 200 5021 "http://www.nikonthenumbers.com/" "Mozilla/4.0 (compatible; MSIE 8.0; Windows NT 6.0; Trident/4.0; SLCC1; .NET CLR 2.0.50727; Media Center PC 5.0; .NET CLR 1.1.4322; .NET CLR 3.5.30729; .NET CLR 3.0.30618; OfficeLiveConnector.1.3; OfficeLivePatch.0.0)"
70.48.69.122 - - [31/Mar/2009:20:49:48 -0400] "GET /images/safe_subscribe_logo.gif HTTP/1.1" 200 457 "http://www.nikonthenumbers.com/" "Mozilla/4.0 (compatible; MSIE 8.0; Windows NT 6.0; Trident/4.0; SLCC1; .NET CLR 2.0.50727; Media Center PC 5.0; .NET CLR 1.1.4322; .NET CLR 3.5.30729; .NET CLR 3.0.30618; OfficeLiveConnector.1.3; OfficeLivePatch.0.0)"
70.48.69.122 - - [31/Mar/2009:20:49:48 -0400] "GET /images/Ses-Townhall-AD-FED-20080911.swf HTTP/1.1" 200 17188 "http://www.nikonthenumbers.com/" "Mozilla/4.0 (compatible; MSIE 8.0; Windows NT 6.0; Trident/4.0; SLCC1; .NET CLR 2.0.50727; Media Center PC 5.0; .NET CLR 1.1.4322; .NET CLR 3.5.30729; .NET CLR 3.0.30618; OfficeLiveConnector.1.3; OfficeLivePatch.0.0)"
70.48.69.122 - - [31/Mar/2009:20:49:48 -0400] "GET /images/comment_bw.png HTTP/1.1" 200 384 "http://www.nikonthenumbers.com/" "Mozilla/4.0 (compatible; MSIE 8.0; Windows NT 6.0; Trident/4.0; SLCC1; .NET CLR 2.0.50727; Media Center PC 5.0; .NET CLR 1.1.4322; .NET CLR 3.5.30729; .NET CLR 3.0.30618; OfficeLiveConnector.1.3; OfficeLivePatch.0.0)"
70.48.69.122 - - [31/Mar/2009:20:49:48 -0400] "GET /images/cancel.png HTTP/1.1" 200 853 "http://www.nikonthenumbers.com/" "Mozilla/4.0 (compatible; MSIE 8.0; Windows NT 6.0; Trident/4.0; SLCC1; .NET CLR 2.0.50727; Media Center PC 5.0; .NET CLR 1.1.4322; .NET CLR 3.5.30729; .NET CLR 3.0.30618; OfficeLiveConnector.1.3; OfficeLivePatch.0.0)"
70.48.69.122 - - [31/Mar/2009:20:49:48 -0400] "GET /images/red-band.gif HTTP/1.1" 200 4358 "http://www.nikonthenumbers.com/" "Mozilla/4.0 (compatible; MSIE 8.0; Windows NT 6.0; Trident/4.0; SLCC1; .NET CLR 2.0.50727; Media Center PC 5.0; .NET CLR 1.1.4322; .NET CLR 3.5.30729; .NET CLR 3.0.30618; OfficeLiveConnector.1.3; OfficeLivePatch.0.0)"
65.55.105.120 - - [31/Mar/2009:20:49:49 -0400] "GET /topics/show/72/7894 HTTP/1.1" 200 82359 "-" "msnbot/1.1 (+http://search.msn.com/msnbot.htm)"
70.48.69.122 - - [31/Mar/2009:20:49:51 -0400] "GET /favicon.ico HTTP/1.1" 200 894 "-" "Mozilla/4.0 (compatible; MSIE 8.0; Windows NT 6.0; Trident/4.0; SLCC1; .NET CLR 2.0.50727; Media Center PC 5.0; .NET CLR 1.1.4322; .NET CLR 3.5.30729; .NET CLR 3.0.30618; OfficeLiveConnector.1.3; OfficeLivePatch.0.0)"
67.192.120.134 - - [31/Mar/2009:20:49:51 -0400] "GET / HTTP/1.0" 200 24819 "-" "Pingdom.com_bot_version_1.4_(http://www.pingdom.com/)"
72.30.65.34 - - [31/Mar/2009:20:50:02 -0400] "GET /topics/show/115/22894 HTTP/1.0" 200 1172428 "-" "Mozilla/5.0 (compatible; Yahoo! Slurp/3.0; http://help.yahoo.com/help/us/ysearch/slurp)"
78.136.27.223 - - [31/Mar/2009:20:50:51 -0400] "GET / HTTP/1.0" 200 24819 "-" "Pingdom.com_bot_version_1.4_(http://www.pingdom.com/)"
67.205.112.79 - - [31/Mar/2009:20:51:51 -0400] "GET / HTTP/1.0" 200 24819 "-" "Pingdom.com_bot_version_1.4_(http://www.pingdom.com/)"
174.133.253.162 - - [31/Mar/2009:20:52:51 -0400] "GET / HTTP/1.0" 200 24819 "-" "Pingdom.com_bot_version_1.4_(http://www.pingdom.com/)"
24.224.138.136 - - [31/Mar/2009:20:53:49 -0400] "GET /rss HTTP/1.1" 200 100138 "-" "Mozilla/5.0 (compatible; Google Desktop)"
89.151.110.152 - - [31/Mar/2009:20:54:52 -0400] "GET / HTTP/1.0" 200 24819 "-" "Pingdom.com_bot_version_1.4_(http://www.pingdom.com/)"
209.62.54.130 - - [31/Mar/2009:20:55:54 -0400] "GET / HTTP/1.0" 200 24819 "-" "Pingdom.com_bot_version_1.4_(http://www.pingdom.com/)"
83.140.19.38 - - [31/Mar/2009:20:56:34 -0400] "GET / HTTP/1.0" 200 24819 "-" "Pingdom.com_bot_version_1.4_(http://www.pingdom.com/)"
207.210.31.183 - - [31/Mar/2009:20:56:33 -0400] "GET /rss HTTP/1.1" 200 99686 "-" "Mozilla/5.0 (Windows; U; Windows NT 5.1; en-US; rv:1.9.0.8) Gecko/2009032609 Firefox/3.0.8 (.NET CLR 3.5.30729)"
72.51.41.47 - - [31/Mar/2009:20:56:51 -0400] "GET / HTTP/1.0" 200 24819 "-" "Pingdom.com_bot_version_1.4_(http://www.pingdom.com/)"
66.183.156.4 - - [31/Mar/2009:20:57:26 -0400] "GET /rss HTTP/1.1" 200 100138 "-" "FeedDemon/2.7 (http://www.newsgator.com/; Microsoft Windows)"
72.30.65.34 - - [31/Mar/2009:20:57:43 -0400] "GET /topics/show/47 HTTP/1.0" 200 71951 "-" "Mozilla/5.0 (compatible; Yahoo! Slurp/3.0; http://help.yahoo.com/help/us/ysearch/slurp)"
65.55.105.124 - - [31/Mar/2009:20:57:47 -0400] "GET /topics/show/118/24689 HTTP/1.1" 200 171904 "-" "msnbot/1.1 (+http://search.msn.com/msnbot.htm)"
212.247.189.113 - - [31/Mar/2009:20:57:52 -0400] "GET / HTTP/1.0" 200 24819 "-" "Pingdom.com_bot_version_1.4_(http://www.pingdom.com/)"
207.97.207.200 - - [31/Mar/2009:20:58:51 -0400] "GET / HTTP/1.0" 200 24819 "-" "Pingdom.com_bot_version_1.4_(http://www.pingdom.com/)"
66.249.71.138 - - [31/Mar/2009:20:58:54 -0400] "GET /topics/show/88 HTTP/1.1" 200 63279 "-" "DoCoMo/2.0 N905i(c100;TB;W24H16) (compatible; Googlebot-Mobile/2.1; +http://www.google.com/bot.html)"
72.30.65.34 - - [31/Mar/2009:20:59:25 -0400] "GET /profile/58869 HTTP/1.0" 200 16297 "-" "Mozilla/5.0 (compatible; Yahoo! Slurp/3.0; http://help.yahoo.com/help/us/ysearch/slurp)"
66.249.71.138 - - [31/Mar/2009:20:59:52 -0400] "GET /profile/13223 HTTP/1.1" 200 14639 "-" "Mozilla/5.0 (compatible; Googlebot/2.1; +http://www.google.com/bot.html)"
67.192.120.134 - - [31/Mar/2009:20:59:51 -0400] "GET / HTTP/1.0" 200 24819 "-" "Pingdom.com_bot_version_1.4_(http://www.pingdom.com/)"
205.194.127.36 - - [31/Mar/2009:21:00:13 -0400] "GET /rss HTTP/1.0" 200 100138 "-" "BlackBerry8310/4.2.2 Profile/MIDP-2.0 Configuration/CLDC-1.1 VendorID/107"
64.34.195.156 - - [31/Mar/2009:21:00:20 -0400] "GET /rss HTTP/1.1" 200 99686 "-" "Mozilla/5.0 (X11; U; Linux i686; en-US; rv:1.2.1; aggregator:Spinn3r (Spinn3r 3.0); http://spinn3r.com/robot) Gecko/20021130"
78.136.27.223 - - [31/Mar/2009:21:00:51 -0400] "GET / HTTP/1.0" 200 24819 "-" "Pingdom.com_bot_version_1.4_(http://www.pingdom.com/)"
74.56.246.28 - - [31/Mar/2009:21:01:24 -0400] "GET /rss HTTP/1.1" 200 100138 "-" "libEtPan!"
66.249.71.138 - - [31/Mar/2009:21:01:32 -0400] "GET /topics/show/11/310 HTTP/1.1" 200 120720 "-" "Mozilla/5.0 (compatible; Googlebot/2.1; +http://www.google.com/bot.html)"
72.30.65.34 - - [31/Mar/2009:21:01:40 -0400] "GET /topics/show/47/2545 HTTP/1.0" 200 189752 "-" "Mozilla/5.0 (compatible; Yahoo! Slurp/3.0; http://help.yahoo.com/help/us/ysearch/slurp)"
67.205.112.79 - - [31/Mar/2009:21:01:51 -0400] "GET / HTTP/1.0" 200 24819 "-" "Pingdom.com_bot_version_1.4_(http://www.pingdom.com/)"
64.34.195.145 - - [31/Mar/2009:21:02:41 -0400] "GET / HTTP/1.1" 200 24655 "-" "Mozilla/5.0 (X11; U; Linux i686; en-US; rv:1.2.1; aggregator:Spinn3r (Spinn3r 3.0); http://spinn3r.com/robot) Gecko/20021130"
174.133.253.162 - - [31/Mar/2009:21:02:51 -0400] "GET / HTTP/1.0" 200 24819 "-" "Pingdom.com_bot_version_1.4_(http://www.pingdom.com/)"
72.30.65.34 - - [31/Mar/2009:21:02:57 -0400] "GET /topics/show/124/28285 HTTP/1.0" 200 152849 "-" "Mozilla/5.0 (compatible; Yahoo! Slurp/3.0; http://help.yahoo.com/help/us/ysearch/slurp)"
65.55.105.133 - - [31/Mar/2009:21:03:01 -0400] "GET /profile/730137 HTTP/1.1" 200 389400 "-" "msnbot/1.1 (+http://search.msn.com/msnbot.htm)"
66.235.124.17 - - [31/Mar/2009:21:03:16 -0400] "GET /profile/10363 HTTP/1.1" 200 134521 "-" "Mozilla/5.0 (compatible; Ask Jeeves/Teoma; +http://about.ask.com/en/docs/about/webmasters.shtml)"
66.235.124.17 - - [31/Mar/2009:21:03:17 -0400] "GET /images/Ses-Townhall-AD-FED-20080911.swf HTTP/1.1" 200 17188 "-" "Mozilla/5.0 (compatible; Ask Jeeves/Teoma; +http://about.ask.com/en/docs/about/webmasters.shtml)"
89.151.110.152 - - [31/Mar/2009:21:04:51 -0400] "GET / HTTP/1.0" 200 24819 "-" "Pingdom.com_bot_version_1.4_(http://www.pingdom.com/)"
99.231.141.27 - - [31/Mar/2009:21:05:23 -0400] "GET / HTTP/1.1" 200 24819 "http://www.nanosresearch.com/services/edeliberative.html" "Mozilla/5.0 (X11; U; Linux i686; en-US; rv:1.9.0.8) Gecko/2009032711 Ubuntu/8.10 (intrepid) Firefox/3.0.8"
209.62.54.130 - - [31/Mar/2009:21:05:51 -0400] "GET / HTTP/1.0" 200 24819 "-" "Pingdom.com_bot_version_1.4_(http://www.pingdom.com/)"
83.140.19.38 - - [31/Mar/2009:21:06:26 -0400] "GET / HTTP/1.0" 200 24819 "-" "Pingdom.com_bot_version_1.4_(http://www.pingdom.com/)"
72.51.41.47 - - [31/Mar/2009:21:06:51 -0400] "GET / HTTP/1.0" 200 24819 "-" "Pingdom.com_bot_version_1.4_(http://www.pingdom.com/)"
65.55.105.131 - - [31/Mar/2009:21:07:22 -0400] "GET /topics/show/47 HTTP/1.1" 200 71951 "-" "msnbot/1.1 (+http://search.msn.com/msnbot.htm)"
212.247.189.113 - - [31/Mar/2009:21:07:52 -0400] "GET / HTTP/1.0" 200 24819 "-" "Pingdom.com_bot_version_1.4_(http://www.pingdom.com/)"
70.24.175.224 - - [31/Mar/2009:21:07:56 -0400] "GET /rss HTTP/1.1" 200 100138 "-" "Mozilla/5.0 (Macintosh; U; Intel Mac OS X 10.5; en-US; rv:1.9.0.8) Gecko/2009032608 Firefox/3.0.8"
72.30.65.34 - - [31/Mar/2009:21:08:46 -0400] "GET /profile/726036 HTTP/1.0" 200 17031 "-" "Mozilla/5.0 (compatible; Yahoo! Slurp/3.0; http://help.yahoo.com/help/us/ysearch/slurp)"
207.97.207.200 - - [31/Mar/2009:21:08:53 -0400] "GET / HTTP/1.0" 200 24819 "-" "Pingdom.com_bot_version_1.4_(http://www.pingdom.com/)"
204.209.81.14 - - [31/Mar/2009:21:09:25 -0400] "GET /rss HTTP/1.0" 200 100138 "-" "Mozilla/5.0 (Windows; U; Windows NT 5.0; en-GB; rv:1.9.0.6) Gecko/2009011913 Firefox/3.0.6"
67.192.120.134 - - [31/Mar/2009:21:09:51 -0400] "GET / HTTP/1.0" 200 24819 "-" "Pingdom.com_bot_version_1.4_(http://www.pingdom.com/)"
72.30.65.34 - - [31/Mar/2009:21:09:54 -0400] "GET /topics/show/121/26906 HTTP/1.0" 200 1168537 "-" "Mozilla/5.0 (compatible; Yahoo! Slurp/3.0; http://help.yahoo.com/help/us/ysearch/slurp)"
78.136.27.223 - - [31/Mar/2009:21:10:51 -0400] "GET / HTTP/1.0" 200 24819 "-" "Pingdom.com_bot_version_1.4_(http://www.pingdom.com/)"
66.249.71.138 - - [31/Mar/2009:21:11:29 -0400] "GET /topics/show/39/1946 HTTP/1.1" 200 135249 "-" "Mozilla/5.0 (compatible; Googlebot/2.1; +http://www.google.com/bot.html)"
61.135.168.173 - - [31/Mar/2009:21:11:33 -0400] "GET /robots.txt HTTP/1.1" 200 161 "-" "Baiduspider+(+http://www.baidu.com/search/spider.htm)"
67.205.112.79 - - [31/Mar/2009:21:11:51 -0400] "GET / HTTP/1.0" 200 24819 "-" "Pingdom.com_bot_version_1.4_(http://www.pingdom.com/)"
98.203.140.235 - - [31/Mar/2009:21:12:40 -0400] "GET / HTTP/1.1" 200 24819 "http://www.dslreports.com/forum/r22157825-CRTC-opens-online-consultation-on-throttling~start=20" "Mozilla/5.0 (Windows; U; Windows NT 5.1; en-US; rv:1.9.0.8) Gecko/2009032609 Firefox/3.0.8"
98.203.140.235 - - [31/Mar/2009:21:12:45 -0400] "GET /stylesheets/base_1221113035.css HTTP/1.1" 200 14188 "http://www.nikonthenumbers.com/" "Mozilla/5.0 (Windows; U; Windows NT 5.1; en-US; rv:1.9.0.8) Gecko/2009032609 Firefox/3.0.8"
98.203.140.235 - - [31/Mar/2009:21:12:45 -0400] "GET /javascripts/base_1221113035.js HTTP/1.1" 200 96039 "http://www.nikonthenumbers.com/" "Mozilla/5.0 (Windows; U; Windows NT 5.1; en-US; rv:1.9.0.8) Gecko/2009032609 Firefox/3.0.8"
98.203.140.235 - - [31/Mar/2009:21:12:46 -0400] "GET /images/TOP_01.jpg HTTP/1.1" 200 12839 "http://www.nikonthenumbers.com/" "Mozilla/5.0 (Windows; U; Windows NT 5.1; en-US; rv:1.9.0.8) Gecko/2009032609 Firefox/3.0.8"
98.203.140.235 - - [31/Mar/2009:21:12:46 -0400] "GET /images/TOP_03.jpg HTTP/1.1" 200 15516 "http://www.nikonthenumbers.com/" "Mozilla/5.0 (Windows; U; Windows NT 5.1; en-US; rv:1.9.0.8) Gecko/2009032609 Firefox/3.0.8"
98.203.140.235 - - [31/Mar/2009:21:12:46 -0400] "GET /images/TOP_02.jpg HTTP/1.1" 200 14856 "http://www.nikonthenumbers.com/" "Mozilla/5.0 (Windows; U; Windows NT 5.1; en-US; rv:1.9.0.8) Gecko/2009032609 Firefox/3.0.8"
98.203.140.235 - - [31/Mar/2009:21:12:46 -0400] "GET /images/feed-icon-14x14.png HTTP/1.1" 200 689 "http://www.nikonthenumbers.com/" "Mozilla/5.0 (Windows; U; Windows NT 5.1; en-US; rv:1.9.0.8) Gecko/2009032609 Firefox/3.0.8"
98.203.140.235 - - [31/Mar/2009:21:12:46 -0400] "GET /images/page-bg.gif HTTP/1.1" 200 1487 "http://www.nikonthenumbers.com/stylesheets/base_1221113035.css" "Mozilla/5.0 (Windows; U; Windows NT 5.1; en-US; rv:1.9.0.8) Gecko/2009032609 Firefox/3.0.8"
98.203.140.235 - - [31/Mar/2009:21:12:46 -0400] "GET /images/comment_bw.png HTTP/1.1" 200 384 "http://www.nikonthenumbers.com/stylesheets/base_1221113035.css" "Mozilla/5.0 (Windows; U; Windows NT 5.1; en-US; rv:1.9.0.8) Gecko/2009032609 Firefox/3.0.8"
98.203.140.235 - - [31/Mar/2009:21:12:46 -0400] "GET /images/BOX-BACK.jpg HTTP/1.1" 200 1025 "http://www.nikonthenumbers.com/stylesheets/base_1221113035.css" "Mozilla/5.0 (Windows; U; Windows NT 5.1; en-US; rv:1.9.0.8) Gecko/2009032609 Firefox/3.0.8"
98.203.140.235 - - [31/Mar/2009:21:12:46 -0400] "GET /images/red-band.gif HTTP/1.1" 200 4358 "http://www.nikonthenumbers.com/stylesheets/base_1221113035.css" "Mozilla/5.0 (Windows; U; Windows NT 5.1; en-US; rv:1.9.0.8) Gecko/2009032609 Firefox/3.0.8"
98.203.140.235 - - [31/Mar/2009:21:12:46 -0400] "GET /images/TOP_06.jpg HTTP/1.1" 200 2158 "http://www.nikonthenumbers.com/stylesheets/base_1221113035.css" "Mozilla/5.0 (Windows; U; Windows NT 5.1; en-US; rv:1.9.0.8) Gecko/2009032609 Firefox/3.0.8"
98.203.140.235 - - [31/Mar/2009:21:12:47 -0400] "GET /images/RULE-FADE.jpg HTTP/1.1" 200 448 "http://www.nikonthenumbers.com/" "Mozilla/5.0 (Windows; U; Windows NT 5.1; en-US; rv:1.9.0.8) Gecko/2009032609 Firefox/3.0.8"
98.203.140.235 - - [31/Mar/2009:21:12:46 -0400] "GET /images/bottom-with-shaddow.gif HTTP/1.1" 200 9790 "http://www.nikonthenumbers.com/stylesheets/base_1221113035.css" "Mozilla/5.0 (Windows; U; Windows NT 5.1; en-US; rv:1.9.0.8) Gecko/2009032609 Firefox/3.0.8"
98.203.140.235 - - [31/Mar/2009:21:12:47 -0400] "GET /fixit.js HTTP/1.1" 200 153 "http://www.nikonthenumbers.com/" "Mozilla/5.0 (Windows; U; Windows NT 5.1; en-US; rv:1.9.0.8) Gecko/2009032609 Firefox/3.0.8"
98.203.140.235 - - [31/Mar/2009:21:12:47 -0400] "GET /images/Ses-Townhall-AD-FED-20080911.swf HTTP/1.1" 200 17188 "http://www.nikonthenumbers.com/" "Mozilla/5.0 (Windows; U; Windows NT 5.1; en-US; rv:1.9.0.8) Gecko/2009032609 Firefox/3.0.8"
98.203.140.235 - - [31/Mar/2009:21:12:47 -0400] "GET /images/polling_results.jpg?1221113035 HTTP/1.1" 200 5021 "http://www.nikonthenumbers.com/" "Mozilla/5.0 (Windows; U; Windows NT 5.1; en-US; rv:1.9.0.8) Gecko/2009032609 Firefox/3.0.8"
98.203.140.235 - - [31/Mar/2009:21:12:47 -0400] "GET /images/safe_subscribe_logo.gif HTTP/1.1" 200 457 "http://www.nikonthenumbers.com/" "Mozilla/5.0 (Windows; U; Windows NT 5.1; en-US; rv:1.9.0.8) Gecko/2009032609 Firefox/3.0.8"
98.203.140.235 - - [31/Mar/2009:21:12:47 -0400] "GET /favicon.ico HTTP/1.1" 200 894 "-" "Mozilla/5.0 (Windows; U; Windows NT 5.1; en-US; rv:1.9.0.8) Gecko/2009032609 Firefox/3.0.8"
65.55.105.124 - - [31/Mar/2009:21:12:40 -0400] "GET /topics/show/121/26767 HTTP/1.1" 200 1127638 "-" "msnbot/1.1 (+http://search.msn.com/msnbot.htm)"
174.133.253.162 - - [31/Mar/2009:21:12:51 -0400] "GET / HTTP/1.0" 200 24819 "-" "Pingdom.com_bot_version_1.4_(http://www.pingdom.com/)"
99.240.94.33 - - [31/Mar/2009:21:13:27 -0400] "GET /rss HTTP/1.1" 200 100138 "-" "Vienna/2.3.0.2301"
76.67.52.149 - - [31/Mar/2009:21:13:59 -0400] "GET /favicon.ico HTTP/1.1" 200 894 "-" "Mozilla/4.0 (compatible; GoogleToolbar 5.0.2124.6042; Windows 6.0; MSIE 7.0.6001.18000)"
72.30.65.34 - - [31/Mar/2009:21:14:07 -0400] "GET /topics/show/48/2615 HTTP/1.0" 200 89995 "-" "Mozilla/5.0 (compatible; Yahoo! Slurp/3.0; http://help.yahoo.com/help/us/ysearch/slurp)"
99.250.110.87 - - [31/Mar/2009:21:14:43 -0400] "GET /rss HTTP/1.1" 200 100138 "-" "Mozilla/5.0 (Windows; U; Windows NT 5.1; en-US; rv:1.9.0.8) Gecko/2009032609 Firefox/3.0.8"
66.249.71.138 - - [31/Mar/2009:21:14:48 -0400] "GET /topics/show/112/18525 HTTP/1.1" 200 470698 "-" "Mozilla/5.0 (compatible; Googlebot/2.1; +http://www.google.com/bot.html)"
89.151.110.152 - - [31/Mar/2009:21:14:52 -0400] "GET / HTTP/1.0" 200 24819 "-" "Pingdom.com_bot_version_1.4_(http://www.pingdom.com/)"
67.195.37.93 - - [31/Mar/2009:21:14:54 -0400] "GET /profile/742120 HTTP/1.0" 200 19164 "-" "Mozilla/5.0 (compatible; Yahoo! Slurp; http://help.yahoo.com/help/us/ysearch/slurp)"
72.30.65.34 - - [31/Mar/2009:21:15:24 -0400] "GET /profile/258333 HTTP/1.0" 200 16392 "-" "Mozilla/5.0 (compatible; Yahoo! Slurp/3.0; http://help.yahoo.com/help/us/ysearch/slurp)"
209.62.54.130 - - [31/Mar/2009:21:15:51 -0400] "GET / HTTP/1.0" 200 24819 "-" "Pingdom.com_bot_version_1.4_(http://www.pingdom.com/)"
83.140.19.38 - - [31/Mar/2009:21:16:21 -0400] "GET / HTTP/1.0" 200 24819 "-" "Pingdom.com_bot_version_1.4_(http://www.pingdom.com/)"
66.249.71.138 - - [31/Mar/2009:21:16:27 -0400] "GET /topics/show/107/17151 HTTP/1.1" 200 209317 "-" "Mozilla/5.0 (compatible; Googlebot/2.1; +http://www.google.com/bot.html)"
72.51.41.47 - - [31/Mar/2009:21:16:52 -0400] "GET / HTTP/1.0" 200 24819 "-" "Pingdom.com_bot_version_1.4_(http://www.pingdom.com/)"
24.150.204.117 - - [31/Mar/2009:21:17:29 -0400] "GET /rss HTTP/1.1" 200 100138 "-" "Mozilla/5.0 (Windows; U; Windows NT 6.0; en-GB; rv:1.9.0.8) Gecko/2009032609 Firefox/3.0.8 (.NET CLR 3.5.30729)"
72.14.199.3 - - [31/Mar/2009:21:17:40 -0400] "GET /rss HTTP/1.1" 200 99686 "-" "Feedfetcher-Google; (+http://www.google.com/feedfetcher.html; feed-id=8041766000373382223)"
212.247.189.113 - - [31/Mar/2009:21:17:52 -0400] "GET / HTTP/1.0" 200 24819 "-" "Pingdom.com_bot_version_1.4_(http://www.pingdom.com/)"
207.97.207.200 - - [31/Mar/2009:21:18:51 -0400] "GET / HTTP/1.0" 200 24819 "-" "Pingdom.com_bot_version_1.4_(http://www.pingdom.com/)"
70.71.162.234 - - [31/Mar/2009:21:19:08 -0400] "GET /rss HTTP/1.1" 200 100138 "-" "Mozilla/5.0 (Windows; U; Windows NT 6.0; en-GB; rv:1.9.0.8) Gecko/2009032609 Firefox/3.0.8 (.NET CLR 3.5.30729)"
67.195.37.93 - - [31/Mar/2009:21:19:32 -0400] "GET /topics/show/59/3691 HTTP/1.0" 200 127104 "-" "Mozilla/5.0 (compatible; Yahoo! Slurp; http://help.yahoo.com/help/us/ysearch/slurp)"
67.192.120.134 - - [31/Mar/2009:21:19:51 -0400] "GET / HTTP/1.0" 200 24819 "-" "Pingdom.com_bot_version_1.4_(http://www.pingdom.com/)"
78.136.27.223 - - [31/Mar/2009:21:20:51 -0400] "GET / HTTP/1.0" 200 24819 "-" "Pingdom.com_bot_version_1.4_(http://www.pingdom.com/)"
78.133.167.251 - - [31/Mar/2009:21:21:19 -0400] "GET / HTTP/1.0" 200 24819 "-" "Mozilla/4.0 (compatible; MSIE 5.5; Windows NT 5.0) Fetch API Request"
66.249.71.138 - - [31/Mar/2009:21:21:26 -0400] "GET /topics/show/16/462 HTTP/1.1" 200 67012 "-" "Mozilla/5.0 (compatible; Googlebot/2.1; +http://www.google.com/bot.html)"
67.205.112.79 - - [31/Mar/2009:21:21:51 -0400] "GET / HTTP/1.0" 200 24819 "-" "Pingdom.com_bot_version_1.4_(http://www.pingdom.com/)"
65.55.105.132 - - [31/Mar/2009:21:22:35 -0400] "GET / HTTP/1.1" 200 24819 "-" "msnbot/1.1 (+http://search.msn.com/msnbot.htm)"
174.133.253.162 - - [31/Mar/2009:21:22:51 -0400] "GET / HTTP/1.0" 200 24819 "-" "Pingdom.com_bot_version_1.4_(http://www.pingdom.com/)"
70.71.162.234 - - [31/Mar/2009:21:23:00 -0400] "GET /rss HTTP/1.1" 200 100138 "-" "Mozilla/5.0 (Windows; U; Windows NT 5.1; en-US; rv:1.9.0.8) Gecko/2009032609 Firefox/3.0.8"
72.30.65.34 - - [31/Mar/2009:21:23:33 -0400] "GET /topics/show/93/12771 HTTP/1.0" 200 81836 "-" "Mozilla/5.0 (compatible; Yahoo! Slurp/3.0; http://help.yahoo.com/help/us/ysearch/slurp)"
216.97.239.30 - - [31/Mar/2009:21:24:24 -0400] "GET /rss HTTP/1.0" 200 100138 "-" "FeedForAll rss2html.php v2"
66.249.71.138 - - [31/Mar/2009:21:24:45 -0400] "GET /topics/show/34/1503 HTTP/1.1" 200 81853 "-" "Mozilla/5.0 (compatible; Googlebot/2.1; +http://www.google.com/bot.html)"
89.151.110.152 - - [31/Mar/2009:21:24:52 -0400] "GET / HTTP/1.0" 200 24819 "-" "Pingdom.com_bot_version_1.4_(http://www.pingdom.com/)"
124.115.1.62 - - [31/Mar/2009:21:25:10 -0400] "GET / HTTP/1.1" 200 24819 "http://www.nikonthenumbers.com/" "Mozilla/4.0 (compatible; MSIE 6.0; Windows NT 5.1)"
124.115.1.62 - - [31/Mar/2009:21:25:24 -0400] "GET /stylesheets/base_1221113035.css HTTP/1.1" 200 14188 "http://www.nikonthenumbers.com/stylesheets/base_1221113035.css" "Mozilla/4.0 (compatible; MSIE 6.0; Windows NT 5.1)"
124.115.1.62 - - [31/Mar/2009:21:25:25 -0400] "GET /javascripts/base_1221113035.js HTTP/1.1" 200 96039 "http://www.nikonthenumbers.com/javascripts/base_1221113035.js" "Mozilla/4.0 (compatible; MSIE 6.0; Windows NT 5.1)"
124.115.1.62 - - [31/Mar/2009:21:25:27 -0400] "GET /fixit.js HTTP/1.1" 200 153 "http://www.nikonthenumbers.com/fixit.js" "Mozilla/4.0 (compatible; MSIE 6.0; Windows NT 5.1)"
72.30.65.34 - - [31/Mar/2009:21:25:46 -0400] "GET /profile/10588 HTTP/1.0" 200 23723 "-" "Mozilla/5.0 (compatible; Yahoo! Slurp/3.0; http://help.yahoo.com/help/us/ysearch/slurp)"
209.62.54.130 - - [31/Mar/2009:21:25:51 -0400] "GET / HTTP/1.0" 200 24819 "-" "Pingdom.com_bot_version_1.4_(http://www.pingdom.com/)"
72.51.41.47 - - [31/Mar/2009:21:26:51 -0400] "GET / HTTP/1.0" 200 24819 "-" "Pingdom.com_bot_version_1.4_(http://www.pingdom.com/)"
74.59.131.128 - - [31/Mar/2009:21:27:08 -0400] "GET /rss HTTP/1.1" 200 100138 "-" "RssBandit/1.8.0.870 (.NET CLR 2.0.50727.3074; WinNT 6.0.6001 Service Pack 1; http://www.rssbandit.org)"
72.30.79.90 - - [31/Mar/2009:21:27:14 -0400] "GET /topics/show/121/27160 HTTP/1.0" 200 15638 "-" "Mozilla/5.0 (compatible; Yahoo! Slurp/3.0; http://help.yahoo.com/help/us/ysearch/slurp)"
212.247.189.113 - - [31/Mar/2009:21:27:51 -0400] "GET / HTTP/1.0" 200 24819 "-" "Pingdom.com_bot_version_1.4_(http://www.pingdom.com/)"
64.230.81.33 - - [31/Mar/2009:21:28:09 -0400] "GET / HTTP/1.1" 200 24819 "http://www.google.ca/search?hl=en&q=nik+nanos&meta=" "Mozilla/4.0 (compatible; MSIE 7.0; Windows NT 5.1; GTB5; .NET CLR 1.1.4322; .NET CLR 2.0.50727; InfoPath.1; .NET CLR 3.0.04506.648; .NET CLR 3.5.21022)"
64.230.81.33 - - [31/Mar/2009:21:28:11 -0400] "GET /stylesheets/base_1221113035.css HTTP/1.1" 200 14188 "http://www.nikonthenumbers.com/" "Mozilla/4.0 (compatible; MSIE 7.0; Windows NT 5.1; GTB5; .NET CLR 1.1.4322; .NET CLR 2.0.50727; InfoPath.1; .NET CLR 3.0.04506.648; .NET CLR 3.5.21022)"
64.230.81.33 - - [31/Mar/2009:21:28:12 -0400] "GET /javascripts/base_1221113035.js HTTP/1.1" 200 96039 "http://www.nikonthenumbers.com/" "Mozilla/4.0 (compatible; MSIE 7.0; Windows NT 5.1; GTB5; .NET CLR 1.1.4322; .NET CLR 2.0.50727; InfoPath.1; .NET CLR 3.0.04506.648; .NET CLR 3.5.21022)"
64.230.81.33 - - [31/Mar/2009:21:28:12 -0400] "GET /images/TOP_01.jpg HTTP/1.1" 200 12839 "http://www.nikonthenumbers.com/" "Mozilla/4.0 (compatible; MSIE 7.0; Windows NT 5.1; GTB5; .NET CLR 1.1.4322; .NET CLR 2.0.50727; InfoPath.1; .NET CLR 3.0.04506.648; .NET CLR 3.5.21022)"
64.230.81.33 - - [31/Mar/2009:21:28:12 -0400] "GET /images/Ses-Townhall-AD-FED-20080911.swf HTTP/1.1" 200 17188 "http://www.nikonthenumbers.com/" "Mozilla/4.0 (compatible; MSIE 7.0; Windows NT 5.1; GTB5; .NET CLR 1.1.4322; .NET CLR 2.0.50727; InfoPath.1; .NET CLR 3.0.04506.648; .NET CLR 3.5.21022)"
64.230.81.33 - - [31/Mar/2009:21:28:12 -0400] "GET /images/page-bg.gif HTTP/1.1" 200 1487 "http://www.nikonthenumbers.com/" "Mozilla/4.0 (compatible; MSIE 7.0; Windows NT 5.1; GTB5; .NET CLR 1.1.4322; .NET CLR 2.0.50727; InfoPath.1; .NET CLR 3.0.04506.648; .NET CLR 3.5.21022)"
64.230.81.33 - - [31/Mar/2009:21:28:12 -0400] "GET /images/TOP_02.jpg HTTP/1.1" 200 14856 "http://www.nikonthenumbers.com/" "Mozilla/4.0 (compatible; MSIE 7.0; Windows NT 5.1; GTB5; .NET CLR 1.1.4322; .NET CLR 2.0.50727; InfoPath.1; .NET CLR 3.0.04506.648; .NET CLR 3.5.21022)"
64.230.81.33 - - [31/Mar/2009:21:28:12 -0400] "GET /images/TOP_03.jpg HTTP/1.1" 200 15516 "http://www.nikonthenumbers.com/" "Mozilla/4.0 (compatible; MSIE 7.0; Windows NT 5.1; GTB5; .NET CLR 1.1.4322; .NET CLR 2.0.50727; InfoPath.1; .NET CLR 3.0.04506.648; .NET CLR 3.5.21022)"
64.230.81.33 - - [31/Mar/2009:21:28:12 -0400] "GET /images/feed-icon-14x14.png HTTP/1.1" 200 689 "http://www.nikonthenumbers.com/" "Mozilla/4.0 (compatible; MSIE 7.0; Windows NT 5.1; GTB5; .NET CLR 1.1.4322; .NET CLR 2.0.50727; InfoPath.1; .NET CLR 3.0.04506.648; .NET CLR 3.5.21022)"
64.230.81.33 - - [31/Mar/2009:21:28:12 -0400] "GET /images/bottom-with-shaddow.gif HTTP/1.1" 200 9790 "http://www.nikonthenumbers.com/" "Mozilla/4.0 (compatible; MSIE 7.0; Windows NT 5.1; GTB5; .NET CLR 1.1.4322; .NET CLR 2.0.50727; InfoPath.1; .NET CLR 3.0.04506.648; .NET CLR 3.5.21022)"
64.230.81.33 - - [31/Mar/2009:21:28:12 -0400] "GET /images/TOP_06.jpg HTTP/1.1" 200 2158 "http://www.nikonthenumbers.com/" "Mozilla/4.0 (compatible; MSIE 7.0; Windows NT 5.1; GTB5; .NET CLR 1.1.4322; .NET CLR 2.0.50727; InfoPath.1; .NET CLR 3.0.04506.648; .NET CLR 3.5.21022)"
64.230.81.33 - - [31/Mar/2009:21:28:12 -0400] "GET /images/RULE-FADE.jpg HTTP/1.1" 200 448 "http://www.nikonthenumbers.com/" "Mozilla/4.0 (compatible; MSIE 7.0; Windows NT 5.1; GTB5; .NET CLR 1.1.4322; .NET CLR 2.0.50727; InfoPath.1; .NET CLR 3.0.04506.648; .NET CLR 3.5.21022)"
64.230.81.33 - - [31/Mar/2009:21:28:13 -0400] "GET /fixit.js HTTP/1.1" 200 153 "http://www.nikonthenumbers.com/" "Mozilla/4.0 (compatible; MSIE 7.0; Windows NT 5.1; GTB5; .NET CLR 1.1.4322; .NET CLR 2.0.50727; InfoPath.1; .NET CLR 3.0.04506.648; .NET CLR 3.5.21022)"
64.230.81.33 - - [31/Mar/2009:21:28:13 -0400] "GET /images/red-band.gif HTTP/1.1" 200 4358 "http://www.nikonthenumbers.com/" "Mozilla/4.0 (compatible; MSIE 7.0; Windows NT 5.1; GTB5; .NET CLR 1.1.4322; .NET CLR 2.0.50727; InfoPath.1; .NET CLR 3.0.04506.648; .NET CLR 3.5.21022)"
64.230.81.33 - - [31/Mar/2009:21:28:12 -0400] "GET /images/BOX-BACK.jpg HTTP/1.1" 200 1025 "http://www.nikonthenumbers.com/" "Mozilla/4.0 (compatible; MSIE 7.0; Windows NT 5.1; GTB5; .NET CLR 1.1.4322; .NET CLR 2.0.50727; InfoPath.1; .NET CLR 3.0.04506.648; .NET CLR 3.5.21022)"
64.230.81.33 - - [31/Mar/2009:21:28:13 -0400] "GET /images/polling_results.jpg?1221113035 HTTP/1.1" 200 5021 "http://www.nikonthenumbers.com/" "Mozilla/4.0 (compatible; MSIE 7.0; Windows NT 5.1; GTB5; .NET CLR 1.1.4322; .NET CLR 2.0.50727; InfoPath.1; .NET CLR 3.0.04506.648; .NET CLR 3.5.21022)"
64.230.81.33 - - [31/Mar/2009:21:28:13 -0400] "GET /images/safe_subscribe_logo.gif HTTP/1.1" 200 457 "http://www.nikonthenumbers.com/" "Mozilla/4.0 (compatible; MSIE 7.0; Windows NT 5.1; GTB5; .NET CLR 1.1.4322; .NET CLR 2.0.50727; InfoPath.1; .NET CLR 3.0.04506.648; .NET CLR 3.5.21022)"
64.230.81.33 - - [31/Mar/2009:21:28:13 -0400] "GET /images/comment_bw.png HTTP/1.1" 200 384 "http://www.nikonthenumbers.com/" "Mozilla/4.0 (compatible; MSIE 7.0; Windows NT 5.1; GTB5; .NET CLR 1.1.4322; .NET CLR 2.0.50727; InfoPath.1; .NET CLR 3.0.04506.648; .NET CLR 3.5.21022)"
64.230.81.33 - - [31/Mar/2009:21:28:13 -0400] "GET /images/cancel.png HTTP/1.1" 200 853 "http://www.nikonthenumbers.com/" "Mozilla/4.0 (compatible; MSIE 7.0; Windows NT 5.1; GTB5; .NET CLR 1.1.4322; .NET CLR 2.0.50727; InfoPath.1; .NET CLR 3.0.04506.648; .NET CLR 3.5.21022)"
64.230.81.33 - - [31/Mar/2009:21:28:14 -0400] "GET /favicon.ico HTTP/1.1" 200 894 "-" "Mozilla/4.0 (compatible; MSIE 7.0; Windows NT 5.1; GTB5; .NET CLR 1.1.4322; .NET CLR 2.0.50727; InfoPath.1; .NET CLR 3.0.04506.648; .NET CLR 3.5.21022)"
72.30.79.90 - - [31/Mar/2009:21:28:10 -0400] "GET /topics/show/121/27160 HTTP/1.0" 200 1178961 "-" "Mozilla/5.0 (compatible; Yahoo! Slurp/3.0; http://help.yahoo.com/help/us/ysearch/slurp)"
207.97.207.200 - - [31/Mar/2009:21:28:51 -0400] "GET / HTTP/1.0" 200 24819 "-" "Pingdom.com_bot_version_1.4_(http://www.pingdom.com/)"
64.230.81.33 - - [31/Mar/2009:21:29:32 -0400] "GET /images/comment.png HTTP/1.1" 200 540 "http://www.nikonthenumbers.com/topics/show/124" "Mozilla/4.0 (compatible; MSIE 7.0; Windows NT 5.1; GTB5; .NET CLR 1.1.4322; .NET CLR 2.0.50727; InfoPath.1; .NET CLR 3.0.04506.648; .NET CLR 3.5.21022)"
64.230.81.33 - - [31/Mar/2009:21:29:32 -0400] "GET /avatars/0000/0107/hope-nope5_thumb.jpg?1235523623 HTTP/1.1" 200 5188 "http://www.nikonthenumbers.com/topics/show/124" "Mozilla/4.0 (compatible; MSIE 7.0; Windows NT 5.1; GTB5; .NET CLR 1.1.4322; .NET CLR 2.0.50727; InfoPath.1; .NET CLR 3.0.04506.648; .NET CLR 3.5.21022)"
64.230.81.33 - - [31/Mar/2009:21:29:31 -0400] "GET /topics/show/124 HTTP/1.1" 200 150382 "http://www.nikonthenumbers.com/" "Mozilla/4.0 (compatible; MSIE 7.0; Windows NT 5.1; GTB5; .NET CLR 1.1.4322; .NET CLR 2.0.50727; InfoPath.1; .NET CLR 3.0.04506.648; .NET CLR 3.5.21022)"
64.230.81.33 - - [31/Mar/2009:21:29:32 -0400] "GET /avatars/0000/0083/LOGO_lg_thumb.png?1228919873 HTTP/1.1" 200 3884 "http://www.nikonthenumbers.com/topics/show/124" "Mozilla/4.0 (compatible; MSIE 7.0; Windows NT 5.1; GTB5; .NET CLR 1.1.4322; .NET CLR 2.0.50727; InfoPath.1; .NET CLR 3.0.04506.648; .NET CLR 3.5.21022)"
67.192.120.134 - - [31/Mar/2009:21:29:51 -0400] "GET / HTTP/1.0" 200 24819 "-" "Pingdom.com_bot_version_1.4_(http://www.pingdom.com/)"
64.34.195.155 - - [31/Mar/2009:21:30:24 -0400] "GET /rss HTTP/1.1" 200 99686 "-" "Mozilla/5.0 (X11; U; Linux i686; en-US; rv:1.2.1; aggregator:Spinn3r (Spinn3r 3.0); http://spinn3r.com/robot) Gecko/20021130"
64.230.81.33 - - [31/Mar/2009:21:30:35 -0400] "GET / HTTP/1.1" 200 24819 "http://www.google.ca/search?hl=en&q=nik+nanos&meta=" "Mozilla/4.0 (compatible; MSIE 7.0; Windows NT 5.1; GTB5; .NET CLR 1.1.4322; .NET CLR 2.0.50727; InfoPath.1; .NET CLR 3.0.04506.648; .NET CLR 3.5.21022)"
78.136.27.223 - - [31/Mar/2009:21:30:51 -0400] "GET / HTTP/1.0" 200 24819 "-" "Pingdom.com_bot_version_1.4_(http://www.pingdom.com/)"
66.249.71.138 - - [31/Mar/2009:21:31:23 -0400] "GET /profile/725983 HTTP/1.1" 200 14642 "-" "Mozilla/5.0 (compatible; Googlebot/2.1; +http://www.google.com/bot.html)"
67.205.112.79 - - [31/Mar/2009:21:31:51 -0400] "GET / HTTP/1.0" 200 24819 "-" "Pingdom.com_bot_version_1.4_(http://www.pingdom.com/)"
67.71.80.145 - - [31/Mar/2009:21:32:00 -0400] "GET /rss HTTP/1.1" 200 100138 "-" "Mozilla/5.0 (Macintosh; U; PPC Mac OS X Mach-O; en-US; rv:1.8.1.1) Gecko/20061204 Firefox/2.0.0.1"
38.112.114.4 - - [31/Mar/2009:21:32:27 -0400] "GET /rss HTTP/1.1" 200 100138 "-" "Windows-RSS-Platform/1.0 (MSIE 7.0; Windows NT 5.1)"
64.34.195.154 - - [31/Mar/2009:21:32:48 -0400] "GET / HTTP/1.1" 200 24655 "-" "Mozilla/5.0 (X11; U; Linux i686; en-US; rv:1.2.1; aggregator:Spinn3r (Spinn3r 3.0); http://spinn3r.com/robot) Gecko/20021130"
174.133.253.162 - - [31/Mar/2009:21:32:51 -0400] "GET / HTTP/1.0" 200 24819 "-" "Pingdom.com_bot_version_1.4_(http://www.pingdom.com/)"
24.137.117.37 - - [31/Mar/2009:21:32:54 -0400] "GET /stylesheets/base_1221113035.css HTTP/1.1" 304 - "http://www.nikonthenumbers.com/" "Mozilla/4.0 (compatible; MSIE 7.0; Windows NT 5.1; GTB5; .NET CLR 1.1.4322; .NET CLR 2.0.50727; OfficeLiveConnector.1.3; OfficeLivePatch.0.0)"
24.137.117.37 - - [31/Mar/2009:21:32:52 -0400] "GET / HTTP/1.1" 200 24819 "-" "Mozilla/4.0 (compatible; MSIE 7.0; Windows NT 5.1; GTB5; .NET CLR 1.1.4322; .NET CLR 2.0.50727; OfficeLiveConnector.1.3; OfficeLivePatch.0.0)"
24.137.117.37 - - [31/Mar/2009:21:32:55 -0400] "GET /javascripts/base_1221113035.js HTTP/1.1" 304 - "http://www.nikonthenumbers.com/" "Mozilla/4.0 (compatible; MSIE 7.0; Windows NT 5.1; GTB5; .NET CLR 1.1.4322; .NET CLR 2.0.50727; OfficeLiveConnector.1.3; OfficeLivePatch.0.0)"
24.137.117.37 - - [31/Mar/2009:21:32:55 -0400] "GET /images/page-bg.gif HTTP/1.1" 304 - "http://www.nikonthenumbers.com/" "Mozilla/4.0 (compatible; MSIE 7.0; Windows NT 5.1; GTB5; .NET CLR 1.1.4322; .NET CLR 2.0.50727; OfficeLiveConnector.1.3; OfficeLivePatch.0.0)"
24.137.117.37 - - [31/Mar/2009:21:32:55 -0400] "GET /images/TOP_01.jpg HTTP/1.1" 304 - "http://www.nikonthenumbers.com/" "Mozilla/4.0 (compatible; MSIE 7.0; Windows NT 5.1; GTB5; .NET CLR 1.1.4322; .NET CLR 2.0.50727; OfficeLiveConnector.1.3; OfficeLivePatch.0.0)"
24.137.117.37 - - [31/Mar/2009:21:32:55 -0400] "GET /images/TOP_02.jpg HTTP/1.1" 304 - "http://www.nikonthenumbers.com/" "Mozilla/4.0 (compatible; MSIE 7.0; Windows NT 5.1; GTB5; .NET CLR 1.1.4322; .NET CLR 2.0.50727; OfficeLiveConnector.1.3; OfficeLivePatch.0.0)"
24.137.117.37 - - [31/Mar/2009:21:32:55 -0400] "GET /images/TOP_03.jpg HTTP/1.1" 304 - "http://www.nikonthenumbers.com/" "Mozilla/4.0 (compatible; MSIE 7.0; Windows NT 5.1; GTB5; .NET CLR 1.1.4322; .NET CLR 2.0.50727; OfficeLiveConnector.1.3; OfficeLivePatch.0.0)"
24.137.117.37 - - [31/Mar/2009:21:32:55 -0400] "GET /images/feed-icon-14x14.png HTTP/1.1" 304 - "http://www.nikonthenumbers.com/" "Mozilla/4.0 (compatible; MSIE 7.0; Windows NT 5.1; GTB5; .NET CLR 1.1.4322; .NET CLR 2.0.50727; OfficeLiveConnector.1.3; OfficeLivePatch.0.0)"
24.137.117.37 - - [31/Mar/2009:21:32:55 -0400] "GET /images/TOP_06.jpg HTTP/1.1" 304 - "http://www.nikonthenumbers.com/" "Mozilla/4.0 (compatible; MSIE 7.0; Windows NT 5.1; GTB5; .NET CLR 1.1.4322; .NET CLR 2.0.50727; OfficeLiveConnector.1.3; OfficeLivePatch.0.0)"
24.137.117.37 - - [31/Mar/2009:21:32:55 -0400] "GET /images/bottom-with-shaddow.gif HTTP/1.1" 304 - "http://www.nikonthenumbers.com/" "Mozilla/4.0 (compatible; MSIE 7.0; Windows NT 5.1; GTB5; .NET CLR 1.1.4322; .NET CLR 2.0.50727; OfficeLiveConnector.1.3; OfficeLivePatch.0.0)"
24.137.117.37 - - [31/Mar/2009:21:32:55 -0400] "GET /images/RULE-FADE.jpg HTTP/1.1" 304 - "http://www.nikonthenumbers.com/" "Mozilla/4.0 (compatible; MSIE 7.0; Windows NT 5.1; GTB5; .NET CLR 1.1.4322; .NET CLR 2.0.50727; OfficeLiveConnector.1.3; OfficeLivePatch.0.0)"
24.137.117.37 - - [31/Mar/2009:21:32:55 -0400] "GET /images/BOX-BACK.jpg HTTP/1.1" 304 - "http://www.nikonthenumbers.com/" "Mozilla/4.0 (compatible; MSIE 7.0; Windows NT 5.1; GTB5; .NET CLR 1.1.4322; .NET CLR 2.0.50727; OfficeLiveConnector.1.3; OfficeLivePatch.0.0)"
24.137.117.37 - - [31/Mar/2009:21:32:55 -0400] "GET /images/Ses-Townhall-AD-FED-20080911.swf HTTP/1.1" 304 - "http://www.nikonthenumbers.com/" "Mozilla/4.0 (compatible; MSIE 7.0; Windows NT 5.1; GTB5; .NET CLR 1.1.4322; .NET CLR 2.0.50727; OfficeLiveConnector.1.3; OfficeLivePatch.0.0)"
24.137.117.37 - - [31/Mar/2009:21:32:55 -0400] "GET /images/red-band.gif HTTP/1.1" 304 - "http://www.nikonthenumbers.com/" "Mozilla/4.0 (compatible; MSIE 7.0; Windows NT 5.1; GTB5; .NET CLR 1.1.4322; .NET CLR 2.0.50727; OfficeLiveConnector.1.3; OfficeLivePatch.0.0)"
24.137.117.37 - - [31/Mar/2009:21:32:55 -0400] "GET /fixit.js HTTP/1.1" 304 - "http://www.nikonthenumbers.com/" "Mozilla/4.0 (compatible; MSIE 7.0; Windows NT 5.1; GTB5; .NET CLR 1.1.4322; .NET CLR 2.0.50727; OfficeLiveConnector.1.3; OfficeLivePatch.0.0)"
24.137.117.37 - - [31/Mar/2009:21:32:55 -0400] "GET /images/comment_bw.png HTTP/1.1" 304 - "http://www.nikonthenumbers.com/" "Mozilla/4.0 (compatible; MSIE 7.0; Windows NT 5.1; GTB5; .NET CLR 1.1.4322; .NET CLR 2.0.50727; OfficeLiveConnector.1.3; OfficeLivePatch.0.0)"
24.137.117.37 - - [31/Mar/2009:21:32:55 -0400] "GET /archives HTTP/1.1" 200 34644 "http://www.nikonthenumbers.com/" "Mozilla/4.0 (compatible; MSIE 7.0; Windows NT 5.1; GTB5; .NET CLR 1.1.4322; .NET CLR 2.0.50727; OfficeLiveConnector.1.3; OfficeLivePatch.0.0)"
24.137.117.37 - - [31/Mar/2009:21:32:57 -0400] "GET /images/polling_results.jpg?1221113035 HTTP/1.1" 304 - "http://www.nikonthenumbers.com/archives" "Mozilla/4.0 (compatible; MSIE 7.0; Windows NT 5.1; GTB5; .NET CLR 1.1.4322; .NET CLR 2.0.50727; OfficeLiveConnector.1.3; OfficeLivePatch.0.0)"
24.137.117.37 - - [31/Mar/2009:21:32:57 -0400] "GET /images/safe_subscribe_logo.gif HTTP/1.1" 304 - "http://www.nikonthenumbers.com/archives" "Mozilla/4.0 (compatible; MSIE 7.0; Windows NT 5.1; GTB5; .NET CLR 1.1.4322; .NET CLR 2.0.50727; OfficeLiveConnector.1.3; OfficeLivePatch.0.0)"
24.137.117.37 - - [31/Mar/2009:21:32:57 -0400] "GET /images/cancel.png HTTP/1.1" 304 - "http://www.nikonthenumbers.com/archives" "Mozilla/4.0 (compatible; MSIE 7.0; Windows NT 5.1; GTB5; .NET CLR 1.1.4322; .NET CLR 2.0.50727; OfficeLiveConnector.1.3; OfficeLivePatch.0.0)"
66.249.71.138 - - [31/Mar/2009:21:33:03 -0400] "GET /profile/725963 HTTP/1.1" 200 14632 "-" "Mozilla/5.0 (compatible; Googlebot/2.1; +http://www.google.com/bot.html)"
81.52.143.35 - - [31/Mar/2009:21:33:15 -0400] "GET /topics/show/27 HTTP/1.1" 200 70887 "-" "Mozilla/5.0 (Windows; U; Windows NT 5.1; fr; rv:1.8.1) VoilaBot BETA 1.2 (support.voilabot@orange-ftgroup.com)"
24.137.117.37 - - [31/Mar/2009:21:33:19 -0400] "GET / HTTP/1.1" 200 24819 "http://www.nikonthenumbers.com/archives" "Mozilla/4.0 (compatible; MSIE 7.0; Windows NT 5.1; GTB5; .NET CLR 1.1.4322; .NET CLR 2.0.50727; OfficeLiveConnector.1.3; OfficeLivePatch.0.0)"
24.137.117.37 - - [31/Mar/2009:21:33:22 -0400] "GET /images/comment_bw.png HTTP/1.1" 304 - "http://www.nikonthenumbers.com/" "Mozilla/4.0 (compatible; MSIE 7.0; Windows NT 5.1; GTB5; .NET CLR 1.1.4322; .NET CLR 2.0.50727; OfficeLiveConnector.1.3; OfficeLivePatch.0.0)"
24.137.117.37 - - [31/Mar/2009:21:33:55 -0400] "GET /avatars/0000/0083/LOGO_lg_thumb.png?1228919873 HTTP/1.1" 304 - "http://www.nikonthenumbers.com/topics/show/124/28171" "Mozilla/4.0 (compatible; MSIE 7.0; Windows NT 5.1; GTB5; .NET CLR 1.1.4322; .NET CLR 2.0.50727; OfficeLiveConnector.1.3; OfficeLivePatch.0.0)"
24.137.117.37 - - [31/Mar/2009:21:33:55 -0400] "GET /images/comment.png HTTP/1.1" 304 - "http://www.nikonthenumbers.com/topics/show/124/28171" "Mozilla/4.0 (compatible; MSIE 7.0; Windows NT 5.1; GTB5; .NET CLR 1.1.4322; .NET CLR 2.0.50727; OfficeLiveConnector.1.3; OfficeLivePatch.0.0)"
24.137.117.37 - - [31/Mar/2009:21:33:55 -0400] "GET /avatars/0000/0035/avatar3457_1_thumb.png?1221427967 HTTP/1.1" 200 9121 "http://www.nikonthenumbers.com/topics/show/124/28171" "Mozilla/4.0 (compatible; MSIE 7.0; Windows NT 5.1; GTB5; .NET CLR 1.1.4322; .NET CLR 2.0.50727; OfficeLiveConnector.1.3; OfficeLivePatch.0.0)"
24.137.117.37 - - [31/Mar/2009:21:33:55 -0400] "GET /avatars/0000/0107/hope-nope5_thumb.jpg?1235523623 HTTP/1.1" 304 - "http://www.nikonthenumbers.com/topics/show/124/28171" "Mozilla/4.0 (compatible; MSIE 7.0; Windows NT 5.1; GTB5; .NET CLR 1.1.4322; .NET CLR 2.0.50727; OfficeLiveConnector.1.3; OfficeLivePatch.0.0)"
24.137.117.37 - - [31/Mar/2009:21:33:53 -0400] "GET /topics/show/124/28171 HTTP/1.1" 200 218978 "http://www.nikonthenumbers.com/" "Mozilla/4.0 (compatible; MSIE 7.0; Windows NT 5.1; GTB5; .NET CLR 1.1.4322; .NET CLR 2.0.50727; OfficeLiveConnector.1.3; OfficeLivePatch.0.0)"
24.137.117.37 - - [31/Mar/2009:21:34:08 -0400] "POST /talk/mark/28551 HTTP/1.1" 201 1 "http://www.nikonthenumbers.com/topics/show/124/28171#comment_28551" "Mozilla/4.0 (compatible; MSIE 7.0; Windows NT 5.1; GTB5; .NET CLR 1.1.4322; .NET CLR 2.0.50727; OfficeLiveConnector.1.3; OfficeLivePatch.0.0)"
24.137.117.37 - - [31/Mar/2009:21:34:09 -0400] "POST /talk/mark/28551 HTTP/1.1" 201 1 "http://www.nikonthenumbers.com/topics/show/124/28171#comment_28551" "Mozilla/4.0 (compatible; MSIE 7.0; Windows NT 5.1; GTB5; .NET CLR 1.1.4322; .NET CLR 2.0.50727; OfficeLiveConnector.1.3; OfficeLivePatch.0.0)"
99.240.94.33 - - [31/Mar/2009:21:34:13 -0400] "GET /rss HTTP/1.1" 200 100138 "-" "Vienna/2.3.0.2301"
89.151.110.152 - - [31/Mar/2009:21:34:52 -0400] "GET / HTTP/1.0" 200 24819 "-" "Pingdom.com_bot_version_1.4_(http://www.pingdom.com/)"
70.53.117.78 - - [31/Mar/2009:21:34:58 -0400] "GET /stylesheets/base_1221113035.css HTTP/1.1" 200 14188 "http://nikonthenumbers.com/topics/show/125/28409" "Mozilla/4.0 (compatible; MSIE 7.0; Windows NT 5.1; GTB5; .NET CLR 1.0.3705; .NET CLR 2.0.50727; .NET CLR 1.1.4322; .NET CLR 3.0.04506.30; .NET CLR 3.0.04506.648)"
70.53.117.78 - - [31/Mar/2009:21:34:57 -0400] "GET /topics/show/125/28409 HTTP/1.1" 200 136795 "http://by118w.bay118.mail.live.com/mail/InboxLight.aspx?FolderID=00000000-0000-0000-0000-000000000001&InboxSortAscending=False&InboxSortBy=Date&n=2004437805" "Mozilla/4.0 (compatible; MSIE 7.0; Windows NT 5.1; GTB5; .NET CLR 1.0.3705; .NET CLR 2.0.50727; .NET CLR 1.1.4322; .NET CLR 3.0.04506.30; .NET CLR 3.0.04506.648)"
70.53.117.78 - - [31/Mar/2009:21:34:58 -0400] "GET /javascripts/base_1221113035.js HTTP/1.1" 200 96039 "http://nikonthenumbers.com/topics/show/125/28409" "Mozilla/4.0 (compatible; MSIE 7.0; Windows NT 5.1; GTB5; .NET CLR 1.0.3705; .NET CLR 2.0.50727; .NET CLR 1.1.4322; .NET CLR 3.0.04506.30; .NET CLR 3.0.04506.648)"
70.53.117.78 - - [31/Mar/2009:21:34:59 -0400] "GET /images/TOP_01.jpg HTTP/1.1" 200 12839 "http://nikonthenumbers.com/topics/show/125/28409" "Mozilla/4.0 (compatible; MSIE 7.0; Windows NT 5.1; GTB5; .NET CLR 1.0.3705; .NET CLR 2.0.50727; .NET CLR 1.1.4322; .NET CLR 3.0.04506.30; .NET CLR 3.0.04506.648)"
70.53.117.78 - - [31/Mar/2009:21:34:59 -0400] "GET /images/page-bg.gif HTTP/1.1" 200 1487 "http://nikonthenumbers.com/topics/show/125/28409" "Mozilla/4.0 (compatible; MSIE 7.0; Windows NT 5.1; GTB5; .NET CLR 1.0.3705; .NET CLR 2.0.50727; .NET CLR 1.1.4322; .NET CLR 3.0.04506.30; .NET CLR 3.0.04506.648)"
70.53.117.78 - - [31/Mar/2009:21:34:59 -0400] "GET /images/TOP_02.jpg HTTP/1.1" 200 14856 "http://nikonthenumbers.com/topics/show/125/28409" "Mozilla/4.0 (compatible; MSIE 7.0; Windows NT 5.1; GTB5; .NET CLR 1.0.3705; .NET CLR 2.0.50727; .NET CLR 1.1.4322; .NET CLR 3.0.04506.30; .NET CLR 3.0.04506.648)"
70.53.117.78 - - [31/Mar/2009:21:34:59 -0400] "GET /images/TOP_03.jpg HTTP/1.1" 200 15516 "http://nikonthenumbers.com/topics/show/125/28409" "Mozilla/4.0 (compatible; MSIE 7.0; Windows NT 5.1; GTB5; .NET CLR 1.0.3705; .NET CLR 2.0.50727; .NET CLR 1.1.4322; .NET CLR 3.0.04506.30; .NET CLR 3.0.04506.648)"
70.53.117.78 - - [31/Mar/2009:21:34:59 -0400] "GET /images/Ses-Townhall-AD-FED-20080911.swf HTTP/1.1" 200 17188 "http://nikonthenumbers.com/topics/show/125/28409" "Mozilla/4.0 (compatible; MSIE 7.0; Windows NT 5.1; GTB5; .NET CLR 1.0.3705; .NET CLR 2.0.50727; .NET CLR 1.1.4322; .NET CLR 3.0.04506.30; .NET CLR 3.0.04506.648)"
70.53.117.78 - - [31/Mar/2009:21:34:59 -0400] "GET /images/feed-icon-14x14.png HTTP/1.1" 200 689 "http://nikonthenumbers.com/topics/show/125/28409" "Mozilla/4.0 (compatible; MSIE 7.0; Windows NT 5.1; GTB5; .NET CLR 1.0.3705; .NET CLR 2.0.50727; .NET CLR 1.1.4322; .NET CLR 3.0.04506.30; .NET CLR 3.0.04506.648)"
70.53.117.78 - - [31/Mar/2009:21:34:59 -0400] "GET /images/TOP_06.jpg HTTP/1.1" 200 2158 "http://nikonthenumbers.com/topics/show/125/28409" "Mozilla/4.0 (compatible; MSIE 7.0; Windows NT 5.1; GTB5; .NET CLR 1.0.3705; .NET CLR 2.0.50727; .NET CLR 1.1.4322; .NET CLR 3.0.04506.30; .NET CLR 3.0.04506.648)"
70.53.117.78 - - [31/Mar/2009:21:34:59 -0400] "GET /images/bottom-with-shaddow.gif HTTP/1.1" 200 9790 "http://nikonthenumbers.com/topics/show/125/28409" "Mozilla/4.0 (compatible; MSIE 7.0; Windows NT 5.1; GTB5; .NET CLR 1.0.3705; .NET CLR 2.0.50727; .NET CLR 1.1.4322; .NET CLR 3.0.04506.30; .NET CLR 3.0.04506.648)"
70.53.117.78 - - [31/Mar/2009:21:34:59 -0400] "GET /images/BOX-BACK.jpg HTTP/1.1" 200 1025 "http://nikonthenumbers.com/topics/show/125/28409" "Mozilla/4.0 (compatible; MSIE 7.0; Windows NT 5.1; GTB5; .NET CLR 1.0.3705; .NET CLR 2.0.50727; .NET CLR 1.1.4322; .NET CLR 3.0.04506.30; .NET CLR 3.0.04506.648)"
70.53.117.78 - - [31/Mar/2009:21:34:59 -0400] "GET /images/red-band.gif HTTP/1.1" 200 4358 "http://nikonthenumbers.com/topics/show/125/28409" "Mozilla/4.0 (compatible; MSIE 7.0; Windows NT 5.1; GTB5; .NET CLR 1.0.3705; .NET CLR 2.0.50727; .NET CLR 1.1.4322; .NET CLR 3.0.04506.30; .NET CLR 3.0.04506.648)"
70.53.117.78 - - [31/Mar/2009:21:34:59 -0400] "GET /images/RULE-FADE.jpg HTTP/1.1" 200 448 "http://nikonthenumbers.com/topics/show/125/28409" "Mozilla/4.0 (compatible; MSIE 7.0; Windows NT 5.1; GTB5; .NET CLR 1.0.3705; .NET CLR 2.0.50727; .NET CLR 1.1.4322; .NET CLR 3.0.04506.30; .NET CLR 3.0.04506.648)"
70.53.117.78 - - [31/Mar/2009:21:35:00 -0400] "GET /fixit.js HTTP/1.1" 200 153 "http://nikonthenumbers.com/topics/show/125/28409" "Mozilla/4.0 (compatible; MSIE 7.0; Windows NT 5.1; GTB5; .NET CLR 1.0.3705; .NET CLR 2.0.50727; .NET CLR 1.1.4322; .NET CLR 3.0.04506.30; .NET CLR 3.0.04506.648)"
70.53.117.78 - - [31/Mar/2009:21:35:00 -0400] "GET /images/safe_subscribe_logo.gif HTTP/1.1" 200 457 "http://nikonthenumbers.com/topics/show/125/28409" "Mozilla/4.0 (compatible; MSIE 7.0; Windows NT 5.1; GTB5; .NET CLR 1.0.3705; .NET CLR 2.0.50727; .NET CLR 1.1.4322; .NET CLR 3.0.04506.30; .NET CLR 3.0.04506.648)"
70.53.117.78 - - [31/Mar/2009:21:35:00 -0400] "GET /images/polling_results.jpg?1221113035 HTTP/1.1" 200 5021 "http://nikonthenumbers.com/topics/show/125/28409" "Mozilla/4.0 (compatible; MSIE 7.0; Windows NT 5.1; GTB5; .NET CLR 1.0.3705; .NET CLR 2.0.50727; .NET CLR 1.1.4322; .NET CLR 3.0.04506.30; .NET CLR 3.0.04506.648)"
70.53.117.78 - - [31/Mar/2009:21:35:00 -0400] "GET /images/comment_bw.png HTTP/1.1" 200 384 "http://nikonthenumbers.com/topics/show/125/28409" "Mozilla/4.0 (compatible; MSIE 7.0; Windows NT 5.1; GTB5; .NET CLR 1.0.3705; .NET CLR 2.0.50727; .NET CLR 1.1.4322; .NET CLR 3.0.04506.30; .NET CLR 3.0.04506.648)"
70.53.117.78 - - [31/Mar/2009:21:35:00 -0400] "GET /images/comment.png HTTP/1.1" 200 540 "http://nikonthenumbers.com/topics/show/125/28409" "Mozilla/4.0 (compatible; MSIE 7.0; Windows NT 5.1; GTB5; .NET CLR 1.0.3705; .NET CLR 2.0.50727; .NET CLR 1.1.4322; .NET CLR 3.0.04506.30; .NET CLR 3.0.04506.648)"
70.53.117.78 - - [31/Mar/2009:21:35:00 -0400] "GET /images/cancel.png HTTP/1.1" 200 853 "http://nikonthenumbers.com/topics/show/125/28409" "Mozilla/4.0 (compatible; MSIE 7.0; Windows NT 5.1; GTB5; .NET CLR 1.0.3705; .NET CLR 2.0.50727; .NET CLR 1.1.4322; .NET CLR 3.0.04506.30; .NET CLR 3.0.04506.648)"
70.53.117.78 - - [31/Mar/2009:21:35:00 -0400] "GET /favicon.ico HTTP/1.1" 200 894 "-" "Mozilla/4.0 (compatible; MSIE 7.0; Windows NT 5.1; GTB5; .NET CLR 1.0.3705; .NET CLR 2.0.50727; .NET CLR 1.1.4322; .NET CLR 3.0.04506.30; .NET CLR 3.0.04506.648)"
70.53.117.78 - - [31/Mar/2009:21:35:06 -0400] "POST /talk/mark/28540 HTTP/1.1" 201 1 "http://nikonthenumbers.com/topics/show/125/28409#comment_28540" "Mozilla/4.0 (compatible; MSIE 7.0; Windows NT 5.1; GTB5; .NET CLR 1.0.3705; .NET CLR 2.0.50727; .NET CLR 1.1.4322; .NET CLR 3.0.04506.30; .NET CLR 3.0.04506.648)"
72.136.129.23 - - [31/Mar/2009:21:35:15 -0400] "GET /rss HTTP/1.1" 200 100138 "-" "Mozilla/5.0 (Windows; U; Windows NT 6.0; en-US; rv:1.9.0.8) Gecko/2009032609 Firefox/3.0.8 (.NET CLR 3.5.30729)"
70.53.117.78 - - [31/Mar/2009:21:35:38 -0400] "POST /talk/mark/28539 HTTP/1.1" 201 1 "http://nikonthenumbers.com/topics/show/125/28409#comment_28540" "Mozilla/4.0 (compatible; MSIE 7.0; Windows NT 5.1; GTB5; .NET CLR 1.0.3705; .NET CLR 2.0.50727; .NET CLR 1.1.4322; .NET CLR 3.0.04506.30; .NET CLR 3.0.04506.648)"
209.62.54.130 - - [31/Mar/2009:21:35:52 -0400] "GET / HTTP/1.0" 200 24819 "-" "Pingdom.com_bot_version_1.4_(http://www.pingdom.com/)"
