198.103.53.5 - - [31/Mar/2009:10:23:43 -0400] "GET /images/comment.png HTTP/1.1" 304 - "http://www.nikonthenumbers.com/topics/show/53" "Mozilla/4.0 (compatible; MSIE 6.0; Windows NT 5.1; SV1; .NET CLR 1.1.4322; .NET CLR 2.0.50727)"
76.64.143.199 - - [31/Mar/2009:10:23:44 -0400] "GET /favicon.ico HTTP/1.1" 200 894 "-" "Mozilla/5.0 (Windows; U; Windows NT 5.0; en-US; rv:1.9.0.8) Gecko/2009032609 Firefox/3.0.8"
66.249.73.230 - - [31/Mar/2009:10:23:57 -0400] "GET /topics/show/79/10617 HTTP/1.1" 200 99227 "-" "Mozilla/5.0 (compatible; Googlebot/2.1; +http://www.google.com/bot.html)"
198.103.53.5 - - [31/Mar/2009:10:24:30 -0400] "GET / HTTP/1.1" 200 24896 "http://www.nikonthenumbers.com/topics/show/53" "Mozilla/4.0 (compatible; MSIE 6.0; Windows NT 5.1; SV1; .NET CLR 1.1.4322; .NET CLR 2.0.50727)"
198.103.53.5 - - [31/Mar/2009:10:24:33 -0400] "GET /images/Ses-Townhall-AD-FED-20080911.swf HTTP/1.1" 304 - "http://www.nikonthenumbers.com/" "Mozilla/4.0 (compatible; MSIE 6.0; Windows NT 5.1; SV1; .NET CLR 1.1.4322; .NET CLR 2.0.50727)"
198.103.53.5 - - [31/Mar/2009:10:24:33 -0400] "GET /images/polling_results.jpg?1221113035 HTTP/1.1" 304 - "http://www.nikonthenumbers.com/" "Mozilla/4.0 (compatible; MSIE 6.0; Windows NT 5.1; SV1; .NET CLR 1.1.4322; .NET CLR 2.0.50727)"
67.226.157.169 - - [31/Mar/2009:10:24:50 -0400] "GET / HTTP/1.1" 200 24896 "-" "Mozilla/4.0 (compatible; MSIE 7.0; Windows NT 5.1; .NET CLR 1.1.4322)"
67.226.157.169 - - [31/Mar/2009:10:24:51 -0400] "GET /stylesheets/base_1221113035.css HTTP/1.1" 200 14188 "http://www.nikonthenumbers.com/" "Mozilla/4.0 (compatible; MSIE 7.0; Windows NT 5.1; .NET CLR 1.1.4322)"
67.226.157.169 - - [31/Mar/2009:10:24:52 -0400] "GET /javascripts/base_1221113035.js HTTP/1.1" 200 96039 "http://www.nikonthenumbers.com/" "Mozilla/4.0 (compatible; MSIE 7.0; Windows NT 5.1; .NET CLR 1.1.4322)"
67.226.157.169 - - [31/Mar/2009:10:24:52 -0400] "GET /images/page-bg.gif HTTP/1.1" 200 1487 "http://www.nikonthenumbers.com/" "Mozilla/4.0 (compatible; MSIE 7.0; Windows NT 5.1; .NET CLR 1.1.4322)"
67.226.157.169 - - [31/Mar/2009:10:24:52 -0400] "GET /images/TOP_01.jpg HTTP/1.1" 200 12839 "http://www.nikonthenumbers.com/" "Mozilla/4.0 (compatible; MSIE 7.0; Windows NT 5.1; .NET CLR 1.1.4322)"
67.226.157.169 - - [31/Mar/2009:10:24:52 -0400] "GET /images/TOP_03.jpg HTTP/1.1" 200 15516 "http://www.nikonthenumbers.com/" "Mozilla/4.0 (compatible; MSIE 7.0; Windows NT 5.1; .NET CLR 1.1.4322)"
67.226.157.169 - - [31/Mar/2009:10:24:52 -0400] "GET /images/feed-icon-14x14.png HTTP/1.1" 200 689 "http://www.nikonthenumbers.com/" "Mozilla/4.0 (compatible; MSIE 7.0; Windows NT 5.1; .NET CLR 1.1.4322)"
67.226.157.169 - - [31/Mar/2009:10:24:52 -0400] "GET /images/TOP_02.jpg HTTP/1.1" 200 14856 "http://www.nikonthenumbers.com/" "Mozilla/4.0 (compatible; MSIE 7.0; Windows NT 5.1; .NET CLR 1.1.4322)"
67.226.157.169 - - [31/Mar/2009:10:24:52 -0400] "GET /images/Ses-Townhall-AD-FED-20080911.swf HTTP/1.1" 200 17188 "http://www.nikonthenumbers.com/" "Mozilla/4.0 (compatible; MSIE 7.0; Windows NT 5.1; .NET CLR 1.1.4322)"
67.226.157.169 - - [31/Mar/2009:10:24:52 -0400] "GET /images/TOP_06.jpg HTTP/1.1" 200 2158 "http://www.nikonthenumbers.com/" "Mozilla/4.0 (compatible; MSIE 7.0; Windows NT 5.1; .NET CLR 1.1.4322)"
67.226.157.169 - - [31/Mar/2009:10:24:52 -0400] "GET /images/bottom-with-shaddow.gif HTTP/1.1" 200 9790 "http://www.nikonthenumbers.com/" "Mozilla/4.0 (compatible; MSIE 7.0; Windows NT 5.1; .NET CLR 1.1.4322)"
67.226.157.169 - - [31/Mar/2009:10:24:52 -0400] "GET /images/BOX-BACK.jpg HTTP/1.1" 200 1025 "http://www.nikonthenumbers.com/" "Mozilla/4.0 (compatible; MSIE 7.0; Windows NT 5.1; .NET CLR 1.1.4322)"
67.226.157.169 - - [31/Mar/2009:10:24:52 -0400] "GET /images/red-band.gif HTTP/1.1" 200 4358 "http://www.nikonthenumbers.com/" "Mozilla/4.0 (compatible; MSIE 7.0; Windows NT 5.1; .NET CLR 1.1.4322)"
67.226.157.169 - - [31/Mar/2009:10:24:52 -0400] "GET /images/RULE-FADE.jpg HTTP/1.1" 200 448 "http://www.nikonthenumbers.com/" "Mozilla/4.0 (compatible; MSIE 7.0; Windows NT 5.1; .NET CLR 1.1.4322)"
67.226.157.169 - - [31/Mar/2009:10:24:52 -0400] "GET /fixit.js HTTP/1.1" 200 153 "http://www.nikonthenumbers.com/" "Mozilla/4.0 (compatible; MSIE 7.0; Windows NT 5.1; .NET CLR 1.1.4322)"
67.226.157.169 - - [31/Mar/2009:10:24:53 -0400] "GET /images/Ses-Townhall-AD-FED-20080911.swf HTTP/1.1" 304 - "http://www.nikonthenumbers.com/" "Mozilla/4.0 (compatible; MSIE 7.0; Windows NT 5.1; .NET CLR 1.1.4322)"
67.226.157.169 - - [31/Mar/2009:10:24:53 -0400] "GET /images/polling_results.jpg?1221113035 HTTP/1.1" 200 5021 "http://www.nikonthenumbers.com/" "Mozilla/4.0 (compatible; MSIE 7.0; Windows NT 5.1; .NET CLR 1.1.4322)"
67.226.157.169 - - [31/Mar/2009:10:24:53 -0400] "GET /images/safe_subscribe_logo.gif HTTP/1.1" 200 457 "http://www.nikonthenumbers.com/" "Mozilla/4.0 (compatible; MSIE 7.0; Windows NT 5.1; .NET CLR 1.1.4322)"
67.226.157.169 - - [31/Mar/2009:10:24:53 -0400] "GET /images/comment_bw.png HTTP/1.1" 200 384 "http://www.nikonthenumbers.com/" "Mozilla/4.0 (compatible; MSIE 7.0; Windows NT 5.1; .NET CLR 1.1.4322)"
67.226.157.169 - - [31/Mar/2009:10:24:53 -0400] "GET /images/cancel.png HTTP/1.1" 200 853 "http://www.nikonthenumbers.com/" "Mozilla/4.0 (compatible; MSIE 7.0; Windows NT 5.1; .NET CLR 1.1.4322)"
89.151.110.152 - - [31/Mar/2009:10:24:52 -0400] "GET / HTTP/1.0" 200 24896 "-" "Pingdom.com_bot_version_1.4_(http://www.pingdom.com/)"
67.226.157.169 - - [31/Mar/2009:10:25:05 -0400] "GET /stylesheets/base_1221113035.css HTTP/1.1" 304 - "http://www.nikonthenumbers.com/topics/show/124" "Mozilla/4.0 (compatible; MSIE 7.0; Windows NT 5.1; .NET CLR 1.1.4322)"
67.226.157.169 - - [31/Mar/2009:10:25:05 -0400] "GET /javascripts/base_1221113035.js HTTP/1.1" 304 - "http://www.nikonthenumbers.com/topics/show/124" "Mozilla/4.0 (compatible; MSIE 7.0; Windows NT 5.1; .NET CLR 1.1.4322)"
67.226.157.169 - - [31/Mar/2009:10:25:03 -0400] "GET /topics/show/124 HTTP/1.1" 200 150388 "http://www.nikonthenumbers.com/" "Mozilla/4.0 (compatible; MSIE 7.0; Windows NT 5.1; .NET CLR 1.1.4322)"
67.226.157.169 - - [31/Mar/2009:10:25:05 -0400] "GET /images/page-bg.gif HTTP/1.1" 304 - "http://www.nikonthenumbers.com/topics/show/124" "Mozilla/4.0 (compatible; MSIE 7.0; Windows NT 5.1; .NET CLR 1.1.4322)"
67.226.157.169 - - [31/Mar/2009:10:25:05 -0400] "GET /images/TOP_01.jpg HTTP/1.1" 304 - "http://www.nikonthenumbers.com/topics/show/124" "Mozilla/4.0 (compatible; MSIE 7.0; Windows NT 5.1; .NET CLR 1.1.4322)"
67.226.157.169 - - [31/Mar/2009:10:25:05 -0400] "GET /images/TOP_02.jpg HTTP/1.1" 304 - "http://www.nikonthenumbers.com/topics/show/124" "Mozilla/4.0 (compatible; MSIE 7.0; Windows NT 5.1; .NET CLR 1.1.4322)"
67.226.157.169 - - [31/Mar/2009:10:25:06 -0400] "GET /images/TOP_03.jpg HTTP/1.1" 304 - "http://www.nikonthenumbers.com/topics/show/124" "Mozilla/4.0 (compatible; MSIE 7.0; Windows NT 5.1; .NET CLR 1.1.4322)"
67.226.157.169 - - [31/Mar/2009:10:25:06 -0400] "GET /images/feed-icon-14x14.png HTTP/1.1" 304 - "http://www.nikonthenumbers.com/topics/show/124" "Mozilla/4.0 (compatible; MSIE 7.0; Windows NT 5.1; .NET CLR 1.1.4322)"
67.226.157.169 - - [31/Mar/2009:10:25:06 -0400] "GET /images/TOP_06.jpg HTTP/1.1" 304 - "http://www.nikonthenumbers.com/topics/show/124" "Mozilla/4.0 (compatible; MSIE 7.0; Windows NT 5.1; .NET CLR 1.1.4322)"
67.226.157.169 - - [31/Mar/2009:10:25:06 -0400] "GET /images/bottom-with-shaddow.gif HTTP/1.1" 304 - "http://www.nikonthenumbers.com/topics/show/124" "Mozilla/4.0 (compatible; MSIE 7.0; Windows NT 5.1; .NET CLR 1.1.4322)"
67.226.157.169 - - [31/Mar/2009:10:25:06 -0400] "GET /images/BOX-BACK.jpg HTTP/1.1" 304 - "http://www.nikonthenumbers.com/topics/show/124" "Mozilla/4.0 (compatible; MSIE 7.0; Windows NT 5.1; .NET CLR 1.1.4322)"
67.226.157.169 - - [31/Mar/2009:10:25:06 -0400] "GET /images/red-band.gif HTTP/1.1" 304 - "http://www.nikonthenumbers.com/topics/show/124" "Mozilla/4.0 (compatible; MSIE 7.0; Windows NT 5.1; .NET CLR 1.1.4322)"
67.226.157.169 - - [31/Mar/2009:10:25:06 -0400] "GET /avatars/0000/0107/hope-nope5_thumb.jpg?1235523623 HTTP/1.1" 200 5188 "http://www.nikonthenumbers.com/topics/show/124" "Mozilla/4.0 (compatible; MSIE 7.0; Windows NT 5.1; .NET CLR 1.1.4322)"
67.226.157.169 - - [31/Mar/2009:10:25:07 -0400] "GET /avatars/0000/0083/LOGO_lg_thumb.png?1228919873 HTTP/1.1" 200 3884 "http://www.nikonthenumbers.com/topics/show/124" "Mozilla/4.0 (compatible; MSIE 7.0; Windows NT 5.1; .NET CLR 1.1.4322)"
67.226.157.169 - - [31/Mar/2009:10:25:09 -0400] "GET /images/RULE-FADE.jpg HTTP/1.1" 304 - "http://www.nikonthenumbers.com/topics/show/124" "Mozilla/4.0 (compatible; MSIE 7.0; Windows NT 5.1; .NET CLR 1.1.4322)"
67.226.157.169 - - [31/Mar/2009:10:25:09 -0400] "GET /images/Ses-Townhall-AD-FED-20080911.swf HTTP/1.1" 304 - "http://www.nikonthenumbers.com/topics/show/124" "Mozilla/4.0 (compatible; MSIE 7.0; Windows NT 5.1; .NET CLR 1.1.4322)"
67.226.157.169 - - [31/Mar/2009:10:25:09 -0400] "GET /fixit.js HTTP/1.1" 304 - "http://www.nikonthenumbers.com/topics/show/124" "Mozilla/4.0 (compatible; MSIE 7.0; Windows NT 5.1; .NET CLR 1.1.4322)"
67.226.157.169 - - [31/Mar/2009:10:25:09 -0400] "GET /images/Ses-Townhall-AD-FED-20080911.swf HTTP/1.1" 304 - "http://www.nikonthenumbers.com/topics/show/124" "Mozilla/4.0 (compatible; MSIE 7.0; Windows NT 5.1; .NET CLR 1.1.4322)"
67.226.157.169 - - [31/Mar/2009:10:25:09 -0400] "GET /images/polling_results.jpg?1221113035 HTTP/1.1" 304 - "http://www.nikonthenumbers.com/topics/show/124" "Mozilla/4.0 (compatible; MSIE 7.0; Windows NT 5.1; .NET CLR 1.1.4322)"
67.226.157.169 - - [31/Mar/2009:10:25:09 -0400] "GET /images/safe_subscribe_logo.gif HTTP/1.1" 304 - "http://www.nikonthenumbers.com/topics/show/124" "Mozilla/4.0 (compatible; MSIE 7.0; Windows NT 5.1; .NET CLR 1.1.4322)"
67.226.157.169 - - [31/Mar/2009:10:25:09 -0400] "GET /images/comment_bw.png HTTP/1.1" 304 - "http://www.nikonthenumbers.com/topics/show/124" "Mozilla/4.0 (compatible; MSIE 7.0; Windows NT 5.1; .NET CLR 1.1.4322)"
67.226.157.169 - - [31/Mar/2009:10:25:09 -0400] "GET /images/comment.png HTTP/1.1" 200 540 "http://www.nikonthenumbers.com/topics/show/124" "Mozilla/4.0 (compatible; MSIE 7.0; Windows NT 5.1; .NET CLR 1.1.4322)"
67.226.157.169 - - [31/Mar/2009:10:25:10 -0400] "GET /images/cancel.png HTTP/1.1" 304 - "http://www.nikonthenumbers.com/topics/show/124" "Mozilla/4.0 (compatible; MSIE 7.0; Windows NT 5.1; .NET CLR 1.1.4322)"
67.226.157.169 - - [31/Mar/2009:10:25:45 -0400] "GET /images/busy.gif HTTP/1.1" 200 2209 "http://www.nikonthenumbers.com/topics/show/124" "Mozilla/4.0 (compatible; MSIE 7.0; Windows NT 5.1; .NET CLR 1.1.4322)"
67.226.157.169 - - [31/Mar/2009:10:25:46 -0400] "POST /topics/show_comments/124/28426 HTTP/1.1" 200 43898 "http://www.nikonthenumbers.com/topics/show/124#comments" "Mozilla/4.0 (compatible; MSIE 7.0; Windows NT 5.1; .NET CLR 1.1.4322)"
209.62.54.130 - - [31/Mar/2009:10:25:53 -0400] "GET / HTTP/1.0" 200 24896 "-" "Pingdom.com_bot_version_1.4_(http://www.pingdom.com/)"
72.30.65.34 - - [31/Mar/2009:10:26:18 -0400] "GET /topics/show/84/11104 HTTP/1.0" 200 72508 "-" "Mozilla/5.0 (compatible; Yahoo! Slurp/3.0; http://help.yahoo.com/help/us/ysearch/slurp)"
83.140.19.38 - - [31/Mar/2009:10:26:20 -0400] "GET / HTTP/1.0" 200 24896 "-" "Pingdom.com_bot_version_1.4_(http://www.pingdom.com/)"
205.205.91.66 - - [31/Mar/2009:10:26:47 -0400] "GET /rss HTTP/1.1" 200 100138 "-" "Mozilla/4.0 (compatible; MSIE 7.0; Windows NT 5.1; GTB5; .NET CLR 1.1.4322; .NET CLR 2.0.50727; InfoPath.2; Alexa Toolbar; MS-RTC LM 8; MSOffice 12)"
72.51.41.47 - - [31/Mar/2009:10:26:55 -0400] "GET / HTTP/1.0" 200 24896 "-" "Pingdom.com_bot_version_1.4_(http://www.pingdom.com/)"
24.64.223.205 - - [31/Mar/2009:10:27:45 -0400] "GET /topics/show/125/28409 HTTP/1.1" 200 121043 "-" "Mozilla/4.0 (compatible; MSIE 7.0; Windows NT 5.1; .NET CLR 1.1.4322)"
24.64.223.205 - - [31/Mar/2009:10:27:52 -0400] "GET /images/Ses-Townhall-AD-FED-20080911.swf HTTP/1.1" 304 - "http://nikonthenumbers.com/topics/show/125/28409" "Mozilla/4.0 (compatible; MSIE 7.0; Windows NT 5.1; .NET CLR 1.1.4322)"
24.64.223.205 - - [31/Mar/2009:10:27:52 -0400] "GET /images/polling_results.jpg?1221113035 HTTP/1.1" 304 - "http://nikonthenumbers.com/topics/show/125/28409" "Mozilla/4.0 (compatible; MSIE 7.0; Windows NT 5.1; .NET CLR 1.1.4322)"
212.247.189.113 - - [31/Mar/2009:10:27:52 -0400] "GET / HTTP/1.0" 200 24896 "-" "Pingdom.com_bot_version_1.4_(http://www.pingdom.com/)"
24.64.223.205 - - [31/Mar/2009:10:28:02 -0400] "POST /talk/mark/28532 HTTP/1.1" 201 1 "http://nikonthenumbers.com/topics/show/125/28409#comment_28532" "Mozilla/4.0 (compatible; MSIE 7.0; Windows NT 5.1; .NET CLR 1.1.4322)"
72.30.65.34 - - [31/Mar/2009:10:28:30 -0400] "GET /robots.txt HTTP/1.0" 200 161 "-" "Mozilla/5.0 (compatible; Yahoo! Slurp; http://help.yahoo.com/help/us/ysearch/slurp)"
24.64.223.205 - - [31/Mar/2009:10:28:44 -0400] "POST /talk/mark/28534 HTTP/1.1" 201 1 "http://nikonthenumbers.com/topics/show/125/28409#comment_28532" "Mozilla/4.0 (compatible; MSIE 7.0; Windows NT 5.1; .NET CLR 1.1.4322)"
207.97.207.200 - - [31/Mar/2009:10:28:51 -0400] "GET / HTTP/1.0" 200 24896 "-" "Pingdom.com_bot_version_1.4_(http://www.pingdom.com/)"
24.64.223.205 - - [31/Mar/2009:10:29:01 -0400] "POST /rater/create/comment_rating/28534 HTTP/1.1" 200 165 "http://nikonthenumbers.com/topics/show/125/28409#comment_28532" "Mozilla/4.0 (compatible; MSIE 7.0; Windows NT 5.1; .NET CLR 1.1.4322)"
24.64.223.205 - - [31/Mar/2009:10:29:48 -0400] "POST /talk/mark/28446 HTTP/1.1" 201 1 "http://nikonthenumbers.com/topics/show/125/28409#comment_28532" "Mozilla/4.0 (compatible; MSIE 7.0; Windows NT 5.1; .NET CLR 1.1.4322)"
67.192.120.134 - - [31/Mar/2009:10:29:51 -0400] "GET / HTTP/1.0" 200 24896 "-" "Pingdom.com_bot_version_1.4_(http://www.pingdom.com/)"
70.30.24.162 - - [31/Mar/2009:10:30:28 -0400] "GET /rss HTTP/1.1" 200 100138 "-" "Windows-RSS-Platform/1.0 (MSIE 7.0; Windows NT 5.1)"
64.34.195.155 - - [31/Mar/2009:10:30:34 -0400] "GET / HTTP/1.1" 200 24732 "-" "Mozilla/5.0 (X11; U; Linux i686; en-US; rv:1.2.1; aggregator:Spinn3r (Spinn3r 3.0); http://spinn3r.com/robot) Gecko/20021130"
66.249.73.230 - - [31/Mar/2009:10:30:35 -0400] "GET /profile/728400 HTTP/1.1" 200 25449 "-" "Mozilla/5.0 (compatible; Googlebot/2.1; +http://www.google.com/bot.html)"
78.136.27.223 - - [31/Mar/2009:10:30:51 -0400] "GET / HTTP/1.0" 200 24896 "-" "Pingdom.com_bot_version_1.4_(http://www.pingdom.com/)"
99.240.94.33 - - [31/Mar/2009:10:31:01 -0400] "GET /rss HTTP/1.1" 200 100138 "-" "Vienna/2.3.0.2301"
67.195.37.93 - - [31/Mar/2009:10:31:06 -0400] "GET /topics/show/62/3903 HTTP/1.0" 200 99373 "-" "Mozilla/5.0 (compatible; Yahoo! Slurp; http://help.yahoo.com/help/us/ysearch/slurp)"
67.195.37.93 - - [31/Mar/2009:10:31:06 -0400] "GET /topics/show/125 HTTP/1.0" 200 77022 "-" "Mozilla/5.0 (compatible; Yahoo! Slurp/3.0; http://help.yahoo.com/help/us/ysearch/slurp)"
208.124.156.82 - - [31/Mar/2009:10:31:17 -0400] "GET /rss HTTP/1.1" 200 100138 "-" "Mozilla/4.0 (compatible; MSIE 7.0; Windows NT 6.0; SLCC1; .NET CLR 2.0.50727; .NET CLR 3.5.30729; .NET CLR 3.0.30618; MSOffice 12)"
24.64.223.205 - - [31/Mar/2009:10:31:29 -0400] "POST /rater/create/comment_rating/28446 HTTP/1.1" 200 165 "http://nikonthenumbers.com/topics/show/125/28409#comment_28532" "Mozilla/4.0 (compatible; MSIE 7.0; Windows NT 5.1; .NET CLR 1.1.4322)"
24.64.223.205 - - [31/Mar/2009:10:31:47 -0400] "GET /topics/show/125/28409 HTTP/1.1" 200 119491 "-" "Mozilla/4.0 (compatible; MSIE 7.0; Windows NT 5.1; .NET CLR 1.1.4322)"
67.205.112.79 - - [31/Mar/2009:10:31:51 -0400] "GET / HTTP/1.0" 200 24896 "-" "Pingdom.com_bot_version_1.4_(http://www.pingdom.com/)"
24.64.223.205 - - [31/Mar/2009:10:31:53 -0400] "GET /images/Ses-Townhall-AD-FED-20080911.swf HTTP/1.1" 304 - "http://nikonthenumbers.com/topics/show/125/28409" "Mozilla/4.0 (compatible; MSIE 7.0; Windows NT 5.1; .NET CLR 1.1.4322)"
24.64.223.205 - - [31/Mar/2009:10:31:53 -0400] "GET /images/polling_results.jpg?1221113035 HTTP/1.1" 304 - "http://nikonthenumbers.com/topics/show/125/28409" "Mozilla/4.0 (compatible; MSIE 7.0; Windows NT 5.1; .NET CLR 1.1.4322)"
24.64.223.205 - - [31/Mar/2009:10:31:53 -0400] "GET /images/Ses-Townhall-AD-FED-20080911.swf HTTP/1.1" 304 - "http://nikonthenumbers.com/topics/show/125/28409" "Mozilla/4.0 (compatible; MSIE 7.0; Windows NT 5.1; .NET CLR 1.1.4322)"
24.64.223.205 - - [31/Mar/2009:10:32:02 -0400] "POST /talk/mark/28534 HTTP/1.1" 201 1 "http://nikonthenumbers.com/topics/show/125/28409#comment_28534" "Mozilla/4.0 (compatible; MSIE 7.0; Windows NT 5.1; .NET CLR 1.1.4322)"
174.133.253.162 - - [31/Mar/2009:10:32:51 -0400] "GET / HTTP/1.0" 200 24896 "-" "Pingdom.com_bot_version_1.4_(http://www.pingdom.com/)"
75.154.76.172 - - [31/Mar/2009:10:33:37 -0400] "GET /rss HTTP/1.1" 200 100138 "-" "Windows-RSS-Platform/1.0 (MSIE 7.0; Windows NT 6.0)"
66.249.73.230 - - [31/Mar/2009:10:33:54 -0400] "GET /topics/show/103/15561 HTTP/1.1" 200 130949 "-" "Mozilla/5.0 (compatible; Googlebot/2.1; +http://www.google.com/bot.html)"
89.151.110.152 - - [31/Mar/2009:10:34:53 -0400] "GET / HTTP/1.0" 200 24896 "-" "Pingdom.com_bot_version_1.4_(http://www.pingdom.com/)"
66.249.73.230 - - [31/Mar/2009:10:35:34 -0400] "GET /topics/show/124/28196 HTTP/1.1" 200 194966 "-" "Mozilla/5.0 (compatible; Googlebot/2.1; +http://www.google.com/bot.html)"
209.62.54.130 - - [31/Mar/2009:10:35:51 -0400] "GET / HTTP/1.0" 200 24896 "-" "Pingdom.com_bot_version_1.4_(http://www.pingdom.com/)"
58.165.175.247 - - [31/Mar/2009:10:35:58 -0400] "GET /rss HTTP/1.1" 200 100138 "-" "Apple-PubSub/65.6"
83.140.19.38 - - [31/Mar/2009:10:36:14 -0400] "GET / HTTP/1.0" 200 24896 "-" "Pingdom.com_bot_version_1.4_(http://www.pingdom.com/)"
208.87.54.177 - - [31/Mar/2009:10:36:16 -0400] "GET /rss HTTP/1.1" 200 100138 "-" "Mozilla/5.0 (Windows; U; Windows NT 5.1; en-US; rv:1.8.1.21) Gecko/20090302 Thunderbird/2.0.0.21"
65.55.105.116 - - [31/Mar/2009:10:36:17 -0400] "GET /topics/show/107 HTTP/1.1" 200 179670 "-" "msnbot/1.1 (+http://search.msn.com/msnbot.htm)"
205.205.91.66 - - [31/Mar/2009:10:37:12 -0400] "GET /rss HTTP/1.1" 200 100138 "-" "Mozilla/4.0 (compatible; MSIE 7.0; Windows NT 5.1; GTB5; .NET CLR 1.1.4322; .NET CLR 2.0.50727; InfoPath.2; Alexa Toolbar; MS-RTC LM 8; MSOffice 12)"
72.30.65.34 - - [31/Mar/2009:10:37:08 -0400] "GET /topics/show/121/27284 HTTP/1.0" 200 1135160 "-" "Mozilla/5.0 (compatible; Yahoo! Slurp/3.0; http://help.yahoo.com/help/us/ysearch/slurp)"
24.57.45.109 - - [31/Mar/2009:10:37:12 -0400] "GET /rss HTTP/1.1" 200 100138 "-" "Mozilla/5.0 (Windows; U; Windows NT 5.1; en-US; rv:1.9.0.7) Gecko/2009021910 Firefox/3.0.7"
66.249.73.230 - - [31/Mar/2009:10:37:47 -0400] "GET /topics/show/103 HTTP/1.1" 200 94540 "-" "SAMSUNG-SGH-E250/1.0 Profile/MIDP-2.0 Configuration/CLDC-1.1 UP.Browser/6.2.3.3.c.1.101 (GUI) MMP/2.0 (compatible; Googlebot-Mobile/2.1; +http://www.google.com/bot.html)"
66.249.73.230 - - [31/Mar/2009:10:37:49 -0400] "GET /topics/show/58 HTTP/1.1" 200 103395 "-" "SAMSUNG-SGH-E250/1.0 Profile/MIDP-2.0 Configuration/CLDC-1.1 UP.Browser/6.2.3.3.c.1.101 (GUI) MMP/2.0 (compatible; Googlebot-Mobile/2.1; +http://www.google.com/bot.html)"
212.247.189.113 - - [31/Mar/2009:10:37:52 -0400] "GET / HTTP/1.0" 200 24896 "-" "Pingdom.com_bot_version_1.4_(http://www.pingdom.com/)"
72.51.41.47 - - [31/Mar/2009:10:38:05 -0400] "GET / HTTP/1.0" 200 24896 "-" "Pingdom.com_bot_version_1.4_(http://www.pingdom.com/)"
209.85.238.23 - - [31/Mar/2009:10:38:33 -0400] "GET /rss HTTP/1.1" 200 100138 "-" "Feedfetcher-Google; (+http://www.google.com/feedfetcher.html; 85 subscribers; feed-id=3544419756895700983)"
207.97.207.200 - - [31/Mar/2009:10:38:51 -0400] "GET / HTTP/1.0" 200 24896 "-" "Pingdom.com_bot_version_1.4_(http://www.pingdom.com/)"
65.55.105.118 - - [31/Mar/2009:10:38:59 -0400] "GET /robots.txt HTTP/1.1" 200 161 "-" "msnbot/1.1 (+http://search.msn.com/msnbot.htm)"
204.209.81.14 - - [31/Mar/2009:10:39:23 -0400] "GET /rss HTTP/1.0" 200 100138 "-" "Mozilla/5.0 (Windows; U; Windows NT 5.0; en-GB; rv:1.9.0.6) Gecko/2009011913 Firefox/3.0.6"
67.192.120.134 - - [31/Mar/2009:10:39:50 -0400] "GET / HTTP/1.0" 200 24896 "-" "Pingdom.com_bot_version_1.4_(http://www.pingdom.com/)"
65.55.105.132 - - [31/Mar/2009:10:40:00 -0400] "GET /robots.txt HTTP/1.1" 200 161 "-" "msnbot/1.1 (+http://search.msn.com/msnbot.htm)"
65.55.105.132 - - [31/Mar/2009:10:40:00 -0400] "GET /topics/show/110/17904 HTTP/1.1" 200 138160 "-" "msnbot/1.1 (+http://search.msn.com/msnbot.htm)"
72.30.65.34 - - [31/Mar/2009:10:40:10 -0400] "GET /profile/268118 HTTP/1.0" 200 15770 "-" "Mozilla/5.0 (compatible; Yahoo! Slurp/3.0; http://help.yahoo.com/help/us/ysearch/slurp)"
66.249.73.230 - - [31/Mar/2009:10:40:33 -0400] "GET /topics/show/76/9834 HTTP/1.1" 200 192886 "-" "Mozilla/5.0 (compatible; Googlebot/2.1; +http://www.google.com/bot.html)"
67.70.21.228 - - [31/Mar/2009:10:40:40 -0400] "GET / HTTP/1.1" 200 19884 "http://nikonthenumbers.com/" "Mozilla/5.0 (Windows; U; Windows NT 5.1; en-US; rv:1.9.0.8) Gecko/2009032609 Firefox/3.0.8"
78.136.27.223 - - [31/Mar/2009:10:40:51 -0400] "GET / HTTP/1.0" 200 24896 "-" "Pingdom.com_bot_version_1.4_(http://www.pingdom.com/)"
67.70.21.228 - - [31/Mar/2009:10:41:05 -0400] "GET /topics/show/125/28411 HTTP/1.1" 200 249769 "http://nikonthenumbers.com/" "Mozilla/5.0 (Windows; U; Windows NT 5.1; en-US; rv:1.9.0.8) Gecko/2009032609 Firefox/3.0.8"
67.70.21.228 - - [31/Mar/2009:10:41:13 -0400] "POST /talk/mark/28411 HTTP/1.1" 201 1 "http://nikonthenumbers.com/topics/show/125/28411" "Mozilla/5.0 (Windows; U; Windows NT 5.1; en-US; rv:1.9.0.8) Gecko/2009032609 Firefox/3.0.8"
72.30.65.34 - - [31/Mar/2009:10:41:24 -0400] "GET /profile/767594 HTTP/1.0" 200 17690 "-" "Mozilla/5.0 (compatible; Yahoo! Slurp/3.0; http://help.yahoo.com/help/us/ysearch/slurp)"
67.205.112.79 - - [31/Mar/2009:10:41:51 -0400] "GET / HTTP/1.0" 200 24896 "-" "Pingdom.com_bot_version_1.4_(http://www.pingdom.com/)"
142.165.208.187 - - [31/Mar/2009:10:42:24 -0400] "GET / HTTP/1.1" 200 24896 "http://paulitics.wordpress.com/" "Mozilla/5.0 (Macintosh; U; Intel Mac OS X; en) AppleWebKit/523.12.2 (KHTML, like Gecko) Version/3.0.4 Safari/523.12.2"
142.165.208.187 - - [31/Mar/2009:10:42:26 -0400] "GET /javascripts/base_1221113035.js HTTP/1.1" 200 96039 "http://www.nikonthenumbers.com/" "Mozilla/5.0 (Macintosh; U; Intel Mac OS X; en) AppleWebKit/523.12.2 (KHTML, like Gecko) Version/3.0.4 Safari/523.12.2"
142.165.208.187 - - [31/Mar/2009:10:42:27 -0400] "GET /images/Ses-Townhall-AD-FED-20080911.swf HTTP/1.1" 200 17188 "http://www.nikonthenumbers.com/" "Mozilla/5.0 (Macintosh; U; Intel Mac OS X; en) AppleWebKit/523.12.2 (KHTML, like Gecko) Version/3.0.4 Safari/523.12.2"
142.165.208.187 - - [31/Mar/2009:10:42:27 -0400] "GET /images/Ses-Townhall-AD-FED-20080911.swf HTTP/1.1" 200 17188 "http://www.nikonthenumbers.com/" "Mozilla/5.0 (Macintosh; U; Intel Mac OS X; en) AppleWebKit/523.12.2 (KHTML, like Gecko) Version/3.0.4 Safari/523.12.2"
142.165.208.187 - - [31/Mar/2009:10:42:32 -0400] "GET /topics/show/125 HTTP/1.1" 200 71555 "http://www.nikonthenumbers.com/" "Mozilla/5.0 (Macintosh; U; Intel Mac OS X; en) AppleWebKit/523.12.2 (KHTML, like Gecko) Version/3.0.4 Safari/523.12.2"
142.165.208.187 - - [31/Mar/2009:10:42:49 -0400] "POST /talk/mark/28452 HTTP/1.1" 201 1 "http://www.nikonthenumbers.com/topics/show/125" "Mozilla/5.0 (Macintosh; U; Intel Mac OS X; en) AppleWebKit/523.12.2 (KHTML, like Gecko) Version/3.0.4 Safari/523.12.2"
174.133.253.162 - - [31/Mar/2009:10:42:51 -0400] "GET / HTTP/1.0" 200 24896 "-" "Pingdom.com_bot_version_1.4_(http://www.pingdom.com/)"
142.165.208.187 - - [31/Mar/2009:10:42:54 -0400] "POST /talk/mark/28484 HTTP/1.1" 201 1 "http://www.nikonthenumbers.com/topics/show/125" "Mozilla/5.0 (Macintosh; U; Intel Mac OS X; en) AppleWebKit/523.12.2 (KHTML, like Gecko) Version/3.0.4 Safari/523.12.2"
208.124.156.82 - - [31/Mar/2009:10:43:00 -0400] "GET /rss HTTP/1.1" 200 100138 "-" "Mozilla/4.0 (compatible; MSIE 7.0; Windows NT 6.0; SLCC1; .NET CLR 2.0.50727; .NET CLR 3.5.30729; .NET CLR 3.0.30618; MSOffice 12)"
142.165.208.187 - - [31/Mar/2009:10:43:08 -0400] "POST /topics/show_comments/125/28484 HTTP/1.1" 200 5738 "http://www.nikonthenumbers.com/topics/show/125" "Mozilla/5.0 (Macintosh; U; Intel Mac OS X; en) AppleWebKit/523.12.2 (KHTML, like Gecko) Version/3.0.4 Safari/523.12.2"
142.165.208.187 - - [31/Mar/2009:10:43:13 -0400] "POST /talk/mark/28505 HTTP/1.1" 201 1 "http://www.nikonthenumbers.com/topics/show/125" "Mozilla/5.0 (Macintosh; U; Intel Mac OS X; en) AppleWebKit/523.12.2 (KHTML, like Gecko) Version/3.0.4 Safari/523.12.2"
66.135.104.77 - - [31/Mar/2009:10:43:12 -0400] "GET /rss HTTP/1.1" 200 100138 "-" "Mozilla/4.0 (compatible; MSIE 7.0; Windows NT 5.1; GTB5; .NET CLR 1.1.4322; InfoPath.2; MSOffice 12)"
142.165.208.187 - - [31/Mar/2009:10:43:20 -0400] "POST /talk/mark/28517 HTTP/1.1" 201 1 "http://www.nikonthenumbers.com/topics/show/125" "Mozilla/5.0 (Macintosh; U; Intel Mac OS X; en) AppleWebKit/523.12.2 (KHTML, like Gecko) Version/3.0.4 Safari/523.12.2"
142.165.208.187 - - [31/Mar/2009:10:43:31 -0400] "POST /talk/mark/28489 HTTP/1.1" 201 1 "http://www.nikonthenumbers.com/topics/show/125" "Mozilla/5.0 (Macintosh; U; Intel Mac OS X; en) AppleWebKit/523.12.2 (KHTML, like Gecko) Version/3.0.4 Safari/523.12.2"
208.36.144.9 - - [31/Mar/2009:10:43:41 -0400] "GET /profile/112169 HTTP/1.0" 200 14677 "-" "Mozilla/5.0 (Twiceler-0.9 http://www.cuil.com/twiceler/robot.html)"
208.124.156.82 - - [31/Mar/2009:10:44:04 -0400] "GET /rss HTTP/1.1" 200 100138 "-" "Mozilla/4.0 (compatible; MSIE 7.0; Windows NT 6.0; SLCC1; .NET CLR 2.0.50727; .NET CLR 3.5.30729; .NET CLR 3.0.30618; MSOffice 12)"
142.165.208.187 - - [31/Mar/2009:10:44:25 -0400] "POST /talk/mark/28490 HTTP/1.1" 201 1 "http://www.nikonthenumbers.com/topics/show/125" "Mozilla/5.0 (Macintosh; U; Intel Mac OS X; en) AppleWebKit/523.12.2 (KHTML, like Gecko) Version/3.0.4 Safari/523.12.2"
67.195.37.93 - - [31/Mar/2009:10:44:42 -0400] "GET /topics/show/124 HTTP/1.0" 200 150388 "-" "Mozilla/5.0 (compatible; Yahoo! Slurp; http://help.yahoo.com/help/us/ysearch/slurp)"
142.165.208.187 - - [31/Mar/2009:10:44:50 -0400] "POST /topics/show_comments/125/28490 HTTP/1.1" 200 19308 "http://www.nikonthenumbers.com/topics/show/125" "Mozilla/5.0 (Macintosh; U; Intel Mac OS X; en) AppleWebKit/523.12.2 (KHTML, like Gecko) Version/3.0.4 Safari/523.12.2"
142.165.208.187 - - [31/Mar/2009:10:44:53 -0400] "POST /talk/mark/28500 HTTP/1.1" 201 1 "http://www.nikonthenumbers.com/topics/show/125" "Mozilla/5.0 (Macintosh; U; Intel Mac OS X; en) AppleWebKit/523.12.2 (KHTML, like Gecko) Version/3.0.4 Safari/523.12.2"
89.151.110.152 - - [31/Mar/2009:10:44:52 -0400] "GET / HTTP/1.0" 200 24896 "-" "Pingdom.com_bot_version_1.4_(http://www.pingdom.com/)"
208.36.144.9 - - [31/Mar/2009:10:44:48 -0400] "GET /topics/show/114/20570 HTTP/1.0" 200 290276 "-" "Mozilla/5.0 (Twiceler-0.9 http://www.cuil.com/twiceler/robot.html)"
142.165.208.187 - - [31/Mar/2009:10:45:07 -0400] "POST /talk/mark/28501 HTTP/1.1" 201 1 "http://www.nikonthenumbers.com/topics/show/125" "Mozilla/5.0 (Macintosh; U; Intel Mac OS X; en) AppleWebKit/523.12.2 (KHTML, like Gecko) Version/3.0.4 Safari/523.12.2"
142.165.208.187 - - [31/Mar/2009:10:45:12 -0400] "POST /talk/mark/28502 HTTP/1.1" 201 1 "http://www.nikonthenumbers.com/topics/show/125" "Mozilla/5.0 (Macintosh; U; Intel Mac OS X; en) AppleWebKit/523.12.2 (KHTML, like Gecko) Version/3.0.4 Safari/523.12.2"
142.165.208.187 - - [31/Mar/2009:10:45:23 -0400] "POST /talk/mark/28503 HTTP/1.1" 201 1 "http://www.nikonthenumbers.com/topics/show/125" "Mozilla/5.0 (Macintosh; U; Intel Mac OS X; en) AppleWebKit/523.12.2 (KHTML, like Gecko) Version/3.0.4 Safari/523.12.2"
142.162.17.88 - - [31/Mar/2009:10:45:27 -0400] "GET /rss HTTP/1.1" 200 100138 "-" "Mozilla/5.0 (Macintosh; U; Intel Mac OS X; en-US; rv:1.8.1.8) Gecko/20071008 Firefox/2.0.0.8"
70.30.24.162 - - [31/Mar/2009:10:45:31 -0400] "GET /rss HTTP/1.1" 200 100138 "-" "Windows-RSS-Platform/1.0 (MSIE 7.0; Windows NT 5.1)"
142.165.208.187 - - [31/Mar/2009:10:45:35 -0400] "POST /talk/mark/28510 HTTP/1.1" 201 1 "http://www.nikonthenumbers.com/topics/show/125" "Mozilla/5.0 (Macintosh; U; Intel Mac OS X; en) AppleWebKit/523.12.2 (KHTML, like Gecko) Version/3.0.4 Safari/523.12.2"
209.62.54.130 - - [31/Mar/2009:10:45:52 -0400] "GET / HTTP/1.0" 200 24896 "-" "Pingdom.com_bot_version_1.4_(http://www.pingdom.com/)"
67.195.37.93 - - [31/Mar/2009:10:45:58 -0400] "GET /topics/show/69 HTTP/1.0" 200 92823 "-" "Mozilla/5.0 (compatible; Yahoo! Slurp/3.0; http://help.yahoo.com/help/us/ysearch/slurp)"
142.165.208.187 - - [31/Mar/2009:10:46:01 -0400] "POST /talk/mark/28516 HTTP/1.1" 201 1 "http://www.nikonthenumbers.com/topics/show/125" "Mozilla/5.0 (Macintosh; U; Intel Mac OS X; en) AppleWebKit/523.12.2 (KHTML, like Gecko) Version/3.0.4 Safari/523.12.2"
142.165.208.187 - - [31/Mar/2009:10:46:08 -0400] "GET / HTTP/1.1" 200 24896 "-" "Mozilla/5.0 (Macintosh; U; Intel Mac OS X; en) AppleWebKit/523.12.2 (KHTML, like Gecko) Version/3.0.4 Safari/523.12.2"
208.87.54.177 - - [31/Mar/2009:10:46:14 -0400] "GET /rss HTTP/1.1" 200 100138 "-" "Mozilla/5.0 (Windows; U; Windows NT 5.1; en-US; rv:1.8.1.21) Gecko/20090302 Thunderbird/2.0.0.21"
208.96.8.116 - - [31/Mar/2009:10:46:15 -0400] "GET /topics/show/92 HTTP/1.0" 200 153465 "http://m.ask.com/wap4?sid=10-0-90-202-ask-1238510551614&app=ask&crt=SEARCH_RESULT11&trc=0&QUERYT=20+is+40%25+of+what+number&submit-SEARCH_RESULT11-BUTTONIMAGE1T=Search&QUERY=what+is+the+ratio+of+8+inches+to+5+feet" "Mozilla/5.0 (Danger hiptop 4.0; U; rv:1.7.12) Gecko/20050920"
208.96.8.116 - - [31/Mar/2009:10:46:18 -0400] "GET /images/feed-icon-14x14.png HTTP/1.0" 200 689 "http://www.nikonthenumbers.com/topics/show/92" "MOT-MILLA/00.62 UP.Browser/6.2.3.4.c.1.123 (GUI) MMP/2.0"
142.165.208.187 - - [31/Mar/2009:10:46:16 -0400] "GET /topics/show/124 HTTP/1.1" 200 127718 "http://www.nikonthenumbers.com/" "Mozilla/5.0 (Macintosh; U; Intel Mac OS X; en) AppleWebKit/523.12.2 (KHTML, like Gecko) Version/3.0.4 Safari/523.12.2"
208.96.8.116 - - [31/Mar/2009:10:46:18 -0400] "GET /avatars/0000/0047/image_1__thumb.jpg?1222374745 HTTP/1.0" 200 5032 "http://www.nikonthenumbers.com/topics/show/92" "Nokia6030/2.0 (y3.41) Profile/MIDP-2.0 Configuration/CLDC-1.1"
142.165.208.187 - - [31/Mar/2009:10:46:18 -0400] "GET /avatars/0000/0107/hope-nope5_thumb.jpg?1235523623 HTTP/1.1" 200 5188 "http://www.nikonthenumbers.com/topics/show/124#comments" "Mozilla/5.0 (Macintosh; U; Intel Mac OS X; en) AppleWebKit/523.12.2 (KHTML, like Gecko) Version/3.0.4 Safari/523.12.2"
208.96.8.116 - - [31/Mar/2009:10:46:18 -0400] "GET /images/TOP_03.jpg HTTP/1.0" 200 15516 "http://www.nikonthenumbers.com/topics/show/92" "MOT-MILLA/00.62 UP.Browser/6.2.3.4.c.1.123 (GUI) MMP/2.0"
208.96.8.116 - - [31/Mar/2009:10:46:18 -0400] "GET /images/TOP_02.jpg HTTP/1.0" 200 14856 "http://www.nikonthenumbers.com/topics/show/92" "MOT-V3s/00.62 UP.Browser/6.2.3.4.c.1.123 (GUI) MMP/2.0"
208.96.8.116 - - [31/Mar/2009:10:46:19 -0400] "GET /avatars/0000/0021/Richard_thumb.jpg?1207177580 HTTP/1.0" 200 7816 "http://www.nikonthenumbers.com/topics/show/92" "Opera/9.60 (J2ME/MIDP; Opera Mini/4.2.13221/786; U; en) Presto/2.2.0"
208.96.8.116 - - [31/Mar/2009:10:46:19 -0400] "GET /images/polling_results.jpg?1221113035 HTTP/1.0" 200 5021 "http://www.nikonthenumbers.com/topics/show/92" "MOT-MILLA/00.62 UP.Browser/6.2.3.4.c.1.123 (GUI) MMP/2.0"
208.96.8.116 - - [31/Mar/2009:10:46:19 -0400] "GET /images/RULE-FADE.jpg HTTP/1.0" 200 448 "http://www.nikonthenumbers.com/topics/show/92" "Nokia3110c/2.0 (07.21) Profile/MIDP-2.0 Configuration/CLDC-1.1"
208.96.8.116 - - [31/Mar/2009:10:46:19 -0400] "GET /images/safe_subscribe_logo.gif HTTP/1.0" 200 457 "http://www.nikonthenumbers.com/topics/show/92" "UTS-7126M/1.0 UP.Browser/6.3.0.7 (GUI) MMP/2.0"
142.213.127.2 - - [31/Mar/2009:10:46:20 -0400] "GET /rss HTTP/1.0" 200 100138 "-" "RssBandit/1.5.0.10 (.NET CLR 2.0.50727.42; WinNT 5.1.2600 Service Pack 2; http://www.rssbandit.org)"
66.183.156.4 - - [31/Mar/2009:10:46:20 -0400] "GET /rss HTTP/1.1" 200 100138 "-" "FeedDemon/2.7 (http://www.newsgator.com/; Microsoft Windows)"
72.51.41.47 - - [31/Mar/2009:10:46:52 -0400] "GET / HTTP/1.0" 200 24896 "-" "Pingdom.com_bot_version_1.4_(http://www.pingdom.com/)"
205.205.91.66 - - [31/Mar/2009:10:47:09 -0400] "GET /rss HTTP/1.1" 200 100138 "-" "Mozilla/4.0 (compatible; MSIE 7.0; Windows NT 5.1; GTB5; .NET CLR 1.1.4322; .NET CLR 2.0.50727; InfoPath.2; Alexa Toolbar; MS-RTC LM 8; MSOffice 12)"
67.195.37.93 - - [31/Mar/2009:10:47:29 -0400] "GET /topics/show/37/1638 HTTP/1.0" 200 105136 "-" "Mozilla/5.0 (compatible; Yahoo! Slurp; http://help.yahoo.com/help/us/ysearch/slurp)"
212.247.189.113 - - [31/Mar/2009:10:47:52 -0400] "GET / HTTP/1.0" 200 24896 "-" "Pingdom.com_bot_version_1.4_(http://www.pingdom.com/)"
75.154.76.172 - - [31/Mar/2009:10:48:40 -0400] "GET /rss HTTP/1.1" 200 100138 "-" "Windows-RSS-Platform/1.0 (MSIE 7.0; Windows NT 6.0)"
207.97.207.200 - - [31/Mar/2009:10:48:51 -0400] "GET / HTTP/1.0" 200 24896 "-" "Pingdom.com_bot_version_1.4_(http://www.pingdom.com/)"
67.192.120.134 - - [31/Mar/2009:10:49:50 -0400] "GET / HTTP/1.0" 200 24896 "-" "Pingdom.com_bot_version_1.4_(http://www.pingdom.com/)"
208.111.154.27 - - [31/Mar/2009:10:50:15 -0400] "GET /robots.txt HTTP/1.1" 200 161 "-" "Mozilla/5.0 (compatible; Charlotte/1.1; http://www.searchme.com/support/)"
208.111.154.27 - - [31/Mar/2009:10:50:15 -0400] "GET /topics/show/13 HTTP/1.1" 200 35593 "-" "Mozilla/5.0 (compatible; Charlotte/1.1; http://www.searchme.com/support/)"
208.96.91.169 - - [31/Mar/2009:10:50:27 -0400] "GET /rss HTTP/1.1" 200 100138 "-" "Mozilla/5.0 (Windows; U; Windows NT 5.1; en-US; rv:1.9.0.8) Gecko/2009032609 Firefox/3.0.8 (.NET CLR 3.5.30729)"
66.249.73.230 - - [31/Mar/2009:10:50:30 -0400] "GET /topics/show/48 HTTP/1.1" 200 83875 "-" "Mozilla/5.0 (compatible; Googlebot/2.1; +http://www.google.com/bot.html)"
142.165.208.187 - - [31/Mar/2009:10:50:32 -0400] "POST /talk/mark/28426 HTTP/1.1" 201 1 "http://www.nikonthenumbers.com/topics/show/124" "Mozilla/5.0 (Macintosh; U; Intel Mac OS X; en) AppleWebKit/523.12.2 (KHTML, like Gecko) Version/3.0.4 Safari/523.12.2"
142.165.208.187 - - [31/Mar/2009:10:50:42 -0400] "POST /topics/show_comments/124/28426 HTTP/1.1" 200 42232 "http://www.nikonthenumbers.com/topics/show/124" "Mozilla/5.0 (Macintosh; U; Intel Mac OS X; en) AppleWebKit/523.12.2 (KHTML, like Gecko) Version/3.0.4 Safari/523.12.2"
142.165.208.187 - - [31/Mar/2009:10:50:48 -0400] "POST /talk/mark/28426 HTTP/1.1" 201 1 "http://www.nikonthenumbers.com/topics/show/124" "Mozilla/5.0 (Macintosh; U; Intel Mac OS X; en) AppleWebKit/523.12.2 (KHTML, like Gecko) Version/3.0.4 Safari/523.12.2"
142.165.208.187 - - [31/Mar/2009:10:50:52 -0400] "POST /talk/mark/28428 HTTP/1.1" 201 1 "http://www.nikonthenumbers.com/topics/show/124" "Mozilla/5.0 (Macintosh; U; Intel Mac OS X; en) AppleWebKit/523.12.2 (KHTML, like Gecko) Version/3.0.4 Safari/523.12.2"
78.136.27.223 - - [31/Mar/2009:10:50:53 -0400] "GET / HTTP/1.0" 200 24896 "-" "Pingdom.com_bot_version_1.4_(http://www.pingdom.com/)"
142.165.208.187 - - [31/Mar/2009:10:50:56 -0400] "POST /talk/mark/28429 HTTP/1.1" 201 1 "http://www.nikonthenumbers.com/topics/show/124" "Mozilla/5.0 (Macintosh; U; Intel Mac OS X; en) AppleWebKit/523.12.2 (KHTML, like Gecko) Version/3.0.4 Safari/523.12.2"
142.165.208.187 - - [31/Mar/2009:10:51:11 -0400] "POST /talk/mark/28430 HTTP/1.1" 201 1 "http://www.nikonthenumbers.com/topics/show/124" "Mozilla/5.0 (Macintosh; U; Intel Mac OS X; en) AppleWebKit/523.12.2 (KHTML, like Gecko) Version/3.0.4 Safari/523.12.2"
142.165.208.187 - - [31/Mar/2009:10:51:20 -0400] "POST /rater/create/comment_rating/28430 HTTP/1.1" 200 165 "http://www.nikonthenumbers.com/topics/show/124" "Mozilla/5.0 (Macintosh; U; Intel Mac OS X; en) AppleWebKit/523.12.2 (KHTML, like Gecko) Version/3.0.4 Safari/523.12.2"
142.165.208.187 - - [31/Mar/2009:10:51:22 -0400] "POST /talk/mark/28431 HTTP/1.1" 201 1 "http://www.nikonthenumbers.com/topics/show/124" "Mozilla/5.0 (Macintosh; U; Intel Mac OS X; en) AppleWebKit/523.12.2 (KHTML, like Gecko) Version/3.0.4 Safari/523.12.2"
72.30.65.34 - - [31/Mar/2009:10:51:34 -0400] "GET /topics/show/111/18092 HTTP/1.0" 200 353437 "-" "Mozilla/5.0 (compatible; Yahoo! Slurp/3.0; http://help.yahoo.com/help/us/ysearch/slurp)"
142.165.208.187 - - [31/Mar/2009:10:51:46 -0400] "POST /rater/create/comment_rating/28431 HTTP/1.1" 200 174 "http://www.nikonthenumbers.com/topics/show/124" "Mozilla/5.0 (Macintosh; U; Intel Mac OS X; en) AppleWebKit/523.12.2 (KHTML, like Gecko) Version/3.0.4 Safari/523.12.2"
142.165.208.187 - - [31/Mar/2009:10:51:50 -0400] "POST /talk/mark/28432 HTTP/1.1" 201 1 "http://www.nikonthenumbers.com/topics/show/124" "Mozilla/5.0 (Macintosh; U; Intel Mac OS X; en) AppleWebKit/523.12.2 (KHTML, like Gecko) Version/3.0.4 Safari/523.12.2"
67.205.112.79 - - [31/Mar/2009:10:51:51 -0400] "GET / HTTP/1.0" 200 24896 "-" "Pingdom.com_bot_version_1.4_(http://www.pingdom.com/)"
142.165.208.187 - - [31/Mar/2009:10:52:02 -0400] "POST /talk/mark/28435 HTTP/1.1" 201 1 "http://www.nikonthenumbers.com/topics/show/124" "Mozilla/5.0 (Macintosh; U; Intel Mac OS X; en) AppleWebKit/523.12.2 (KHTML, like Gecko) Version/3.0.4 Safari/523.12.2"
142.165.208.187 - - [31/Mar/2009:10:52:07 -0400] "POST /rater/create/comment_rating/28435 HTTP/1.1" 200 165 "http://www.nikonthenumbers.com/topics/show/124" "Mozilla/5.0 (Macintosh; U; Intel Mac OS X; en) AppleWebKit/523.12.2 (KHTML, like Gecko) Version/3.0.4 Safari/523.12.2"
142.165.208.187 - - [31/Mar/2009:10:52:09 -0400] "POST /talk/mark/28471 HTTP/1.1" 201 1 "http://www.nikonthenumbers.com/topics/show/124" "Mozilla/5.0 (Macintosh; U; Intel Mac OS X; en) AppleWebKit/523.12.2 (KHTML, like Gecko) Version/3.0.4 Safari/523.12.2"
66.249.73.230 - - [31/Mar/2009:10:52:10 -0400] "GET /topics/show/80/10682 HTTP/1.1" 200 79289 "-" "Mozilla/5.0 (compatible; Googlebot/2.1; +http://www.google.com/bot.html)"
142.165.208.187 - - [31/Mar/2009:10:52:20 -0400] "POST /rater/create/comment_rating/28471 HTTP/1.1" 200 174 "http://www.nikonthenumbers.com/topics/show/124" "Mozilla/5.0 (Macintosh; U; Intel Mac OS X; en) AppleWebKit/523.12.2 (KHTML, like Gecko) Version/3.0.4 Safari/523.12.2"
142.165.208.187 - - [31/Mar/2009:10:52:22 -0400] "POST /talk/mark/28472 HTTP/1.1" 201 1 "http://www.nikonthenumbers.com/topics/show/124" "Mozilla/5.0 (Macintosh; U; Intel Mac OS X; en) AppleWebKit/523.12.2 (KHTML, like Gecko) Version/3.0.4 Safari/523.12.2"
142.165.208.187 - - [31/Mar/2009:10:52:51 -0400] "POST /rater/create/comment_rating/28472 HTTP/1.1" 200 165 "http://www.nikonthenumbers.com/topics/show/124" "Mozilla/5.0 (Macintosh; U; Intel Mac OS X; en) AppleWebKit/523.12.2 (KHTML, like Gecko) Version/3.0.4 Safari/523.12.2"
142.165.208.187 - - [31/Mar/2009:10:52:52 -0400] "POST /talk/mark/28487 HTTP/1.1" 201 1 "http://www.nikonthenumbers.com/topics/show/124" "Mozilla/5.0 (Macintosh; U; Intel Mac OS X; en) AppleWebKit/523.12.2 (KHTML, like Gecko) Version/3.0.4 Safari/523.12.2"
174.133.253.162 - - [31/Mar/2009:10:52:51 -0400] "GET / HTTP/1.0" 200 24896 "-" "Pingdom.com_bot_version_1.4_(http://www.pingdom.com/)"
142.165.208.187 - - [31/Mar/2009:10:53:02 -0400] "POST /rater/create/comment_rating/28487 HTTP/1.1" 200 174 "http://www.nikonthenumbers.com/topics/show/124" "Mozilla/5.0 (Macintosh; U; Intel Mac OS X; en) AppleWebKit/523.12.2 (KHTML, like Gecko) Version/3.0.4 Safari/523.12.2"
142.165.208.187 - - [31/Mar/2009:10:53:05 -0400] "POST /talk/mark/28478 HTTP/1.1" 201 1 "http://www.nikonthenumbers.com/topics/show/124" "Mozilla/5.0 (Macintosh; U; Intel Mac OS X; en) AppleWebKit/523.12.2 (KHTML, like Gecko) Version/3.0.4 Safari/523.12.2"
142.165.208.187 - - [31/Mar/2009:10:53:12 -0400] "POST /talk/mark/28481 HTTP/1.1" 201 1 "http://www.nikonthenumbers.com/topics/show/124" "Mozilla/5.0 (Macintosh; U; Intel Mac OS X; en) AppleWebKit/523.12.2 (KHTML, like Gecko) Version/3.0.4 Safari/523.12.2"
74.125.44.136 - - [31/Mar/2009:10:53:22 -0400] "GET /rss HTTP/1.0" 200 100138 "-" "Java/1.6.0_01"
74.125.44.136 - - [31/Mar/2009:10:53:24 -0400] "GET /rss HTTP/1.0" 200 100138 "-" "Java/1.6.0_01"
142.165.208.187 - - [31/Mar/2009:10:53:26 -0400] "POST /rater/create/comment_rating/28481 HTTP/1.1" 200 165 "http://www.nikonthenumbers.com/topics/show/124" "Mozilla/5.0 (Macintosh; U; Intel Mac OS X; en) AppleWebKit/523.12.2 (KHTML, like Gecko) Version/3.0.4 Safari/523.12.2"
142.165.208.187 - - [31/Mar/2009:10:53:28 -0400] "POST /talk/mark/28528 HTTP/1.1" 201 1 "http://www.nikonthenumbers.com/topics/show/124" "Mozilla/5.0 (Macintosh; U; Intel Mac OS X; en) AppleWebKit/523.12.2 (KHTML, like Gecko) Version/3.0.4 Safari/523.12.2"
142.165.208.187 - - [31/Mar/2009:10:53:43 -0400] "POST /talk/mark/28529 HTTP/1.1" 201 1 "http://www.nikonthenumbers.com/topics/show/124" "Mozilla/5.0 (Macintosh; U; Intel Mac OS X; en) AppleWebKit/523.12.2 (KHTML, like Gecko) Version/3.0.4 Safari/523.12.2"
142.165.208.187 - - [31/Mar/2009:10:53:43 -0400] "POST /rater/create/comment_rating/28528 HTTP/1.1" 200 177 "http://www.nikonthenumbers.com/topics/show/124" "Mozilla/5.0 (Macintosh; U; Intel Mac OS X; en) AppleWebKit/523.12.2 (KHTML, like Gecko) Version/3.0.4 Safari/523.12.2"
142.165.208.187 - - [31/Mar/2009:10:54:02 -0400] "POST /talk/mark/28486 HTTP/1.1" 201 1 "http://www.nikonthenumbers.com/topics/show/124" "Mozilla/5.0 (Macintosh; U; Intel Mac OS X; en) AppleWebKit/523.12.2 (KHTML, like Gecko) Version/3.0.4 Safari/523.12.2"
142.165.208.187 - - [31/Mar/2009:10:54:01 -0400] "POST /rater/create/comment_rating/28529 HTTP/1.1" 200 174 "http://www.nikonthenumbers.com/topics/show/124" "Mozilla/5.0 (Macintosh; U; Intel Mac OS X; en) AppleWebKit/523.12.2 (KHTML, like Gecko) Version/3.0.4 Safari/523.12.2"
142.165.208.187 - - [31/Mar/2009:10:54:22 -0400] "POST /rater/create/comment_rating/28486 HTTP/1.1" 200 174 "http://www.nikonthenumbers.com/topics/show/124" "Mozilla/5.0 (Macintosh; U; Intel Mac OS X; en) AppleWebKit/523.12.2 (KHTML, like Gecko) Version/3.0.4 Safari/523.12.2"
142.165.208.187 - - [31/Mar/2009:10:54:24 -0400] "POST /talk/mark/28524 HTTP/1.1" 201 1 "http://www.nikonthenumbers.com/topics/show/124" "Mozilla/5.0 (Macintosh; U; Intel Mac OS X; en) AppleWebKit/523.12.2 (KHTML, like Gecko) Version/3.0.4 Safari/523.12.2"
89.151.110.152 - - [31/Mar/2009:10:54:52 -0400] "GET / HTTP/1.0" 200 24896 "-" "Pingdom.com_bot_version_1.4_(http://www.pingdom.com/)"
142.165.208.187 - - [31/Mar/2009:10:55:24 -0400] "POST /rater/create/comment_rating/28524 HTTP/1.1" 200 165 "http://www.nikonthenumbers.com/topics/show/124" "Mozilla/5.0 (Macintosh; U; Intel Mac OS X; en) AppleWebKit/523.12.2 (KHTML, like Gecko) Version/3.0.4 Safari/523.12.2"
142.165.208.187 - - [31/Mar/2009:10:55:29 -0400] "GET / HTTP/1.1" 200 24896 "-" "Mozilla/5.0 (Macintosh; U; Intel Mac OS X; en) AppleWebKit/523.12.2 (KHTML, like Gecko) Version/3.0.4 Safari/523.12.2"
208.124.156.82 - - [31/Mar/2009:10:55:41 -0400] "GET /rss HTTP/1.1" 200 100138 "-" "Mozilla/4.0 (compatible; MSIE 7.0; Windows NT 6.0; SLCC1; .NET CLR 2.0.50727; .NET CLR 3.5.30729; .NET CLR 3.0.30618; MSOffice 12)"
209.62.54.130 - - [31/Mar/2009:10:55:52 -0400] "GET / HTTP/1.0" 200 24896 "-" "Pingdom.com_bot_version_1.4_(http://www.pingdom.com/)"
68.144.161.200 - - [31/Mar/2009:10:56:11 -0400] "GET /rss HTTP/1.1" 200 100138 "-" "Windows-RSS-Platform/2.0 (MSIE 8.0; Windows NT 5.1)"
208.87.54.177 - - [31/Mar/2009:10:56:14 -0400] "GET /rss HTTP/1.1" 200 100138 "-" "Mozilla/5.0 (Windows; U; Windows NT 5.1; en-US; rv:1.8.1.21) Gecko/20090302 Thunderbird/2.0.0.21"
208.124.192.74 - - [31/Mar/2009:10:56:35 -0400] "GET /rss HTTP/1.1" 200 100138 "-" "Mozilla/5.0 (Windows; U; Windows NT 5.1; en-US; rv:1.9.0.8) Gecko/2009032609 Firefox/3.0.8"
64.34.195.145 - - [31/Mar/2009:10:56:37 -0400] "GET /rss HTTP/1.1" 200 99686 "-" "Mozilla/5.0 (X11; U; Linux i686; en-US; rv:1.2.1; aggregator:Spinn3r (Spinn3r 3.0); http://spinn3r.com/robot) Gecko/20021130"
83.140.19.38 - - [31/Mar/2009:10:56:42 -0400] "GET / HTTP/1.0" 200 24896 "-" "Pingdom.com_bot_version_1.4_(http://www.pingdom.com/)"
72.51.41.47 - - [31/Mar/2009:10:56:52 -0400] "GET / HTTP/1.0" 200 24896 "-" "Pingdom.com_bot_version_1.4_(http://www.pingdom.com/)"
72.30.65.34 - - [31/Mar/2009:10:56:40 -0400] "GET /topics/show/115/21725 HTTP/1.0" 200 1173143 "-" "Mozilla/5.0 (compatible; Yahoo! Slurp/3.0; http://help.yahoo.com/help/us/ysearch/slurp)"
205.205.91.66 - - [31/Mar/2009:10:57:20 -0400] "GET /rss HTTP/1.1" 200 100138 "-" "Mozilla/4.0 (compatible; MSIE 7.0; Windows NT 5.1; GTB5; .NET CLR 1.1.4322; .NET CLR 2.0.50727; InfoPath.2; Alexa Toolbar; MS-RTC LM 8; MSOffice 12)"
212.247.189.113 - - [31/Mar/2009:10:57:52 -0400] "GET / HTTP/1.0" 200 24896 "-" "Pingdom.com_bot_version_1.4_(http://www.pingdom.com/)"
99.240.94.33 - - [31/Mar/2009:10:58:41 -0400] "GET /rss HTTP/1.1" 200 100138 "-" "Vienna/2.3.0.2301"
207.97.207.200 - - [31/Mar/2009:10:58:51 -0400] "GET / HTTP/1.0" 200 24896 "-" "Pingdom.com_bot_version_1.4_(http://www.pingdom.com/)"
66.216.119.49 - - [31/Mar/2009:10:59:08 -0400] "GET /topics/show/120 HTTP/1.0" 200 198121 "-" "-"
67.192.120.134 - - [31/Mar/2009:10:59:50 -0400] "GET / HTTP/1.0" 200 24896 "-" "Pingdom.com_bot_version_1.4_(http://www.pingdom.com/)"
70.30.24.162 - - [31/Mar/2009:11:00:01 -0400] "GET /rss HTTP/1.1" 200 100138 "-" "Windows-RSS-Platform/1.0 (MSIE 7.0; Windows NT 5.1)"
205.194.127.36 - - [31/Mar/2009:11:00:18 -0400] "GET /rss HTTP/1.0" 200 100138 "-" "BlackBerry8310/4.2.2 Profile/MIDP-2.0 Configuration/CLDC-1.1 VendorID/107"
24.224.138.136 - - [31/Mar/2009:11:00:20 -0400] "GET /rss HTTP/1.1" 200 100138 "-" "Mozilla/5.0 (compatible; Google Desktop)"
78.136.27.223 - - [31/Mar/2009:11:00:54 -0400] "GET / HTTP/1.0" 200 24896 "-" "Pingdom.com_bot_version_1.4_(http://www.pingdom.com/)"
67.205.112.79 - - [31/Mar/2009:11:01:51 -0400] "GET / HTTP/1.0" 200 24896 "-" "Pingdom.com_bot_version_1.4_(http://www.pingdom.com/)"
24.150.204.117 - - [31/Mar/2009:11:02:28 -0400] "GET /rss HTTP/1.1" 200 100138 "-" "Mozilla/5.0 (Windows; U; Windows NT 6.0; en-GB; rv:1.9.0.8) Gecko/2009032609 Firefox/3.0.8 (.NET CLR 3.5.30729)"
96.49.199.11 - - [31/Mar/2009:11:02:47 -0400] "GET /rss HTTP/1.1" 200 99686 "-" "Mozilla/5.0 (Windows; U; Windows NT 5.1; en-US; rv:1.9.0.8) Gecko/2009032609 Firefox/3.0.8"
174.133.253.162 - - [31/Mar/2009:11:02:52 -0400] "GET / HTTP/1.0" 200 24896 "-" "Pingdom.com_bot_version_1.4_(http://www.pingdom.com/)"
64.34.195.156 - - [31/Mar/2009:11:02:56 -0400] "GET / HTTP/1.1" 200 24732 "-" "Mozilla/5.0 (X11; U; Linux i686; en-US; rv:1.2.1; aggregator:Spinn3r (Spinn3r 3.0); http://spinn3r.com/robot) Gecko/20021130"
66.249.73.230 - - [31/Mar/2009:11:03:07 -0400] "GET /topics/show/73/8080 HTTP/1.1" 200 109824 "-" "Mozilla/5.0 (compatible; Googlebot/2.1; +http://www.google.com/bot.html)"
75.154.76.172 - - [31/Mar/2009:11:03:10 -0400] "GET /rss HTTP/1.1" 200 100138 "-" "Windows-RSS-Platform/1.0 (MSIE 7.0; Windows NT 6.0)"
208.124.156.82 - - [31/Mar/2009:11:03:28 -0400] "GET /rss HTTP/1.1" 200 100138 "-" "Mozilla/4.0 (compatible; MSIE 7.0; Windows NT 6.0; SLCC1; .NET CLR 2.0.50727; .NET CLR 3.5.30729; .NET CLR 3.0.30618; MSOffice 12)"
208.124.156.82 - - [31/Mar/2009:11:04:51 -0400] "GET /rss HTTP/1.1" 200 100138 "-" "Mozilla/4.0 (compatible; MSIE 7.0; Windows NT 6.0; SLCC1; .NET CLR 2.0.50727; .NET CLR 3.5.30729; .NET CLR 3.0.30618; MSOffice 12)"
89.151.110.152 - - [31/Mar/2009:11:04:52 -0400] "GET / HTTP/1.0" 200 24896 "-" "Pingdom.com_bot_version_1.4_(http://www.pingdom.com/)"
67.195.37.93 - - [31/Mar/2009:11:05:29 -0400] "GET /account/remind_password HTTP/1.0" 200 12843 "-" "Mozilla/5.0 (compatible; Yahoo! Slurp; http://help.yahoo.com/help/us/ysearch/slurp)"
209.62.54.130 - - [31/Mar/2009:11:05:51 -0400] "GET / HTTP/1.0" 200 24896 "-" "Pingdom.com_bot_version_1.4_(http://www.pingdom.com/)"
61.135.168.39 - - [31/Mar/2009:11:05:53 -0400] "GET / HTTP/1.1" 200 15640 "-" "Baiduspider+(+http://www.baidu.com/search/spider.htm)"
208.87.54.177 - - [31/Mar/2009:11:06:15 -0400] "GET /rss HTTP/1.1" 200 100138 "-" "Mozilla/5.0 (Windows; U; Windows NT 5.1; en-US; rv:1.8.1.21) Gecko/20090302 Thunderbird/2.0.0.21"
72.51.41.47 - - [31/Mar/2009:11:06:52 -0400] "GET / HTTP/1.0" 200 24896 "-" "Pingdom.com_bot_version_1.4_(http://www.pingdom.com/)"
205.205.91.66 - - [31/Mar/2009:11:07:39 -0400] "GET /rss HTTP/1.1" 200 100138 "-" "Mozilla/4.0 (compatible; MSIE 7.0; Windows NT 5.1; GTB5; .NET CLR 1.1.4322; .NET CLR 2.0.50727; InfoPath.2; Alexa Toolbar; MS-RTC LM 8; MSOffice 12)"
212.247.189.113 - - [31/Mar/2009:11:07:51 -0400] "GET / HTTP/1.0" 200 24896 "-" "Pingdom.com_bot_version_1.4_(http://www.pingdom.com/)"
72.30.65.34 - - [31/Mar/2009:11:08:12 -0400] "GET /topics/show/22/816 HTTP/1.0" 200 144320 "-" "Mozilla/5.0 (compatible; Yahoo! Slurp/3.0; http://help.yahoo.com/help/us/ysearch/slurp)"
66.235.116.128 - - [31/Mar/2009:11:08:17 -0400] "GET /rss HTTP/1.1" 200 100138 "-" "Bloglines/3.1 (http://www.bloglines.com; 11 subscribers)"
207.97.207.200 - - [31/Mar/2009:11:08:52 -0400] "GET / HTTP/1.0" 200 24896 "-" "Pingdom.com_bot_version_1.4_(http://www.pingdom.com/)"
24.137.117.37 - - [31/Mar/2009:11:09:18 -0400] "GET /stylesheets/base_1221113035.css HTTP/1.1" 304 - "http://www.nikonthenumbers.com/" "Mozilla/4.0 (compatible; MSIE 7.0; Windows NT 5.1; GTB5; .NET CLR 1.1.4322; .NET CLR 2.0.50727; OfficeLiveConnector.1.3; OfficeLivePatch.0.0)"
24.137.117.37 - - [31/Mar/2009:11:09:17 -0400] "GET / HTTP/1.1" 200 24896 "-" "Mozilla/4.0 (compatible; MSIE 7.0; Windows NT 5.1; GTB5; .NET CLR 1.1.4322; .NET CLR 2.0.50727; OfficeLiveConnector.1.3; OfficeLivePatch.0.0)"
24.137.117.37 - - [31/Mar/2009:11:09:18 -0400] "GET /javascripts/base_1221113035.js HTTP/1.1" 304 - "http://www.nikonthenumbers.com/" "Mozilla/4.0 (compatible; MSIE 7.0; Windows NT 5.1; GTB5; .NET CLR 1.1.4322; .NET CLR 2.0.50727; OfficeLiveConnector.1.3; OfficeLivePatch.0.0)"
