99.241.122.210 - - [31/Mar/2009:17:31:59 -0400] "GET /images/RULE-FADE.jpg HTTP/1.1" 304 - "http://www.nikonthenumbers.com/topics/show/124" "Mozilla/4.0 (compatible; MSIE 7.0; Windows NT 6.0; SLCC1; .NET CLR 2.0.50727; Media Center PC 5.0; .NET CLR 3.0.04506; InfoPath.1)"
99.241.122.210 - - [31/Mar/2009:17:31:59 -0400] "GET /fixit.js HTTP/1.1" 304 - "http://www.nikonthenumbers.com/topics/show/124" "Mozilla/4.0 (compatible; MSIE 7.0; Windows NT 6.0; SLCC1; .NET CLR 2.0.50727; Media Center PC 5.0; .NET CLR 3.0.04506; InfoPath.1)"
99.241.122.210 - - [31/Mar/2009:17:31:59 -0400] "GET /images/polling_results.jpg?1221113035 HTTP/1.1" 304 - "http://www.nikonthenumbers.com/topics/show/124" "Mozilla/4.0 (compatible; MSIE 7.0; Windows NT 6.0; SLCC1; .NET CLR 2.0.50727; Media Center PC 5.0; .NET CLR 3.0.04506; InfoPath.1)"
99.241.122.210 - - [31/Mar/2009:17:31:59 -0400] "GET /images/safe_subscribe_logo.gif HTTP/1.1" 304 - "http://www.nikonthenumbers.com/topics/show/124" "Mozilla/4.0 (compatible; MSIE 7.0; Windows NT 6.0; SLCC1; .NET CLR 2.0.50727; Media Center PC 5.0; .NET CLR 3.0.04506; InfoPath.1)"
99.241.122.210 - - [31/Mar/2009:17:32:00 -0400] "GET /images/comment_bw.png HTTP/1.1" 304 - "http://www.nikonthenumbers.com/topics/show/124" "Mozilla/4.0 (compatible; MSIE 7.0; Windows NT 6.0; SLCC1; .NET CLR 2.0.50727; Media Center PC 5.0; .NET CLR 3.0.04506; InfoPath.1)"
99.241.122.210 - - [31/Mar/2009:17:32:00 -0400] "GET /images/cancel.png HTTP/1.1" 304 - "http://www.nikonthenumbers.com/topics/show/124" "Mozilla/4.0 (compatible; MSIE 7.0; Windows NT 6.0; SLCC1; .NET CLR 2.0.50727; Media Center PC 5.0; .NET CLR 3.0.04506; InfoPath.1)"
64.231.213.213 - - [31/Mar/2009:17:32:28 -0400] "GET / HTTP/1.1" 200 19883 "http://nikonthenumbers.com/topics/show/124/28426" "Mozilla/5.0 (Windows; U; Windows NT 5.1; en-US; rv:1.9.0.8) Gecko/2009032609 Firefox/3.0.8"
66.249.71.138 - - [31/Mar/2009:17:32:29 -0400] "GET /topics/show/42/2206 HTTP/1.1" 200 90825 "-" "Mozilla/5.0 (compatible; Googlebot/2.1; +http://www.google.com/bot.html)"
67.195.37.93 - - [31/Mar/2009:17:32:29 -0400] "GET /topics/show/115/21716 HTTP/1.0" 200 671638 "-" "Mozilla/5.0 (compatible; Yahoo! Slurp; http://help.yahoo.com/help/us/ysearch/slurp)"
174.133.253.162 - - [31/Mar/2009:17:32:51 -0400] "GET / HTTP/1.0" 200 24895 "-" "Pingdom.com_bot_version_1.4_(http://www.pingdom.com/)"
66.235.116.128 - - [31/Mar/2009:17:33:13 -0400] "GET /rss HTTP/1.1" 200 100138 "-" "Bloglines/3.1 (http://www.bloglines.com; 11 subscribers)"
64.231.213.213 - - [31/Mar/2009:17:33:18 -0400] "GET /topics/show/124/28426 HTTP/1.1" 200 188028 "http://nikonthenumbers.com/" "Mozilla/5.0 (Windows; U; Windows NT 5.1; en-US; rv:1.9.0.8) Gecko/2009032609 Firefox/3.0.8"
64.231.213.213 - - [31/Mar/2009:17:33:25 -0400] "POST /talk/mark/28542 HTTP/1.1" 201 1 "http://nikonthenumbers.com/topics/show/124/28426" "Mozilla/5.0 (Windows; U; Windows NT 5.1; en-US; rv:1.9.0.8) Gecko/2009032609 Firefox/3.0.8"
67.195.37.93 - - [31/Mar/2009:17:33:40 -0400] "GET /topics/show/120/25837 HTTP/1.0" 200 205909 "-" "Mozilla/5.0 (compatible; Yahoo! Slurp; http://help.yahoo.com/help/us/ysearch/slurp)"
89.151.110.152 - - [31/Mar/2009:17:34:52 -0400] "GET / HTTP/1.0" 200 24895 "-" "Pingdom.com_bot_version_1.4_(http://www.pingdom.com/)"
142.166.3.122 - - [31/Mar/2009:17:35:10 -0400] "GET /robots.txt HTTP/1.1" 200 161 "-" "R6_FeedFetcher(www.radian6.com/crawler)"
142.166.3.122 - - [31/Mar/2009:17:35:10 -0400] "GET /topics/show/124 HTTP/1.1" 200 149673 "-" "R6_CommentReader(www.radian6.com/crawler)"
66.249.71.138 - - [31/Mar/2009:17:35:48 -0400] "GET /profile/510250 HTTP/1.1" 200 14633 "-" "Mozilla/5.0 (compatible; Googlebot/2.1; +http://www.google.com/bot.html)"
209.62.54.130 - - [31/Mar/2009:17:35:52 -0400] "GET / HTTP/1.0" 200 24895 "-" "Pingdom.com_bot_version_1.4_(http://www.pingdom.com/)"
207.245.21.152 - - [31/Mar/2009:17:36:26 -0400] "GET /rss HTTP/1.1" 200 100138 "-" "Mozilla/4.0 (compatible; MSIE 7.0; Windows NT 5.1; InfoPath.2; MSOffice 12)"
65.95.3.179 - - [31/Mar/2009:17:36:28 -0400] "GET / HTTP/1.1" 200 24895 "http://apps.facebook.com/blognetworks/blog/nik_on_the_numbers_nanos_research/" "Mozilla/4.0 (compatible; MSIE 7.0; Windows NT 6.0; Trident/4.0; SLCC1; .NET CLR 2.0.50727; Media Center PC 5.0; .NET CLR 3.5.30729; .NET CLR 3.0.30618; MSN Optimized;ENCA)"
65.95.3.179 - - [31/Mar/2009:17:36:32 -0400] "GET /stylesheets/base_1221113035.css HTTP/1.1" 200 14188 "http://www.nikonthenumbers.com/" "Mozilla/4.0 (compatible; MSIE 7.0; Windows NT 6.0; Trident/4.0; SLCC1; .NET CLR 2.0.50727; Media Center PC 5.0; .NET CLR 3.5.30729; .NET CLR 3.0.30618; MSN Optimized;ENCA)"
65.95.3.179 - - [31/Mar/2009:17:36:33 -0400] "GET /fixit.js HTTP/1.1" 200 153 "http://www.nikonthenumbers.com/" "Mozilla/4.0 (compatible; MSIE 7.0; Windows NT 6.0; Trident/4.0; SLCC1; .NET CLR 2.0.50727; Media Center PC 5.0; .NET CLR 3.5.30729; .NET CLR 3.0.30618; MSN Optimized;ENCA)"
65.95.3.179 - - [31/Mar/2009:17:36:32 -0400] "GET /javascripts/base_1221113035.js HTTP/1.1" 200 96039 "http://www.nikonthenumbers.com/" "Mozilla/4.0 (compatible; MSIE 7.0; Windows NT 6.0; Trident/4.0; SLCC1; .NET CLR 2.0.50727; Media Center PC 5.0; .NET CLR 3.5.30729; .NET CLR 3.0.30618; MSN Optimized;ENCA)"
65.95.3.179 - - [31/Mar/2009:17:36:33 -0400] "GET /images/TOP_01.jpg HTTP/1.1" 200 12839 "http://www.nikonthenumbers.com/" "Mozilla/4.0 (compatible; MSIE 7.0; Windows NT 6.0; Trident/4.0; SLCC1; .NET CLR 2.0.50727; Media Center PC 5.0; .NET CLR 3.5.30729; .NET CLR 3.0.30618; MSN Optimized;ENCA)"
65.95.3.179 - - [31/Mar/2009:17:36:33 -0400] "GET /images/feed-icon-14x14.png HTTP/1.1" 200 689 "http://www.nikonthenumbers.com/" "Mozilla/4.0 (compatible; MSIE 7.0; Windows NT 6.0; Trident/4.0; SLCC1; .NET CLR 2.0.50727; Media Center PC 5.0; .NET CLR 3.5.30729; .NET CLR 3.0.30618; MSN Optimized;ENCA)"
65.95.3.179 - - [31/Mar/2009:17:36:33 -0400] "GET /images/Ses-Townhall-AD-FED-20080911.swf HTTP/1.1" 200 17188 "http://www.nikonthenumbers.com/" "Mozilla/4.0 (compatible; MSIE 7.0; Windows NT 6.0; Trident/4.0; SLCC1; .NET CLR 2.0.50727; Media Center PC 5.0; .NET CLR 3.5.30729; .NET CLR 3.0.30618; MSN Optimized;ENCA)"
65.95.3.179 - - [31/Mar/2009:17:36:33 -0400] "GET /images/TOP_02.jpg HTTP/1.1" 200 14856 "http://www.nikonthenumbers.com/" "Mozilla/4.0 (compatible; MSIE 7.0; Windows NT 6.0; Trident/4.0; SLCC1; .NET CLR 2.0.50727; Media Center PC 5.0; .NET CLR 3.5.30729; .NET CLR 3.0.30618; MSN Optimized;ENCA)"
65.95.3.179 - - [31/Mar/2009:17:36:33 -0400] "GET /images/TOP_03.jpg HTTP/1.1" 200 15516 "http://www.nikonthenumbers.com/" "Mozilla/4.0 (compatible; MSIE 7.0; Windows NT 6.0; Trident/4.0; SLCC1; .NET CLR 2.0.50727; Media Center PC 5.0; .NET CLR 3.5.30729; .NET CLR 3.0.30618; MSN Optimized;ENCA)"
65.95.3.179 - - [31/Mar/2009:17:36:33 -0400] "GET /images/Ses-Townhall-AD-FED-20080911.swf HTTP/1.1" 200 17188 "http://www.nikonthenumbers.com/" "Mozilla/4.0 (compatible; MSIE 7.0; Windows NT 6.0; Trident/4.0; SLCC1; .NET CLR 2.0.50727; Media Center PC 5.0; .NET CLR 3.5.30729; .NET CLR 3.0.30618; MSN Optimized;ENCA)"
65.95.3.179 - - [31/Mar/2009:17:36:33 -0400] "GET /images/BOX-BACK.jpg HTTP/1.1" 200 1025 "http://www.nikonthenumbers.com/" "Mozilla/4.0 (compatible; MSIE 7.0; Windows NT 6.0; Trident/4.0; SLCC1; .NET CLR 2.0.50727; Media Center PC 5.0; .NET CLR 3.5.30729; .NET CLR 3.0.30618; MSN Optimized;ENCA)"
65.95.3.179 - - [31/Mar/2009:17:36:33 -0400] "GET /images/polling_results.jpg?1221113035 HTTP/1.1" 200 5021 "http://www.nikonthenumbers.com/" "Mozilla/4.0 (compatible; MSIE 7.0; Windows NT 6.0; Trident/4.0; SLCC1; .NET CLR 2.0.50727; Media Center PC 5.0; .NET CLR 3.5.30729; .NET CLR 3.0.30618; MSN Optimized;ENCA)"
65.95.3.179 - - [31/Mar/2009:17:36:33 -0400] "GET /images/red-band.gif HTTP/1.1" 200 4358 "http://www.nikonthenumbers.com/" "Mozilla/4.0 (compatible; MSIE 7.0; Windows NT 6.0; Trident/4.0; SLCC1; .NET CLR 2.0.50727; Media Center PC 5.0; .NET CLR 3.5.30729; .NET CLR 3.0.30618; MSN Optimized;ENCA)"
65.95.3.179 - - [31/Mar/2009:17:36:34 -0400] "GET /images/comment_bw.png HTTP/1.1" 200 384 "http://www.nikonthenumbers.com/" "Mozilla/4.0 (compatible; MSIE 7.0; Windows NT 6.0; Trident/4.0; SLCC1; .NET CLR 2.0.50727; Media Center PC 5.0; .NET CLR 3.5.30729; .NET CLR 3.0.30618; MSN Optimized;ENCA)"
65.95.3.179 - - [31/Mar/2009:17:36:34 -0400] "GET /images/cancel.png HTTP/1.1" 200 853 "http://www.nikonthenumbers.com/" "Mozilla/4.0 (compatible; MSIE 7.0; Windows NT 6.0; Trident/4.0; SLCC1; .NET CLR 2.0.50727; Media Center PC 5.0; .NET CLR 3.5.30729; .NET CLR 3.0.30618; MSN Optimized;ENCA)"
65.95.3.179 - - [31/Mar/2009:17:36:34 -0400] "GET /images/RULE-FADE.jpg HTTP/1.1" 200 448 "http://www.nikonthenumbers.com/" "Mozilla/4.0 (compatible; MSIE 7.0; Windows NT 6.0; Trident/4.0; SLCC1; .NET CLR 2.0.50727; Media Center PC 5.0; .NET CLR 3.5.30729; .NET CLR 3.0.30618; MSN Optimized;ENCA)"
65.95.3.179 - - [31/Mar/2009:17:36:35 -0400] "GET /images/page-bg.gif HTTP/1.1" 200 1487 "http://www.nikonthenumbers.com/" "Mozilla/4.0 (compatible; MSIE 7.0; Windows NT 6.0; Trident/4.0; SLCC1; .NET CLR 2.0.50727; Media Center PC 5.0; .NET CLR 3.5.30729; .NET CLR 3.0.30618; MSN Optimized;ENCA)"
65.95.3.179 - - [31/Mar/2009:17:36:35 -0400] "GET /images/TOP_06.jpg HTTP/1.1" 200 2158 "http://www.nikonthenumbers.com/" "Mozilla/4.0 (compatible; MSIE 7.0; Windows NT 6.0; Trident/4.0; SLCC1; .NET CLR 2.0.50727; Media Center PC 5.0; .NET CLR 3.5.30729; .NET CLR 3.0.30618; MSN Optimized;ENCA)"
65.95.3.179 - - [31/Mar/2009:17:36:35 -0400] "GET /images/bottom-with-shaddow.gif HTTP/1.1" 200 9790 "http://www.nikonthenumbers.com/" "Mozilla/4.0 (compatible; MSIE 7.0; Windows NT 6.0; Trident/4.0; SLCC1; .NET CLR 2.0.50727; Media Center PC 5.0; .NET CLR 3.5.30729; .NET CLR 3.0.30618; MSN Optimized;ENCA)"
65.95.3.179 - - [31/Mar/2009:17:36:35 -0400] "GET /images/safe_subscribe_logo.gif HTTP/1.1" 200 457 "http://www.nikonthenumbers.com/" "Mozilla/4.0 (compatible; MSIE 7.0; Windows NT 6.0; Trident/4.0; SLCC1; .NET CLR 2.0.50727; Media Center PC 5.0; .NET CLR 3.5.30729; .NET CLR 3.0.30618; MSN Optimized;ENCA)"
65.95.3.179 - - [31/Mar/2009:17:36:36 -0400] "GET /favicon.ico HTTP/1.1" 200 894 "-" "Mozilla/4.0 (compatible; MSIE 8.0; Windows NT 6.0; Trident/4.0; SLCC1; .NET CLR 2.0.50727; Media Center PC 5.0; .NET CLR 3.5.30729; .NET CLR 3.0.30618; MSN Optimized;ENCA)"
83.140.19.38 - - [31/Mar/2009:17:36:38 -0400] "GET / HTTP/1.0" 200 24895 "-" "Pingdom.com_bot_version_1.4_(http://www.pingdom.com/)"
65.95.3.179 - - [31/Mar/2009:17:36:41 -0400] "GET / HTTP/1.1" 200 24895 "http://www.nikonthenumbers.com/" "Mozilla/4.0 (compatible; MSIE 7.0; Windows NT 6.0; Trident/4.0; SLCC1; .NET CLR 2.0.50727; Media Center PC 5.0; .NET CLR 3.5.30729; .NET CLR 3.0.30618; MSN Optimized;ENCA)"
72.51.41.47 - - [31/Mar/2009:17:36:52 -0400] "GET / HTTP/1.0" 200 24895 "-" "Pingdom.com_bot_version_1.4_(http://www.pingdom.com/)"
136.159.237.198 - - [31/Mar/2009:17:37:27 -0400] "GET /rss HTTP/1.1" 200 100138 "-" "Mozilla/5.0 (Macintosh; U; PPC Mac OS X 10.5; en-GB; rv:1.9.0.8) Gecko/2009032608 Firefox/3.0.8"
66.249.71.138 - - [31/Mar/2009:17:37:28 -0400] "GET /topics/show/41/2091 HTTP/1.1" 200 168098 "-" "Mozilla/5.0 (compatible; Googlebot/2.1; +http://www.google.com/bot.html)"
206.248.133.55 - - [31/Mar/2009:17:37:33 -0400] "GET / HTTP/1.1" 200 24895 "http://www.dslreports.com/forum/r22157825-CRTC-opens-online-consultation-on-throttling~start=20" "Mozilla/5.0 (Windows; U; Windows NT 6.1; en-US; rv:1.9.0.8) Gecko/2009032609 Firefox/3.0.8"
206.248.133.55 - - [31/Mar/2009:17:37:34 -0400] "GET /stylesheets/base_1221113035.css HTTP/1.1" 200 14188 "http://www.nikonthenumbers.com/" "Mozilla/5.0 (Windows; U; Windows NT 6.1; en-US; rv:1.9.0.8) Gecko/2009032609 Firefox/3.0.8"
206.248.133.55 - - [31/Mar/2009:17:37:34 -0400] "GET /javascripts/base_1221113035.js HTTP/1.1" 200 96039 "http://www.nikonthenumbers.com/" "Mozilla/5.0 (Windows; U; Windows NT 6.1; en-US; rv:1.9.0.8) Gecko/2009032609 Firefox/3.0.8"
206.248.133.55 - - [31/Mar/2009:17:37:34 -0400] "GET /favicon.ico HTTP/1.1" 200 894 "-" "Mozilla/5.0 (Windows; U; Windows NT 6.1; en-US; rv:1.9.0.8) Gecko/2009032609 Firefox/3.0.8"
206.248.133.55 - - [31/Mar/2009:17:37:34 -0400] "GET /images/TOP_02.jpg HTTP/1.1" 200 14856 "http://www.nikonthenumbers.com/" "Mozilla/5.0 (Windows; U; Windows NT 6.1; en-US; rv:1.9.0.8) Gecko/2009032609 Firefox/3.0.8"
206.248.133.55 - - [31/Mar/2009:17:37:34 -0400] "GET /images/TOP_01.jpg HTTP/1.1" 200 12839 "http://www.nikonthenumbers.com/" "Mozilla/5.0 (Windows; U; Windows NT 6.1; en-US; rv:1.9.0.8) Gecko/2009032609 Firefox/3.0.8"
206.248.133.55 - - [31/Mar/2009:17:37:34 -0400] "GET /fixit.js HTTP/1.1" 200 153 "http://www.nikonthenumbers.com/" "Mozilla/5.0 (Windows; U; Windows NT 6.1; en-US; rv:1.9.0.8) Gecko/2009032609 Firefox/3.0.8"
206.248.133.55 - - [31/Mar/2009:17:37:34 -0400] "GET /images/page-bg.gif HTTP/1.1" 200 1487 "http://www.nikonthenumbers.com/stylesheets/base_1221113035.css" "Mozilla/5.0 (Windows; U; Windows NT 6.1; en-US; rv:1.9.0.8) Gecko/2009032609 Firefox/3.0.8"
206.248.133.55 - - [31/Mar/2009:17:37:35 -0400] "GET /images/feed-icon-14x14.png HTTP/1.1" 200 689 "http://www.nikonthenumbers.com/" "Mozilla/5.0 (Windows; U; Windows NT 6.1; en-US; rv:1.9.0.8) Gecko/2009032609 Firefox/3.0.8"
206.248.133.55 - - [31/Mar/2009:17:37:35 -0400] "GET /images/RULE-FADE.jpg HTTP/1.1" 200 448 "http://www.nikonthenumbers.com/" "Mozilla/5.0 (Windows; U; Windows NT 6.1; en-US; rv:1.9.0.8) Gecko/2009032609 Firefox/3.0.8"
206.248.133.55 - - [31/Mar/2009:17:37:35 -0400] "GET /images/TOP_06.jpg HTTP/1.1" 200 2158 "http://www.nikonthenumbers.com/stylesheets/base_1221113035.css" "Mozilla/5.0 (Windows; U; Windows NT 6.1; en-US; rv:1.9.0.8) Gecko/2009032609 Firefox/3.0.8"
206.248.133.55 - - [31/Mar/2009:17:37:35 -0400] "GET /images/red-band.gif HTTP/1.1" 200 4358 "http://www.nikonthenumbers.com/stylesheets/base_1221113035.css" "Mozilla/5.0 (Windows; U; Windows NT 6.1; en-US; rv:1.9.0.8) Gecko/2009032609 Firefox/3.0.8"
206.248.133.55 - - [31/Mar/2009:17:37:35 -0400] "GET /images/bottom-with-shaddow.gif HTTP/1.1" 200 9790 "http://www.nikonthenumbers.com/stylesheets/base_1221113035.css" "Mozilla/5.0 (Windows; U; Windows NT 6.1; en-US; rv:1.9.0.8) Gecko/2009032609 Firefox/3.0.8"
206.248.133.55 - - [31/Mar/2009:17:37:34 -0400] "GET /images/TOP_03.jpg HTTP/1.1" 200 15516 "http://www.nikonthenumbers.com/" "Mozilla/5.0 (Windows; U; Windows NT 6.1; en-US; rv:1.9.0.8) Gecko/2009032609 Firefox/3.0.8"
206.248.133.55 - - [31/Mar/2009:17:37:35 -0400] "GET /images/BOX-BACK.jpg HTTP/1.1" 200 1025 "http://www.nikonthenumbers.com/stylesheets/base_1221113035.css" "Mozilla/5.0 (Windows; U; Windows NT 6.1; en-US; rv:1.9.0.8) Gecko/2009032609 Firefox/3.0.8"
206.248.133.55 - - [31/Mar/2009:17:37:35 -0400] "GET /images/comment_bw.png HTTP/1.1" 200 384 "http://www.nikonthenumbers.com/stylesheets/base_1221113035.css" "Mozilla/5.0 (Windows; U; Windows NT 6.1; en-US; rv:1.9.0.8) Gecko/2009032609 Firefox/3.0.8"
206.248.133.55 - - [31/Mar/2009:17:37:35 -0400] "GET /images/Ses-Townhall-AD-FED-20080911.swf HTTP/1.1" 200 17188 "http://www.nikonthenumbers.com/" "Mozilla/5.0 (Windows; U; Windows NT 6.1; en-US; rv:1.9.0.8) Gecko/2009032609 Firefox/3.0.8"
206.248.133.55 - - [31/Mar/2009:17:37:35 -0400] "GET /images/polling_results.jpg?1221113035 HTTP/1.1" 200 5021 "http://www.nikonthenumbers.com/" "Mozilla/5.0 (Windows; U; Windows NT 6.1; en-US; rv:1.9.0.8) Gecko/2009032609 Firefox/3.0.8"
206.248.133.55 - - [31/Mar/2009:17:37:35 -0400] "GET /images/safe_subscribe_logo.gif HTTP/1.1" 200 457 "http://www.nikonthenumbers.com/" "Mozilla/5.0 (Windows; U; Windows NT 6.1; en-US; rv:1.9.0.8) Gecko/2009032609 Firefox/3.0.8"
64.34.195.156 - - [31/Mar/2009:17:37:43 -0400] "GET /rss HTTP/1.1" 200 99686 "-" "Mozilla/5.0 (X11; U; Linux i686; en-US; rv:1.2.1; aggregator:Spinn3r (Spinn3r 3.0); http://spinn3r.com/robot) Gecko/20021130"
212.247.189.113 - - [31/Mar/2009:17:37:52 -0400] "GET / HTTP/1.0" 200 24895 "-" "Pingdom.com_bot_version_1.4_(http://www.pingdom.com/)"
68.144.161.200 - - [31/Mar/2009:17:38:25 -0400] "GET /rss HTTP/1.1" 200 100138 "-" "Windows-RSS-Platform/2.0 (MSIE 8.0; Windows NT 5.1)"
142.52.81.11 - - [31/Mar/2009:17:38:26 -0400] "GET /rss HTTP/1.1" 200 100138 "-" "SharpReader/0.9.7.0 (.NET CLR 1.1.4322.573; WinNT 5.1.2600.0)"
65.55.105.131 - - [31/Mar/2009:17:38:41 -0400] "GET /robots.txt HTTP/1.1" 200 161 "-" "msnbot/1.1 (+http://search.msn.com/msnbot.htm)"
208.87.54.177 - - [31/Mar/2009:17:38:51 -0400] "GET /rss HTTP/1.1" 200 100138 "-" "Mozilla/5.0 (Windows; U; Windows NT 5.1; en-US; rv:1.8.1.21) Gecko/20090302 Thunderbird/2.0.0.21"
207.97.207.200 - - [31/Mar/2009:17:38:51 -0400] "GET / HTTP/1.0" 200 24895 "-" "Pingdom.com_bot_version_1.4_(http://www.pingdom.com/)"
66.249.71.138 - - [31/Mar/2009:17:39:08 -0400] "GET /topics/show/107/16970 HTTP/1.1" 200 188481 "-" "Mozilla/5.0 (compatible; Googlebot/2.1; +http://www.google.com/bot.html)"
204.209.81.14 - - [31/Mar/2009:17:39:28 -0400] "GET /rss HTTP/1.0" 200 100138 "-" "Mozilla/5.0 (Windows; U; Windows NT 5.0; en-GB; rv:1.9.0.6) Gecko/2009011913 Firefox/3.0.6"
72.14.199.41 - - [31/Mar/2009:17:39:37 -0400] "GET /rss HTTP/1.1" 200 100138 "-" "Feedfetcher-Google; (+http://www.google.com/feedfetcher.html; 85 subscribers; feed-id=3544419756895700983)"
67.192.120.134 - - [31/Mar/2009:17:39:50 -0400] "GET / HTTP/1.0" 200 24895 "-" "Pingdom.com_bot_version_1.4_(http://www.pingdom.com/)"
70.30.26.11 - - [31/Mar/2009:17:40:14 -0400] "GET /rss HTTP/1.1" 200 100138 "-" "Windows-RSS-Platform/1.0 (MSIE 7.0; Windows NT 5.1)"
66.249.71.138 - - [31/Mar/2009:17:40:47 -0400] "GET /topics/show/115/20774 HTTP/1.1" 200 1221687 "-" "Mozilla/5.0 (compatible; Googlebot/2.1; +http://www.google.com/bot.html)"
99.241.122.210 - - [31/Mar/2009:17:41:31 -0400] "POST /talk/mark/28169 HTTP/1.1" 201 1 "http://www.nikonthenumbers.com/topics/show/124" "Mozilla/4.0 (compatible; MSIE 7.0; Windows NT 6.0; SLCC1; .NET CLR 2.0.50727; Media Center PC 5.0; .NET CLR 3.0.04506; InfoPath.1)"
72.30.65.34 - - [31/Mar/2009:17:41:32 -0400] "GET /topics/show/88/11699 HTTP/1.0" 200 102630 "-" "Mozilla/5.0 (compatible; Yahoo! Slurp/3.0; http://help.yahoo.com/help/us/ysearch/slurp)"
99.241.122.210 - - [31/Mar/2009:17:41:40 -0400] "GET /images/busy.gif HTTP/1.1" 200 2209 "http://www.nikonthenumbers.com/topics/show/124" "Mozilla/4.0 (compatible; MSIE 7.0; Windows NT 6.0; SLCC1; .NET CLR 2.0.50727; Media Center PC 5.0; .NET CLR 3.0.04506; InfoPath.1)"
99.241.122.210 - - [31/Mar/2009:17:41:40 -0400] "POST /topic/124/talk/new?parent_id=28169 HTTP/1.1" 200 1246 "http://www.nikonthenumbers.com/topics/show/124" "Mozilla/4.0 (compatible; MSIE 7.0; Windows NT 6.0; SLCC1; .NET CLR 2.0.50727; Media Center PC 5.0; .NET CLR 3.0.04506; InfoPath.1)"
99.241.122.210 - - [31/Mar/2009:17:41:50 -0400] "POST /topics/show_comments/124/28169 HTTP/1.1" 200 68838 "http://www.nikonthenumbers.com/topics/show/124" "Mozilla/4.0 (compatible; MSIE 7.0; Windows NT 6.0; SLCC1; .NET CLR 2.0.50727; Media Center PC 5.0; .NET CLR 3.0.04506; InfoPath.1)"
67.205.112.79 - - [31/Mar/2009:17:41:51 -0400] "GET / HTTP/1.0" 200 24895 "-" "Pingdom.com_bot_version_1.4_(http://www.pingdom.com/)"
99.241.122.210 - - [31/Mar/2009:17:42:01 -0400] "POST /talk/mark/28174 HTTP/1.1" 201 1 "http://www.nikonthenumbers.com/topics/show/124" "Mozilla/4.0 (compatible; MSIE 7.0; Windows NT 6.0; SLCC1; .NET CLR 2.0.50727; Media Center PC 5.0; .NET CLR 3.0.04506; InfoPath.1)"
99.241.122.210 - - [31/Mar/2009:17:42:08 -0400] "POST /talk/mark/28187 HTTP/1.1" 201 1 "http://www.nikonthenumbers.com/topics/show/124" "Mozilla/4.0 (compatible; MSIE 7.0; Windows NT 6.0; SLCC1; .NET CLR 2.0.50727; Media Center PC 5.0; .NET CLR 3.0.04506; InfoPath.1)"
99.241.122.210 - - [31/Mar/2009:17:42:13 -0400] "POST /talk/mark/28188 HTTP/1.1" 201 1 "http://www.nikonthenumbers.com/topics/show/124" "Mozilla/4.0 (compatible; MSIE 7.0; Windows NT 6.0; SLCC1; .NET CLR 2.0.50727; Media Center PC 5.0; .NET CLR 3.0.04506; InfoPath.1)"
78.136.27.223 - - [31/Mar/2009:17:42:14 -0400] "GET / HTTP/1.0" 200 24895 "-" "Pingdom.com_bot_version_1.4_(http://www.pingdom.com/)"
66.249.71.138 - - [31/Mar/2009:17:42:27 -0400] "GET /topics/show/41/2097 HTTP/1.1" 200 125240 "-" "Mozilla/5.0 (compatible; Googlebot/2.1; +http://www.google.com/bot.html)"
99.241.122.210 - - [31/Mar/2009:17:42:33 -0400] "POST /talk/mark/28205 HTTP/1.1" 201 1 "http://www.nikonthenumbers.com/topics/show/124" "Mozilla/4.0 (compatible; MSIE 7.0; Windows NT 6.0; SLCC1; .NET CLR 2.0.50727; Media Center PC 5.0; .NET CLR 3.0.04506; InfoPath.1)"
174.133.253.162 - - [31/Mar/2009:17:42:51 -0400] "GET / HTTP/1.0" 200 24895 "-" "Pingdom.com_bot_version_1.4_(http://www.pingdom.com/)"
24.137.117.37 - - [31/Mar/2009:17:43:03 -0400] "GET /stylesheets/base_1221113035.css HTTP/1.1" 304 - "http://www.nikonthenumbers.com/" "Mozilla/4.0 (compatible; MSIE 7.0; Windows NT 5.1; GTB5; .NET CLR 1.1.4322; .NET CLR 2.0.50727; OfficeLiveConnector.1.3; OfficeLivePatch.0.0)"
24.137.117.37 - - [31/Mar/2009:17:43:02 -0400] "GET / HTTP/1.1" 200 24895 "-" "Mozilla/4.0 (compatible; MSIE 7.0; Windows NT 5.1; GTB5; .NET CLR 1.1.4322; .NET CLR 2.0.50727; OfficeLiveConnector.1.3; OfficeLivePatch.0.0)"
24.137.117.37 - - [31/Mar/2009:17:43:03 -0400] "GET /javascripts/base_1221113035.js HTTP/1.1" 304 - "http://www.nikonthenumbers.com/" "Mozilla/4.0 (compatible; MSIE 7.0; Windows NT 5.1; GTB5; .NET CLR 1.1.4322; .NET CLR 2.0.50727; OfficeLiveConnector.1.3; OfficeLivePatch.0.0)"
24.137.117.37 - - [31/Mar/2009:17:43:04 -0400] "GET /images/page-bg.gif HTTP/1.1" 304 - "http://www.nikonthenumbers.com/" "Mozilla/4.0 (compatible; MSIE 7.0; Windows NT 5.1; GTB5; .NET CLR 1.1.4322; .NET CLR 2.0.50727; OfficeLiveConnector.1.3; OfficeLivePatch.0.0)"
24.137.117.37 - - [31/Mar/2009:17:43:04 -0400] "GET /images/TOP_01.jpg HTTP/1.1" 304 - "http://www.nikonthenumbers.com/" "Mozilla/4.0 (compatible; MSIE 7.0; Windows NT 5.1; GTB5; .NET CLR 1.1.4322; .NET CLR 2.0.50727; OfficeLiveConnector.1.3; OfficeLivePatch.0.0)"
24.137.117.37 - - [31/Mar/2009:17:43:04 -0400] "GET /images/TOP_02.jpg HTTP/1.1" 304 - "http://www.nikonthenumbers.com/" "Mozilla/4.0 (compatible; MSIE 7.0; Windows NT 5.1; GTB5; .NET CLR 1.1.4322; .NET CLR 2.0.50727; OfficeLiveConnector.1.3; OfficeLivePatch.0.0)"
24.137.117.37 - - [31/Mar/2009:17:43:04 -0400] "GET /images/TOP_03.jpg HTTP/1.1" 304 - "http://www.nikonthenumbers.com/" "Mozilla/4.0 (compatible; MSIE 7.0; Windows NT 5.1; GTB5; .NET CLR 1.1.4322; .NET CLR 2.0.50727; OfficeLiveConnector.1.3; OfficeLivePatch.0.0)"
24.137.117.37 - - [31/Mar/2009:17:43:04 -0400] "GET /images/feed-icon-14x14.png HTTP/1.1" 304 - "http://www.nikonthenumbers.com/" "Mozilla/4.0 (compatible; MSIE 7.0; Windows NT 5.1; GTB5; .NET CLR 1.1.4322; .NET CLR 2.0.50727; OfficeLiveConnector.1.3; OfficeLivePatch.0.0)"
24.137.117.37 - - [31/Mar/2009:17:43:04 -0400] "GET /images/TOP_06.jpg HTTP/1.1" 304 - "http://www.nikonthenumbers.com/" "Mozilla/4.0 (compatible; MSIE 7.0; Windows NT 5.1; GTB5; .NET CLR 1.1.4322; .NET CLR 2.0.50727; OfficeLiveConnector.1.3; OfficeLivePatch.0.0)"
24.137.117.37 - - [31/Mar/2009:17:43:04 -0400] "GET /images/Ses-Townhall-AD-FED-20080911.swf HTTP/1.1" 304 - "http://www.nikonthenumbers.com/" "Mozilla/4.0 (compatible; MSIE 7.0; Windows NT 5.1; GTB5; .NET CLR 1.1.4322; .NET CLR 2.0.50727; OfficeLiveConnector.1.3; OfficeLivePatch.0.0)"
24.137.117.37 - - [31/Mar/2009:17:43:04 -0400] "GET /images/bottom-with-shaddow.gif HTTP/1.1" 304 - "http://www.nikonthenumbers.com/" "Mozilla/4.0 (compatible; MSIE 7.0; Windows NT 5.1; GTB5; .NET CLR 1.1.4322; .NET CLR 2.0.50727; OfficeLiveConnector.1.3; OfficeLivePatch.0.0)"
24.137.117.37 - - [31/Mar/2009:17:43:04 -0400] "GET /images/RULE-FADE.jpg HTTP/1.1" 304 - "http://www.nikonthenumbers.com/" "Mozilla/4.0 (compatible; MSIE 7.0; Windows NT 5.1; GTB5; .NET CLR 1.1.4322; .NET CLR 2.0.50727; OfficeLiveConnector.1.3; OfficeLivePatch.0.0)"
24.137.117.37 - - [31/Mar/2009:17:43:04 -0400] "GET /images/BOX-BACK.jpg HTTP/1.1" 304 - "http://www.nikonthenumbers.com/" "Mozilla/4.0 (compatible; MSIE 7.0; Windows NT 5.1; GTB5; .NET CLR 1.1.4322; .NET CLR 2.0.50727; OfficeLiveConnector.1.3; OfficeLivePatch.0.0)"
24.137.117.37 - - [31/Mar/2009:17:43:04 -0400] "GET /fixit.js HTTP/1.1" 304 - "http://www.nikonthenumbers.com/" "Mozilla/4.0 (compatible; MSIE 7.0; Windows NT 5.1; GTB5; .NET CLR 1.1.4322; .NET CLR 2.0.50727; OfficeLiveConnector.1.3; OfficeLivePatch.0.0)"
24.137.117.37 - - [31/Mar/2009:17:43:04 -0400] "GET /images/red-band.gif HTTP/1.1" 304 - "http://www.nikonthenumbers.com/" "Mozilla/4.0 (compatible; MSIE 7.0; Windows NT 5.1; GTB5; .NET CLR 1.1.4322; .NET CLR 2.0.50727; OfficeLiveConnector.1.3; OfficeLivePatch.0.0)"
24.137.117.37 - - [31/Mar/2009:17:43:04 -0400] "GET /images/polling_results.jpg?1221113035 HTTP/1.1" 304 - "http://www.nikonthenumbers.com/" "Mozilla/4.0 (compatible; MSIE 7.0; Windows NT 5.1; GTB5; .NET CLR 1.1.4322; .NET CLR 2.0.50727; OfficeLiveConnector.1.3; OfficeLivePatch.0.0)"
24.137.117.37 - - [31/Mar/2009:17:43:04 -0400] "GET /images/safe_subscribe_logo.gif HTTP/1.1" 304 - "http://www.nikonthenumbers.com/" "Mozilla/4.0 (compatible; MSIE 7.0; Windows NT 5.1; GTB5; .NET CLR 1.1.4322; .NET CLR 2.0.50727; OfficeLiveConnector.1.3; OfficeLivePatch.0.0)"
24.137.117.37 - - [31/Mar/2009:17:43:04 -0400] "GET /images/comment_bw.png HTTP/1.1" 304 - "http://www.nikonthenumbers.com/" "Mozilla/4.0 (compatible; MSIE 7.0; Windows NT 5.1; GTB5; .NET CLR 1.1.4322; .NET CLR 2.0.50727; OfficeLiveConnector.1.3; OfficeLivePatch.0.0)"
24.137.117.37 - - [31/Mar/2009:17:43:04 -0400] "GET /images/cancel.png HTTP/1.1" 304 - "http://www.nikonthenumbers.com/" "Mozilla/4.0 (compatible; MSIE 7.0; Windows NT 5.1; GTB5; .NET CLR 1.1.4322; .NET CLR 2.0.50727; OfficeLiveConnector.1.3; OfficeLivePatch.0.0)"
65.55.108.215 - - [31/Mar/2009:17:43:14 -0400] "GET /topics/show/119/24887 HTTP/1.1" 200 756143 "-" "msnbot-media/1.1 (+http://search.msn.com/msnbot.htm)"
99.241.122.210 - - [31/Mar/2009:17:43:20 -0400] "POST /rater/create/comment_rating/28205 HTTP/1.1" 200 165 "http://www.nikonthenumbers.com/topics/show/124" "Mozilla/4.0 (compatible; MSIE 7.0; Windows NT 6.0; SLCC1; .NET CLR 2.0.50727; Media Center PC 5.0; .NET CLR 3.0.04506; InfoPath.1)"
99.241.122.210 - - [31/Mar/2009:17:43:21 -0400] "POST /talk/mark/28212 HTTP/1.1" 201 1 "http://www.nikonthenumbers.com/topics/show/124" "Mozilla/4.0 (compatible; MSIE 7.0; Windows NT 6.0; SLCC1; .NET CLR 2.0.50727; Media Center PC 5.0; .NET CLR 3.0.04506; InfoPath.1)"
75.154.76.172 - - [31/Mar/2009:17:43:25 -0400] "GET /rss HTTP/1.1" 200 100138 "-" "Windows-RSS-Platform/1.0 (MSIE 7.0; Windows NT 6.0)"
99.241.122.210 - - [31/Mar/2009:17:43:34 -0400] "POST /talk/mark/28214 HTTP/1.1" 201 1 "http://www.nikonthenumbers.com/topics/show/124" "Mozilla/4.0 (compatible; MSIE 7.0; Windows NT 6.0; SLCC1; .NET CLR 2.0.50727; Media Center PC 5.0; .NET CLR 3.0.04506; InfoPath.1)"
99.241.122.210 - - [31/Mar/2009:17:43:39 -0400] "POST /talk/mark/28245 HTTP/1.1" 201 1 "http://www.nikonthenumbers.com/topics/show/124" "Mozilla/4.0 (compatible; MSIE 7.0; Windows NT 6.0; SLCC1; .NET CLR 2.0.50727; Media Center PC 5.0; .NET CLR 3.0.04506; InfoPath.1)"
24.137.117.37 - - [31/Mar/2009:17:43:42 -0400] "GET /avatars/0000/0107/hope-nope5_thumb.jpg?1235523623 HTTP/1.1" 304 - "http://www.nikonthenumbers.com/topics/show/124/28426" "Mozilla/4.0 (compatible; MSIE 7.0; Windows NT 5.1; GTB5; .NET CLR 1.1.4322; .NET CLR 2.0.50727; OfficeLiveConnector.1.3; OfficeLivePatch.0.0)"
24.137.117.37 - - [31/Mar/2009:17:43:43 -0400] "GET /avatars/0000/0083/LOGO_lg_thumb.png?1228919873 HTTP/1.1" 304 - "http://www.nikonthenumbers.com/topics/show/124/28426" "Mozilla/4.0 (compatible; MSIE 7.0; Windows NT 5.1; GTB5; .NET CLR 1.1.4322; .NET CLR 2.0.50727; OfficeLiveConnector.1.3; OfficeLivePatch.0.0)"
24.137.117.37 - - [31/Mar/2009:17:43:40 -0400] "GET /topics/show/124/28426 HTTP/1.1" 200 204254 "http://www.nikonthenumbers.com/" "Mozilla/4.0 (compatible; MSIE 7.0; Windows NT 5.1; GTB5; .NET CLR 1.1.4322; .NET CLR 2.0.50727; OfficeLiveConnector.1.3; OfficeLivePatch.0.0)"
24.137.117.37 - - [31/Mar/2009:17:43:48 -0400] "GET /images/comment.png HTTP/1.1" 304 - "http://www.nikonthenumbers.com/topics/show/124/28426" "Mozilla/4.0 (compatible; MSIE 7.0; Windows NT 5.1; GTB5; .NET CLR 1.1.4322; .NET CLR 2.0.50727; OfficeLiveConnector.1.3; OfficeLivePatch.0.0)"
209.62.54.130 - - [31/Mar/2009:17:43:52 -0400] "GET / HTTP/1.0" 200 24895 "-" "Pingdom.com_bot_version_1.4_(http://www.pingdom.com/)"
24.137.117.37 - - [31/Mar/2009:17:44:00 -0400] "POST /talk/mark/28543 HTTP/1.1" 201 1 "http://www.nikonthenumbers.com/topics/show/124/28426#comment_28543" "Mozilla/4.0 (compatible; MSIE 7.0; Windows NT 5.1; GTB5; .NET CLR 1.1.4322; .NET CLR 2.0.50727; OfficeLiveConnector.1.3; OfficeLivePatch.0.0)"
99.241.122.210 - - [31/Mar/2009:17:44:01 -0400] "POST /talk/mark/28225 HTTP/1.1" 201 1 "http://www.nikonthenumbers.com/topics/show/124" "Mozilla/4.0 (compatible; MSIE 7.0; Windows NT 6.0; SLCC1; .NET CLR 2.0.50727; Media Center PC 5.0; .NET CLR 3.0.04506; InfoPath.1)"
70.24.175.224 - - [31/Mar/2009:17:44:00 -0400] "GET /rss HTTP/1.1" 200 100138 "-" "Mozilla/5.0 (Macintosh; U; Intel Mac OS X 10.5; en-US; rv:1.9.0.8) Gecko/2009032608 Firefox/3.0.8"
24.137.117.37 - - [31/Mar/2009:17:44:02 -0400] "POST /talk/mark/28543 HTTP/1.1" 201 1 "http://www.nikonthenumbers.com/topics/show/124/28426#comment_28543" "Mozilla/4.0 (compatible; MSIE 7.0; Windows NT 5.1; GTB5; .NET CLR 1.1.4322; .NET CLR 2.0.50727; OfficeLiveConnector.1.3; OfficeLivePatch.0.0)"
66.249.71.138 - - [31/Mar/2009:17:44:06 -0400] "GET /topics/show/46/2496 HTTP/1.1" 200 98651 "-" "Mozilla/5.0 (compatible; Googlebot/2.1; +http://www.google.com/bot.html)"
24.137.117.37 - - [31/Mar/2009:17:44:36 -0400] "POST /talk/mark/28542 HTTP/1.1" 201 1 "http://www.nikonthenumbers.com/topics/show/124/28426#comment_28543" "Mozilla/4.0 (compatible; MSIE 7.0; Windows NT 5.1; GTB5; .NET CLR 1.1.4322; .NET CLR 2.0.50727; OfficeLiveConnector.1.3; OfficeLivePatch.0.0)"
99.241.122.210 - - [31/Mar/2009:17:44:41 -0400] "POST /talk/mark/28242 HTTP/1.1" 201 1 "http://www.nikonthenumbers.com/topics/show/124" "Mozilla/4.0 (compatible; MSIE 7.0; Windows NT 6.0; SLCC1; .NET CLR 2.0.50727; Media Center PC 5.0; .NET CLR 3.0.04506; InfoPath.1)"
72.51.41.47 - - [31/Mar/2009:17:44:52 -0400] "GET / HTTP/1.0" 200 24895 "-" "Pingdom.com_bot_version_1.4_(http://www.pingdom.com/)"
24.137.117.37 - - [31/Mar/2009:17:45:03 -0400] "POST /talk/mark/28537 HTTP/1.1" 201 1 "http://www.nikonthenumbers.com/topics/show/124/28426#comment_28543" "Mozilla/4.0 (compatible; MSIE 7.0; Windows NT 5.1; GTB5; .NET CLR 1.1.4322; .NET CLR 2.0.50727; OfficeLiveConnector.1.3; OfficeLivePatch.0.0)"
99.241.122.210 - - [31/Mar/2009:17:45:17 -0400] "POST /talk/mark/28248 HTTP/1.1" 201 1 "http://www.nikonthenumbers.com/topics/show/124" "Mozilla/4.0 (compatible; MSIE 7.0; Windows NT 6.0; SLCC1; .NET CLR 2.0.50727; Media Center PC 5.0; .NET CLR 3.0.04506; InfoPath.1)"
99.241.122.210 - - [31/Mar/2009:17:45:27 -0400] "POST /talk/mark/28292 HTTP/1.1" 201 1 "http://www.nikonthenumbers.com/topics/show/124" "Mozilla/4.0 (compatible; MSIE 7.0; Windows NT 6.0; SLCC1; .NET CLR 2.0.50727; Media Center PC 5.0; .NET CLR 3.0.04506; InfoPath.1)"
66.249.71.138 - - [31/Mar/2009:17:45:46 -0400] "GET /topics/show/93/12808 HTTP/1.1" 200 66815 "-" "Mozilla/5.0 (compatible; Googlebot/2.1; +http://www.google.com/bot.html)"
209.62.54.130 - - [31/Mar/2009:17:45:52 -0400] "GET / HTTP/1.0" 200 24895 "-" "Pingdom.com_bot_version_1.4_(http://www.pingdom.com/)"
99.241.122.210 - - [31/Mar/2009:17:46:05 -0400] "POST /login HTTP/1.1" 302 97 "http://www.nikonthenumbers.com/topics/show/124" "Mozilla/4.0 (compatible; MSIE 7.0; Windows NT 6.0; SLCC1; .NET CLR 2.0.50727; Media Center PC 5.0; .NET CLR 3.0.04506; InfoPath.1)"
99.241.122.210 - - [31/Mar/2009:17:46:06 -0400] "GET /stylesheets/base_1221113035.css HTTP/1.1" 304 - "http://www.nikonthenumbers.com/" "Mozilla/4.0 (compatible; MSIE 7.0; Windows NT 6.0; SLCC1; .NET CLR 2.0.50727; Media Center PC 5.0; .NET CLR 3.0.04506; InfoPath.1)"
99.241.122.210 - - [31/Mar/2009:17:46:07 -0400] "GET /javascripts/base_1221113035.js HTTP/1.1" 304 - "http://www.nikonthenumbers.com/" "Mozilla/4.0 (compatible; MSIE 7.0; Windows NT 6.0; SLCC1; .NET CLR 2.0.50727; Media Center PC 5.0; .NET CLR 3.0.04506; InfoPath.1)"
99.241.122.210 - - [31/Mar/2009:17:46:05 -0400] "GET / HTTP/1.1" 200 20067 "http://www.nikonthenumbers.com/topics/show/124" "Mozilla/4.0 (compatible; MSIE 7.0; Windows NT 6.0; SLCC1; .NET CLR 2.0.50727; Media Center PC 5.0; .NET CLR 3.0.04506; InfoPath.1)"
99.241.122.210 - - [31/Mar/2009:17:46:07 -0400] "GET /images/TOP_01.jpg HTTP/1.1" 304 - "http://www.nikonthenumbers.com/" "Mozilla/4.0 (compatible; MSIE 7.0; Windows NT 6.0; SLCC1; .NET CLR 2.0.50727; Media Center PC 5.0; .NET CLR 3.0.04506; InfoPath.1)"
99.241.122.210 - - [31/Mar/2009:17:46:07 -0400] "GET /images/TOP_02.jpg HTTP/1.1" 304 - "http://www.nikonthenumbers.com/" "Mozilla/4.0 (compatible; MSIE 7.0; Windows NT 6.0; SLCC1; .NET CLR 2.0.50727; Media Center PC 5.0; .NET CLR 3.0.04506; InfoPath.1)"
99.241.122.210 - - [31/Mar/2009:17:46:07 -0400] "GET /images/TOP_03.jpg HTTP/1.1" 304 - "http://www.nikonthenumbers.com/" "Mozilla/4.0 (compatible; MSIE 7.0; Windows NT 6.0; SLCC1; .NET CLR 2.0.50727; Media Center PC 5.0; .NET CLR 3.0.04506; InfoPath.1)"
99.241.122.210 - - [31/Mar/2009:17:46:07 -0400] "GET /images/feed-icon-14x14.png HTTP/1.1" 304 - "http://www.nikonthenumbers.com/" "Mozilla/4.0 (compatible; MSIE 7.0; Windows NT 6.0; SLCC1; .NET CLR 2.0.50727; Media Center PC 5.0; .NET CLR 3.0.04506; InfoPath.1)"
99.241.122.210 - - [31/Mar/2009:17:46:07 -0400] "GET /images/RULE-FADE.jpg HTTP/1.1" 304 - "http://www.nikonthenumbers.com/" "Mozilla/4.0 (compatible; MSIE 7.0; Windows NT 6.0; SLCC1; .NET CLR 2.0.50727; Media Center PC 5.0; .NET CLR 3.0.04506; InfoPath.1)"
99.241.122.210 - - [31/Mar/2009:17:46:07 -0400] "GET /fixit.js HTTP/1.1" 304 - "http://www.nikonthenumbers.com/" "Mozilla/4.0 (compatible; MSIE 7.0; Windows NT 6.0; SLCC1; .NET CLR 2.0.50727; Media Center PC 5.0; .NET CLR 3.0.04506; InfoPath.1)"
99.241.122.210 - - [31/Mar/2009:17:46:07 -0400] "GET /images/Ses-Townhall-AD-FED-20080911.swf HTTP/1.1" 304 - "http://www.nikonthenumbers.com/" "Mozilla/4.0 (compatible; MSIE 7.0; Windows NT 6.0; SLCC1; .NET CLR 2.0.50727; Media Center PC 5.0; .NET CLR 3.0.04506; InfoPath.1)"
99.241.122.210 - - [31/Mar/2009:17:46:07 -0400] "GET /images/page-bg.gif HTTP/1.1" 304 - "http://www.nikonthenumbers.com/" "Mozilla/4.0 (compatible; MSIE 7.0; Windows NT 6.0; SLCC1; .NET CLR 2.0.50727; Media Center PC 5.0; .NET CLR 3.0.04506; InfoPath.1)"
99.241.122.210 - - [31/Mar/2009:17:46:07 -0400] "GET /images/TOP_06.jpg HTTP/1.1" 304 - "http://www.nikonthenumbers.com/" "Mozilla/4.0 (compatible; MSIE 7.0; Windows NT 6.0; SLCC1; .NET CLR 2.0.50727; Media Center PC 5.0; .NET CLR 3.0.04506; InfoPath.1)"
99.241.122.210 - - [31/Mar/2009:17:46:07 -0400] "GET /images/Ses-Townhall-AD-FED-20080911.swf HTTP/1.1" 304 - "http://www.nikonthenumbers.com/" "Mozilla/4.0 (compatible; MSIE 7.0; Windows NT 6.0; SLCC1; .NET CLR 2.0.50727; Media Center PC 5.0; .NET CLR 3.0.04506; InfoPath.1)"
99.241.122.210 - - [31/Mar/2009:17:46:07 -0400] "GET /images/bottom-with-shaddow.gif HTTP/1.1" 304 - "http://www.nikonthenumbers.com/" "Mozilla/4.0 (compatible; MSIE 7.0; Windows NT 6.0; SLCC1; .NET CLR 2.0.50727; Media Center PC 5.0; .NET CLR 3.0.04506; InfoPath.1)"
99.241.122.210 - - [31/Mar/2009:17:46:07 -0400] "GET /images/BOX-BACK.jpg HTTP/1.1" 304 - "http://www.nikonthenumbers.com/" "Mozilla/4.0 (compatible; MSIE 7.0; Windows NT 6.0; SLCC1; .NET CLR 2.0.50727; Media Center PC 5.0; .NET CLR 3.0.04506; InfoPath.1)"
99.241.122.210 - - [31/Mar/2009:17:46:07 -0400] "GET /images/red-band.gif HTTP/1.1" 304 - "http://www.nikonthenumbers.com/" "Mozilla/4.0 (compatible; MSIE 7.0; Windows NT 6.0; SLCC1; .NET CLR 2.0.50727; Media Center PC 5.0; .NET CLR 3.0.04506; InfoPath.1)"
99.241.122.210 - - [31/Mar/2009:17:46:07 -0400] "GET /images/polling_results.jpg?1221113035 HTTP/1.1" 304 - "http://www.nikonthenumbers.com/" "Mozilla/4.0 (compatible; MSIE 7.0; Windows NT 6.0; SLCC1; .NET CLR 2.0.50727; Media Center PC 5.0; .NET CLR 3.0.04506; InfoPath.1)"
99.241.122.210 - - [31/Mar/2009:17:46:07 -0400] "GET /images/safe_subscribe_logo.gif HTTP/1.1" 304 - "http://www.nikonthenumbers.com/" "Mozilla/4.0 (compatible; MSIE 7.0; Windows NT 6.0; SLCC1; .NET CLR 2.0.50727; Media Center PC 5.0; .NET CLR 3.0.04506; InfoPath.1)"
99.241.122.210 - - [31/Mar/2009:17:46:07 -0400] "GET /images/information.png HTTP/1.1" 200 918 "http://www.nikonthenumbers.com/" "Mozilla/4.0 (compatible; MSIE 7.0; Windows NT 6.0; SLCC1; .NET CLR 2.0.50727; Media Center PC 5.0; .NET CLR 3.0.04506; InfoPath.1)"
99.241.122.210 - - [31/Mar/2009:17:46:07 -0400] "GET /images/comment_bw.png HTTP/1.1" 304 - "http://www.nikonthenumbers.com/" "Mozilla/4.0 (compatible; MSIE 7.0; Windows NT 6.0; SLCC1; .NET CLR 2.0.50727; Media Center PC 5.0; .NET CLR 3.0.04506; InfoPath.1)"
99.241.122.210 - - [31/Mar/2009:17:46:20 -0400] "GET /images/comment.png HTTP/1.1" 304 - "http://www.nikonthenumbers.com/topics/show/124" "Mozilla/4.0 (compatible; MSIE 7.0; Windows NT 6.0; SLCC1; .NET CLR 2.0.50727; Media Center PC 5.0; .NET CLR 3.0.04506; InfoPath.1)"
99.241.122.210 - - [31/Mar/2009:17:46:21 -0400] "GET /avatars/0000/0107/hope-nope5_thumb.jpg?1235523623 HTTP/1.1" 304 - "http://www.nikonthenumbers.com/topics/show/124" "Mozilla/4.0 (compatible; MSIE 7.0; Windows NT 6.0; SLCC1; .NET CLR 2.0.50727; Media Center PC 5.0; .NET CLR 3.0.04506; InfoPath.1)"
99.241.122.210 - - [31/Mar/2009:17:46:18 -0400] "GET /topics/show/124 HTTP/1.1" 200 145537 "http://www.nikonthenumbers.com/" "Mozilla/4.0 (compatible; MSIE 7.0; Windows NT 6.0; SLCC1; .NET CLR 2.0.50727; Media Center PC 5.0; .NET CLR 3.0.04506; InfoPath.1)"
99.241.122.210 - - [31/Mar/2009:17:46:22 -0400] "GET /avatars/0000/0083/LOGO_lg_thumb.png?1228919873 HTTP/1.1" 304 - "http://www.nikonthenumbers.com/topics/show/124" "Mozilla/4.0 (compatible; MSIE 7.0; Windows NT 6.0; SLCC1; .NET CLR 2.0.50727; Media Center PC 5.0; .NET CLR 3.0.04506; InfoPath.1)"
99.241.122.210 - - [31/Mar/2009:17:46:33 -0400] "POST /topics/show_comments/124/28169 HTTP/1.1" 200 68005 "http://www.nikonthenumbers.com/topics/show/124" "Mozilla/4.0 (compatible; MSIE 7.0; Windows NT 6.0; SLCC1; .NET CLR 2.0.50727; Media Center PC 5.0; .NET CLR 3.0.04506; InfoPath.1)"
99.241.122.210 - - [31/Mar/2009:17:46:47 -0400] "POST /talk/mark/28292 HTTP/1.1" 201 1 "http://www.nikonthenumbers.com/topics/show/124" "Mozilla/4.0 (compatible; MSIE 7.0; Windows NT 6.0; SLCC1; .NET CLR 2.0.50727; Media Center PC 5.0; .NET CLR 3.0.04506; InfoPath.1)"
72.51.41.47 - - [31/Mar/2009:17:46:51 -0400] "GET / HTTP/1.0" 200 24895 "-" "Pingdom.com_bot_version_1.4_(http://www.pingdom.com/)"
99.241.122.210 - - [31/Mar/2009:17:47:04 -0400] "POST /topic/124/talk/new?parent_id=28292 HTTP/1.1" 200 1246 "http://www.nikonthenumbers.com/topics/show/124" "Mozilla/4.0 (compatible; MSIE 7.0; Windows NT 6.0; SLCC1; .NET CLR 2.0.50727; Media Center PC 5.0; .NET CLR 3.0.04506; InfoPath.1)"
99.241.122.210 - - [31/Mar/2009:17:47:05 -0400] "GET /images/cancel.png HTTP/1.1" 304 - "http://www.nikonthenumbers.com/topics/show/124" "Mozilla/4.0 (compatible; MSIE 7.0; Windows NT 6.0; SLCC1; .NET CLR 2.0.50727; Media Center PC 5.0; .NET CLR 3.0.04506; InfoPath.1)"
142.162.17.88 - - [31/Mar/2009:17:47:12 -0400] "GET /rss HTTP/1.1" 200 100138 "-" "Mozilla/5.0 (Macintosh; U; Intel Mac OS X; en-US; rv:1.8.1.8) Gecko/20071008 Firefox/2.0.0.8"
66.249.71.138 - - [31/Mar/2009:17:47:25 -0400] "GET /topics/show/9/352 HTTP/1.1" 200 123452 "-" "Mozilla/5.0 (compatible; Googlebot/2.1; +http://www.google.com/bot.html)"
207.245.21.152 - - [31/Mar/2009:17:47:30 -0400] "GET /rss HTTP/1.1" 200 100138 "-" "Mozilla/4.0 (compatible; MSIE 7.0; Windows NT 5.1; InfoPath.2; MSOffice 12)"
212.247.189.113 - - [31/Mar/2009:17:47:52 -0400] "GET / HTTP/1.0" 200 24895 "-" "Pingdom.com_bot_version_1.4_(http://www.pingdom.com/)"
81.52.143.16 - - [31/Mar/2009:17:48:14 -0400] "GET /topics/show/32/1326 HTTP/1.1" 200 159626 "-" "Mozilla/5.0 (Windows; U; Windows NT 5.1; fr; rv:1.8.1) VoilaBot BETA 1.2 (support.voilabot@orange-ftgroup.com)"
207.97.207.200 - - [31/Mar/2009:17:48:51 -0400] "GET / HTTP/1.0" 200 24895 "-" "Pingdom.com_bot_version_1.4_(http://www.pingdom.com/)"
208.87.54.177 - - [31/Mar/2009:17:48:51 -0400] "GET /rss HTTP/1.1" 200 100138 "-" "Mozilla/5.0 (Windows; U; Windows NT 5.1; en-US; rv:1.8.1.21) Gecko/20090302 Thunderbird/2.0.0.21"
66.249.71.138 - - [31/Mar/2009:17:49:05 -0400] "GET /topics/show/40/2016 HTTP/1.1" 200 131194 "-" "Mozilla/5.0 (compatible; Googlebot/2.1; +http://www.google.com/bot.html)"
67.192.120.134 - - [31/Mar/2009:17:49:50 -0400] "GET / HTTP/1.0" 200 24895 "-" "Pingdom.com_bot_version_1.4_(http://www.pingdom.com/)"
99.241.122.210 - - [31/Mar/2009:17:50:03 -0400] "POST /topic/124/talk/preview HTTP/1.1" 200 2466 "http://www.nikonthenumbers.com/topics/show/124" "Mozilla/4.0 (compatible; MSIE 7.0; Windows NT 6.0; SLCC1; .NET CLR 2.0.50727; Media Center PC 5.0; .NET CLR 3.0.04506; InfoPath.1)"
99.241.122.210 - - [31/Mar/2009:17:50:08 -0400] "POST /topic/124/talk/create HTTP/1.1" 200 2394 "http://www.nikonthenumbers.com/topics/show/124" "Mozilla/4.0 (compatible; MSIE 7.0; Windows NT 6.0; SLCC1; .NET CLR 2.0.50727; Media Center PC 5.0; .NET CLR 3.0.04506; InfoPath.1)"
99.241.122.210 - - [31/Mar/2009:17:50:16 -0400] "POST /talk/mark/28267 HTTP/1.1" 201 1 "http://www.nikonthenumbers.com/topics/show/124" "Mozilla/4.0 (compatible; MSIE 7.0; Windows NT 6.0; SLCC1; .NET CLR 2.0.50727; Media Center PC 5.0; .NET CLR 3.0.04506; InfoPath.1)"
66.249.71.138 - - [31/Mar/2009:17:50:44 -0400] "GET /topics/show/65/4739 HTTP/1.1" 200 79520 "-" "Mozilla/5.0 (compatible; Googlebot/2.1; +http://www.google.com/bot.html)"
99.240.94.33 - - [31/Mar/2009:17:50:46 -0400] "GET /rss HTTP/1.1" 200 100138 "-" "Vienna/2.3.0.2301"
99.241.122.210 - - [31/Mar/2009:17:50:53 -0400] "POST /talk/mark/28277 HTTP/1.1" 201 1 "http://www.nikonthenumbers.com/topics/show/124" "Mozilla/4.0 (compatible; MSIE 7.0; Windows NT 6.0; SLCC1; .NET CLR 2.0.50727; Media Center PC 5.0; .NET CLR 3.0.04506; InfoPath.1)"
78.136.27.223 - - [31/Mar/2009:17:50:52 -0400] "GET / HTTP/1.0" 200 24902 "-" "Pingdom.com_bot_version_1.4_(http://www.pingdom.com/)"
72.30.65.34 - - [31/Mar/2009:17:51:25 -0400] "GET /profile/34259 HTTP/1.0" 200 14628 "-" "Mozilla/5.0 (compatible; Yahoo! Slurp/3.0; http://help.yahoo.com/help/us/ysearch/slurp)"
65.163.13.213 - - [31/Mar/2009:17:51:34 -0400] "HEAD /topics/show/124 HTTP/1.0" 200 - "-" "Drupal (+http://drupal.org/)"
65.163.13.213 - - [31/Mar/2009:17:51:35 -0400] "GET /topics/show/124 HTTP/1.0" 200 150387 "-" "Drupal (+http://drupal.org/)"
72.30.65.34 - - [31/Mar/2009:17:51:36 -0400] "GET /topics/show/71/7585 HTTP/1.0" 200 177722 "-" "Mozilla/5.0 (compatible; Yahoo! Slurp/3.0; http://help.yahoo.com/help/us/ysearch/slurp)"
67.205.112.79 - - [31/Mar/2009:17:51:51 -0400] "GET / HTTP/1.0" 200 24902 "-" "Pingdom.com_bot_version_1.4_(http://www.pingdom.com/)"
99.241.122.210 - - [31/Mar/2009:17:52:08 -0400] "POST /talk/mark/28276 HTTP/1.1" 201 1 "http://www.nikonthenumbers.com/topics/show/124" "Mozilla/4.0 (compatible; MSIE 7.0; Windows NT 6.0; SLCC1; .NET CLR 2.0.50727; Media Center PC 5.0; .NET CLR 3.0.04506; InfoPath.1)"
99.241.122.210 - - [31/Mar/2009:17:52:16 -0400] "POST /talk/mark/28279 HTTP/1.1" 201 1 "http://www.nikonthenumbers.com/topics/show/124" "Mozilla/4.0 (compatible; MSIE 7.0; Windows NT 6.0; SLCC1; .NET CLR 2.0.50727; Media Center PC 5.0; .NET CLR 3.0.04506; InfoPath.1)"
99.241.122.210 - - [31/Mar/2009:17:52:22 -0400] "POST /talk/mark/28275 HTTP/1.1" 201 1 "http://www.nikonthenumbers.com/topics/show/124" "Mozilla/4.0 (compatible; MSIE 7.0; Windows NT 6.0; SLCC1; .NET CLR 2.0.50727; Media Center PC 5.0; .NET CLR 3.0.04506; InfoPath.1)"
66.249.71.138 - - [31/Mar/2009:17:52:24 -0400] "GET /topics/show/22/742 HTTP/1.1" 200 127629 "-" "Mozilla/5.0 (compatible; Googlebot/2.1; +http://www.google.com/bot.html)"
99.241.122.210 - - [31/Mar/2009:17:52:27 -0400] "POST /talk/mark/28274 HTTP/1.1" 201 1 "http://www.nikonthenumbers.com/topics/show/124" "Mozilla/4.0 (compatible; MSIE 7.0; Windows NT 6.0; SLCC1; .NET CLR 2.0.50727; Media Center PC 5.0; .NET CLR 3.0.04506; InfoPath.1)"
99.241.122.210 - - [31/Mar/2009:17:52:34 -0400] "POST /topic/124/talk/new?parent_id=28274 HTTP/1.1" 200 1246 "http://www.nikonthenumbers.com/topics/show/124" "Mozilla/4.0 (compatible; MSIE 7.0; Windows NT 6.0; SLCC1; .NET CLR 2.0.50727; Media Center PC 5.0; .NET CLR 3.0.04506; InfoPath.1)"
174.133.253.162 - - [31/Mar/2009:17:52:52 -0400] "GET / HTTP/1.0" 200 24902 "-" "Pingdom.com_bot_version_1.4_(http://www.pingdom.com/)"
142.52.81.11 - - [31/Mar/2009:17:53:17 -0400] "GET /rss HTTP/1.1" 200 100138 "-" "SharpReader/0.9.7.0 (.NET CLR 1.1.4322.573; WinNT 5.1.2600.0)"
66.249.71.138 - - [31/Mar/2009:17:54:04 -0400] "GET /topics/show/28/1101 HTTP/1.1" 200 87971 "-" "Mozilla/5.0 (compatible; Googlebot/2.1; +http://www.google.com/bot.html)"
64.231.213.213 - - [31/Mar/2009:17:54:06 -0400] "GET / HTTP/1.1" 200 19890 "http://nikonthenumbers.com/topics/show/125/28409" "Mozilla/5.0 (Windows; U; Windows NT 5.1; en-US; rv:1.9.0.8) Gecko/2009032609 Firefox/3.0.8"
99.241.122.210 - - [31/Mar/2009:17:54:24 -0400] "POST /topic/124/talk/preview HTTP/1.1" 200 2371 "http://www.nikonthenumbers.com/topics/show/124" "Mozilla/4.0 (compatible; MSIE 7.0; Windows NT 6.0; SLCC1; .NET CLR 2.0.50727; Media Center PC 5.0; .NET CLR 3.0.04506; InfoPath.1)"
99.241.122.210 - - [31/Mar/2009:17:54:26 -0400] "POST /topic/124/talk/create HTTP/1.1" 200 2345 "http://www.nikonthenumbers.com/topics/show/124" "Mozilla/4.0 (compatible; MSIE 7.0; Windows NT 6.0; SLCC1; .NET CLR 2.0.50727; Media Center PC 5.0; .NET CLR 3.0.04506; InfoPath.1)"
99.241.122.210 - - [31/Mar/2009:17:54:30 -0400] "POST /talk/mark/28170 HTTP/1.1" 201 1 "http://www.nikonthenumbers.com/topics/show/124" "Mozilla/4.0 (compatible; MSIE 7.0; Windows NT 6.0; SLCC1; .NET CLR 2.0.50727; Media Center PC 5.0; .NET CLR 3.0.04506; InfoPath.1)"
64.231.213.213 - - [31/Mar/2009:17:54:33 -0400] "GET /topics/show/124/28169 HTTP/1.1" 200 213281 "http://nikonthenumbers.com/" "Mozilla/5.0 (Windows; U; Windows NT 5.1; en-US; rv:1.9.0.8) Gecko/2009032609 Firefox/3.0.8"
64.231.213.213 - - [31/Mar/2009:17:54:40 -0400] "POST /talk/mark/28544 HTTP/1.1" 201 1 "http://nikonthenumbers.com/topics/show/124/28169" "Mozilla/5.0 (Windows; U; Windows NT 5.1; en-US; rv:1.9.0.8) Gecko/2009032609 Firefox/3.0.8"
207.245.21.152 - - [31/Mar/2009:17:54:38 -0400] "GET /rss HTTP/1.1" 200 100138 "-" "Mozilla/4.0 (compatible; MSIE 7.0; Windows NT 5.1; InfoPath.2; MSOffice 12)"
208.80.195.45 - - [31/Mar/2009:17:54:39 -0400] "GET / HTTP/1.0" 200 24737 "-" "Mozilla/4.0 (compatible; MSIE 7.0; Windows NT 5.1; AT&T CSM8.0; .NET CLR 1.1.4322; yplus 5.1.04b)"
99.241.122.210 - - [31/Mar/2009:17:54:49 -0400] "POST /topics/show_comments/124/28170 HTTP/1.1" 200 43502 "http://www.nikonthenumbers.com/topics/show/124" "Mozilla/4.0 (compatible; MSIE 7.0; Windows NT 6.0; SLCC1; .NET CLR 2.0.50727; Media Center PC 5.0; .NET CLR 3.0.04506; InfoPath.1)"
89.151.110.152 - - [31/Mar/2009:17:54:52 -0400] "GET / HTTP/1.0" 200 24901 "-" "Pingdom.com_bot_version_1.4_(http://www.pingdom.com/)"
99.241.122.210 - - [31/Mar/2009:17:54:55 -0400] "POST /talk/mark/28175 HTTP/1.1" 201 1 "http://www.nikonthenumbers.com/topics/show/124" "Mozilla/4.0 (compatible; MSIE 7.0; Windows NT 6.0; SLCC1; .NET CLR 2.0.50727; Media Center PC 5.0; .NET CLR 3.0.04506; InfoPath.1)"
99.241.122.210 - - [31/Mar/2009:17:55:03 -0400] "POST /talk/mark/28179 HTTP/1.1" 201 1 "http://www.nikonthenumbers.com/topics/show/124" "Mozilla/4.0 (compatible; MSIE 7.0; Windows NT 6.0; SLCC1; .NET CLR 2.0.50727; Media Center PC 5.0; .NET CLR 3.0.04506; InfoPath.1)"
99.241.122.210 - - [31/Mar/2009:17:55:14 -0400] "POST /talk/mark/28182 HTTP/1.1" 201 1 "http://www.nikonthenumbers.com/topics/show/124" "Mozilla/4.0 (compatible; MSIE 7.0; Windows NT 6.0; SLCC1; .NET CLR 2.0.50727; Media Center PC 5.0; .NET CLR 3.0.04506; InfoPath.1)"
70.30.26.11 - - [31/Mar/2009:17:55:17 -0400] "GET /rss HTTP/1.1" 200 100138 "-" "Windows-RSS-Platform/1.0 (MSIE 7.0; Windows NT 5.1)"
99.241.122.210 - - [31/Mar/2009:17:55:27 -0400] "POST /talk/mark/28185 HTTP/1.1" 201 1 "http://www.nikonthenumbers.com/topics/show/124" "Mozilla/4.0 (compatible; MSIE 7.0; Windows NT 6.0; SLCC1; .NET CLR 2.0.50727; Media Center PC 5.0; .NET CLR 3.0.04506; InfoPath.1)"
211.117.62.81 - - [31/Mar/2009:17:55:37 -0400] "GET /login HTTP/1.0" 200 13319 "http://www.bestcigarettesshop.com/" "Mozilla/4.0 (compatible; MSIE 6.0; Windows NT 5.1; Q312461)"
211.117.62.81 - - [31/Mar/2009:17:55:46 -0400] "GET /login/ HTTP/1.0" 200 13319 "http://www.nikonthenumbers.com/login/" "Mozilla/4.0 (compatible; MSIE 6.0; Windows NT 5.1; Q312461)"
99.241.122.210 - - [31/Mar/2009:17:55:49 -0400] "POST /talk/mark/28193 HTTP/1.1" 201 1 "http://www.nikonthenumbers.com/topics/show/124" "Mozilla/4.0 (compatible; MSIE 7.0; Windows NT 6.0; SLCC1; .NET CLR 2.0.50727; Media Center PC 5.0; .NET CLR 3.0.04506; InfoPath.1)"
138.130.140.203 - - [31/Mar/2009:17:55:47 -0400] "GET /rss HTTP/1.1" 200 100138 "-" "Apple-PubSub/65.6"
66.249.71.138 - - [31/Mar/2009:17:55:43 -0400] "GET /topics/show/121/26767 HTTP/1.1" 200 1180396 "-" "Mozilla/5.0 (compatible; Googlebot/2.1; +http://www.google.com/bot.html)"
83.140.19.38 - - [31/Mar/2009:17:55:51 -0400] "GET / HTTP/1.0" 200 24901 "-" "Pingdom.com_bot_version_1.4_(http://www.pingdom.com/)"
209.62.54.130 - - [31/Mar/2009:17:55:52 -0400] "GET / HTTP/1.0" 200 24901 "-" "Pingdom.com_bot_version_1.4_(http://www.pingdom.com/)"
