207.97.207.200 - - [31/Mar/2009:14:18:51 -0400] "GET / HTTP/1.0" 200 24896 "-" "Pingdom.com_bot_version_1.4_(http://www.pingdom.com/)"
78.41.158.58 - - [31/Mar/2009:14:18:55 -0400] "GET /topics/show/49/2653 HTTP/1.0" 200 114060 "-" "HouxouCrawler/Nutch-0.9 (houxou.com's nutch-based crawler which serves special interest on-line communities; http://www.houxou.com/crawler; crawler at houxou dot com)"
72.30.65.34 - - [31/Mar/2009:14:19:08 -0400] "GET /viewer/header/57 HTTP/1.0" 200 3639 "-" "Mozilla/5.0 (compatible; Yahoo! Slurp/3.0; http://help.yahoo.com/help/us/ysearch/slurp)"
78.41.158.58 - - [31/Mar/2009:14:19:07 -0400] "GET /topics/show/67/5782 HTTP/1.0" 200 143639 "-" "HouxouCrawler/Nutch-0.9 (houxou.com's nutch-based crawler which serves special interest on-line communities; http://www.houxou.com/crawler; crawler at houxou dot com)"
72.30.65.34 - - [31/Mar/2009:14:19:09 -0400] "GET /stylesheets/yahoo/fonts.css HTTP/1.0" 304 - "http://www.nikonthenumbers.com/viewer/header/57" "Mozilla/5.0 (compatible; Yahoo! Slurp/3.0; http://help.yahoo.com/help/us/ysearch/slurp)"
72.30.65.34 - - [31/Mar/2009:14:19:11 -0400] "GET /stylesheets/yahoo/reset.css HTTP/1.0" 304 - "http://www.nikonthenumbers.com/viewer/header/57" "Mozilla/5.0 (compatible; Yahoo! Slurp/3.0; http://help.yahoo.com/help/us/ysearch/slurp)"
72.30.65.34 - - [31/Mar/2009:14:19:12 -0400] "GET /stylesheets/ses.css HTTP/1.0" 304 - "http://www.nikonthenumbers.com/viewer/header/57" "Mozilla/5.0 (compatible; Yahoo! Slurp/3.0; http://help.yahoo.com/help/us/ysearch/slurp)"
64.231.213.213 - - [31/Mar/2009:14:19:12 -0400] "POST /topic/124/talk/preview HTTP/1.1" 200 2792 "http://nikonthenumbers.com/topics/show/124/28426" "Mozilla/5.0 (Windows; U; Windows NT 5.1; en-US; rv:1.9.0.8) Gecko/2009032609 Firefox/3.0.8"
72.30.65.34 - - [31/Mar/2009:14:19:13 -0400] "GET /stylesheets/rating.css HTTP/1.0" 304 - "http://www.nikonthenumbers.com/viewer/header/57" "Mozilla/5.0 (compatible; Yahoo! Slurp/3.0; http://help.yahoo.com/help/us/ysearch/slurp)"
208.36.144.9 - - [31/Mar/2009:14:19:15 -0400] "GET /robots.txt HTTP/1.0" 200 161 "-" "Mozilla/5.0 (Twiceler-0.9 http://www.cuil.com/twiceler/robot.html)"
64.231.213.213 - - [31/Mar/2009:14:19:16 -0400] "POST /topic/124/talk/create HTTP/1.1" 200 2549 "http://nikonthenumbers.com/topics/show/124/28426" "Mozilla/5.0 (Windows; U; Windows NT 5.1; en-US; rv:1.9.0.8) Gecko/2009032609 Firefox/3.0.8"
67.192.120.134 - - [31/Mar/2009:14:19:51 -0400] "GET / HTTP/1.0" 200 24895 "-" "Pingdom.com_bot_version_1.4_(http://www.pingdom.com/)"
78.41.158.58 - - [31/Mar/2009:14:20:01 -0400] "GET /topics/show/57/3386 HTTP/1.0" 200 143639 "-" "HouxouCrawler/Nutch-0.9 (houxou.com's nutch-based crawler which serves special interest on-line communities; http://www.houxou.com/crawler; crawler at houxou dot com)"
208.124.156.82 - - [31/Mar/2009:14:20:09 -0400] "GET /rss HTTP/1.1" 200 100138 "-" "Mozilla/4.0 (compatible; MSIE 7.0; Windows NT 6.0; SLCC1; .NET CLR 2.0.50727; .NET CLR 3.5.30729; .NET CLR 3.0.30618; MSOffice 12)"
205.205.91.66 - - [31/Mar/2009:14:20:20 -0400] "GET /rss HTTP/1.1" 200 100138 "-" "Mozilla/4.0 (compatible; MSIE 7.0; Windows NT 5.1; GTB5; .NET CLR 1.1.4322; .NET CLR 2.0.50727; InfoPath.2; Alexa Toolbar; MS-RTC LM 8; MSOffice 12)"
78.41.158.58 - - [31/Mar/2009:14:20:39 -0400] "GET /topics/show/69/6622 HTTP/1.0" 200 151639 "-" "HouxouCrawler/Nutch-0.9 (houxou.com's nutch-based crawler which serves special interest on-line communities; http://www.houxou.com/crawler; crawler at houxou dot com)"
78.136.27.223 - - [31/Mar/2009:14:20:51 -0400] "GET / HTTP/1.0" 200 24895 "-" "Pingdom.com_bot_version_1.4_(http://www.pingdom.com/)"
78.41.158.58 - - [31/Mar/2009:14:21:12 -0400] "GET /topics/show/76/9819 HTTP/1.0" 200 143639 "-" "HouxouCrawler/Nutch-0.9 (houxou.com's nutch-based crawler which serves special interest on-line communities; http://www.houxou.com/crawler; crawler at houxou dot com)"
206.191.40.208 - - [31/Mar/2009:14:21:19 -0400] "GET /rss HTTP/1.1" 200 100138 "-" "Windows-RSS-Platform/1.0 (MSIE 7.0; Windows NT 5.1)"
78.41.158.58 - - [31/Mar/2009:14:21:19 -0400] "GET /topics/show/85/11308 HTTP/1.0" 200 143639 "-" "HouxouCrawler/Nutch-0.9 (houxou.com's nutch-based crawler which serves special interest on-line communities; http://www.houxou.com/crawler; crawler at houxou dot com)"
67.205.112.79 - - [31/Mar/2009:14:21:51 -0400] "GET / HTTP/1.0" 200 24895 "-" "Pingdom.com_bot_version_1.4_(http://www.pingdom.com/)"
67.195.37.93 - - [31/Mar/2009:14:22:03 -0400] "GET /topics/show/107/16805 HTTP/1.0" 200 229240 "-" "Mozilla/5.0 (compatible; Yahoo! Slurp; http://help.yahoo.com/help/us/ysearch/slurp)"
72.30.65.34 - - [31/Mar/2009:14:22:14 -0400] "GET /topics/show/124 HTTP/1.0" 200 150385 "-" "Mozilla/5.0 (compatible; Yahoo! Slurp/3.0; http://help.yahoo.com/help/us/ysearch/slurp)"
65.55.105.125 - - [31/Mar/2009:14:22:42 -0400] "GET /topics/show/38 HTTP/1.1" 200 66890 "-" "msnbot/1.1 (+http://search.msn.com/msnbot.htm)"
66.249.73.230 - - [31/Mar/2009:14:22:45 -0400] "GET /topics/show/9/196 HTTP/1.1" 200 143074 "-" "Mozilla/5.0 (compatible; Googlebot/2.1; +http://www.google.com/bot.html)"
174.133.253.162 - - [31/Mar/2009:14:22:51 -0400] "GET / HTTP/1.0" 200 24895 "-" "Pingdom.com_bot_version_1.4_(http://www.pingdom.com/)"
208.36.144.9 - - [31/Mar/2009:14:22:44 -0400] "GET /topics/show/115/21644 HTTP/1.0" 200 1111638 "-" "Mozilla/5.0 (Twiceler-0.9 http://www.cuil.com/twiceler/robot.html)"
69.70.129.254 - - [31/Mar/2009:14:22:59 -0400] "GET /profile/707276 HTTP/1.1" 200 903639 "-" "-"
137.122.119.57 - - [31/Mar/2009:14:23:45 -0400] "GET /rss HTTP/1.1" 200 100138 "-" "Vienna/2.3.0.2301"
64.34.195.152 - - [31/Mar/2009:14:24:35 -0400] "GET / HTTP/1.1" 200 24731 "-" "Mozilla/5.0 (X11; U; Linux i686; en-US; rv:1.2.1; aggregator:Spinn3r (Spinn3r 3.0); http://spinn3r.com/robot) Gecko/20021130"
89.151.110.152 - - [31/Mar/2009:14:24:52 -0400] "GET / HTTP/1.0" 200 24895 "-" "Pingdom.com_bot_version_1.4_(http://www.pingdom.com/)"
70.30.26.11 - - [31/Mar/2009:14:25:08 -0400] "GET /rss HTTP/1.1" 200 100138 "-" "Windows-RSS-Platform/1.0 (MSIE 7.0; Windows NT 5.1)"
78.41.158.58 - - [31/Mar/2009:14:25:22 -0400] "GET /topics/show/86/11498 HTTP/1.0" 200 98326 "-" "HouxouCrawler/Nutch-0.9 (houxou.com's nutch-based crawler which serves special interest on-line communities; http://www.houxou.com/crawler; crawler at houxou dot com)"
78.41.158.58 - - [31/Mar/2009:14:25:30 -0400] "GET /topics/show/105/16091 HTTP/1.0" 200 143639 "-" "HouxouCrawler/Nutch-0.9 (houxou.com's nutch-based crawler which serves special interest on-line communities; http://www.houxou.com/crawler; crawler at houxou dot com)"
209.62.54.130 - - [31/Mar/2009:14:25:51 -0400] "GET / HTTP/1.0" 200 24895 "-" "Pingdom.com_bot_version_1.4_(http://www.pingdom.com/)"
83.140.19.38 - - [31/Mar/2009:14:26:12 -0400] "GET / HTTP/1.0" 200 24895 "-" "Pingdom.com_bot_version_1.4_(http://www.pingdom.com/)"
87.156.35.117 - - [31/Mar/2009:14:26:20 -0400] "GET / HTTP/1.1" 200 24895 "http://www.askpeter.info/gosearch.php?q=nikonthenumbers" "Mozilla/5.0 (compatible; askpeter_bot_5.0; +http://www.askpeter.info)"
78.41.158.58 - - [31/Mar/2009:14:26:34 -0400] "GET /topics/show/93/12809 HTTP/1.0" 200 143639 "-" "HouxouCrawler/Nutch-0.9 (houxou.com's nutch-based crawler which serves special interest on-line communities; http://www.houxou.com/crawler; crawler at houxou dot com)"
72.51.41.47 - - [31/Mar/2009:14:26:52 -0400] "GET / HTTP/1.0" 200 24895 "-" "Pingdom.com_bot_version_1.4_(http://www.pingdom.com/)"
212.247.189.113 - - [31/Mar/2009:14:27:52 -0400] "GET / HTTP/1.0" 200 24895 "-" "Pingdom.com_bot_version_1.4_(http://www.pingdom.com/)"
65.55.105.124 - - [31/Mar/2009:14:27:54 -0400] "GET /topics/show/5 HTTP/1.1" 200 78322 "-" "msnbot/1.1 (+http://search.msn.com/msnbot.htm)"
75.154.76.172 - - [31/Mar/2009:14:28:18 -0400] "GET /rss HTTP/1.1" 200 100138 "-" "Windows-RSS-Platform/1.0 (MSIE 7.0; Windows NT 6.0)"
207.97.207.200 - - [31/Mar/2009:14:29:00 -0400] "GET / HTTP/1.0" 200 24895 "-" "Pingdom.com_bot_version_1.4_(http://www.pingdom.com/)"
216.254.209.95 - - [31/Mar/2009:14:29:14 -0400] "GET /rss HTTP/1.1" 200 100138 "-" "Mozilla/5.0 (Macintosh; U; Intel Mac OS X 10.5; en-US; rv:1.9.0.8) Gecko/2009032608 Firefox/3.0.8"
70.71.162.234 - - [31/Mar/2009:14:29:50 -0400] "GET /rss HTTP/1.1" 200 100138 "-" "Mozilla/5.0 (Windows; U; Windows NT 5.1; en-US; rv:1.9.0.8) Gecko/2009032609 Firefox/3.0.8"
67.192.120.134 - - [31/Mar/2009:14:29:51 -0400] "GET / HTTP/1.0" 200 24895 "-" "Pingdom.com_bot_version_1.4_(http://www.pingdom.com/)"
78.41.158.58 - - [31/Mar/2009:14:30:14 -0400] "GET /topics/show/62/4092 HTTP/1.0" 200 151639 "-" "HouxouCrawler/Nutch-0.9 (houxou.com's nutch-based crawler which serves special interest on-line communities; http://www.houxou.com/crawler; crawler at houxou dot com)"
205.205.91.66 - - [31/Mar/2009:14:30:33 -0400] "GET /rss HTTP/1.1" 200 100138 "-" "Mozilla/4.0 (compatible; MSIE 7.0; Windows NT 5.1; GTB5; .NET CLR 1.1.4322; .NET CLR 2.0.50727; InfoPath.2; Alexa Toolbar; MS-RTC LM 8; MSOffice 12)"
78.41.158.58 - - [31/Mar/2009:14:30:35 -0400] "GET /topics/show/87/11624 HTTP/1.0" 200 144472 "-" "HouxouCrawler/Nutch-0.9 (houxou.com's nutch-based crawler which serves special interest on-line communities; http://www.houxou.com/crawler; crawler at houxou dot com)"
78.136.27.223 - - [31/Mar/2009:14:30:51 -0400] "GET / HTTP/1.0" 200 24895 "-" "Pingdom.com_bot_version_1.4_(http://www.pingdom.com/)"
67.195.37.159 - - [31/Mar/2009:14:31:50 -0400] "GET /robots.txt HTTP/1.0" 200 161 "-" "Mozilla/5.0 (compatible; Yahoo! Slurp; http://help.yahoo.com/help/us/ysearch/slurp)"
67.195.37.159 - - [31/Mar/2009:14:31:52 -0400] "GET /stylesheets/base_1221113035.css HTTP/1.0" 304 - "http://nikonthenumbers.com/topics/show/124/28320" "Mozilla/5.0 (compatible; Yahoo! Slurp/3.0; http://help.yahoo.com/help/us/ysearch/slurp)"
67.195.37.159 - - [31/Mar/2009:14:31:50 -0400] "GET /topics/show/124/28320 HTTP/1.0" 200 176829 "-" "Mozilla/5.0 (compatible; Yahoo! Slurp/3.0; http://help.yahoo.com/help/us/ysearch/slurp)"
67.205.112.79 - - [31/Mar/2009:14:31:51 -0400] "GET / HTTP/1.0" 200 24895 "-" "Pingdom.com_bot_version_1.4_(http://www.pingdom.com/)"
78.41.158.58 - - [31/Mar/2009:14:31:54 -0400] "GET /topics/show/109/17659 HTTP/1.0" 200 151639 "-" "HouxouCrawler/Nutch-0.9 (houxou.com's nutch-based crawler which serves special interest on-line communities; http://www.houxou.com/crawler; crawler at houxou dot com)"
174.133.253.162 - - [31/Mar/2009:14:32:51 -0400] "GET / HTTP/1.0" 200 24895 "-" "Pingdom.com_bot_version_1.4_(http://www.pingdom.com/)"
78.41.158.58 - - [31/Mar/2009:14:32:52 -0400] "GET /topics/show/53/2987 HTTP/1.0" 200 84041 "-" "HouxouCrawler/Nutch-0.9 (houxou.com's nutch-based crawler which serves special interest on-line communities; http://www.houxou.com/crawler; crawler at houxou dot com)"
208.124.156.82 - - [31/Mar/2009:14:33:06 -0400] "GET /rss HTTP/1.1" 200 100138 "-" "Mozilla/4.0 (compatible; MSIE 7.0; Windows NT 6.0; SLCC1; .NET CLR 2.0.50727; .NET CLR 3.5.30729; .NET CLR 3.0.30618; MSOffice 12)"
78.41.158.58 - - [31/Mar/2009:14:33:59 -0400] "GET /topics/show/95/13328 HTTP/1.0" 200 151639 "-" "HouxouCrawler/Nutch-0.9 (houxou.com's nutch-based crawler which serves special interest on-line communities; http://www.houxou.com/crawler; crawler at houxou dot com)"
67.195.37.93 - - [31/Mar/2009:14:34:23 -0400] "GET /topics/show/113/19414 HTTP/1.0" 200 352369 "-" "Mozilla/5.0 (compatible; Yahoo! Slurp; http://help.yahoo.com/help/us/ysearch/slurp)"
72.30.65.34 - - [31/Mar/2009:14:34:29 -0400] "GET /topics/show/105/16131 HTTP/1.0" 200 141738 "-" "Mozilla/5.0 (compatible; Yahoo! Slurp/3.0; http://help.yahoo.com/help/us/ysearch/slurp)"
89.151.110.152 - - [31/Mar/2009:14:34:52 -0400] "GET / HTTP/1.0" 200 24895 "-" "Pingdom.com_bot_version_1.4_(http://www.pingdom.com/)"
78.41.158.58 - - [31/Mar/2009:14:34:52 -0400] "GET /topics/show/106/16293 HTTP/1.0" 200 159639 "-" "HouxouCrawler/Nutch-0.9 (houxou.com's nutch-based crawler which serves special interest on-line communities; http://www.houxou.com/crawler; crawler at houxou dot com)"
66.249.73.230 - - [31/Mar/2009:14:34:57 -0400] "GET /topics/show/124/28304 HTTP/1.1" 200 172724 "-" "Mozilla/5.0 (compatible; Googlebot/2.1; +http://www.google.com/bot.html)"
78.41.158.58 - - [31/Mar/2009:14:35:00 -0400] "GET /topics/show/104/15912 HTTP/1.0" 200 121799 "-" "HouxouCrawler/Nutch-0.9 (houxou.com's nutch-based crawler which serves special interest on-line communities; http://www.houxou.com/crawler; crawler at houxou dot com)"
78.41.158.58 - - [31/Mar/2009:14:35:14 -0400] "GET /topics/show/76/9763 HTTP/1.0" 200 143639 "-" "HouxouCrawler/Nutch-0.9 (houxou.com's nutch-based crawler which serves special interest on-line communities; http://www.houxou.com/crawler; crawler at houxou dot com)"
78.41.158.58 - - [31/Mar/2009:14:35:20 -0400] "GET /topics/show/78/10440 HTTP/1.0" 200 151639 "-" "HouxouCrawler/Nutch-0.9 (houxou.com's nutch-based crawler which serves special interest on-line communities; http://www.houxou.com/crawler; crawler at houxou dot com)"
78.41.158.58 - - [31/Mar/2009:14:35:27 -0400] "GET /topics/show/87/11541 HTTP/1.0" 200 151639 "-" "HouxouCrawler/Nutch-0.9 (houxou.com's nutch-based crawler which serves special interest on-line communities; http://www.houxou.com/crawler; crawler at houxou dot com)"
78.41.158.58 - - [31/Mar/2009:14:35:36 -0400] "GET /topics/show/113/19476 HTTP/1.0" 200 143639 "-" "HouxouCrawler/Nutch-0.9 (houxou.com's nutch-based crawler which serves special interest on-line communities; http://www.houxou.com/crawler; crawler at houxou dot com)"
65.54.152.184 - - [31/Mar/2009:14:35:45 -0400] "GET /rss HTTP/1.1" 200 100138 "-" "Mozilla/4.0 (compatible; MSIE 7.0; Windows NT 5.2)"
209.62.54.130 - - [31/Mar/2009:14:35:52 -0400] "GET / HTTP/1.0" 200 24895 "-" "Pingdom.com_bot_version_1.4_(http://www.pingdom.com/)"
64.34.195.145 - - [31/Mar/2009:14:36:07 -0400] "GET /rss HTTP/1.1" 200 99686 "-" "Mozilla/5.0 (X11; U; Linux i686; en-US; rv:1.2.1; aggregator:Spinn3r (Spinn3r 3.0); http://spinn3r.com/robot) Gecko/20021130"
78.41.158.58 - - [31/Mar/2009:14:36:17 -0400] "GET /topics/show/105/16093 HTTP/1.0" 200 143639 "-" "HouxouCrawler/Nutch-0.9 (houxou.com's nutch-based crawler which serves special interest on-line communities; http://www.houxou.com/crawler; crawler at houxou dot com)"
65.55.106.120 - - [31/Mar/2009:14:36:33 -0400] "GET /robots.txt HTTP/1.1" 200 161 "-" "msnbot/2.0b (+http://search.msn.com/msnbot.htm)"
66.249.73.230 - - [31/Mar/2009:14:36:37 -0400] "GET /topics/show/86/11498 HTTP/1.1" 200 98326 "-" "Mozilla/5.0 (compatible; Googlebot/2.1; +http://www.google.com/bot.html)"
140.230.23.147 - - [31/Mar/2009:14:36:45 -0400] "GET / HTTP/1.1" 200 24895 "http://www.google.ca/search?sourceid=navclient&aq=h0&oq=nanos&ie=UTF-8&rlz=1T4TSHC_enCA317CA317&q=nanos+polling" "Mozilla/4.0 (compatible; MSIE 7.0; Windows NT 6.0; GTB5; SLCC1; .NET CLR 2.0.50727; Media Center PC 5.0; .NET CLR 3.5.30729; .NET CLR 3.0.30618)"
140.230.23.147 - - [31/Mar/2009:14:36:47 -0400] "GET /stylesheets/base_1221113035.css HTTP/1.1" 200 14188 "http://www.nikonthenumbers.com/" "Mozilla/4.0 (compatible; MSIE 7.0; Windows NT 6.0; GTB5; SLCC1; .NET CLR 2.0.50727; Media Center PC 5.0; .NET CLR 3.5.30729; .NET CLR 3.0.30618)"
67.195.37.93 - - [31/Mar/2009:14:36:45 -0400] "GET /topics/show/109/17861 HTTP/1.0" 200 129150 "-" "Mozilla/5.0 (compatible; Yahoo! Slurp; http://help.yahoo.com/help/us/ysearch/slurp)"
140.230.23.147 - - [31/Mar/2009:14:36:47 -0400] "GET /javascripts/base_1221113035.js HTTP/1.1" 200 96039 "http://www.nikonthenumbers.com/" "Mozilla/4.0 (compatible; MSIE 7.0; Windows NT 6.0; GTB5; SLCC1; .NET CLR 2.0.50727; Media Center PC 5.0; .NET CLR 3.5.30729; .NET CLR 3.0.30618)"
140.230.23.147 - - [31/Mar/2009:14:36:47 -0400] "GET /images/page-bg.gif HTTP/1.1" 200 1487 "http://www.nikonthenumbers.com/" "Mozilla/4.0 (compatible; MSIE 7.0; Windows NT 6.0; GTB5; SLCC1; .NET CLR 2.0.50727; Media Center PC 5.0; .NET CLR 3.5.30729; .NET CLR 3.0.30618)"
140.230.23.147 - - [31/Mar/2009:14:36:47 -0400] "GET /images/TOP_02.jpg HTTP/1.1" 200 14856 "http://www.nikonthenumbers.com/" "Mozilla/4.0 (compatible; MSIE 7.0; Windows NT 6.0; GTB5; SLCC1; .NET CLR 2.0.50727; Media Center PC 5.0; .NET CLR 3.5.30729; .NET CLR 3.0.30618)"
140.230.23.147 - - [31/Mar/2009:14:36:47 -0400] "GET /images/TOP_01.jpg HTTP/1.1" 200 12839 "http://www.nikonthenumbers.com/" "Mozilla/4.0 (compatible; MSIE 7.0; Windows NT 6.0; GTB5; SLCC1; .NET CLR 2.0.50727; Media Center PC 5.0; .NET CLR 3.5.30729; .NET CLR 3.0.30618)"
140.230.23.147 - - [31/Mar/2009:14:36:48 -0400] "GET /images/Ses-Townhall-AD-FED-20080911.swf HTTP/1.1" 200 17188 "http://www.nikonthenumbers.com/" "Mozilla/4.0 (compatible; MSIE 7.0; Windows NT 6.0; GTB5; SLCC1; .NET CLR 2.0.50727; Media Center PC 5.0; .NET CLR 3.5.30729; .NET CLR 3.0.30618)"
140.230.23.147 - - [31/Mar/2009:14:36:48 -0400] "GET /images/TOP_03.jpg HTTP/1.1" 200 15516 "http://www.nikonthenumbers.com/" "Mozilla/4.0 (compatible; MSIE 7.0; Windows NT 6.0; GTB5; SLCC1; .NET CLR 2.0.50727; Media Center PC 5.0; .NET CLR 3.5.30729; .NET CLR 3.0.30618)"
140.230.23.147 - - [31/Mar/2009:14:36:48 -0400] "GET /images/feed-icon-14x14.png HTTP/1.1" 200 689 "http://www.nikonthenumbers.com/" "Mozilla/4.0 (compatible; MSIE 7.0; Windows NT 6.0; GTB5; SLCC1; .NET CLR 2.0.50727; Media Center PC 5.0; .NET CLR 3.5.30729; .NET CLR 3.0.30618)"
140.230.23.147 - - [31/Mar/2009:14:36:48 -0400] "GET /images/TOP_06.jpg HTTP/1.1" 200 2158 "http://www.nikonthenumbers.com/" "Mozilla/4.0 (compatible; MSIE 7.0; Windows NT 6.0; GTB5; SLCC1; .NET CLR 2.0.50727; Media Center PC 5.0; .NET CLR 3.5.30729; .NET CLR 3.0.30618)"
140.230.23.147 - - [31/Mar/2009:14:36:48 -0400] "GET /images/bottom-with-shaddow.gif HTTP/1.1" 200 9790 "http://www.nikonthenumbers.com/" "Mozilla/4.0 (compatible; MSIE 7.0; Windows NT 6.0; GTB5; SLCC1; .NET CLR 2.0.50727; Media Center PC 5.0; .NET CLR 3.5.30729; .NET CLR 3.0.30618)"
140.230.23.147 - - [31/Mar/2009:14:36:48 -0400] "GET /images/RULE-FADE.jpg HTTP/1.1" 200 448 "http://www.nikonthenumbers.com/" "Mozilla/4.0 (compatible; MSIE 7.0; Windows NT 6.0; GTB5; SLCC1; .NET CLR 2.0.50727; Media Center PC 5.0; .NET CLR 3.5.30729; .NET CLR 3.0.30618)"
140.230.23.147 - - [31/Mar/2009:14:36:48 -0400] "GET /images/BOX-BACK.jpg HTTP/1.1" 200 1025 "http://www.nikonthenumbers.com/" "Mozilla/4.0 (compatible; MSIE 7.0; Windows NT 6.0; GTB5; SLCC1; .NET CLR 2.0.50727; Media Center PC 5.0; .NET CLR 3.5.30729; .NET CLR 3.0.30618)"
140.230.23.147 - - [31/Mar/2009:14:36:48 -0400] "GET /fixit.js HTTP/1.1" 200 153 "http://www.nikonthenumbers.com/" "Mozilla/4.0 (compatible; MSIE 7.0; Windows NT 6.0; GTB5; SLCC1; .NET CLR 2.0.50727; Media Center PC 5.0; .NET CLR 3.5.30729; .NET CLR 3.0.30618)"
140.230.23.147 - - [31/Mar/2009:14:36:48 -0400] "GET /images/red-band.gif HTTP/1.1" 200 4358 "http://www.nikonthenumbers.com/" "Mozilla/4.0 (compatible; MSIE 7.0; Windows NT 6.0; GTB5; SLCC1; .NET CLR 2.0.50727; Media Center PC 5.0; .NET CLR 3.5.30729; .NET CLR 3.0.30618)"
140.230.23.147 - - [31/Mar/2009:14:36:48 -0400] "GET /images/polling_results.jpg?1221113035 HTTP/1.1" 200 5021 "http://www.nikonthenumbers.com/" "Mozilla/4.0 (compatible; MSIE 7.0; Windows NT 6.0; GTB5; SLCC1; .NET CLR 2.0.50727; Media Center PC 5.0; .NET CLR 3.5.30729; .NET CLR 3.0.30618)"
140.230.23.147 - - [31/Mar/2009:14:36:48 -0400] "GET /images/safe_subscribe_logo.gif HTTP/1.1" 200 457 "http://www.nikonthenumbers.com/" "Mozilla/4.0 (compatible; MSIE 7.0; Windows NT 6.0; GTB5; SLCC1; .NET CLR 2.0.50727; Media Center PC 5.0; .NET CLR 3.5.30729; .NET CLR 3.0.30618)"
140.230.23.147 - - [31/Mar/2009:14:36:48 -0400] "GET /images/comment_bw.png HTTP/1.1" 200 384 "http://www.nikonthenumbers.com/" "Mozilla/4.0 (compatible; MSIE 7.0; Windows NT 6.0; GTB5; SLCC1; .NET CLR 2.0.50727; Media Center PC 5.0; .NET CLR 3.5.30729; .NET CLR 3.0.30618)"
140.230.23.147 - - [31/Mar/2009:14:36:48 -0400] "GET /images/cancel.png HTTP/1.1" 200 853 "http://www.nikonthenumbers.com/" "Mozilla/4.0 (compatible; MSIE 7.0; Windows NT 6.0; GTB5; SLCC1; .NET CLR 2.0.50727; Media Center PC 5.0; .NET CLR 3.5.30729; .NET CLR 3.0.30618)"
140.230.23.147 - - [31/Mar/2009:14:36:50 -0400] "GET /favicon.ico HTTP/1.1" 200 894 "-" "Mozilla/4.0 (compatible; MSIE 7.0; Windows NT 6.0; GTB5; SLCC1; .NET CLR 2.0.50727; Media Center PC 5.0; .NET CLR 3.5.30729; .NET CLR 3.0.30618)"
72.51.41.47 - - [31/Mar/2009:14:36:53 -0400] "GET / HTTP/1.0" 200 24895 "-" "Pingdom.com_bot_version_1.4_(http://www.pingdom.com/)"
212.247.189.113 - - [31/Mar/2009:14:37:52 -0400] "GET / HTTP/1.0" 200 24895 "-" "Pingdom.com_bot_version_1.4_(http://www.pingdom.com/)"
137.207.232.53 - - [31/Mar/2009:14:37:52 -0400] "GET /rss HTTP/1.1" 200 100138 "-" "Mozilla/5.0 (Windows; U; Windows NT 5.1; en-US; rv:1.9.0.7) Gecko/2009021910 Firefox/3.0.7"
72.30.65.34 - - [31/Mar/2009:14:37:56 -0400] "GET /topics/show/71/7436 HTTP/1.0" 200 252296 "-" "Mozilla/5.0 (compatible; Yahoo! Slurp/3.0; http://help.yahoo.com/help/us/ysearch/slurp)"
78.41.158.58 - - [31/Mar/2009:14:38:14 -0400] "GET /topics/show/74/8435 HTTP/1.0" 200 151639 "-" "HouxouCrawler/Nutch-0.9 (houxou.com's nutch-based crawler which serves special interest on-line communities; http://www.houxou.com/crawler; crawler at houxou dot com)"
66.249.73.230 - - [31/Mar/2009:14:38:16 -0400] "GET /topics/show/78/10400 HTTP/1.1" 200 176200 "-" "Mozilla/5.0 (compatible; Googlebot/2.1; +http://www.google.com/bot.html)"
24.72.140.11 - - [31/Mar/2009:14:38:20 -0400] "GET /login HTTP/1.0" 200 13319 "http://www.nikonthenumbers.com/login" "Mozilla/4.0 (compatible; MSIE 6.0; Windows NT 5.0; .NET CLR 1.0.3705; .NET CLR 1.1.4322)"
78.41.158.58 - - [31/Mar/2009:14:38:21 -0400] "GET /topics/show/117/24193 HTTP/1.0" 200 143639 "-" "HouxouCrawler/Nutch-0.9 (houxou.com's nutch-based crawler which serves special interest on-line communities; http://www.houxou.com/crawler; crawler at houxou dot com)"
78.41.158.58 - - [31/Mar/2009:14:38:29 -0400] "GET /topics/show/59/3699 HTTP/1.0" 200 143639 "-" "HouxouCrawler/Nutch-0.9 (houxou.com's nutch-based crawler which serves special interest on-line communities; http://www.houxou.com/crawler; crawler at houxou dot com)"
207.97.207.200 - - [31/Mar/2009:14:38:53 -0400] "GET / HTTP/1.0" 200 24895 "-" "Pingdom.com_bot_version_1.4_(http://www.pingdom.com/)"
78.41.158.58 - - [31/Mar/2009:14:39:03 -0400] "GET /topics/show/75/9239 HTTP/1.0" 200 151639 "-" "HouxouCrawler/Nutch-0.9 (houxou.com's nutch-based crawler which serves special interest on-line communities; http://www.houxou.com/crawler; crawler at houxou dot com)"
209.85.238.23 - - [31/Mar/2009:14:39:27 -0400] "GET /rss HTTP/1.1" 200 100138 "-" "Feedfetcher-Google; (+http://www.google.com/feedfetcher.html; 85 subscribers; feed-id=3544419756895700983)"
208.124.156.82 - - [31/Mar/2009:14:39:30 -0400] "GET /rss HTTP/1.1" 200 100138 "-" "Mozilla/4.0 (compatible; MSIE 7.0; Windows NT 6.0; SLCC1; .NET CLR 2.0.50727; .NET CLR 3.5.30729; .NET CLR 3.0.30618; MSOffice 12)"
204.209.81.14 - - [31/Mar/2009:14:39:29 -0400] "GET /rss HTTP/1.0" 200 100138 "-" "Mozilla/5.0 (Windows; U; Windows NT 5.0; en-GB; rv:1.9.0.6) Gecko/2009011913 Firefox/3.0.6"
65.55.106.172 - - [31/Mar/2009:14:39:38 -0400] "GET /robots.txt HTTP/1.1" 200 161 "-" "msnbot/2.0b (+http://search.msn.com/msnbot.htm)"
78.41.158.58 - - [31/Mar/2009:14:39:51 -0400] "GET /topics/show/63/4287 HTTP/1.0" 200 136741 "-" "HouxouCrawler/Nutch-0.9 (houxou.com's nutch-based crawler which serves special interest on-line communities; http://www.houxou.com/crawler; crawler at houxou dot com)"
67.192.120.134 - - [31/Mar/2009:14:39:51 -0400] "GET / HTTP/1.0" 200 24895 "-" "Pingdom.com_bot_version_1.4_(http://www.pingdom.com/)"
66.249.73.230 - - [31/Mar/2009:14:39:56 -0400] "GET /topics/show/78/10437 HTTP/1.1" 200 157667 "-" "Mozilla/5.0 (compatible; Googlebot/2.1; +http://www.google.com/bot.html)"
70.30.26.11 - - [31/Mar/2009:14:40:11 -0400] "GET /rss HTTP/1.1" 200 100138 "-" "Windows-RSS-Platform/1.0 (MSIE 7.0; Windows NT 5.1)"
205.205.91.66 - - [31/Mar/2009:14:40:43 -0400] "GET /rss HTTP/1.1" 200 100138 "-" "Mozilla/4.0 (compatible; MSIE 7.0; Windows NT 5.1; GTB5; .NET CLR 1.1.4322; .NET CLR 2.0.50727; InfoPath.2; Alexa Toolbar; MS-RTC LM 8; MSOffice 12)"
78.136.27.223 - - [31/Mar/2009:14:40:51 -0400] "GET / HTTP/1.0" 200 24895 "-" "Pingdom.com_bot_version_1.4_(http://www.pingdom.com/)"
78.41.158.58 - - [31/Mar/2009:14:41:17 -0400] "GET /topics/show/117/24076 HTTP/1.0" 200 143639 "-" "HouxouCrawler/Nutch-0.9 (houxou.com's nutch-based crawler which serves special interest on-line communities; http://www.houxou.com/crawler; crawler at houxou dot com)"
78.41.158.58 - - [31/Mar/2009:14:41:28 -0400] "GET /topics/show/19 HTTP/1.0" 200 104852 "-" "HouxouCrawler/Nutch-0.9 (houxou.com's nutch-based crawler which serves special interest on-line communities; http://www.houxou.com/crawler; crawler at houxou dot com)"
67.205.112.79 - - [31/Mar/2009:14:41:51 -0400] "GET / HTTP/1.0" 200 24895 "-" "Pingdom.com_bot_version_1.4_(http://www.pingdom.com/)"
24.64.223.205 - - [31/Mar/2009:14:42:45 -0400] "GET /topics/show/125/28409 HTTP/1.1" 200 123194 "-" "Mozilla/4.0 (compatible; MSIE 7.0; Windows NT 5.1; .NET CLR 1.1.4322)"
24.64.223.205 - - [31/Mar/2009:14:42:50 -0400] "GET /images/Ses-Townhall-AD-FED-20080911.swf HTTP/1.1" 304 - "http://nikonthenumbers.com/topics/show/125/28409" "Mozilla/4.0 (compatible; MSIE 7.0; Windows NT 5.1; .NET CLR 1.1.4322)"
24.64.223.205 - - [31/Mar/2009:14:42:51 -0400] "GET /images/Ses-Townhall-AD-FED-20080911.swf HTTP/1.1" 304 - "http://nikonthenumbers.com/topics/show/125/28409" "Mozilla/4.0 (compatible; MSIE 7.0; Windows NT 5.1; .NET CLR 1.1.4322)"
24.64.223.205 - - [31/Mar/2009:14:42:51 -0400] "GET /images/polling_results.jpg?1221113035 HTTP/1.1" 304 - "http://nikonthenumbers.com/topics/show/125/28409" "Mozilla/4.0 (compatible; MSIE 7.0; Windows NT 5.1; .NET CLR 1.1.4322)"
174.133.253.162 - - [31/Mar/2009:14:42:51 -0400] "GET / HTTP/1.0" 200 24895 "-" "Pingdom.com_bot_version_1.4_(http://www.pingdom.com/)"
24.64.223.205 - - [31/Mar/2009:14:42:59 -0400] "POST /talk/mark/28536 HTTP/1.1" 201 1 "http://nikonthenumbers.com/topics/show/125/28409#comment_28536" "Mozilla/4.0 (compatible; MSIE 7.0; Windows NT 5.1; .NET CLR 1.1.4322)"
24.64.223.205 - - [31/Mar/2009:14:43:02 -0400] "POST /talk/mark/28536 HTTP/1.1" 201 1 "http://nikonthenumbers.com/topics/show/125/28409#comment_28536" "Mozilla/4.0 (compatible; MSIE 7.0; Windows NT 5.1; .NET CLR 1.1.4322)"
75.154.76.172 - - [31/Mar/2009:14:43:21 -0400] "GET /rss HTTP/1.1" 200 100138 "-" "Windows-RSS-Platform/1.0 (MSIE 7.0; Windows NT 6.0)"
78.41.158.58 - - [31/Mar/2009:14:43:32 -0400] "GET /topics/show/69 HTTP/1.0" 200 92823 "-" "HouxouCrawler/Nutch-0.9 (houxou.com's nutch-based crawler which serves special interest on-line communities; http://www.houxou.com/crawler; crawler at houxou dot com)"
208.124.156.82 - - [31/Mar/2009:14:44:06 -0400] "GET /rss HTTP/1.1" 200 100138 "-" "Mozilla/4.0 (compatible; MSIE 7.0; Windows NT 6.0; SLCC1; .NET CLR 2.0.50727; .NET CLR 3.5.30729; .NET CLR 3.0.30618; MSOffice 12)"
66.135.104.77 - - [31/Mar/2009:14:44:11 -0400] "GET /rss HTTP/1.1" 200 100138 "-" "Mozilla/4.0 (compatible; MSIE 7.0; Windows NT 5.1; GTB5; .NET CLR 1.1.4322; InfoPath.2; MSOffice 12)"
78.41.158.58 - - [31/Mar/2009:14:44:03 -0400] "GET /topics/show/71/7284 HTTP/1.0" 200 15639 "-" "HouxouCrawler/Nutch-0.9 (houxou.com's nutch-based crawler which serves special interest on-line communities; http://www.houxou.com/crawler; crawler at houxou dot com)"
78.41.158.58 - - [31/Mar/2009:14:44:18 -0400] "GET /topics/show/106 HTTP/1.0" 200 15639 "-" "HouxouCrawler/Nutch-0.9 (houxou.com's nutch-based crawler which serves special interest on-line communities; http://www.houxou.com/crawler; crawler at houxou dot com)"
24.64.223.205 - - [31/Mar/2009:14:44:45 -0400] "POST /topic/125/talk/new?parent_id=28536 HTTP/1.1" 200 1246 "http://nikonthenumbers.com/topics/show/125/28409#comment_28536" "Mozilla/4.0 (compatible; MSIE 7.0; Windows NT 5.1; .NET CLR 1.1.4322)"
89.151.110.152 - - [31/Mar/2009:14:44:52 -0400] "GET / HTTP/1.0" 200 24895 "-" "Pingdom.com_bot_version_1.4_(http://www.pingdom.com/)"
78.41.158.58 - - [31/Mar/2009:14:45:12 -0400] "GET /topics/show/105/16131 HTTP/1.0" 200 141738 "-" "HouxouCrawler/Nutch-0.9 (houxou.com's nutch-based crawler which serves special interest on-line communities; http://www.houxou.com/crawler; crawler at houxou dot com)"
72.30.79.90 - - [31/Mar/2009:14:45:42 -0400] "GET /topics/show/120 HTTP/1.0" 200 197277 "-" "Mozilla/5.0 (compatible; Yahoo! Slurp/3.0; http://help.yahoo.com/help/us/ysearch/slurp)"
209.62.54.130 - - [31/Mar/2009:14:45:52 -0400] "GET / HTTP/1.0" 200 24895 "-" "Pingdom.com_bot_version_1.4_(http://www.pingdom.com/)"
72.30.65.34 - - [31/Mar/2009:14:45:55 -0400] "GET /topics/show/43/2332 HTTP/1.0" 200 86249 "-" "Mozilla/5.0 (compatible; Yahoo! Slurp/3.0; http://help.yahoo.com/help/us/ysearch/slurp)"
142.162.17.88 - - [31/Mar/2009:14:46:27 -0400] "GET /rss HTTP/1.1" 200 100138 "-" "Mozilla/5.0 (Macintosh; U; Intel Mac OS X; en-US; rv:1.8.1.8) Gecko/20071008 Firefox/2.0.0.8"
78.41.158.58 - - [31/Mar/2009:14:46:31 -0400] "GET /topics/show/67/5783 HTTP/1.0" 200 151639 "-" "HouxouCrawler/Nutch-0.9 (houxou.com's nutch-based crawler which serves special interest on-line communities; http://www.houxou.com/crawler; crawler at houxou dot com)"
83.140.19.38 - - [31/Mar/2009:14:46:39 -0400] "GET / HTTP/1.0" 200 24895 "-" "Pingdom.com_bot_version_1.4_(http://www.pingdom.com/)"
67.195.37.93 - - [31/Mar/2009:14:46:51 -0400] "GET /topics/show/51/2823 HTTP/1.0" 200 146691 "-" "Mozilla/5.0 (compatible; Yahoo! Slurp; http://help.yahoo.com/help/us/ysearch/slurp)"
78.41.158.58 - - [31/Mar/2009:14:46:53 -0400] "GET /topics/show/112/19196 HTTP/1.0" 200 159639 "-" "HouxouCrawler/Nutch-0.9 (houxou.com's nutch-based crawler which serves special interest on-line communities; http://www.houxou.com/crawler; crawler at houxou dot com)"
78.41.158.58 - - [31/Mar/2009:14:47:27 -0400] "GET /topics/show/113/19204 HTTP/1.0" 200 143639 "-" "HouxouCrawler/Nutch-0.9 (houxou.com's nutch-based crawler which serves special interest on-line communities; http://www.houxou.com/crawler; crawler at houxou dot com)"
24.150.204.117 - - [31/Mar/2009:14:47:28 -0400] "GET /rss HTTP/1.1" 200 100138 "-" "Mozilla/5.0 (Windows; U; Windows NT 6.0; en-GB; rv:1.9.0.8) Gecko/2009032609 Firefox/3.0.8 (.NET CLR 3.5.30729)"
206.191.40.208 - - [31/Mar/2009:14:47:30 -0400] "GET /rss HTTP/1.1" 200 100138 "-" "Windows-RSS-Platform/1.0 (MSIE 7.0; Windows NT 5.1)"
72.51.41.47 - - [31/Mar/2009:14:47:44 -0400] "GET / HTTP/1.0" 200 24895 "-" "Pingdom.com_bot_version_1.4_(http://www.pingdom.com/)"
212.247.189.113 - - [31/Mar/2009:14:47:52 -0400] "GET / HTTP/1.0" 200 24895 "-" "Pingdom.com_bot_version_1.4_(http://www.pingdom.com/)"
78.41.158.58 - - [31/Mar/2009:14:48:08 -0400] "GET /topics/show/112/18735 HTTP/1.0" 200 135168 "-" "HouxouCrawler/Nutch-0.9 (houxou.com's nutch-based crawler which serves special interest on-line communities; http://www.houxou.com/crawler; crawler at houxou dot com)"
78.41.158.58 - - [31/Mar/2009:14:48:48 -0400] "GET /topics/show/34/1452 HTTP/1.0" 200 159639 "-" "HouxouCrawler/Nutch-0.9 (houxou.com's nutch-based crawler which serves special interest on-line communities; http://www.houxou.com/crawler; crawler at houxou dot com)"
207.97.207.200 - - [31/Mar/2009:14:48:51 -0400] "GET / HTTP/1.0" 200 24895 "-" "Pingdom.com_bot_version_1.4_(http://www.pingdom.com/)"
78.41.158.58 - - [31/Mar/2009:14:47:53 -0400] "GET /topics/show/75/9093 HTTP/1.0" 200 15639 "-" "HouxouCrawler/Nutch-0.9 (houxou.com's nutch-based crawler which serves special interest on-line communities; http://www.houxou.com/crawler; crawler at houxou dot com)"
78.41.158.58 - - [31/Mar/2009:14:49:02 -0400] "GET /topics/show/95/13199 HTTP/1.0" 200 151639 "-" "HouxouCrawler/Nutch-0.9 (houxou.com's nutch-based crawler which serves special interest on-line communities; http://www.houxou.com/crawler; crawler at houxou dot com)"
78.41.158.58 - - [31/Mar/2009:14:49:29 -0400] "GET /topics/show/105/16207 HTTP/1.0" 200 127639 "-" "HouxouCrawler/Nutch-0.9 (houxou.com's nutch-based crawler which serves special interest on-line communities; http://www.houxou.com/crawler; crawler at houxou dot com)"
78.41.158.58 - - [31/Mar/2009:14:49:36 -0400] "GET /topics/show/89/12258 HTTP/1.0" 200 122837 "-" "HouxouCrawler/Nutch-0.9 (houxou.com's nutch-based crawler which serves special interest on-line communities; http://www.houxou.com/crawler; crawler at houxou dot com)"
216.110.252.139 - - [31/Mar/2009:14:49:44 -0400] "GET / HTTP/1.1" 200 15640 "http://www.google.ca/search?hl=en&q=nik+nanos&btnG=Google+Search&meta=&aq=f&oq=" "Mozilla/5.0 (Windows; U; Windows NT 6.0; en-US; rv:1.9.0.8) Gecko/2009032609 Firefox/3.0.8 (.NET CLR 3.5.30729)"
67.192.120.134 - - [31/Mar/2009:14:49:51 -0400] "GET / HTTP/1.0" 200 24895 "-" "Pingdom.com_bot_version_1.4_(http://www.pingdom.com/)"
216.110.252.139 - - [31/Mar/2009:14:49:51 -0400] "GET / HTTP/1.1" 200 24895 "http://www.google.ca/search?hl=en&q=nik+nanos&btnG=Google+Search&meta=&aq=f&oq=" "Mozilla/5.0 (Windows; U; Windows NT 6.0; en-US; rv:1.9.0.8) Gecko/2009032609 Firefox/3.0.8 (.NET CLR 3.5.30729)"
216.110.252.139 - - [31/Mar/2009:14:49:53 -0400] "GET /stylesheets/base_1221113035.css HTTP/1.1" 200 14188 "http://www.nikonthenumbers.com/" "Mozilla/5.0 (Windows; U; Windows NT 6.0; en-US; rv:1.9.0.8) Gecko/2009032609 Firefox/3.0.8 (.NET CLR 3.5.30729)"
216.110.252.139 - - [31/Mar/2009:14:49:53 -0400] "GET /javascripts/base_1221113035.js HTTP/1.1" 200 96039 "http://www.nikonthenumbers.com/" "Mozilla/5.0 (Windows; U; Windows NT 6.0; en-US; rv:1.9.0.8) Gecko/2009032609 Firefox/3.0.8 (.NET CLR 3.5.30729)"
216.110.252.139 - - [31/Mar/2009:14:49:56 -0400] "GET /favicon.ico HTTP/1.1" 200 894 "-" "Mozilla/5.0 (Windows; U; Windows NT 6.0; en-US; rv:1.9.0.8) Gecko/2009032609 Firefox/3.0.8 (.NET CLR 3.5.30729)"
216.110.252.139 - - [31/Mar/2009:14:49:57 -0400] "GET /images/TOP_01.jpg HTTP/1.1" 200 12839 "http://www.nikonthenumbers.com/" "Mozilla/5.0 (Windows; U; Windows NT 6.0; en-US; rv:1.9.0.8) Gecko/2009032609 Firefox/3.0.8 (.NET CLR 3.5.30729)"
216.110.252.139 - - [31/Mar/2009:14:49:57 -0400] "GET /fixit.js HTTP/1.1" 200 153 "http://www.nikonthenumbers.com/" "Mozilla/5.0 (Windows; U; Windows NT 6.0; en-US; rv:1.9.0.8) Gecko/2009032609 Firefox/3.0.8 (.NET CLR 3.5.30729)"
216.110.252.139 - - [31/Mar/2009:14:49:57 -0400] "GET /images/Ses-Townhall-AD-FED-20080911.swf HTTP/1.1" 200 17188 "http://www.nikonthenumbers.com/" "Mozilla/5.0 (Windows; U; Windows NT 6.0; en-US; rv:1.9.0.8) Gecko/2009032609 Firefox/3.0.8 (.NET CLR 3.5.30729)"
216.110.252.139 - - [31/Mar/2009:14:49:57 -0400] "GET /images/safe_subscribe_logo.gif HTTP/1.1" 200 457 "http://www.nikonthenumbers.com/" "Mozilla/5.0 (Windows; U; Windows NT 6.0; en-US; rv:1.9.0.8) Gecko/2009032609 Firefox/3.0.8 (.NET CLR 3.5.30729)"
216.110.252.139 - - [31/Mar/2009:14:49:57 -0400] "GET /images/TOP_06.jpg HTTP/1.1" 200 2158 "http://www.nikonthenumbers.com/stylesheets/base_1221113035.css" "Mozilla/5.0 (Windows; U; Windows NT 6.0; en-US; rv:1.9.0.8) Gecko/2009032609 Firefox/3.0.8 (.NET CLR 3.5.30729)"
216.110.252.139 - - [31/Mar/2009:14:49:58 -0400] "GET /images/red-band.gif HTTP/1.1" 200 4358 "http://www.nikonthenumbers.com/stylesheets/base_1221113035.css" "Mozilla/5.0 (Windows; U; Windows NT 6.0; en-US; rv:1.9.0.8) Gecko/2009032609 Firefox/3.0.8 (.NET CLR 3.5.30729)"
216.110.252.139 - - [31/Mar/2009:14:49:57 -0400] "GET /images/RULE-FADE.jpg HTTP/1.1" 200 448 "http://www.nikonthenumbers.com/" "Mozilla/5.0 (Windows; U; Windows NT 6.0; en-US; rv:1.9.0.8) Gecko/2009032609 Firefox/3.0.8 (.NET CLR 3.5.30729)"
216.110.252.139 - - [31/Mar/2009:14:49:57 -0400] "GET /images/TOP_02.jpg HTTP/1.1" 200 14856 "http://www.nikonthenumbers.com/" "Mozilla/5.0 (Windows; U; Windows NT 6.0; en-US; rv:1.9.0.8) Gecko/2009032609 Firefox/3.0.8 (.NET CLR 3.5.30729)"
216.110.252.139 - - [31/Mar/2009:14:49:58 -0400] "GET /images/bottom-with-shaddow.gif HTTP/1.1" 200 9790 "http://www.nikonthenumbers.com/stylesheets/base_1221113035.css" "Mozilla/5.0 (Windows; U; Windows NT 6.0; en-US; rv:1.9.0.8) Gecko/2009032609 Firefox/3.0.8 (.NET CLR 3.5.30729)"
216.110.252.139 - - [31/Mar/2009:14:49:59 -0400] "GET /images/BOX-BACK.jpg HTTP/1.1" 200 1025 "http://www.nikonthenumbers.com/stylesheets/base_1221113035.css" "Mozilla/5.0 (Windows; U; Windows NT 6.0; en-US; rv:1.9.0.8) Gecko/2009032609 Firefox/3.0.8 (.NET CLR 3.5.30729)"
216.110.252.139 - - [31/Mar/2009:14:50:00 -0400] "GET /images/polling_results.jpg?1221113035 HTTP/1.1" 200 5021 "http://www.nikonthenumbers.com/" "Mozilla/5.0 (Windows; U; Windows NT 6.0; en-US; rv:1.9.0.8) Gecko/2009032609 Firefox/3.0.8 (.NET CLR 3.5.30729)"
216.110.252.139 - - [31/Mar/2009:14:50:00 -0400] "GET /images/comment_bw.png HTTP/1.1" 200 384 "http://www.nikonthenumbers.com/stylesheets/base_1221113035.css" "Mozilla/5.0 (Windows; U; Windows NT 6.0; en-US; rv:1.9.0.8) Gecko/2009032609 Firefox/3.0.8 (.NET CLR 3.5.30729)"
216.110.252.139 - - [31/Mar/2009:14:50:00 -0400] "GET /images/TOP_03.jpg HTTP/1.1" 200 15516 "http://www.nikonthenumbers.com/" "Mozilla/5.0 (Windows; U; Windows NT 6.0; en-US; rv:1.9.0.8) Gecko/2009032609 Firefox/3.0.8 (.NET CLR 3.5.30729)"
216.110.252.139 - - [31/Mar/2009:14:50:02 -0400] "GET /images/feed-icon-14x14.png HTTP/1.1" 200 689 "http://www.nikonthenumbers.com/" "Mozilla/5.0 (Windows; U; Windows NT 6.0; en-US; rv:1.9.0.8) Gecko/2009032609 Firefox/3.0.8 (.NET CLR 3.5.30729)"
216.110.252.139 - - [31/Mar/2009:14:50:05 -0400] "GET /images/page-bg.gif HTTP/1.1" 200 1487 "http://www.nikonthenumbers.com/stylesheets/base_1221113035.css" "Mozilla/5.0 (Windows; U; Windows NT 6.0; en-US; rv:1.9.0.8) Gecko/2009032609 Firefox/3.0.8 (.NET CLR 3.5.30729)"
78.41.158.58 - - [31/Mar/2009:14:49:54 -0400] "GET /topics/show/74/8429 HTTP/1.0" 200 15639 "-" "HouxouCrawler/Nutch-0.9 (houxou.com's nutch-based crawler which serves special interest on-line communities; http://www.houxou.com/crawler; crawler at houxou dot com)"
78.41.158.58 - - [31/Mar/2009:14:50:25 -0400] "GET /topics/show/63/4290 HTTP/1.0" 200 142736 "-" "HouxouCrawler/Nutch-0.9 (houxou.com's nutch-based crawler which serves special interest on-line communities; http://www.houxou.com/crawler; crawler at houxou dot com)"
67.228.87.83 - - [31/Mar/2009:14:50:08 -0400] "GET /rss HTTP/1.1" 200 15791 "http://www.nikonthenumbers.com/rss" "NetworkedBlogs"
78.41.158.58 - - [31/Mar/2009:14:50:34 -0400] "GET /topics/show/114/20130 HTTP/1.0" 200 151639 "-" "HouxouCrawler/Nutch-0.9 (houxou.com's nutch-based crawler which serves special interest on-line communities; http://www.houxou.com/crawler; crawler at houxou dot com)"
78.136.27.223 - - [31/Mar/2009:14:50:51 -0400] "GET / HTTP/1.0" 200 24895 "-" "Pingdom.com_bot_version_1.4_(http://www.pingdom.com/)"
78.41.158.58 - - [31/Mar/2009:14:50:54 -0400] "GET /topics/show/83/11000 HTTP/1.0" 200 159639 "-" "HouxouCrawler/Nutch-0.9 (houxou.com's nutch-based crawler which serves special interest on-line communities; http://www.houxou.com/crawler; crawler at houxou dot com)"
205.205.91.66 - - [31/Mar/2009:14:50:56 -0400] "GET /rss HTTP/1.1" 200 100138 "-" "Mozilla/4.0 (compatible; MSIE 7.0; Windows NT 5.1; GTB5; .NET CLR 1.1.4322; .NET CLR 2.0.50727; InfoPath.2; Alexa Toolbar; MS-RTC LM 8; MSOffice 12)"
78.41.158.58 - - [31/Mar/2009:14:51:28 -0400] "GET /topics/show/74/8893 HTTP/1.0" 200 143639 "-" "HouxouCrawler/Nutch-0.9 (houxou.com's nutch-based crawler which serves special interest on-line communities; http://www.houxou.com/crawler; crawler at houxou dot com)"
78.41.158.58 - - [31/Mar/2009:14:51:52 -0400] "GET /topics/show/117/24137 HTTP/1.0" 200 151639 "-" "HouxouCrawler/Nutch-0.9 (houxou.com's nutch-based crawler which serves special interest on-line communities; http://www.houxou.com/crawler; crawler at houxou dot com)"
67.205.112.79 - - [31/Mar/2009:14:51:51 -0400] "GET / HTTP/1.0" 200 24895 "-" "Pingdom.com_bot_version_1.4_(http://www.pingdom.com/)"
216.110.252.139 - - [31/Mar/2009:14:51:57 -0400] "GET / HTTP/1.1" 200 15640 "http://www.google.ca/search?hl=en&q=nik+nanos&btnG=Google+Search&meta=&aq=f&oq=" "Mozilla/5.0 (Windows; U; Windows NT 6.0; en-US; rv:1.9.0.8) Gecko/2009032609 Firefox/3.0.8 (.NET CLR 3.5.30729)"
78.41.158.58 - - [31/Mar/2009:14:52:12 -0400] "GET /topics/show/120/26093 HTTP/1.0" 200 151639 "-" "HouxouCrawler/Nutch-0.9 (houxou.com's nutch-based crawler which serves special interest on-line communities; http://www.houxou.com/crawler; crawler at houxou dot com)"
174.133.253.162 - - [31/Mar/2009:14:52:51 -0400] "GET / HTTP/1.0" 200 24895 "-" "Pingdom.com_bot_version_1.4_(http://www.pingdom.com/)"
78.41.158.58 - - [31/Mar/2009:14:52:54 -0400] "GET /topics/show/57/3363 HTTP/1.0" 200 159639 "-" "HouxouCrawler/Nutch-0.9 (houxou.com's nutch-based crawler which serves special interest on-line communities; http://www.houxou.com/crawler; crawler at houxou dot com)"
158.35.225.231 - - [31/Mar/2009:14:52:55 -0400] "GET / HTTP/1.1" 200 24895 "http://www.google.ca/search?hl=en&q=nik+nanos&meta=" "Mozilla/4.0 (compatible; MSIE 6.0; Windows NT 5.1; SV1; .NET CLR 1.1.4322; .NET CLR 2.0.50727; InfoPath.1)"
158.35.225.231 - - [31/Mar/2009:14:52:58 -0400] "GET /javascripts/base_1221113035.js HTTP/1.1" 200 96039 "http://www.nikonthenumbers.com/" "Mozilla/4.0 (compatible; MSIE 6.0; Windows NT 5.1; SV1; .NET CLR 1.1.4322; .NET CLR 2.0.50727; InfoPath.1)"
158.35.225.231 - - [31/Mar/2009:14:52:58 -0400] "GET /stylesheets/base_1221113035.css HTTP/1.1" 200 14188 "http://www.nikonthenumbers.com/" "Mozilla/4.0 (compatible; MSIE 6.0; Windows NT 5.1; SV1; .NET CLR 1.1.4322; .NET CLR 2.0.50727; InfoPath.1)"
158.35.225.231 - - [31/Mar/2009:14:52:59 -0400] "GET /images/TOP_02.jpg HTTP/1.1" 200 14856 "http://www.nikonthenumbers.com/" "Mozilla/4.0 (compatible; MSIE 6.0; Windows NT 5.1; SV1; .NET CLR 1.1.4322; .NET CLR 2.0.50727; InfoPath.1)"
158.35.225.231 - - [31/Mar/2009:14:52:59 -0400] "GET /images/TOP_01.jpg HTTP/1.1" 200 12839 "http://www.nikonthenumbers.com/" "Mozilla/4.0 (compatible; MSIE 6.0; Windows NT 5.1; SV1; .NET CLR 1.1.4322; .NET CLR 2.0.50727; InfoPath.1)"
158.35.225.231 - - [31/Mar/2009:14:53:00 -0400] "GET /images/TOP_03.jpg HTTP/1.1" 200 15516 "http://www.nikonthenumbers.com/" "Mozilla/4.0 (compatible; MSIE 6.0; Windows NT 5.1; SV1; .NET CLR 1.1.4322; .NET CLR 2.0.50727; InfoPath.1)"
158.35.225.231 - - [31/Mar/2009:14:53:00 -0400] "GET /images/feed-icon-14x14.png HTTP/1.1" 200 689 "http://www.nikonthenumbers.com/" "Mozilla/4.0 (compatible; MSIE 6.0; Windows NT 5.1; SV1; .NET CLR 1.1.4322; .NET CLR 2.0.50727; InfoPath.1)"
158.35.225.231 - - [31/Mar/2009:14:53:00 -0400] "GET /images/page-bg.gif HTTP/1.1" 200 1487 "http://www.nikonthenumbers.com/" "Mozilla/4.0 (compatible; MSIE 6.0; Windows NT 5.1; SV1; .NET CLR 1.1.4322; .NET CLR 2.0.50727; InfoPath.1)"
158.35.225.231 - - [31/Mar/2009:14:53:00 -0400] "GET /images/RULE-FADE.jpg HTTP/1.1" 200 448 "http://www.nikonthenumbers.com/" "Mozilla/4.0 (compatible; MSIE 6.0; Windows NT 5.1; SV1; .NET CLR 1.1.4322; .NET CLR 2.0.50727; InfoPath.1)"
158.35.225.231 - - [31/Mar/2009:14:53:00 -0400] "GET /fixit.js HTTP/1.1" 200 153 "http://www.nikonthenumbers.com/" "Mozilla/4.0 (compatible; MSIE 6.0; Windows NT 5.1; SV1; .NET CLR 1.1.4322; .NET CLR 2.0.50727; InfoPath.1)"
158.35.225.231 - - [31/Mar/2009:14:53:00 -0400] "GET /images/TOP_06.jpg HTTP/1.1" 200 2158 "http://www.nikonthenumbers.com/" "Mozilla/4.0 (compatible; MSIE 6.0; Windows NT 5.1; SV1; .NET CLR 1.1.4322; .NET CLR 2.0.50727; InfoPath.1)"
158.35.225.231 - - [31/Mar/2009:14:53:00 -0400] "GET /images/bottom-with-shaddow.gif HTTP/1.1" 200 9790 "http://www.nikonthenumbers.com/" "Mozilla/4.0 (compatible; MSIE 6.0; Windows NT 5.1; SV1; .NET CLR 1.1.4322; .NET CLR 2.0.50727; InfoPath.1)"
158.35.225.231 - - [31/Mar/2009:14:53:00 -0400] "GET /images/red-band.gif HTTP/1.1" 200 4358 "http://www.nikonthenumbers.com/" "Mozilla/4.0 (compatible; MSIE 6.0; Windows NT 5.1; SV1; .NET CLR 1.1.4322; .NET CLR 2.0.50727; InfoPath.1)"
158.35.225.231 - - [31/Mar/2009:14:53:03 -0400] "GET /images/BOX-BACK.jpg HTTP/1.1" 200 1025 "http://www.nikonthenumbers.com/" "Mozilla/4.0 (compatible; MSIE 6.0; Windows NT 5.1; SV1; .NET CLR 1.1.4322; .NET CLR 2.0.50727; InfoPath.1)"
78.41.158.58 - - [31/Mar/2009:14:53:02 -0400] "GET /topics/show/104 HTTP/1.0" 200 96020 "-" "HouxouCrawler/Nutch-0.9 (houxou.com's nutch-based crawler which serves special interest on-line communities; http://www.houxou.com/crawler; crawler at houxou dot com)"
158.35.225.231 - - [31/Mar/2009:14:53:03 -0400] "GET /images/Ses-Townhall-AD-FED-20080911.swf HTTP/1.1" 200 17188 "http://www.nikonthenumbers.com/" "Mozilla/4.0 (compatible; MSIE 6.0; Windows NT 5.1; SV1; .NET CLR 1.1.4322; .NET CLR 2.0.50727; InfoPath.1)"
158.35.225.231 - - [31/Mar/2009:14:53:03 -0400] "GET /images/Ses-Townhall-AD-FED-20080911.swf HTTP/1.1" 200 17188 "http://www.nikonthenumbers.com/" "Mozilla/4.0 (compatible; MSIE 6.0; Windows NT 5.1; SV1; .NET CLR 1.1.4322; .NET CLR 2.0.50727; InfoPath.1)"
158.35.225.231 - - [31/Mar/2009:14:53:04 -0400] "GET /images/polling_results.jpg?1221113035 HTTP/1.1" 200 5021 "http://www.nikonthenumbers.com/" "Mozilla/4.0 (compatible; MSIE 6.0; Windows NT 5.1; SV1; .NET CLR 1.1.4322; .NET CLR 2.0.50727; InfoPath.1)"
158.35.225.231 - - [31/Mar/2009:14:53:04 -0400] "GET /images/safe_subscribe_logo.gif HTTP/1.1" 200 457 "http://www.nikonthenumbers.com/" "Mozilla/4.0 (compatible; MSIE 6.0; Windows NT 5.1; SV1; .NET CLR 1.1.4322; .NET CLR 2.0.50727; InfoPath.1)"
158.35.225.231 - - [31/Mar/2009:14:53:05 -0400] "GET /images/comment_bw.png HTTP/1.1" 200 384 "http://www.nikonthenumbers.com/" "Mozilla/4.0 (compatible; MSIE 6.0; Windows NT 5.1; SV1; .NET CLR 1.1.4322; .NET CLR 2.0.50727; InfoPath.1)"
158.35.225.231 - - [31/Mar/2009:14:53:05 -0400] "GET /images/cancel.png HTTP/1.1" 200 853 "http://www.nikonthenumbers.com/" "Mozilla/4.0 (compatible; MSIE 6.0; Windows NT 5.1; SV1; .NET CLR 1.1.4322; .NET CLR 2.0.50727; InfoPath.1)"
158.35.225.231 - - [31/Mar/2009:14:53:08 -0400] "GET /topics/show/72 HTTP/1.1" 200 78331 "http://www.google.ca/search?hl=en&q=nik+nanos&meta=" "Mozilla/4.0 (compatible; MSIE 6.0; Windows NT 5.1; SV1; .NET CLR 1.1.4322; .NET CLR 2.0.50727; InfoPath.1)"
158.35.225.231 - - [31/Mar/2009:14:53:10 -0400] "GET /avatars/0000/0095/images_thumb.jpg?1231803391 HTTP/1.1" 200 7322 "http://www.nikonthenumbers.com/topics/show/72" "Mozilla/4.0 (compatible; MSIE 6.0; Windows NT 5.1; SV1; .NET CLR 1.1.4322; .NET CLR 2.0.50727; InfoPath.1)"
158.35.225.231 - - [31/Mar/2009:14:53:10 -0400] "GET /avatars/0000/0027/an_3...wip_thumb.jpg?1217342682 HTTP/1.1" 200 5129 "http://www.nikonthenumbers.com/topics/show/72" "Mozilla/4.0 (compatible; MSIE 6.0; Windows NT 5.1; SV1; .NET CLR 1.1.4322; .NET CLR 2.0.50727; InfoPath.1)"
158.35.225.231 - - [31/Mar/2009:14:53:10 -0400] "GET /images/comment.png HTTP/1.1" 200 540 "http://www.nikonthenumbers.com/topics/show/72" "Mozilla/4.0 (compatible; MSIE 6.0; Windows NT 5.1; SV1; .NET CLR 1.1.4322; .NET CLR 2.0.50727; InfoPath.1)"
78.41.158.58 - - [31/Mar/2009:14:53:17 -0400] "GET /topics/show/119/24966 HTTP/1.0" 200 143639 "-" "HouxouCrawler/Nutch-0.9 (houxou.com's nutch-based crawler which serves special interest on-line communities; http://www.houxou.com/crawler; crawler at houxou dot com)"
78.41.158.58 - - [31/Mar/2009:14:53:27 -0400] "GET /topics/show/51/2741 HTTP/1.0" 200 159639 "-" "HouxouCrawler/Nutch-0.9 (houxou.com's nutch-based crawler which serves special interest on-line communities; http://www.houxou.com/crawler; crawler at houxou dot com)"
216.110.252.139 - - [31/Mar/2009:14:53:34 -0400] "GET / HTTP/1.1" 200 15640 "http://www.google.ca/search?hl=en&q=nik+nanos&btnG=Google+Search&meta=&aq=f&oq=" "Mozilla/5.0 (Windows; U; Windows NT 6.0; en-US; rv:1.9.0.8) Gecko/2009032609 Firefox/3.0.8 (.NET CLR 3.5.30729)"
158.35.225.231 - - [31/Mar/2009:14:53:38 -0400] "GET / HTTP/1.1" 200 24895 "http://www.nikonthenumbers.com/topics/show/72" "Mozilla/4.0 (compatible; MSIE 6.0; Windows NT 5.1; SV1; .NET CLR 1.1.4322; .NET CLR 2.0.50727; InfoPath.1)"
158.35.225.231 - - [31/Mar/2009:14:53:45 -0400] "GET /archives HTTP/1.1" 200 34644 "http://www.nikonthenumbers.com/" "Mozilla/4.0 (compatible; MSIE 6.0; Windows NT 5.1; SV1; .NET CLR 1.1.4322; .NET CLR 2.0.50727; InfoPath.1)"
78.41.158.58 - - [31/Mar/2009:14:53:45 -0400] "GET /topics/show/107/17106 HTTP/1.0" 200 151639 "-" "HouxouCrawler/Nutch-0.9 (houxou.com's nutch-based crawler which serves special interest on-line communities; http://www.houxou.com/crawler; crawler at houxou dot com)"
137.122.119.57 - - [31/Mar/2009:14:53:47 -0400] "GET /rss HTTP/1.1" 200 100138 "-" "Vienna/2.3.0.2301"
158.35.225.231 - - [31/Mar/2009:14:54:05 -0400] "GET /topics/show/125 HTTP/1.1" 200 77021 "http://www.nikonthenumbers.com/archives" "Mozilla/4.0 (compatible; MSIE 6.0; Windows NT 5.1; SV1; .NET CLR 1.1.4322; .NET CLR 2.0.50727; InfoPath.1)"
207.245.21.152 - - [31/Mar/2009:14:54:05 -0400] "GET /rss HTTP/1.1" 200 100138 "-" "Mozilla/4.0 (compatible; MSIE 7.0; Windows NT 5.1; InfoPath.2; MSOffice 12)"
78.41.158.58 - - [31/Mar/2009:14:54:17 -0400] "GET /topics/show/112/18772 HTTP/1.0" 200 151639 "-" "HouxouCrawler/Nutch-0.9 (houxou.com's nutch-based crawler which serves special interest on-line communities; http://www.houxou.com/crawler; crawler at houxou dot com)"
89.151.110.152 - - [31/Mar/2009:14:54:52 -0400] "GET / HTTP/1.0" 200 24895 "-" "Pingdom.com_bot_version_1.4_(http://www.pingdom.com/)"
206.191.40.208 - - [31/Mar/2009:14:54:54 -0400] "GET /rss HTTP/1.1" 200 100138 "-" "Windows-RSS-Platform/1.0 (MSIE 7.0; Windows NT 5.1)"
