83.140.19.38 - - [31/Mar/2009:12:26:14 -0400] "GET / HTTP/1.0" 200 24896 "-" "Pingdom.com_bot_version_1.4_(http://www.pingdom.com/)"
67.226.157.169 - - [31/Mar/2009:12:26:17 -0400] "GET /images/feed-icon-14x14.png HTTP/1.1" 200 689 "http://nikonthenumbers.com/topics/show/124/28426" "Mozilla/4.0 (compatible; MSIE 7.0; Windows NT 5.1; .NET CLR 1.1.4322)"
67.226.157.169 - - [31/Mar/2009:12:26:17 -0400] "GET /images/TOP_03.jpg HTTP/1.1" 200 15516 "http://nikonthenumbers.com/topics/show/124/28426" "Mozilla/4.0 (compatible; MSIE 7.0; Windows NT 5.1; .NET CLR 1.1.4322)"
67.226.157.169 - - [31/Mar/2009:12:26:17 -0400] "GET /images/TOP_06.jpg HTTP/1.1" 200 2158 "http://nikonthenumbers.com/topics/show/124/28426" "Mozilla/4.0 (compatible; MSIE 7.0; Windows NT 5.1; .NET CLR 1.1.4322)"
67.226.157.169 - - [31/Mar/2009:12:26:17 -0400] "GET /images/bottom-with-shaddow.gif HTTP/1.1" 200 9790 "http://nikonthenumbers.com/topics/show/124/28426" "Mozilla/4.0 (compatible; MSIE 7.0; Windows NT 5.1; .NET CLR 1.1.4322)"
67.226.157.169 - - [31/Mar/2009:12:26:17 -0400] "GET /images/BOX-BACK.jpg HTTP/1.1" 200 1025 "http://nikonthenumbers.com/topics/show/124/28426" "Mozilla/4.0 (compatible; MSIE 7.0; Windows NT 5.1; .NET CLR 1.1.4322)"
67.226.157.169 - - [31/Mar/2009:12:26:17 -0400] "GET /images/red-band.gif HTTP/1.1" 200 4358 "http://nikonthenumbers.com/topics/show/124/28426" "Mozilla/4.0 (compatible; MSIE 7.0; Windows NT 5.1; .NET CLR 1.1.4322)"
67.226.157.169 - - [31/Mar/2009:12:26:17 -0400] "GET /images/comment.png HTTP/1.1" 200 540 "http://nikonthenumbers.com/topics/show/124/28426" "Mozilla/4.0 (compatible; MSIE 7.0; Windows NT 5.1; .NET CLR 1.1.4322)"
67.226.157.169 - - [31/Mar/2009:12:26:18 -0400] "GET /images/comment_bw.png HTTP/1.1" 200 384 "http://nikonthenumbers.com/topics/show/124/28426" "Mozilla/4.0 (compatible; MSIE 7.0; Windows NT 5.1; .NET CLR 1.1.4322)"
67.226.157.169 - - [31/Mar/2009:12:26:19 -0400] "GET /avatars/0000/0107/hope-nope5_thumb.jpg?1235523623 HTTP/1.1" 200 5188 "http://nikonthenumbers.com/topics/show/124/28426" "Mozilla/4.0 (compatible; MSIE 7.0; Windows NT 5.1; .NET CLR 1.1.4322)"
67.226.157.169 - - [31/Mar/2009:12:26:20 -0400] "GET /avatars/0000/0083/LOGO_lg_thumb.png?1228919873 HTTP/1.1" 200 3884 "http://nikonthenumbers.com/topics/show/124/28426" "Mozilla/4.0 (compatible; MSIE 7.0; Windows NT 5.1; .NET CLR 1.1.4322)"
67.226.157.169 - - [31/Mar/2009:12:26:25 -0400] "GET /images/RULE-FADE.jpg HTTP/1.1" 200 448 "http://nikonthenumbers.com/topics/show/124/28426" "Mozilla/4.0 (compatible; MSIE 7.0; Windows NT 5.1; .NET CLR 1.1.4322)"
67.226.157.169 - - [31/Mar/2009:12:26:25 -0400] "GET /fixit.js HTTP/1.1" 200 153 "http://nikonthenumbers.com/topics/show/124/28426" "Mozilla/4.0 (compatible; MSIE 7.0; Windows NT 5.1; .NET CLR 1.1.4322)"
67.226.157.169 - - [31/Mar/2009:12:26:25 -0400] "GET /images/Ses-Townhall-AD-FED-20080911.swf HTTP/1.1" 200 17188 "http://nikonthenumbers.com/topics/show/124/28426" "Mozilla/4.0 (compatible; MSIE 7.0; Windows NT 5.1; .NET CLR 1.1.4322)"
67.226.157.169 - - [31/Mar/2009:12:26:25 -0400] "GET /images/Ses-Townhall-AD-FED-20080911.swf HTTP/1.1" 200 17188 "http://nikonthenumbers.com/topics/show/124/28426" "Mozilla/4.0 (compatible; MSIE 7.0; Windows NT 5.1; .NET CLR 1.1.4322)"
67.226.157.169 - - [31/Mar/2009:12:26:26 -0400] "GET /images/polling_results.jpg?1221113035 HTTP/1.1" 200 5021 "http://nikonthenumbers.com/topics/show/124/28426" "Mozilla/4.0 (compatible; MSIE 7.0; Windows NT 5.1; .NET CLR 1.1.4322)"
67.226.157.169 - - [31/Mar/2009:12:26:26 -0400] "GET /images/safe_subscribe_logo.gif HTTP/1.1" 200 457 "http://nikonthenumbers.com/topics/show/124/28426" "Mozilla/4.0 (compatible; MSIE 7.0; Windows NT 5.1; .NET CLR 1.1.4322)"
67.226.157.169 - - [31/Mar/2009:12:26:26 -0400] "GET /images/cancel.png HTTP/1.1" 200 853 "http://nikonthenumbers.com/topics/show/124/28426" "Mozilla/4.0 (compatible; MSIE 7.0; Windows NT 5.1; .NET CLR 1.1.4322)"
198.96.178.33 - - [31/Mar/2009:12:26:31 -0400] "GET / HTTP/1.1" 200 24896 "http://www.nationalnewswatch.com/blogs.html" "Mozilla/4.0 (compatible; MSIE 6.0; Windows NT 5.1; SV1; .NET CLR 1.1.4322; .NET CLR 2.0.50727; .NET CLR 3.0.04506.30; InfoPath.1; .NET CLR 3.0.4506.2152; .NET CLR 3.5.30729; MS-RTC LM 8)"
198.96.178.33 - - [31/Mar/2009:12:26:33 -0400] "GET /javascripts/base_1221113035.js HTTP/1.1" 200 96039 "http://www.nikonthenumbers.com/" "Mozilla/4.0 (compatible; MSIE 6.0; Windows NT 5.1; SV1; .NET CLR 1.1.4322; .NET CLR 2.0.50727; .NET CLR 3.0.04506.30; InfoPath.1; .NET CLR 3.0.4506.2152; .NET CLR 3.5.30729; MS-RTC LM 8)"
198.96.178.33 - - [31/Mar/2009:12:26:33 -0400] "GET /stylesheets/base_1221113035.css HTTP/1.1" 200 14188 "http://www.nikonthenumbers.com/" "Mozilla/4.0 (compatible; MSIE 6.0; Windows NT 5.1; SV1; .NET CLR 1.1.4322; .NET CLR 2.0.50727; .NET CLR 3.0.04506.30; InfoPath.1; .NET CLR 3.0.4506.2152; .NET CLR 3.5.30729; MS-RTC LM 8)"
198.96.178.33 - - [31/Mar/2009:12:26:33 -0400] "GET /images/TOP_01.jpg HTTP/1.1" 200 12839 "http://www.nikonthenumbers.com/" "Mozilla/4.0 (compatible; MSIE 6.0; Windows NT 5.1; SV1; .NET CLR 1.1.4322; .NET CLR 2.0.50727; .NET CLR 3.0.04506.30; InfoPath.1; .NET CLR 3.0.4506.2152; .NET CLR 3.5.30729; MS-RTC LM 8)"
198.96.178.33 - - [31/Mar/2009:12:26:33 -0400] "GET /images/TOP_02.jpg HTTP/1.1" 200 14856 "http://www.nikonthenumbers.com/" "Mozilla/4.0 (compatible; MSIE 6.0; Windows NT 5.1; SV1; .NET CLR 1.1.4322; .NET CLR 2.0.50727; .NET CLR 3.0.04506.30; InfoPath.1; .NET CLR 3.0.4506.2152; .NET CLR 3.5.30729; MS-RTC LM 8)"
198.96.178.33 - - [31/Mar/2009:12:26:33 -0400] "GET /images/TOP_03.jpg HTTP/1.1" 200 15516 "http://www.nikonthenumbers.com/" "Mozilla/4.0 (compatible; MSIE 6.0; Windows NT 5.1; SV1; .NET CLR 1.1.4322; .NET CLR 2.0.50727; .NET CLR 3.0.04506.30; InfoPath.1; .NET CLR 3.0.4506.2152; .NET CLR 3.5.30729; MS-RTC LM 8)"
198.96.178.33 - - [31/Mar/2009:12:26:33 -0400] "GET /images/feed-icon-14x14.png HTTP/1.1" 200 689 "http://www.nikonthenumbers.com/" "Mozilla/4.0 (compatible; MSIE 6.0; Windows NT 5.1; SV1; .NET CLR 1.1.4322; .NET CLR 2.0.50727; .NET CLR 3.0.04506.30; InfoPath.1; .NET CLR 3.0.4506.2152; .NET CLR 3.5.30729; MS-RTC LM 8)"
198.96.178.33 - - [31/Mar/2009:12:26:33 -0400] "GET /images/Ses-Townhall-AD-FED-20080911.swf HTTP/1.1" 200 17188 "http://www.nikonthenumbers.com/" "Mozilla/4.0 (compatible; MSIE 6.0; Windows NT 5.1; SV1; .NET CLR 1.1.4322; .NET CLR 2.0.50727; .NET CLR 3.0.04506.30; InfoPath.1; .NET CLR 3.0.4506.2152; .NET CLR 3.5.30729; MS-RTC LM 8)"
198.96.178.33 - - [31/Mar/2009:12:26:33 -0400] "GET /images/RULE-FADE.jpg HTTP/1.1" 200 448 "http://www.nikonthenumbers.com/" "Mozilla/4.0 (compatible; MSIE 6.0; Windows NT 5.1; SV1; .NET CLR 1.1.4322; .NET CLR 2.0.50727; .NET CLR 3.0.04506.30; InfoPath.1; .NET CLR 3.0.4506.2152; .NET CLR 3.5.30729; MS-RTC LM 8)"
198.96.178.33 - - [31/Mar/2009:12:26:33 -0400] "GET /fixit.js HTTP/1.1" 200 153 "http://www.nikonthenumbers.com/" "Mozilla/4.0 (compatible; MSIE 6.0; Windows NT 5.1; SV1; .NET CLR 1.1.4322; .NET CLR 2.0.50727; .NET CLR 3.0.04506.30; InfoPath.1; .NET CLR 3.0.4506.2152; .NET CLR 3.5.30729; MS-RTC LM 8)"
198.96.178.33 - - [31/Mar/2009:12:26:33 -0400] "GET /images/page-bg.gif HTTP/1.1" 200 1487 "http://www.nikonthenumbers.com/" "Mozilla/4.0 (compatible; MSIE 6.0; Windows NT 5.1; SV1; .NET CLR 1.1.4322; .NET CLR 2.0.50727; .NET CLR 3.0.04506.30; InfoPath.1; .NET CLR 3.0.4506.2152; .NET CLR 3.5.30729; MS-RTC LM 8)"
198.96.178.33 - - [31/Mar/2009:12:26:33 -0400] "GET /images/TOP_06.jpg HTTP/1.1" 200 2158 "http://www.nikonthenumbers.com/" "Mozilla/4.0 (compatible; MSIE 6.0; Windows NT 5.1; SV1; .NET CLR 1.1.4322; .NET CLR 2.0.50727; .NET CLR 3.0.04506.30; InfoPath.1; .NET CLR 3.0.4506.2152; .NET CLR 3.5.30729; MS-RTC LM 8)"
198.96.178.33 - - [31/Mar/2009:12:26:33 -0400] "GET /images/bottom-with-shaddow.gif HTTP/1.1" 200 9790 "http://www.nikonthenumbers.com/" "Mozilla/4.0 (compatible; MSIE 6.0; Windows NT 5.1; SV1; .NET CLR 1.1.4322; .NET CLR 2.0.50727; .NET CLR 3.0.04506.30; InfoPath.1; .NET CLR 3.0.4506.2152; .NET CLR 3.5.30729; MS-RTC LM 8)"
198.96.178.33 - - [31/Mar/2009:12:26:33 -0400] "GET /images/BOX-BACK.jpg HTTP/1.1" 200 1025 "http://www.nikonthenumbers.com/" "Mozilla/4.0 (compatible; MSIE 6.0; Windows NT 5.1; SV1; .NET CLR 1.1.4322; .NET CLR 2.0.50727; .NET CLR 3.0.04506.30; InfoPath.1; .NET CLR 3.0.4506.2152; .NET CLR 3.5.30729; MS-RTC LM 8)"
198.96.178.33 - - [31/Mar/2009:12:26:33 -0400] "GET /images/red-band.gif HTTP/1.1" 200 4358 "http://www.nikonthenumbers.com/" "Mozilla/4.0 (compatible; MSIE 6.0; Windows NT 5.1; SV1; .NET CLR 1.1.4322; .NET CLR 2.0.50727; .NET CLR 3.0.04506.30; InfoPath.1; .NET CLR 3.0.4506.2152; .NET CLR 3.5.30729; MS-RTC LM 8)"
198.96.178.33 - - [31/Mar/2009:12:26:33 -0400] "GET /images/polling_results.jpg?1221113035 HTTP/1.1" 200 5021 "http://www.nikonthenumbers.com/" "Mozilla/4.0 (compatible; MSIE 6.0; Windows NT 5.1; SV1; .NET CLR 1.1.4322; .NET CLR 2.0.50727; .NET CLR 3.0.04506.30; InfoPath.1; .NET CLR 3.0.4506.2152; .NET CLR 3.5.30729; MS-RTC LM 8)"
198.96.178.33 - - [31/Mar/2009:12:26:33 -0400] "GET /images/safe_subscribe_logo.gif HTTP/1.1" 200 457 "http://www.nikonthenumbers.com/" "Mozilla/4.0 (compatible; MSIE 6.0; Windows NT 5.1; SV1; .NET CLR 1.1.4322; .NET CLR 2.0.50727; .NET CLR 3.0.04506.30; InfoPath.1; .NET CLR 3.0.4506.2152; .NET CLR 3.5.30729; MS-RTC LM 8)"
198.96.178.33 - - [31/Mar/2009:12:26:33 -0400] "GET /images/comment_bw.png HTTP/1.1" 200 384 "http://www.nikonthenumbers.com/" "Mozilla/4.0 (compatible; MSIE 6.0; Windows NT 5.1; SV1; .NET CLR 1.1.4322; .NET CLR 2.0.50727; .NET CLR 3.0.04506.30; InfoPath.1; .NET CLR 3.0.4506.2152; .NET CLR 3.5.30729; MS-RTC LM 8)"
198.96.178.33 - - [31/Mar/2009:12:26:34 -0400] "GET /images/cancel.png HTTP/1.1" 200 853 "http://www.nikonthenumbers.com/" "Mozilla/4.0 (compatible; MSIE 6.0; Windows NT 5.1; SV1; .NET CLR 1.1.4322; .NET CLR 2.0.50727; .NET CLR 3.0.04506.30; InfoPath.1; .NET CLR 3.0.4506.2152; .NET CLR 3.5.30729; MS-RTC LM 8)"
198.96.178.33 - - [31/Mar/2009:12:26:34 -0400] "GET /images/cancel.png HTTP/1.1" 200 853 "http://www.nikonthenumbers.com/" "Mozilla/4.0 (compatible; MSIE 6.0; Windows NT 5.1; SV1; .NET CLR 1.1.4322; .NET CLR 2.0.50727; .NET CLR 3.0.04506.30; InfoPath.1; .NET CLR 3.0.4506.2152; .NET CLR 3.5.30729; MS-RTC LM 8)"
67.226.157.169 - - [31/Mar/2009:12:26:37 -0400] "POST /talk/mark/28529 HTTP/1.1" 201 1 "http://nikonthenumbers.com/topics/show/124/28426#comment_28529" "Mozilla/4.0 (compatible; MSIE 7.0; Windows NT 5.1; .NET CLR 1.1.4322)"
67.226.157.169 - - [31/Mar/2009:12:26:39 -0400] "POST /talk/mark/28529 HTTP/1.1" 201 1 "http://nikonthenumbers.com/topics/show/124/28426#comment_28529" "Mozilla/4.0 (compatible; MSIE 7.0; Windows NT 5.1; .NET CLR 1.1.4322)"
198.96.178.33 - - [31/Mar/2009:12:26:44 -0400] "GET /topics/show/124 HTTP/1.1" 200 15716 "http://www.nikonthenumbers.com/" "Mozilla/4.0 (compatible; MSIE 6.0; Windows NT 5.1; SV1; .NET CLR 1.1.4322; .NET CLR 2.0.50727; .NET CLR 3.0.04506.30; InfoPath.1; .NET CLR 3.0.4506.2152; .NET CLR 3.5.30729; MS-RTC LM 8)"
198.96.178.33 - - [31/Mar/2009:12:26:45 -0400] "GET /topics/show/124 HTTP/1.1" 200 150388 "http://www.nikonthenumbers.com/" "Mozilla/4.0 (compatible; MSIE 6.0; Windows NT 5.1; SV1; .NET CLR 1.1.4322; .NET CLR 2.0.50727; .NET CLR 3.0.04506.30; InfoPath.1; .NET CLR 3.0.4506.2152; .NET CLR 3.5.30729; MS-RTC LM 8)"
198.96.178.33 - - [31/Mar/2009:12:26:46 -0400] "GET /avatars/0000/0107/hope-nope5_thumb.jpg?1235523623 HTTP/1.1" 200 5188 "http://www.nikonthenumbers.com/topics/show/124" "Mozilla/4.0 (compatible; MSIE 6.0; Windows NT 5.1; SV1; .NET CLR 1.1.4322; .NET CLR 2.0.50727; .NET CLR 3.0.04506.30; InfoPath.1; .NET CLR 3.0.4506.2152; .NET CLR 3.5.30729; MS-RTC LM 8)"
198.96.178.33 - - [31/Mar/2009:12:26:46 -0400] "GET /avatars/0000/0083/LOGO_lg_thumb.png?1228919873 HTTP/1.1" 200 3884 "http://www.nikonthenumbers.com/topics/show/124" "Mozilla/4.0 (compatible; MSIE 6.0; Windows NT 5.1; SV1; .NET CLR 1.1.4322; .NET CLR 2.0.50727; .NET CLR 3.0.04506.30; InfoPath.1; .NET CLR 3.0.4506.2152; .NET CLR 3.5.30729; MS-RTC LM 8)"
198.96.178.33 - - [31/Mar/2009:12:26:46 -0400] "GET /images/comment.png HTTP/1.1" 200 540 "http://www.nikonthenumbers.com/topics/show/124" "Mozilla/4.0 (compatible; MSIE 6.0; Windows NT 5.1; SV1; .NET CLR 1.1.4322; .NET CLR 2.0.50727; .NET CLR 3.0.04506.30; InfoPath.1; .NET CLR 3.0.4506.2152; .NET CLR 3.5.30729; MS-RTC LM 8)"
142.66.37.10 - - [31/Mar/2009:12:26:53 -0400] "GET / HTTP/1.1" 200 24896 "-" "Mozilla/4.0 (compatible; MSIE 7.0; Windows NT 5.1; .NET CLR 1.1.4322; .NET CLR 2.0.50727; InfoPath.2; Student Computer Labs; Student Computer Labs)"
72.51.41.47 - - [31/Mar/2009:12:26:52 -0400] "GET / HTTP/1.0" 200 24896 "-" "Pingdom.com_bot_version_1.4_(http://www.pingdom.com/)"
142.66.37.10 - - [31/Mar/2009:12:26:55 -0400] "GET / HTTP/1.1" 200 24896 "-" "Mozilla/4.0 (compatible; MSIE 7.0; Windows NT 5.1; .NET CLR 1.1.4322; .NET CLR 2.0.50727; InfoPath.2; Student Computer Labs; Student Computer Labs)"
142.66.37.10 - - [31/Mar/2009:12:26:57 -0400] "GET /stylesheets/base_1221113035.css HTTP/1.1" 200 14188 "http://www.nikonthenumbers.com/" "Mozilla/4.0 (compatible; MSIE 7.0; Windows NT 5.1; .NET CLR 1.1.4322; .NET CLR 2.0.50727; InfoPath.2; Student Computer Labs; Student Computer Labs)"
142.66.37.10 - - [31/Mar/2009:12:26:57 -0400] "GET /javascripts/base_1221113035.js HTTP/1.1" 200 96039 "http://www.nikonthenumbers.com/" "Mozilla/4.0 (compatible; MSIE 7.0; Windows NT 5.1; .NET CLR 1.1.4322; .NET CLR 2.0.50727; InfoPath.2; Student Computer Labs; Student Computer Labs)"
142.66.37.10 - - [31/Mar/2009:12:26:57 -0400] "GET /images/TOP_01.jpg HTTP/1.1" 200 12839 "http://www.nikonthenumbers.com/" "Mozilla/4.0 (compatible; MSIE 7.0; Windows NT 5.1; .NET CLR 1.1.4322; .NET CLR 2.0.50727; InfoPath.2; Student Computer Labs; Student Computer Labs)"
142.66.37.10 - - [31/Mar/2009:12:26:57 -0400] "GET /images/TOP_02.jpg HTTP/1.1" 200 14856 "http://www.nikonthenumbers.com/" "Mozilla/4.0 (compatible; MSIE 7.0; Windows NT 5.1; .NET CLR 1.1.4322; .NET CLR 2.0.50727; InfoPath.2; Student Computer Labs; Student Computer Labs)"
142.66.37.10 - - [31/Mar/2009:12:26:57 -0400] "GET /images/Ses-Townhall-AD-FED-20080911.swf HTTP/1.1" 200 17188 "http://www.nikonthenumbers.com/" "Mozilla/4.0 (compatible; MSIE 7.0; Windows NT 5.1; .NET CLR 1.1.4322; .NET CLR 2.0.50727; InfoPath.2; Student Computer Labs; Student Computer Labs)"
142.66.37.10 - - [31/Mar/2009:12:26:57 -0400] "GET /images/TOP_03.jpg HTTP/1.1" 200 15516 "http://www.nikonthenumbers.com/" "Mozilla/4.0 (compatible; MSIE 7.0; Windows NT 5.1; .NET CLR 1.1.4322; .NET CLR 2.0.50727; InfoPath.2; Student Computer Labs; Student Computer Labs)"
142.66.37.10 - - [31/Mar/2009:12:26:57 -0400] "GET /images/feed-icon-14x14.png HTTP/1.1" 200 689 "http://www.nikonthenumbers.com/" "Mozilla/4.0 (compatible; MSIE 7.0; Windows NT 5.1; .NET CLR 1.1.4322; .NET CLR 2.0.50727; InfoPath.2; Student Computer Labs; Student Computer Labs)"
142.66.37.10 - - [31/Mar/2009:12:26:57 -0400] "GET /fixit.js HTTP/1.1" 200 153 "http://www.nikonthenumbers.com/" "Mozilla/4.0 (compatible; MSIE 7.0; Windows NT 5.1; .NET CLR 1.1.4322; .NET CLR 2.0.50727; InfoPath.2; Student Computer Labs; Student Computer Labs)"
142.66.37.10 - - [31/Mar/2009:12:26:57 -0400] "GET /images/page-bg.gif HTTP/1.1" 200 1487 "http://www.nikonthenumbers.com/" "Mozilla/4.0 (compatible; MSIE 7.0; Windows NT 5.1; .NET CLR 1.1.4322; .NET CLR 2.0.50727; InfoPath.2; Student Computer Labs; Student Computer Labs)"
142.66.37.10 - - [31/Mar/2009:12:26:57 -0400] "GET /images/RULE-FADE.jpg HTTP/1.1" 200 448 "http://www.nikonthenumbers.com/" "Mozilla/4.0 (compatible; MSIE 7.0; Windows NT 5.1; .NET CLR 1.1.4322; .NET CLR 2.0.50727; InfoPath.2; Student Computer Labs; Student Computer Labs)"
142.66.37.10 - - [31/Mar/2009:12:26:58 -0400] "GET /images/TOP_06.jpg HTTP/1.1" 200 2158 "http://www.nikonthenumbers.com/" "Mozilla/4.0 (compatible; MSIE 7.0; Windows NT 5.1; .NET CLR 1.1.4322; .NET CLR 2.0.50727; InfoPath.2; Student Computer Labs; Student Computer Labs)"
142.66.37.10 - - [31/Mar/2009:12:26:58 -0400] "GET /images/bottom-with-shaddow.gif HTTP/1.1" 200 9790 "http://www.nikonthenumbers.com/" "Mozilla/4.0 (compatible; MSIE 7.0; Windows NT 5.1; .NET CLR 1.1.4322; .NET CLR 2.0.50727; InfoPath.2; Student Computer Labs; Student Computer Labs)"
142.66.37.10 - - [31/Mar/2009:12:26:58 -0400] "GET /images/BOX-BACK.jpg HTTP/1.1" 200 1025 "http://www.nikonthenumbers.com/" "Mozilla/4.0 (compatible; MSIE 7.0; Windows NT 5.1; .NET CLR 1.1.4322; .NET CLR 2.0.50727; InfoPath.2; Student Computer Labs; Student Computer Labs)"
142.66.37.10 - - [31/Mar/2009:12:26:58 -0400] "GET /images/red-band.gif HTTP/1.1" 200 4358 "http://www.nikonthenumbers.com/" "Mozilla/4.0 (compatible; MSIE 7.0; Windows NT 5.1; .NET CLR 1.1.4322; .NET CLR 2.0.50727; InfoPath.2; Student Computer Labs; Student Computer Labs)"
142.66.37.10 - - [31/Mar/2009:12:26:58 -0400] "GET /images/comment_bw.png HTTP/1.1" 200 384 "http://www.nikonthenumbers.com/" "Mozilla/4.0 (compatible; MSIE 7.0; Windows NT 5.1; .NET CLR 1.1.4322; .NET CLR 2.0.50727; InfoPath.2; Student Computer Labs; Student Computer Labs)"
142.66.37.10 - - [31/Mar/2009:12:26:58 -0400] "GET /images/polling_results.jpg?1221113035 HTTP/1.1" 200 5021 "http://www.nikonthenumbers.com/" "Mozilla/4.0 (compatible; MSIE 7.0; Windows NT 5.1; .NET CLR 1.1.4322; .NET CLR 2.0.50727; InfoPath.2; Student Computer Labs; Student Computer Labs)"
142.66.37.10 - - [31/Mar/2009:12:26:58 -0400] "GET /images/safe_subscribe_logo.gif HTTP/1.1" 200 457 "http://www.nikonthenumbers.com/" "Mozilla/4.0 (compatible; MSIE 7.0; Windows NT 5.1; .NET CLR 1.1.4322; .NET CLR 2.0.50727; InfoPath.2; Student Computer Labs; Student Computer Labs)"
142.66.37.10 - - [31/Mar/2009:12:26:58 -0400] "GET /images/cancel.png HTTP/1.1" 200 853 "http://www.nikonthenumbers.com/" "Mozilla/4.0 (compatible; MSIE 7.0; Windows NT 5.1; .NET CLR 1.1.4322; .NET CLR 2.0.50727; InfoPath.2; Student Computer Labs; Student Computer Labs)"
198.96.178.33 - - [31/Mar/2009:12:26:59 -0400] "POST /talk/mark/28180 HTTP/1.1" 201 1 "http://www.nikonthenumbers.com/topics/show/124" "Mozilla/4.0 (compatible; MSIE 6.0; Windows NT 5.1; SV1; .NET CLR 1.1.4322; .NET CLR 2.0.50727; .NET CLR 3.0.04506.30; InfoPath.1; .NET CLR 3.0.4506.2152; .NET CLR 3.5.30729; MS-RTC LM 8)"
142.66.37.10 - - [31/Mar/2009:12:27:02 -0400] "GET /favicon.ico HTTP/1.1" 200 894 "-" "Mozilla/4.0 (compatible; MSIE 7.0; Windows NT 5.1; .NET CLR 1.1.4322; .NET CLR 2.0.50727; InfoPath.2; Student Computer Labs; Student Computer Labs)"
67.226.157.169 - - [31/Mar/2009:12:27:08 -0400] "GET /stylesheets/base_1221113035.css HTTP/1.1" 304 - "http://nikonthenumbers.com/topics/show/124/28426" "Mozilla/4.0 (compatible; MSIE 7.0; Windows NT 5.1; .NET CLR 1.1.4322)"
67.226.157.169 - - [31/Mar/2009:12:27:08 -0400] "GET /javascripts/base_1221113035.js HTTP/1.1" 304 - "http://nikonthenumbers.com/topics/show/124/28426" "Mozilla/4.0 (compatible; MSIE 7.0; Windows NT 5.1; .NET CLR 1.1.4322)"
67.226.157.169 - - [31/Mar/2009:12:27:09 -0400] "GET /images/page-bg.gif HTTP/1.1" 304 - "http://nikonthenumbers.com/topics/show/124/28426" "Mozilla/4.0 (compatible; MSIE 7.0; Windows NT 5.1; .NET CLR 1.1.4322)"
67.226.157.169 - - [31/Mar/2009:12:27:09 -0400] "GET /images/TOP_01.jpg HTTP/1.1" 304 - "http://nikonthenumbers.com/topics/show/124/28426" "Mozilla/4.0 (compatible; MSIE 7.0; Windows NT 5.1; .NET CLR 1.1.4322)"
67.226.157.169 - - [31/Mar/2009:12:27:09 -0400] "GET /images/TOP_02.jpg HTTP/1.1" 304 - "http://nikonthenumbers.com/topics/show/124/28426" "Mozilla/4.0 (compatible; MSIE 7.0; Windows NT 5.1; .NET CLR 1.1.4322)"
67.226.157.169 - - [31/Mar/2009:12:27:09 -0400] "GET /images/TOP_03.jpg HTTP/1.1" 304 - "http://nikonthenumbers.com/topics/show/124/28426" "Mozilla/4.0 (compatible; MSIE 7.0; Windows NT 5.1; .NET CLR 1.1.4322)"
67.226.157.169 - - [31/Mar/2009:12:27:07 -0400] "GET /topics/show/124/28426 HTTP/1.1" 200 190857 "http://by102w.bay102.mail.live.com/mail/InboxLight.aspx?FolderID=00000000-0000-0000-0000-000000000005&InboxSortAscending=False&InboxSortBy=Date&n=1358796870" "Mozilla/4.0 (compatible; MSIE 7.0; Windows NT 5.1; .NET CLR 1.1.4322)"
67.226.157.169 - - [31/Mar/2009:12:27:09 -0400] "GET /images/feed-icon-14x14.png HTTP/1.1" 304 - "http://nikonthenumbers.com/topics/show/124/28426" "Mozilla/4.0 (compatible; MSIE 7.0; Windows NT 5.1; .NET CLR 1.1.4322)"
67.226.157.169 - - [31/Mar/2009:12:27:09 -0400] "GET /images/TOP_06.jpg HTTP/1.1" 304 - "http://nikonthenumbers.com/topics/show/124/28426" "Mozilla/4.0 (compatible; MSIE 7.0; Windows NT 5.1; .NET CLR 1.1.4322)"
67.226.157.169 - - [31/Mar/2009:12:27:09 -0400] "GET /images/bottom-with-shaddow.gif HTTP/1.1" 304 - "http://nikonthenumbers.com/topics/show/124/28426" "Mozilla/4.0 (compatible; MSIE 7.0; Windows NT 5.1; .NET CLR 1.1.4322)"
67.226.157.169 - - [31/Mar/2009:12:27:09 -0400] "GET /images/BOX-BACK.jpg HTTP/1.1" 304 - "http://nikonthenumbers.com/topics/show/124/28426" "Mozilla/4.0 (compatible; MSIE 7.0; Windows NT 5.1; .NET CLR 1.1.4322)"
67.226.157.169 - - [31/Mar/2009:12:27:09 -0400] "GET /images/red-band.gif HTTP/1.1" 304 - "http://nikonthenumbers.com/topics/show/124/28426" "Mozilla/4.0 (compatible; MSIE 7.0; Windows NT 5.1; .NET CLR 1.1.4322)"
67.226.157.169 - - [31/Mar/2009:12:27:10 -0400] "GET /avatars/0000/0107/hope-nope5_thumb.jpg?1235523623 HTTP/1.1" 304 - "http://nikonthenumbers.com/topics/show/124/28426" "Mozilla/4.0 (compatible; MSIE 7.0; Windows NT 5.1; .NET CLR 1.1.4322)"
67.226.157.169 - - [31/Mar/2009:12:27:11 -0400] "GET /avatars/0000/0083/LOGO_lg_thumb.png?1228919873 HTTP/1.1" 304 - "http://nikonthenumbers.com/topics/show/124/28426" "Mozilla/4.0 (compatible; MSIE 7.0; Windows NT 5.1; .NET CLR 1.1.4322)"
67.226.157.169 - - [31/Mar/2009:12:27:15 -0400] "GET /images/RULE-FADE.jpg HTTP/1.1" 304 - "http://nikonthenumbers.com/topics/show/124/28426" "Mozilla/4.0 (compatible; MSIE 7.0; Windows NT 5.1; .NET CLR 1.1.4322)"
198.96.178.33 - - [31/Mar/2009:12:27:15 -0400] "GET /images/busy.gif HTTP/1.1" 200 2209 "http://www.nikonthenumbers.com/topics/show/124" "Mozilla/4.0 (compatible; MSIE 6.0; Windows NT 5.1; SV1; .NET CLR 1.1.4322; .NET CLR 2.0.50727; .NET CLR 3.0.04506.30; InfoPath.1; .NET CLR 3.0.4506.2152; .NET CLR 3.5.30729; MS-RTC LM 8)"
198.96.178.33 - - [31/Mar/2009:12:27:15 -0400] "POST /topics/show_comments/124/28180 HTTP/1.1" 200 8515 "http://www.nikonthenumbers.com/topics/show/124#comment_28180" "Mozilla/4.0 (compatible; MSIE 6.0; Windows NT 5.1; SV1; .NET CLR 1.1.4322; .NET CLR 2.0.50727; .NET CLR 3.0.04506.30; InfoPath.1; .NET CLR 3.0.4506.2152; .NET CLR 3.5.30729; MS-RTC LM 8)"
67.226.157.169 - - [31/Mar/2009:12:27:15 -0400] "GET /images/Ses-Townhall-AD-FED-20080911.swf HTTP/1.1" 304 - "http://nikonthenumbers.com/topics/show/124/28426" "Mozilla/4.0 (compatible; MSIE 7.0; Windows NT 5.1; .NET CLR 1.1.4322)"
67.226.157.169 - - [31/Mar/2009:12:27:15 -0400] "GET /fixit.js HTTP/1.1" 304 - "http://nikonthenumbers.com/topics/show/124/28426" "Mozilla/4.0 (compatible; MSIE 7.0; Windows NT 5.1; .NET CLR 1.1.4322)"
67.226.157.169 - - [31/Mar/2009:12:27:16 -0400] "GET /images/Ses-Townhall-AD-FED-20080911.swf HTTP/1.1" 304 - "http://nikonthenumbers.com/topics/show/124/28426" "Mozilla/4.0 (compatible; MSIE 7.0; Windows NT 5.1; .NET CLR 1.1.4322)"
67.226.157.169 - - [31/Mar/2009:12:27:16 -0400] "GET /images/safe_subscribe_logo.gif HTTP/1.1" 304 - "http://nikonthenumbers.com/topics/show/124/28426" "Mozilla/4.0 (compatible; MSIE 7.0; Windows NT 5.1; .NET CLR 1.1.4322)"
67.226.157.169 - - [31/Mar/2009:12:27:16 -0400] "GET /images/polling_results.jpg?1221113035 HTTP/1.1" 304 - "http://nikonthenumbers.com/topics/show/124/28426" "Mozilla/4.0 (compatible; MSIE 7.0; Windows NT 5.1; .NET CLR 1.1.4322)"
67.226.157.169 - - [31/Mar/2009:12:27:16 -0400] "GET /images/comment_bw.png HTTP/1.1" 304 - "http://nikonthenumbers.com/topics/show/124/28426" "Mozilla/4.0 (compatible; MSIE 7.0; Windows NT 5.1; .NET CLR 1.1.4322)"
67.226.157.169 - - [31/Mar/2009:12:27:16 -0400] "GET /images/comment.png HTTP/1.1" 304 - "http://nikonthenumbers.com/topics/show/124/28426" "Mozilla/4.0 (compatible; MSIE 7.0; Windows NT 5.1; .NET CLR 1.1.4322)"
67.226.157.169 - - [31/Mar/2009:12:27:16 -0400] "GET /images/cancel.png HTTP/1.1" 304 - "http://nikonthenumbers.com/topics/show/124/28426" "Mozilla/4.0 (compatible; MSIE 7.0; Windows NT 5.1; .NET CLR 1.1.4322)"
198.96.178.33 - - [31/Mar/2009:12:27:24 -0400] "POST /talk/mark/28203 HTTP/1.1" 201 1 "http://www.nikonthenumbers.com/topics/show/124#comment_28180" "Mozilla/4.0 (compatible; MSIE 6.0; Windows NT 5.1; SV1; .NET CLR 1.1.4322; .NET CLR 2.0.50727; .NET CLR 3.0.04506.30; InfoPath.1; .NET CLR 3.0.4506.2152; .NET CLR 3.5.30729; MS-RTC LM 8)"
67.226.157.169 - - [31/Mar/2009:12:27:27 -0400] "POST /talk/mark/28486 HTTP/1.1" 201 1 "http://nikonthenumbers.com/topics/show/124/28426#comment_28486" "Mozilla/4.0 (compatible; MSIE 7.0; Windows NT 5.1; .NET CLR 1.1.4322)"
198.96.178.33 - - [31/Mar/2009:12:27:35 -0400] "POST /talk/mark/28332 HTTP/1.1" 201 1 "http://www.nikonthenumbers.com/topics/show/124#comment_28180" "Mozilla/4.0 (compatible; MSIE 6.0; Windows NT 5.1; SV1; .NET CLR 1.1.4322; .NET CLR 2.0.50727; .NET CLR 3.0.04506.30; InfoPath.1; .NET CLR 3.0.4506.2152; .NET CLR 3.5.30729; MS-RTC LM 8)"
212.247.189.113 - - [31/Mar/2009:12:27:53 -0400] "GET / HTTP/1.0" 200 24896 "-" "Pingdom.com_bot_version_1.4_(http://www.pingdom.com/)"
67.226.157.169 - - [31/Mar/2009:12:27:57 -0400] "GET /stylesheets/base_1221113035.css HTTP/1.1" 304 - "http://nikonthenumbers.com/topics/show/124/28426" "Mozilla/4.0 (compatible; MSIE 7.0; Windows NT 5.1; .NET CLR 1.1.4322)"
67.226.157.169 - - [31/Mar/2009:12:27:55 -0400] "GET /topics/show/124/28426 HTTP/1.1" 200 190857 "http://by102w.bay102.mail.live.com/mail/InboxLight.aspx?FolderID=00000000-0000-0000-0000-000000000005&InboxSortAscending=False&InboxSortBy=Date&n=1358796870" "Mozilla/4.0 (compatible; MSIE 7.0; Windows NT 5.1; .NET CLR 1.1.4322)"
67.226.157.169 - - [31/Mar/2009:12:27:57 -0400] "GET /javascripts/base_1221113035.js HTTP/1.1" 304 - "http://nikonthenumbers.com/topics/show/124/28426" "Mozilla/4.0 (compatible; MSIE 7.0; Windows NT 5.1; .NET CLR 1.1.4322)"
67.226.157.169 - - [31/Mar/2009:12:27:57 -0400] "GET /images/page-bg.gif HTTP/1.1" 304 - "http://nikonthenumbers.com/topics/show/124/28426" "Mozilla/4.0 (compatible; MSIE 7.0; Windows NT 5.1; .NET CLR 1.1.4322)"
67.226.157.169 - - [31/Mar/2009:12:27:57 -0400] "GET /images/TOP_01.jpg HTTP/1.1" 304 - "http://nikonthenumbers.com/topics/show/124/28426" "Mozilla/4.0 (compatible; MSIE 7.0; Windows NT 5.1; .NET CLR 1.1.4322)"
67.226.157.169 - - [31/Mar/2009:12:27:57 -0400] "GET /images/TOP_02.jpg HTTP/1.1" 304 - "http://nikonthenumbers.com/topics/show/124/28426" "Mozilla/4.0 (compatible; MSIE 7.0; Windows NT 5.1; .NET CLR 1.1.4322)"
67.226.157.169 - - [31/Mar/2009:12:27:57 -0400] "GET /images/TOP_03.jpg HTTP/1.1" 304 - "http://nikonthenumbers.com/topics/show/124/28426" "Mozilla/4.0 (compatible; MSIE 7.0; Windows NT 5.1; .NET CLR 1.1.4322)"
67.226.157.169 - - [31/Mar/2009:12:27:57 -0400] "GET /images/feed-icon-14x14.png HTTP/1.1" 304 - "http://nikonthenumbers.com/topics/show/124/28426" "Mozilla/4.0 (compatible; MSIE 7.0; Windows NT 5.1; .NET CLR 1.1.4322)"
67.226.157.169 - - [31/Mar/2009:12:27:57 -0400] "GET /images/TOP_06.jpg HTTP/1.1" 304 - "http://nikonthenumbers.com/topics/show/124/28426" "Mozilla/4.0 (compatible; MSIE 7.0; Windows NT 5.1; .NET CLR 1.1.4322)"
67.226.157.169 - - [31/Mar/2009:12:27:57 -0400] "GET /images/bottom-with-shaddow.gif HTTP/1.1" 304 - "http://nikonthenumbers.com/topics/show/124/28426" "Mozilla/4.0 (compatible; MSIE 7.0; Windows NT 5.1; .NET CLR 1.1.4322)"
67.226.157.169 - - [31/Mar/2009:12:27:57 -0400] "GET /images/BOX-BACK.jpg HTTP/1.1" 304 - "http://nikonthenumbers.com/topics/show/124/28426" "Mozilla/4.0 (compatible; MSIE 7.0; Windows NT 5.1; .NET CLR 1.1.4322)"
67.226.157.169 - - [31/Mar/2009:12:27:57 -0400] "GET /images/comment.png HTTP/1.1" 304 - "http://nikonthenumbers.com/topics/show/124/28426" "Mozilla/4.0 (compatible; MSIE 7.0; Windows NT 5.1; .NET CLR 1.1.4322)"
67.226.157.169 - - [31/Mar/2009:12:27:57 -0400] "GET /images/red-band.gif HTTP/1.1" 304 - "http://nikonthenumbers.com/topics/show/124/28426" "Mozilla/4.0 (compatible; MSIE 7.0; Windows NT 5.1; .NET CLR 1.1.4322)"
67.226.157.169 - - [31/Mar/2009:12:27:58 -0400] "GET /avatars/0000/0107/hope-nope5_thumb.jpg?1235523623 HTTP/1.1" 304 - "http://nikonthenumbers.com/topics/show/124/28426" "Mozilla/4.0 (compatible; MSIE 7.0; Windows NT 5.1; .NET CLR 1.1.4322)"
67.226.157.169 - - [31/Mar/2009:12:27:59 -0400] "GET /avatars/0000/0083/LOGO_lg_thumb.png?1228919873 HTTP/1.1" 304 - "http://nikonthenumbers.com/topics/show/124/28426" "Mozilla/4.0 (compatible; MSIE 7.0; Windows NT 5.1; .NET CLR 1.1.4322)"
67.226.157.169 - - [31/Mar/2009:12:28:03 -0400] "GET /images/RULE-FADE.jpg HTTP/1.1" 304 - "http://nikonthenumbers.com/topics/show/124/28426" "Mozilla/4.0 (compatible; MSIE 7.0; Windows NT 5.1; .NET CLR 1.1.4322)"
67.226.157.169 - - [31/Mar/2009:12:28:03 -0400] "GET /images/Ses-Townhall-AD-FED-20080911.swf HTTP/1.1" 304 - "http://nikonthenumbers.com/topics/show/124/28426" "Mozilla/4.0 (compatible; MSIE 7.0; Windows NT 5.1; .NET CLR 1.1.4322)"
67.226.157.169 - - [31/Mar/2009:12:28:03 -0400] "GET /fixit.js HTTP/1.1" 304 - "http://nikonthenumbers.com/topics/show/124/28426" "Mozilla/4.0 (compatible; MSIE 7.0; Windows NT 5.1; .NET CLR 1.1.4322)"
67.226.157.169 - - [31/Mar/2009:12:28:03 -0400] "GET /images/Ses-Townhall-AD-FED-20080911.swf HTTP/1.1" 304 - "http://nikonthenumbers.com/topics/show/124/28426" "Mozilla/4.0 (compatible; MSIE 7.0; Windows NT 5.1; .NET CLR 1.1.4322)"
67.226.157.169 - - [31/Mar/2009:12:28:03 -0400] "GET /images/polling_results.jpg?1221113035 HTTP/1.1" 304 - "http://nikonthenumbers.com/topics/show/124/28426" "Mozilla/4.0 (compatible; MSIE 7.0; Windows NT 5.1; .NET CLR 1.1.4322)"
67.226.157.169 - - [31/Mar/2009:12:28:03 -0400] "GET /images/safe_subscribe_logo.gif HTTP/1.1" 304 - "http://nikonthenumbers.com/topics/show/124/28426" "Mozilla/4.0 (compatible; MSIE 7.0; Windows NT 5.1; .NET CLR 1.1.4322)"
67.226.157.169 - - [31/Mar/2009:12:28:04 -0400] "GET /images/comment_bw.png HTTP/1.1" 304 - "http://nikonthenumbers.com/topics/show/124/28426" "Mozilla/4.0 (compatible; MSIE 7.0; Windows NT 5.1; .NET CLR 1.1.4322)"
67.226.157.169 - - [31/Mar/2009:12:28:04 -0400] "GET /images/cancel.png HTTP/1.1" 304 - "http://nikonthenumbers.com/topics/show/124/28426" "Mozilla/4.0 (compatible; MSIE 7.0; Windows NT 5.1; .NET CLR 1.1.4322)"
67.226.157.169 - - [31/Mar/2009:12:28:16 -0400] "POST /talk/mark/28481 HTTP/1.1" 201 1 "http://nikonthenumbers.com/topics/show/124/28426#comment_28481" "Mozilla/4.0 (compatible; MSIE 7.0; Windows NT 5.1; .NET CLR 1.1.4322)"
198.96.178.33 - - [31/Mar/2009:12:28:31 -0400] "POST /talk/mark/28426 HTTP/1.1" 201 1 "http://www.nikonthenumbers.com/topics/show/124#comment_28180" "Mozilla/4.0 (compatible; MSIE 6.0; Windows NT 5.1; SV1; .NET CLR 1.1.4322; .NET CLR 2.0.50727; .NET CLR 3.0.04506.30; InfoPath.1; .NET CLR 3.0.4506.2152; .NET CLR 3.5.30729; MS-RTC LM 8)"
66.249.73.230 - - [31/Mar/2009:12:28:34 -0400] "GET /profile/9134 HTTP/1.1" 200 17703 "-" "Mozilla/5.0 (compatible; Googlebot/2.1; +http://www.google.com/bot.html)"
205.205.91.66 - - [31/Mar/2009:12:28:36 -0400] "GET /rss HTTP/1.1" 200 100138 "-" "Mozilla/4.0 (compatible; MSIE 7.0; Windows NT 5.1; GTB5; .NET CLR 1.1.4322; .NET CLR 2.0.50727; InfoPath.2; Alexa Toolbar; MS-RTC LM 8; MSOffice 12)"
198.96.178.33 - - [31/Mar/2009:12:28:38 -0400] "POST /talk/mark/28408 HTTP/1.1" 201 1 "http://www.nikonthenumbers.com/topics/show/124#comment_28180" "Mozilla/4.0 (compatible; MSIE 6.0; Windows NT 5.1; SV1; .NET CLR 1.1.4322; .NET CLR 2.0.50727; .NET CLR 3.0.04506.30; InfoPath.1; .NET CLR 3.0.4506.2152; .NET CLR 3.5.30729; MS-RTC LM 8)"
141.109.12.50 - - [31/Mar/2009:12:28:43 -0400] "GET /stylesheets/base_1221113035.css HTTP/1.1" 304 - "http://www.nikonthenumbers.com/" "Mozilla/4.0 (compatible; MSIE 6.0; Windows NT 5.1; SV1; InfoPath.1; .NET CLR 2.0.50727)"
141.109.12.50 - - [31/Mar/2009:12:28:41 -0400] "GET / HTTP/1.1" 200 24896 "-" "Mozilla/4.0 (compatible; MSIE 6.0; Windows NT 5.1; SV1; InfoPath.1; .NET CLR 2.0.50727)"
141.109.12.50 - - [31/Mar/2009:12:28:43 -0400] "GET /javascripts/base_1221113035.js HTTP/1.1" 304 - "http://www.nikonthenumbers.com/" "Mozilla/4.0 (compatible; MSIE 6.0; Windows NT 5.1; SV1; InfoPath.1; .NET CLR 2.0.50727)"
141.109.12.50 - - [31/Mar/2009:12:28:44 -0400] "GET /images/TOP_01.jpg HTTP/1.1" 304 - "http://www.nikonthenumbers.com/" "Mozilla/4.0 (compatible; MSIE 6.0; Windows NT 5.1; SV1; InfoPath.1; .NET CLR 2.0.50727)"
141.109.12.50 - - [31/Mar/2009:12:28:44 -0400] "GET /images/TOP_02.jpg HTTP/1.1" 304 - "http://www.nikonthenumbers.com/" "Mozilla/4.0 (compatible; MSIE 6.0; Windows NT 5.1; SV1; InfoPath.1; .NET CLR 2.0.50727)"
141.109.12.50 - - [31/Mar/2009:12:28:44 -0400] "GET /images/Ses-Townhall-AD-FED-20080911.swf HTTP/1.1" 304 - "http://www.nikonthenumbers.com/" "Mozilla/4.0 (compatible; MSIE 6.0; Windows NT 5.1; SV1; InfoPath.1; .NET CLR 2.0.50727)"
141.109.12.50 - - [31/Mar/2009:12:28:44 -0400] "GET /images/TOP_03.jpg HTTP/1.1" 304 - "http://www.nikonthenumbers.com/" "Mozilla/4.0 (compatible; MSIE 6.0; Windows NT 5.1; SV1; InfoPath.1; .NET CLR 2.0.50727)"
141.109.12.50 - - [31/Mar/2009:12:28:44 -0400] "GET /images/feed-icon-14x14.png HTTP/1.1" 304 - "http://www.nikonthenumbers.com/" "Mozilla/4.0 (compatible; MSIE 6.0; Windows NT 5.1; SV1; InfoPath.1; .NET CLR 2.0.50727)"
141.109.12.50 - - [31/Mar/2009:12:28:44 -0400] "GET /images/RULE-FADE.jpg HTTP/1.1" 304 - "http://www.nikonthenumbers.com/" "Mozilla/4.0 (compatible; MSIE 6.0; Windows NT 5.1; SV1; InfoPath.1; .NET CLR 2.0.50727)"
141.109.12.50 - - [31/Mar/2009:12:28:44 -0400] "GET /fixit.js HTTP/1.1" 304 - "http://www.nikonthenumbers.com/" "Mozilla/4.0 (compatible; MSIE 6.0; Windows NT 5.1; SV1; InfoPath.1; .NET CLR 2.0.50727)"
141.109.12.50 - - [31/Mar/2009:12:28:44 -0400] "GET /images/page-bg.gif HTTP/1.1" 304 - "http://www.nikonthenumbers.com/" "Mozilla/4.0 (compatible; MSIE 6.0; Windows NT 5.1; SV1; InfoPath.1; .NET CLR 2.0.50727)"
141.109.12.50 - - [31/Mar/2009:12:28:44 -0400] "GET /images/TOP_06.jpg HTTP/1.1" 304 - "http://www.nikonthenumbers.com/" "Mozilla/4.0 (compatible; MSIE 6.0; Windows NT 5.1; SV1; InfoPath.1; .NET CLR 2.0.50727)"
141.109.12.50 - - [31/Mar/2009:12:28:44 -0400] "GET /images/bottom-with-shaddow.gif HTTP/1.1" 304 - "http://www.nikonthenumbers.com/" "Mozilla/4.0 (compatible; MSIE 6.0; Windows NT 5.1; SV1; InfoPath.1; .NET CLR 2.0.50727)"
141.109.12.50 - - [31/Mar/2009:12:28:44 -0400] "GET /images/BOX-BACK.jpg HTTP/1.1" 304 - "http://www.nikonthenumbers.com/" "Mozilla/4.0 (compatible; MSIE 6.0; Windows NT 5.1; SV1; InfoPath.1; .NET CLR 2.0.50727)"
141.109.12.50 - - [31/Mar/2009:12:28:44 -0400] "GET /images/red-band.gif HTTP/1.1" 304 - "http://www.nikonthenumbers.com/" "Mozilla/4.0 (compatible; MSIE 6.0; Windows NT 5.1; SV1; InfoPath.1; .NET CLR 2.0.50727)"
141.109.12.50 - - [31/Mar/2009:12:28:44 -0400] "GET /images/safe_subscribe_logo.gif HTTP/1.1" 304 - "http://www.nikonthenumbers.com/" "Mozilla/4.0 (compatible; MSIE 6.0; Windows NT 5.1; SV1; InfoPath.1; .NET CLR 2.0.50727)"
141.109.12.50 - - [31/Mar/2009:12:28:44 -0400] "GET /images/polling_results.jpg?1221113035 HTTP/1.1" 304 - "http://www.nikonthenumbers.com/" "Mozilla/4.0 (compatible; MSIE 6.0; Windows NT 5.1; SV1; InfoPath.1; .NET CLR 2.0.50727)"
141.109.12.50 - - [31/Mar/2009:12:28:44 -0400] "GET /images/comment_bw.png HTTP/1.1" 304 - "http://www.nikonthenumbers.com/" "Mozilla/4.0 (compatible; MSIE 6.0; Windows NT 5.1; SV1; InfoPath.1; .NET CLR 2.0.50727)"
141.109.12.50 - - [31/Mar/2009:12:28:44 -0400] "GET /images/cancel.png HTTP/1.1" 304 - "http://www.nikonthenumbers.com/" "Mozilla/4.0 (compatible; MSIE 6.0; Windows NT 5.1; SV1; InfoPath.1; .NET CLR 2.0.50727)"
141.109.12.50 - - [31/Mar/2009:12:28:51 -0400] "GET /topics/show/125 HTTP/1.1" 200 77022 "http://www.nikonthenumbers.com/" "Mozilla/4.0 (compatible; MSIE 6.0; Windows NT 5.1; SV1; InfoPath.1; .NET CLR 2.0.50727)"
141.109.12.50 - - [31/Mar/2009:12:28:53 -0400] "GET /images/comment.png HTTP/1.1" 304 - "http://www.nikonthenumbers.com/topics/show/125" "Mozilla/4.0 (compatible; MSIE 6.0; Windows NT 5.1; SV1; InfoPath.1; .NET CLR 2.0.50727)"
207.97.207.200 - - [31/Mar/2009:12:28:51 -0400] "GET / HTTP/1.0" 200 24896 "-" "Pingdom.com_bot_version_1.4_(http://www.pingdom.com/)"
141.109.12.50 - - [31/Mar/2009:12:28:55 -0400] "GET / HTTP/1.1" 200 24896 "-" "Mozilla/4.0 (compatible; MSIE 6.0; Windows NT 5.1; SV1; InfoPath.1; .NET CLR 2.0.50727)"
141.109.12.50 - - [31/Mar/2009:12:29:00 -0400] "GET /topics/show/124 HTTP/1.1" 200 150388 "http://www.nikonthenumbers.com/" "Mozilla/4.0 (compatible; MSIE 6.0; Windows NT 5.1; SV1; InfoPath.1; .NET CLR 2.0.50727)"
141.109.12.50 - - [31/Mar/2009:12:29:01 -0400] "GET /avatars/0000/0107/hope-nope5_thumb.jpg?1235523623 HTTP/1.1" 304 - "http://www.nikonthenumbers.com/topics/show/124" "Mozilla/4.0 (compatible; MSIE 6.0; Windows NT 5.1; SV1; InfoPath.1; .NET CLR 2.0.50727)"
141.109.12.50 - - [31/Mar/2009:12:29:01 -0400] "GET /avatars/0000/0083/LOGO_lg_thumb.png?1228919873 HTTP/1.1" 304 - "http://www.nikonthenumbers.com/topics/show/124" "Mozilla/4.0 (compatible; MSIE 6.0; Windows NT 5.1; SV1; InfoPath.1; .NET CLR 2.0.50727)"
67.226.157.169 - - [31/Mar/2009:12:29:30 -0400] "POST /talk/mark/28487 HTTP/1.1" 201 1 "http://nikonthenumbers.com/topics/show/124/28426#comment_28481" "Mozilla/4.0 (compatible; MSIE 7.0; Windows NT 5.1; .NET CLR 1.1.4322)"
67.192.120.134 - - [31/Mar/2009:12:29:51 -0400] "GET / HTTP/1.0" 200 24896 "-" "Pingdom.com_bot_version_1.4_(http://www.pingdom.com/)"
142.52.81.11 - - [31/Mar/2009:12:29:55 -0400] "GET /rss HTTP/1.1" 200 100138 "-" "SharpReader/0.9.7.0 (.NET CLR 1.1.4322.573; WinNT 5.1.2600.0)"
67.226.157.169 - - [31/Mar/2009:12:29:57 -0400] "POST /talk/mark/28529 HTTP/1.1" 201 1 "http://nikonthenumbers.com/topics/show/124/28426#comment_28481" "Mozilla/4.0 (compatible; MSIE 7.0; Windows NT 5.1; .NET CLR 1.1.4322)"
66.249.73.230 - - [31/Mar/2009:12:30:13 -0400] "GET /topics/show/118/24774 HTTP/1.1" 200 189283 "-" "Mozilla/5.0 (compatible; Googlebot/2.1; +http://www.google.com/bot.html)"
78.136.27.223 - - [31/Mar/2009:12:30:51 -0400] "GET / HTTP/1.0" 200 24896 "-" "Pingdom.com_bot_version_1.4_(http://www.pingdom.com/)"
174.34.157.98 - - [31/Mar/2009:12:31:43 -0400] "GET /profile/707276 HTTP/1.1" 200 991662 "-" "Mozilla/4.0 (compatible; MSIE 5.0; Windows 98; DigExt\\)"
67.205.112.79 - - [31/Mar/2009:12:31:51 -0400] "GET / HTTP/1.0" 200 24896 "-" "Pingdom.com_bot_version_1.4_(http://www.pingdom.com/)"
66.249.73.230 - - [31/Mar/2009:12:31:53 -0400] "GET /profile/65870 HTTP/1.1" 200 16893 "-" "Mozilla/5.0 (compatible; Googlebot/2.1; +http://www.google.com/bot.html)"
174.34.157.98 - - [31/Mar/2009:12:31:50 -0400] "GET /profile/707276 HTTP/1.1" 200 991662 "" "Mozilla/4.0 (compatible; MSIE 5.0; Windows 98; DigExt\\)"
174.34.157.98 - - [31/Mar/2009:12:32:00 -0400] "GET /topics/show/118/24591 HTTP/1.1" 200 195459 "-" "Mozilla/4.0 (compatible; MSIE 5.0; Windows 98; DigExt\\)"
174.34.157.98 - - [31/Mar/2009:12:32:02 -0400] "GET /topics/show/118/24609 HTTP/1.1" 200 227740 "-" "Mozilla/4.0 (compatible; MSIE 5.0; Windows 98; DigExt\\)"
67.226.157.169 - - [31/Mar/2009:12:32:05 -0400] "POST /talk/mark/28529 HTTP/1.1" 201 1 "http://nikonthenumbers.com/topics/show/124/28426#comment_28486" "Mozilla/4.0 (compatible; MSIE 7.0; Windows NT 5.1; .NET CLR 1.1.4322)"
174.34.157.98 - - [31/Mar/2009:12:32:03 -0400] "GET /topics/show/118/24738 HTTP/1.1" 200 330451 "-" "Mozilla/4.0 (compatible; MSIE 5.0; Windows 98; DigExt\\)"
174.34.157.98 - - [31/Mar/2009:12:32:08 -0400] "GET /topics/show/118/24867 HTTP/1.1" 200 205752 "-" "Mozilla/4.0 (compatible; MSIE 5.0; Windows 98; DigExt\\)"
174.34.157.98 - - [31/Mar/2009:12:32:09 -0400] "GET /topics/show/118/24857 HTTP/1.1" 200 167552 "-" "Mozilla/4.0 (compatible; MSIE 5.0; Windows 98; DigExt\\)"
174.34.157.98 - - [31/Mar/2009:12:32:10 -0400] "GET /topics/show/117/24074 HTTP/1.1" 200 249448 "-" "Mozilla/4.0 (compatible; MSIE 5.0; Windows 98; DigExt\\)"
174.34.157.98 - - [31/Mar/2009:12:32:12 -0400] "GET /topics/show/115/20795 HTTP/1.1" 200 1555985 "-" "Mozilla/4.0 (compatible; MSIE 5.0; Windows 98; DigExt\\)"
65.55.105.131 - - [31/Mar/2009:12:32:21 -0400] "GET /robots.txt HTTP/1.1" 200 161 "-" "msnbot/1.1 (+http://search.msn.com/msnbot.htm)"
65.55.105.131 - - [31/Mar/2009:12:32:21 -0400] "GET /profile/680814 HTTP/1.1" 200 119697 "-" "msnbot/1.1 (+http://search.msn.com/msnbot.htm)"
99.240.94.33 - - [31/Mar/2009:12:32:23 -0400] "GET /rss HTTP/1.1" 200 100138 "-" "Vienna/2.3.0.2301"
67.192.109.106 - - [31/Mar/2009:12:32:27 -0400] "GET /rss HTTP/1.1" 200 100138 "-" "Virtual Reach Newsclip Collector"
174.34.157.98 - - [31/Mar/2009:12:32:19 -0400] "GET /topics/show/115/21670 HTTP/1.1" 200 1195630 "-" "Mozilla/4.0 (compatible; MSIE 5.0; Windows 98; DigExt\\)"
67.70.21.228 - - [31/Mar/2009:12:32:22 -0400] "GET / HTTP/1.1" 200 19884 "http://nikonthenumbers.com/" "Mozilla/5.0 (Windows; U; Windows NT 5.1; en-US; rv:1.9.0.8) Gecko/2009032609 Firefox/3.0.8"
70.71.168.222 - - [31/Mar/2009:12:32:27 -0400] "GET / HTTP/1.1" 200 24896 "http://www.google.ca/search?hl=en&q=nik+on+the+numbers&btnG=Google+Search&meta=cr%3DcountryCA" "Mozilla/4.0 (compatible; MSIE 7.0; Windows NT 5.1; GTB5; .NET CLR 1.1.4322)"
70.71.168.222 - - [31/Mar/2009:12:32:30 -0400] "GET /stylesheets/base_1221113035.css HTTP/1.1" 200 14188 "http://www.nikonthenumbers.com/" "Mozilla/4.0 (compatible; MSIE 7.0; Windows NT 5.1; GTB5; .NET CLR 1.1.4322)"
70.71.168.222 - - [31/Mar/2009:12:32:30 -0400] "GET /javascripts/base_1221113035.js HTTP/1.1" 200 96039 "http://www.nikonthenumbers.com/" "Mozilla/4.0 (compatible; MSIE 7.0; Windows NT 5.1; GTB5; .NET CLR 1.1.4322)"
70.71.168.222 - - [31/Mar/2009:12:32:31 -0400] "GET /images/page-bg.gif HTTP/1.1" 200 1487 "http://www.nikonthenumbers.com/" "Mozilla/4.0 (compatible; MSIE 7.0; Windows NT 5.1; GTB5; .NET CLR 1.1.4322)"
70.71.168.222 - - [31/Mar/2009:12:32:31 -0400] "GET /images/TOP_01.jpg HTTP/1.1" 200 12839 "http://www.nikonthenumbers.com/" "Mozilla/4.0 (compatible; MSIE 7.0; Windows NT 5.1; GTB5; .NET CLR 1.1.4322)"
70.71.168.222 - - [31/Mar/2009:12:32:31 -0400] "GET /images/TOP_03.jpg HTTP/1.1" 200 15516 "http://www.nikonthenumbers.com/" "Mozilla/4.0 (compatible; MSIE 7.0; Windows NT 5.1; GTB5; .NET CLR 1.1.4322)"
70.71.168.222 - - [31/Mar/2009:12:32:31 -0400] "GET /images/TOP_02.jpg HTTP/1.1" 200 14856 "http://www.nikonthenumbers.com/" "Mozilla/4.0 (compatible; MSIE 7.0; Windows NT 5.1; GTB5; .NET CLR 1.1.4322)"
70.71.168.222 - - [31/Mar/2009:12:32:32 -0400] "GET /images/feed-icon-14x14.png HTTP/1.1" 200 689 "http://www.nikonthenumbers.com/" "Mozilla/4.0 (compatible; MSIE 7.0; Windows NT 5.1; GTB5; .NET CLR 1.1.4322)"
70.71.168.222 - - [31/Mar/2009:12:32:32 -0400] "GET /images/TOP_06.jpg HTTP/1.1" 200 2158 "http://www.nikonthenumbers.com/" "Mozilla/4.0 (compatible; MSIE 7.0; Windows NT 5.1; GTB5; .NET CLR 1.1.4322)"
70.71.168.222 - - [31/Mar/2009:12:32:32 -0400] "GET /images/RULE-FADE.jpg HTTP/1.1" 200 448 "http://www.nikonthenumbers.com/" "Mozilla/4.0 (compatible; MSIE 7.0; Windows NT 5.1; GTB5; .NET CLR 1.1.4322)"
70.71.168.222 - - [31/Mar/2009:12:32:32 -0400] "GET /images/BOX-BACK.jpg HTTP/1.1" 200 1025 "http://www.nikonthenumbers.com/" "Mozilla/4.0 (compatible; MSIE 7.0; Windows NT 5.1; GTB5; .NET CLR 1.1.4322)"
70.71.168.222 - - [31/Mar/2009:12:32:32 -0400] "GET /images/bottom-with-shaddow.gif HTTP/1.1" 200 9790 "http://www.nikonthenumbers.com/" "Mozilla/4.0 (compatible; MSIE 7.0; Windows NT 5.1; GTB5; .NET CLR 1.1.4322)"
70.71.168.222 - - [31/Mar/2009:12:32:33 -0400] "GET /images/red-band.gif HTTP/1.1" 200 4358 "http://www.nikonthenumbers.com/" "Mozilla/4.0 (compatible; MSIE 7.0; Windows NT 5.1; GTB5; .NET CLR 1.1.4322)"
70.71.168.222 - - [31/Mar/2009:12:32:33 -0400] "GET /fixit.js HTTP/1.1" 200 153 "http://www.nikonthenumbers.com/" "Mozilla/4.0 (compatible; MSIE 7.0; Windows NT 5.1; GTB5; .NET CLR 1.1.4322)"
70.71.168.222 - - [31/Mar/2009:12:32:33 -0400] "GET /images/Ses-Townhall-AD-FED-20080911.swf HTTP/1.1" 200 17188 "http://www.nikonthenumbers.com/" "Mozilla/4.0 (compatible; MSIE 7.0; Windows NT 5.1; GTB5; .NET CLR 1.1.4322)"
70.71.168.222 - - [31/Mar/2009:12:32:35 -0400] "GET /images/polling_results.jpg?1221113035 HTTP/1.1" 200 5021 "http://www.nikonthenumbers.com/" "Mozilla/4.0 (compatible; MSIE 7.0; Windows NT 5.1; GTB5; .NET CLR 1.1.4322)"
70.71.168.222 - - [31/Mar/2009:12:32:33 -0400] "GET /images/Ses-Townhall-AD-FED-20080911.swf HTTP/1.1" 200 17188 "http://www.nikonthenumbers.com/" "Mozilla/4.0 (compatible; MSIE 7.0; Windows NT 5.1; GTB5; .NET CLR 1.1.4322)"
70.71.168.222 - - [31/Mar/2009:12:32:35 -0400] "GET /images/safe_subscribe_logo.gif HTTP/1.1" 200 457 "http://www.nikonthenumbers.com/" "Mozilla/4.0 (compatible; MSIE 7.0; Windows NT 5.1; GTB5; .NET CLR 1.1.4322)"
70.71.168.222 - - [31/Mar/2009:12:32:36 -0400] "GET /images/cancel.png HTTP/1.1" 200 853 "http://www.nikonthenumbers.com/" "Mozilla/4.0 (compatible; MSIE 7.0; Windows NT 5.1; GTB5; .NET CLR 1.1.4322)"
70.71.168.222 - - [31/Mar/2009:12:32:36 -0400] "GET /images/comment_bw.png HTTP/1.1" 200 384 "http://www.nikonthenumbers.com/" "Mozilla/4.0 (compatible; MSIE 7.0; Windows NT 5.1; GTB5; .NET CLR 1.1.4322)"
70.71.168.222 - - [31/Mar/2009:12:32:37 -0400] "GET /favicon.ico HTTP/1.1" 200 894 "-" "Mozilla/4.0 (compatible; MSIE 7.0; Windows NT 5.1; GTB5; .NET CLR 1.1.4322)"
174.34.157.98 - - [31/Mar/2009:12:32:30 -0400] "GET /topics/show/115/21368 HTTP/1.1" 200 1430564 "-" "Mozilla/4.0 (compatible; MSIE 5.0; Windows 98; DigExt\\)"
67.226.157.169 - - [31/Mar/2009:12:32:35 -0400] "GET /profile/510281 HTTP/1.1" 200 15716 "http://nikonthenumbers.com/topics/show/124/28426" "Mozilla/4.0 (compatible; MSIE 7.0; Windows NT 5.1; .NET CLR 1.1.4322)"
67.226.157.169 - - [31/Mar/2009:12:32:47 -0400] "GET /images/busy.gif HTTP/1.1" 200 2209 "http://nikonthenumbers.com/topics/show/124/28426" "Mozilla/4.0 (compatible; MSIE 7.0; Windows NT 5.1; .NET CLR 1.1.4322)"
65.55.107.226 - - [31/Mar/2009:12:32:42 -0400] "GET /profile/680814 HTTP/1.0" 200 119697 "http://search.live.com/results.aspx?q=nanos" "Mozilla/4.0 (compatible; MSIE 6.0; Windows NT 5.2; SV1; .NET CLR 1.1.4322)"
67.226.157.169 - - [31/Mar/2009:12:32:47 -0400] "POST /topic/124/talk/new?parent_id=28529 HTTP/1.1" 200 1246 "http://nikonthenumbers.com/topics/show/124/28426#comment_28486" "Mozilla/4.0 (compatible; MSIE 7.0; Windows NT 5.1; .NET CLR 1.1.4322)"
65.55.107.226 - - [31/Mar/2009:12:32:47 -0400] "GET /stylesheets/base_1221113035.css HTTP/1.0" 200 14188 "http://www.nikonthenumbers.com/profile/680814" "Mozilla/4.0 (compatible; MSIE 6.0; Windows NT 5.2; SV1; .NET CLR 1.1.4322)"
65.55.107.226 - - [31/Mar/2009:12:32:47 -0400] "GET /javascripts/base_1221113035.js HTTP/1.0" 200 96039 "http://www.nikonthenumbers.com/profile/680814" "Mozilla/4.0 (compatible; MSIE 6.0; Windows NT 5.2; SV1; .NET CLR 1.1.4322)"
65.55.107.226 - - [31/Mar/2009:12:32:49 -0400] "GET /fixit.js HTTP/1.0" 200 153 "http://www.nikonthenumbers.com/profile/680814" "Mozilla/4.0 (compatible; MSIE 6.0; Windows NT 5.2; SV1; .NET CLR 1.1.4322)"
65.55.107.226 - - [31/Mar/2009:12:32:49 -0400] "GET /images/polling_results.jpg?1221113035 HTTP/1.0" 200 5021 "http://www.nikonthenumbers.com/profile/680814" "Mozilla/4.0 (compatible; MSIE 6.0; Windows NT 5.2; SV1; .NET CLR 1.1.4322)"
174.34.157.98 - - [31/Mar/2009:12:32:42 -0400] "GET /topics/show/115/21418 HTTP/1.1" 200 1184752 "-" "Mozilla/4.0 (compatible; MSIE 5.0; Windows 98; DigExt\\)"
70.71.168.222 - - [31/Mar/2009:12:32:50 -0400] "POST /login HTTP/1.1" 302 97 "http://www.nikonthenumbers.com/" "Mozilla/4.0 (compatible; MSIE 7.0; Windows NT 5.1; GTB5; .NET CLR 1.1.4322)"
70.71.168.222 - - [31/Mar/2009:12:32:50 -0400] "GET / HTTP/1.1" 200 20063 "http://www.nikonthenumbers.com/" "Mozilla/4.0 (compatible; MSIE 7.0; Windows NT 5.1; GTB5; .NET CLR 1.1.4322)"
174.133.253.162 - - [31/Mar/2009:12:32:51 -0400] "GET / HTTP/1.0" 200 24896 "-" "Pingdom.com_bot_version_1.4_(http://www.pingdom.com/)"
70.71.168.222 - - [31/Mar/2009:12:32:55 -0400] "GET /images/information.png HTTP/1.1" 200 918 "http://www.nikonthenumbers.com/" "Mozilla/4.0 (compatible; MSIE 7.0; Windows NT 5.1; GTB5; .NET CLR 1.1.4322)"
174.34.157.98 - - [31/Mar/2009:12:32:50 -0400] "GET /topics/show/115/20959 HTTP/1.1" 200 1539630 "-" "Mozilla/4.0 (compatible; MSIE 5.0; Windows 98; DigExt\\)"
174.34.157.98 - - [31/Mar/2009:12:33:02 -0400] "GET /topics/show/115/21720 HTTP/1.1" 200 1207558 "-" "Mozilla/4.0 (compatible; MSIE 5.0; Windows 98; DigExt\\)"
67.195.37.93 - - [31/Mar/2009:12:32:53 -0400] "GET /topics/show/121/27998 HTTP/1.0" 200 608960 "-" "Mozilla/5.0 (compatible; Yahoo! Slurp; http://help.yahoo.com/help/us/ysearch/slurp)"
174.34.157.98 - - [31/Mar/2009:12:33:08 -0400] "GET /topics/show/115/20959 HTTP/1.1" 200 1539630 "-" "Mozilla/4.0 (compatible; MSIE 5.0; Windows 98; DigExt\\)"
174.34.157.98 - - [31/Mar/2009:12:33:26 -0400] "GET /topics/show/115/22962 HTTP/1.1" 200 1224498 "-" "Mozilla/4.0 (compatible; MSIE 5.0; Windows 98; DigExt\\)"
174.34.157.98 - - [31/Mar/2009:12:33:32 -0400] "GET /topics/show/115/23106 HTTP/1.1" 200 1179250 "-" "Mozilla/4.0 (compatible; MSIE 5.0; Windows 98; DigExt\\)"
70.71.168.222 - - [31/Mar/2009:12:33:37 -0400] "GET /topics/show/125 HTTP/1.1" 200 67474 "http://www.nikonthenumbers.com/" "Mozilla/4.0 (compatible; MSIE 7.0; Windows NT 5.1; GTB5; .NET CLR 1.1.4322)"
70.71.168.222 - - [31/Mar/2009:12:33:40 -0400] "GET /images/comment.png HTTP/1.1" 200 540 "http://www.nikonthenumbers.com/topics/show/125" "Mozilla/4.0 (compatible; MSIE 7.0; Windows NT 5.1; GTB5; .NET CLR 1.1.4322)"
