208.65.73.111 - - [31/Mar/2009:08:57:00 -0400] "GET /images/comment.png HTTP/1.1" 200 540 "http://www.nikonthenumbers.com/topics/show/124" "Mozilla/4.0 (compatible; MSIE 6.0; Windows NT 5.2; SV1; GTB5; .NET CLR 1.1.4322; .NET CLR 2.0.50727; .NET CLR 3.0.04506.30; InfoPath.2)"
208.65.73.111 - - [31/Mar/2009:08:57:00 -0400] "GET /images/comment.png HTTP/1.1" 200 540 "http://www.nikonthenumbers.com/topics/show/124" "Mozilla/4.0 (compatible; MSIE 6.0; Windows NT 5.2; SV1; GTB5; .NET CLR 1.1.4322; .NET CLR 2.0.50727; .NET CLR 3.0.04506.30; InfoPath.2)"
208.65.73.111 - - [31/Mar/2009:08:57:00 -0400] "GET /images/comment.png HTTP/1.1" 200 540 "http://www.nikonthenumbers.com/topics/show/124" "Mozilla/4.0 (compatible; MSIE 6.0; Windows NT 5.2; SV1; GTB5; .NET CLR 1.1.4322; .NET CLR 2.0.50727; .NET CLR 3.0.04506.30; InfoPath.2)"
208.65.73.111 - - [31/Mar/2009:08:57:00 -0400] "GET /images/comment.png HTTP/1.1" 200 540 "http://www.nikonthenumbers.com/topics/show/124" "Mozilla/4.0 (compatible; MSIE 6.0; Windows NT 5.2; SV1; GTB5; .NET CLR 1.1.4322; .NET CLR 2.0.50727; .NET CLR 3.0.04506.30; InfoPath.2)"
208.65.73.111 - - [31/Mar/2009:08:57:00 -0400] "GET /images/comment.png HTTP/1.1" 200 540 "http://www.nikonthenumbers.com/topics/show/124" "Mozilla/4.0 (compatible; MSIE 6.0; Windows NT 5.2; SV1; GTB5; .NET CLR 1.1.4322; .NET CLR 2.0.50727; .NET CLR 3.0.04506.30; InfoPath.2)"
208.65.73.111 - - [31/Mar/2009:08:57:00 -0400] "GET /images/comment.png HTTP/1.1" 200 540 "http://www.nikonthenumbers.com/topics/show/124" "Mozilla/4.0 (compatible; MSIE 6.0; Windows NT 5.2; SV1; GTB5; .NET CLR 1.1.4322; .NET CLR 2.0.50727; .NET CLR 3.0.04506.30; InfoPath.2)"
208.65.73.111 - - [31/Mar/2009:08:57:00 -0400] "GET /images/comment.png HTTP/1.1" 200 540 "http://www.nikonthenumbers.com/topics/show/124" "Mozilla/4.0 (compatible; MSIE 6.0; Windows NT 5.2; SV1; GTB5; .NET CLR 1.1.4322; .NET CLR 2.0.50727; .NET CLR 3.0.04506.30; InfoPath.2)"
208.65.73.111 - - [31/Mar/2009:08:57:00 -0400] "GET /images/comment.png HTTP/1.1" 200 540 "http://www.nikonthenumbers.com/topics/show/124" "Mozilla/4.0 (compatible; MSIE 6.0; Windows NT 5.2; SV1; GTB5; .NET CLR 1.1.4322; .NET CLR 2.0.50727; .NET CLR 3.0.04506.30; InfoPath.2)"
208.65.73.111 - - [31/Mar/2009:08:57:00 -0400] "GET /images/comment.png HTTP/1.1" 200 540 "http://www.nikonthenumbers.com/topics/show/124" "Mozilla/4.0 (compatible; MSIE 6.0; Windows NT 5.2; SV1; GTB5; .NET CLR 1.1.4322; .NET CLR 2.0.50727; .NET CLR 3.0.04506.30; InfoPath.2)"
208.65.73.111 - - [31/Mar/2009:08:57:00 -0400] "GET /images/comment.png HTTP/1.1" 200 540 "http://www.nikonthenumbers.com/topics/show/124" "Mozilla/4.0 (compatible; MSIE 6.0; Windows NT 5.2; SV1; GTB5; .NET CLR 1.1.4322; .NET CLR 2.0.50727; .NET CLR 3.0.04506.30; InfoPath.2)"
208.65.73.111 - - [31/Mar/2009:08:57:00 -0400] "GET /images/comment.png HTTP/1.1" 200 540 "http://www.nikonthenumbers.com/topics/show/124" "Mozilla/4.0 (compatible; MSIE 6.0; Windows NT 5.2; SV1; GTB5; .NET CLR 1.1.4322; .NET CLR 2.0.50727; .NET CLR 3.0.04506.30; InfoPath.2)"
208.65.73.111 - - [31/Mar/2009:08:57:00 -0400] "GET /images/comment.png HTTP/1.1" 200 540 "http://www.nikonthenumbers.com/topics/show/124" "Mozilla/4.0 (compatible; MSIE 6.0; Windows NT 5.2; SV1; GTB5; .NET CLR 1.1.4322; .NET CLR 2.0.50727; .NET CLR 3.0.04506.30; InfoPath.2)"
66.249.73.230 - - [31/Mar/2009:08:57:38 -0400] "GET /topics/show/75/9363 HTTP/1.1" 200 98278 "-" "Mozilla/5.0 (compatible; Googlebot/2.1; +http://www.google.com/bot.html)"
212.247.189.113 - - [31/Mar/2009:08:57:52 -0400] "GET / HTTP/1.0" 200 24896 "-" "Pingdom.com_bot_version_1.4_(http://www.pingdom.com/)"
208.65.73.111 - - [31/Mar/2009:08:57:56 -0400] "GET / HTTP/1.1" 200 24896 "-" "Mozilla/4.0 (compatible; MSIE 6.0; Windows NT 5.1; SV1; .NET CLR 1.1.4322; .NET CLR 2.0.50727)"
208.65.73.111 - - [31/Mar/2009:08:57:57 -0400] "GET /stylesheets/base_1221113035.css HTTP/1.1" 304 - "http://www.nikonthenumbers.com" "Mozilla/4.0 (compatible; MSIE 6.0; Windows NT 5.1; SV1; .NET CLR 1.1.4322; .NET CLR 2.0.50727)"
208.65.73.111 - - [31/Mar/2009:08:57:58 -0400] "GET /javascripts/base_1221113035.js HTTP/1.1" 304 - "http://www.nikonthenumbers.com" "Mozilla/4.0 (compatible; MSIE 6.0; Windows NT 5.1; SV1; .NET CLR 1.1.4322; .NET CLR 2.0.50727)"
208.65.73.111 - - [31/Mar/2009:08:57:58 -0400] "GET /images/page-bg.gif HTTP/1.1" 304 - "http://www.nikonthenumbers.com" "Mozilla/4.0 (compatible; MSIE 6.0; Windows NT 5.1; SV1; .NET CLR 1.1.4322; .NET CLR 2.0.50727)"
208.65.73.111 - - [31/Mar/2009:08:57:58 -0400] "GET /images/TOP_01.jpg HTTP/1.1" 304 - "http://www.nikonthenumbers.com" "Mozilla/4.0 (compatible; MSIE 6.0; Windows NT 5.1; SV1; .NET CLR 1.1.4322; .NET CLR 2.0.50727)"
208.65.73.111 - - [31/Mar/2009:08:57:58 -0400] "GET /images/TOP_02.jpg HTTP/1.1" 304 - "http://www.nikonthenumbers.com" "Mozilla/4.0 (compatible; MSIE 6.0; Windows NT 5.1; SV1; .NET CLR 1.1.4322; .NET CLR 2.0.50727)"
208.65.73.111 - - [31/Mar/2009:08:57:58 -0400] "GET /images/TOP_03.jpg HTTP/1.1" 304 - "http://www.nikonthenumbers.com" "Mozilla/4.0 (compatible; MSIE 6.0; Windows NT 5.1; SV1; .NET CLR 1.1.4322; .NET CLR 2.0.50727)"
208.65.73.111 - - [31/Mar/2009:08:57:58 -0400] "GET /images/feed-icon-14x14.png HTTP/1.1" 304 - "http://www.nikonthenumbers.com" "Mozilla/4.0 (compatible; MSIE 6.0; Windows NT 5.1; SV1; .NET CLR 1.1.4322; .NET CLR 2.0.50727)"
208.65.73.111 - - [31/Mar/2009:08:57:58 -0400] "GET /images/RULE-FADE.jpg HTTP/1.1" 304 - "http://www.nikonthenumbers.com" "Mozilla/4.0 (compatible; MSIE 6.0; Windows NT 5.1; SV1; .NET CLR 1.1.4322; .NET CLR 2.0.50727)"
208.65.73.111 - - [31/Mar/2009:08:57:58 -0400] "GET /fixit.js HTTP/1.1" 304 - "http://www.nikonthenumbers.com" "Mozilla/4.0 (compatible; MSIE 6.0; Windows NT 5.1; SV1; .NET CLR 1.1.4322; .NET CLR 2.0.50727)"
208.65.73.111 - - [31/Mar/2009:08:57:58 -0400] "GET /images/TOP_06.jpg HTTP/1.1" 304 - "http://www.nikonthenumbers.com" "Mozilla/4.0 (compatible; MSIE 6.0; Windows NT 5.1; SV1; .NET CLR 1.1.4322; .NET CLR 2.0.50727)"
208.65.73.111 - - [31/Mar/2009:08:57:58 -0400] "GET /images/bottom-with-shaddow.gif HTTP/1.1" 304 - "http://www.nikonthenumbers.com" "Mozilla/4.0 (compatible; MSIE 6.0; Windows NT 5.1; SV1; .NET CLR 1.1.4322; .NET CLR 2.0.50727)"
208.65.73.111 - - [31/Mar/2009:08:57:58 -0400] "GET /images/BOX-BACK.jpg HTTP/1.1" 304 - "http://www.nikonthenumbers.com" "Mozilla/4.0 (compatible; MSIE 6.0; Windows NT 5.1; SV1; .NET CLR 1.1.4322; .NET CLR 2.0.50727)"
208.65.73.111 - - [31/Mar/2009:08:57:58 -0400] "GET /images/red-band.gif HTTP/1.1" 304 - "http://www.nikonthenumbers.com" "Mozilla/4.0 (compatible; MSIE 6.0; Windows NT 5.1; SV1; .NET CLR 1.1.4322; .NET CLR 2.0.50727)"
208.65.73.111 - - [31/Mar/2009:08:58:00 -0400] "GET /images/Ses-Townhall-AD-FED-20080911.swf HTTP/1.1" 304 - "http://www.nikonthenumbers.com/" "Mozilla/4.0 (compatible; MSIE 6.0; Windows NT 5.1; SV1; .NET CLR 1.1.4322; .NET CLR 2.0.50727)"
208.65.73.111 - - [31/Mar/2009:08:58:00 -0400] "GET /images/Ses-Townhall-AD-FED-20080911.swf HTTP/1.1" 304 - "http://www.nikonthenumbers.com/" "Mozilla/4.0 (compatible; MSIE 6.0; Windows NT 5.1; SV1; .NET CLR 1.1.4322; .NET CLR 2.0.50727)"
208.65.73.111 - - [31/Mar/2009:08:58:00 -0400] "GET /images/polling_results.jpg?1221113035 HTTP/1.1" 304 - "http://www.nikonthenumbers.com" "Mozilla/4.0 (compatible; MSIE 6.0; Windows NT 5.1; SV1; .NET CLR 1.1.4322; .NET CLR 2.0.50727)"
208.65.73.111 - - [31/Mar/2009:08:58:00 -0400] "GET /images/safe_subscribe_logo.gif HTTP/1.1" 304 - "http://www.nikonthenumbers.com" "Mozilla/4.0 (compatible; MSIE 6.0; Windows NT 5.1; SV1; .NET CLR 1.1.4322; .NET CLR 2.0.50727)"
208.65.73.111 - - [31/Mar/2009:08:58:00 -0400] "GET /images/comment_bw.png HTTP/1.1" 304 - "http://www.nikonthenumbers.com" "Mozilla/4.0 (compatible; MSIE 6.0; Windows NT 5.1; SV1; .NET CLR 1.1.4322; .NET CLR 2.0.50727)"
208.65.73.111 - - [31/Mar/2009:08:58:03 -0400] "GET /images/cancel.png HTTP/1.1" 304 - "http://www.nikonthenumbers.com" "Mozilla/4.0 (compatible; MSIE 6.0; Windows NT 5.1; SV1; .NET CLR 1.1.4322; .NET CLR 2.0.50727)"
208.65.73.111 - - [31/Mar/2009:08:58:03 -0400] "GET /images/cancel.png HTTP/1.1" 304 - "http://www.nikonthenumbers.com" "Mozilla/4.0 (compatible; MSIE 6.0; Windows NT 5.1; SV1; .NET CLR 1.1.4322; .NET CLR 2.0.50727)"
72.30.65.34 - - [31/Mar/2009:08:58:07 -0400] "GET /profile/704167 HTTP/1.0" 200 14631 "-" "Mozilla/5.0 (compatible; Yahoo! Slurp/3.0; http://help.yahoo.com/help/us/ysearch/slurp)"
65.55.105.122 - - [31/Mar/2009:08:58:20 -0400] "GET /topics/show/56/3242 HTTP/1.1" 200 169034 "-" "msnbot/1.1 (+http://search.msn.com/msnbot.htm)"
208.65.73.111 - - [31/Mar/2009:08:58:20 -0400] "GET /topics/show/124 HTTP/1.1" 200 150388 "http://www.nikonthenumbers.com" "Mozilla/4.0 (compatible; MSIE 6.0; Windows NT 5.1; SV1; .NET CLR 1.1.4322; .NET CLR 2.0.50727)"
208.65.73.111 - - [31/Mar/2009:08:58:22 -0400] "GET /avatars/0000/0107/hope-nope5_thumb.jpg?1235523623 HTTP/1.1" 304 - "http://www.nikonthenumbers.com/topics/show/124" "Mozilla/4.0 (compatible; MSIE 6.0; Windows NT 5.1; SV1; .NET CLR 1.1.4322; .NET CLR 2.0.50727)"
208.65.73.111 - - [31/Mar/2009:08:58:22 -0400] "GET /avatars/0000/0083/LOGO_lg_thumb.png?1228919873 HTTP/1.1" 200 3884 "http://www.nikonthenumbers.com/topics/show/124" "Mozilla/4.0 (compatible; MSIE 6.0; Windows NT 5.1; SV1; .NET CLR 1.1.4322; .NET CLR 2.0.50727)"
208.65.73.111 - - [31/Mar/2009:08:58:22 -0400] "GET /images/comment.png HTTP/1.1" 304 - "http://www.nikonthenumbers.com/topics/show/124" "Mozilla/4.0 (compatible; MSIE 6.0; Windows NT 5.1; SV1; .NET CLR 1.1.4322; .NET CLR 2.0.50727)"
207.97.207.200 - - [31/Mar/2009:08:58:51 -0400] "GET / HTTP/1.0" 200 24896 "-" "Pingdom.com_bot_version_1.4_(http://www.pingdom.com/)"
66.249.73.230 - - [31/Mar/2009:08:59:17 -0400] "GET /viewer/index/41 HTTP/1.1" 200 656 "-" "Mozilla/5.0 (compatible; Googlebot/2.1; +http://www.google.com/bot.html)"
66.249.73.230 - - [31/Mar/2009:08:59:31 -0400] "GET /topics/show/125 HTTP/1.1" 200 77022 "-" "Mozilla/5.0 (compatible; Googlebot/2.1; +http://www.google.com/bot.html)"
99.250.110.87 - - [31/Mar/2009:08:59:34 -0400] "GET /rss HTTP/1.1" 200 100138 "-" "Mozilla/5.0 (Windows; U; Windows NT 5.1; en-US; rv:1.9.0.8) Gecko/2009032609 Firefox/3.0.8"
66.249.73.230 - - [31/Mar/2009:08:59:38 -0400] "GET /profile/11588 HTTP/1.1" 200 16418 "-" "Mozilla/5.0 (compatible; Googlebot/2.1; +http://www.google.com/bot.html)"
67.192.120.134 - - [31/Mar/2009:08:59:51 -0400] "GET / HTTP/1.0" 200 24896 "-" "Pingdom.com_bot_version_1.4_(http://www.pingdom.com/)"
70.30.24.162 - - [31/Mar/2009:09:00:07 -0400] "GET /rss HTTP/1.1" 200 100138 "-" "Windows-RSS-Platform/1.0 (MSIE 7.0; Windows NT 5.1)"
208.101.126.21 - - [31/Mar/2009:09:00:35 -0400] "GET /images/feed-icon-14x14.png HTTP/1.1" 200 689 "http://127.0.0.1:4664/preview?event_id=77957&schema_id=2&q=video&s=000000000000000000000000000" "Mozilla/5.0 (Windows; U; Windows NT 5.1; en-US; rv:1.9.0.7) Gecko/2009021910 Firefox/3.0.7"
208.101.126.21 - - [31/Mar/2009:09:00:35 -0400] "GET /images/RULE-FADE.jpg HTTP/1.1" 200 448 "http://127.0.0.1:4664/preview?event_id=77957&schema_id=2&q=video&s=000000000000000000000000000" "Mozilla/5.0 (Windows; U; Windows NT 5.1; en-US; rv:1.9.0.7) Gecko/2009021910 Firefox/3.0.7"
208.101.126.21 - - [31/Mar/2009:09:00:35 -0400] "GET /images/polling_results.jpg?1221113035 HTTP/1.1" 200 5021 "http://127.0.0.1:4664/preview?event_id=77957&schema_id=2&q=video&s=000000000000000000000000000" "Mozilla/5.0 (Windows; U; Windows NT 5.1; en-US; rv:1.9.0.7) Gecko/2009021910 Firefox/3.0.7"
208.101.126.21 - - [31/Mar/2009:09:00:35 -0400] "GET /images/safe_subscribe_logo.gif HTTP/1.1" 200 457 "http://127.0.0.1:4664/preview?event_id=77957&schema_id=2&q=video&s=000000000000000000000000000" "Mozilla/5.0 (Windows; U; Windows NT 5.1; en-US; rv:1.9.0.7) Gecko/2009021910 Firefox/3.0.7"
208.101.126.21 - - [31/Mar/2009:09:00:35 -0400] "GET /images/TOP_02.jpg HTTP/1.1" 200 14856 "http://127.0.0.1:4664/preview?event_id=77957&schema_id=2&q=video&s=000000000000000000000000000" "Mozilla/5.0 (Windows; U; Windows NT 5.1; en-US; rv:1.9.0.7) Gecko/2009021910 Firefox/3.0.7"
208.101.126.21 - - [31/Mar/2009:09:00:35 -0400] "GET /images/TOP_03.jpg HTTP/1.1" 200 15516 "http://127.0.0.1:4664/preview?event_id=77957&schema_id=2&q=video&s=000000000000000000000000000" "Mozilla/5.0 (Windows; U; Windows NT 5.1; en-US; rv:1.9.0.7) Gecko/2009021910 Firefox/3.0.7"
208.101.126.21 - - [31/Mar/2009:09:00:37 -0400] "GET /images/TOP_01.jpg HTTP/1.1" 200 12839 "http://127.0.0.1:4664/preview?event_id=77957&schema_id=2&q=video&s=000000000000000000000000000" "Mozilla/5.0 (Windows; U; Windows NT 5.1; en-US; rv:1.9.0.7) Gecko/2009021910 Firefox/3.0.7"
78.136.27.223 - - [31/Mar/2009:09:00:53 -0400] "GET / HTTP/1.0" 200 24896 "-" "Pingdom.com_bot_version_1.4_(http://www.pingdom.com/)"
66.249.73.230 - - [31/Mar/2009:09:00:57 -0400] "GET /profile/1065500 HTTP/1.1" 200 14668 "-" "Mozilla/5.0 (compatible; Googlebot/2.1; +http://www.google.com/bot.html)"
88.191.79.43 - - [31/Mar/2009:09:01:04 -0400] "GET /topics/show/55 HTTP/1.0" 200 65868 "http://www.nikonthenumbers.com/" "Mozilla/4.0 (compatible; MSIE 6.0; Windows NT 5.1)"
72.30.65.34 - - [31/Mar/2009:09:01:07 -0400] "GET /profile/58810 HTTP/1.0" 200 15599 "-" "Mozilla/5.0 (compatible; Yahoo! Slurp/3.0; http://help.yahoo.com/help/us/ysearch/slurp)"
67.205.112.79 - - [31/Mar/2009:09:01:51 -0400] "GET / HTTP/1.0" 200 24896 "-" "Pingdom.com_bot_version_1.4_(http://www.pingdom.com/)"
66.249.73.230 - - [31/Mar/2009:09:02:36 -0400] "GET /topics/show/112/18735 HTTP/1.1" 200 333208 "-" "Mozilla/5.0 (compatible; Googlebot/2.1; +http://www.google.com/bot.html)"
174.133.253.162 - - [31/Mar/2009:09:02:51 -0400] "GET / HTTP/1.0" 200 24896 "-" "Pingdom.com_bot_version_1.4_(http://www.pingdom.com/)"
72.30.65.34 - - [31/Mar/2009:09:03:15 -0400] "GET /profile/181048 HTTP/1.0" 200 16652 "-" "Mozilla/5.0 (compatible; Yahoo! Slurp/3.0; http://help.yahoo.com/help/us/ysearch/slurp)"
66.249.73.230 - - [31/Mar/2009:09:03:45 -0400] "GET /topics/show/100/14706 HTTP/1.1" 200 338450 "-" "Mozilla/5.0 (compatible; Googlebot/2.1; +http://www.google.com/bot.html)"
66.249.73.230 - - [31/Mar/2009:09:04:16 -0400] "GET /profile/747967 HTTP/1.1" 200 18315 "-" "Mozilla/5.0 (compatible; Googlebot/2.1; +http://www.google.com/bot.html)"
89.151.110.152 - - [31/Mar/2009:09:04:51 -0400] "GET / HTTP/1.0" 200 24896 "-" "Pingdom.com_bot_version_1.4_(http://www.pingdom.com/)"
88.191.88.79 - - [31/Mar/2009:09:05:07 -0400] "GET /topics/show/56 HTTP/1.0" 200 147173 "http://www.nikonthenumbers.com/" "Mozilla/4.0 (compatible; MSIE 6.0; Windows NT 5.1)"
72.30.65.34 - - [31/Mar/2009:09:05:45 -0400] "GET /topics/show/39/1914 HTTP/1.0" 200 132180 "-" "Mozilla/5.0 (compatible; Yahoo! Slurp/3.0; http://help.yahoo.com/help/us/ysearch/slurp)"
209.62.54.130 - - [31/Mar/2009:09:05:51 -0400] "GET / HTTP/1.0" 200 24896 "-" "Pingdom.com_bot_version_1.4_(http://www.pingdom.com/)"
58.165.175.247 - - [31/Mar/2009:09:05:53 -0400] "GET /rss HTTP/1.1" 200 100138 "-" "Apple-PubSub/65.6"
66.249.73.230 - - [31/Mar/2009:09:05:56 -0400] "GET /topics/show/121/27901 HTTP/1.1" 200 1159043 "-" "Mozilla/5.0 (compatible; Googlebot/2.1; +http://www.google.com/bot.html)"
205.205.91.66 - - [31/Mar/2009:09:06:28 -0400] "GET /rss HTTP/1.1" 200 100138 "-" "Mozilla/4.0 (compatible; MSIE 7.0; Windows NT 5.1; GTB5; .NET CLR 1.1.4322; .NET CLR 2.0.50727; InfoPath.2; Alexa Toolbar; MS-RTC LM 8; MSOffice 12)"
69.11.6.87 - - [31/Mar/2009:09:06:30 -0400] "GET /rss HTTP/1.1" 200 100138 "-" "Windows-RSS-Platform/1.0 (MSIE 7.0; Windows NT 6.0)"
83.140.19.38 - - [31/Mar/2009:09:06:49 -0400] "GET / HTTP/1.0" 200 24896 "-" "Pingdom.com_bot_version_1.4_(http://www.pingdom.com/)"
72.51.41.47 - - [31/Mar/2009:09:06:52 -0400] "GET / HTTP/1.0" 200 24896 "-" "Pingdom.com_bot_version_1.4_(http://www.pingdom.com/)"
66.249.73.230 - - [31/Mar/2009:09:07:35 -0400] "GET /topics/show/43/2313 HTTP/1.1" 200 76127 "-" "Mozilla/5.0 (compatible; Googlebot/2.1; +http://www.google.com/bot.html)"
212.247.189.113 - - [31/Mar/2009:09:07:51 -0400] "GET / HTTP/1.0" 200 24896 "-" "Pingdom.com_bot_version_1.4_(http://www.pingdom.com/)"
207.61.33.130 - - [31/Mar/2009:09:08:20 -0400] "GET /stylesheets/base_1221113035.css HTTP/1.1" 200 14188 "http://www.nikonthenumbers.com/profile/291600" "Mozilla/4.0 (compatible; MSIE 6.0; Windows NT 5.1; SV1; InfoPath.2; .NET CLR 2.0.50727; .NET CLR 3.0.04506.648)"
207.61.33.130 - - [31/Mar/2009:09:08:20 -0400] "GET /javascripts/base_1221113035.js HTTP/1.1" 200 96039 "http://www.nikonthenumbers.com/profile/291600" "Mozilla/4.0 (compatible; MSIE 6.0; Windows NT 5.1; SV1; InfoPath.2; .NET CLR 2.0.50727; .NET CLR 3.0.04506.648)"
207.61.33.130 - - [31/Mar/2009:09:08:17 -0400] "GET /profile/291600 HTTP/1.1" 200 415229 "http://www.google.ca/search?hl=fr&q=lucien+remillard++email+address&meta=cr%3DcountryCA" "Mozilla/4.0 (compatible; MSIE 6.0; Windows NT 5.1; SV1; InfoPath.2; .NET CLR 2.0.50727; .NET CLR 3.0.04506.648)"
207.61.33.130 - - [31/Mar/2009:09:08:22 -0400] "GET /images/TOP_01.jpg HTTP/1.1" 200 12839 "http://www.nikonthenumbers.com/profile/291600" "Mozilla/4.0 (compatible; MSIE 6.0; Windows NT 5.1; SV1; InfoPath.2; .NET CLR 2.0.50727; .NET CLR 3.0.04506.648)"
207.61.33.130 - - [31/Mar/2009:09:08:23 -0400] "GET /images/Ses-Townhall-AD-FED-20080911.swf HTTP/1.1" 200 17188 "http://www.nikonthenumbers.com/profile/291600" "Mozilla/4.0 (compatible; MSIE 6.0; Windows NT 5.1; SV1; InfoPath.2; .NET CLR 2.0.50727; .NET CLR 3.0.04506.648)"
207.61.33.130 - - [31/Mar/2009:09:08:23 -0400] "GET /images/TOP_02.jpg HTTP/1.1" 200 14856 "http://www.nikonthenumbers.com/profile/291600" "Mozilla/4.0 (compatible; MSIE 6.0; Windows NT 5.1; SV1; InfoPath.2; .NET CLR 2.0.50727; .NET CLR 3.0.04506.648)"
207.61.33.130 - - [31/Mar/2009:09:08:23 -0400] "GET /images/TOP_03.jpg HTTP/1.1" 200 15516 "http://www.nikonthenumbers.com/profile/291600" "Mozilla/4.0 (compatible; MSIE 6.0; Windows NT 5.1; SV1; InfoPath.2; .NET CLR 2.0.50727; .NET CLR 3.0.04506.648)"
207.61.33.130 - - [31/Mar/2009:09:08:23 -0400] "GET /images/feed-icon-14x14.png HTTP/1.1" 200 689 "http://www.nikonthenumbers.com/profile/291600" "Mozilla/4.0 (compatible; MSIE 6.0; Windows NT 5.1; SV1; InfoPath.2; .NET CLR 2.0.50727; .NET CLR 3.0.04506.648)"
207.61.33.130 - - [31/Mar/2009:09:08:23 -0400] "GET /images/page-bg.gif HTTP/1.1" 200 1487 "http://www.nikonthenumbers.com/profile/291600" "Mozilla/4.0 (compatible; MSIE 6.0; Windows NT 5.1; SV1; InfoPath.2; .NET CLR 2.0.50727; .NET CLR 3.0.04506.648)"
207.61.33.130 - - [31/Mar/2009:09:08:23 -0400] "GET /images/TOP_06.jpg HTTP/1.1" 200 2158 "http://www.nikonthenumbers.com/profile/291600" "Mozilla/4.0 (compatible; MSIE 6.0; Windows NT 5.1; SV1; InfoPath.2; .NET CLR 2.0.50727; .NET CLR 3.0.04506.648)"
207.61.33.130 - - [31/Mar/2009:09:08:23 -0400] "GET /images/bottom-with-shaddow.gif HTTP/1.1" 200 9790 "http://www.nikonthenumbers.com/profile/291600" "Mozilla/4.0 (compatible; MSIE 6.0; Windows NT 5.1; SV1; InfoPath.2; .NET CLR 2.0.50727; .NET CLR 3.0.04506.648)"
207.61.33.130 - - [31/Mar/2009:09:08:23 -0400] "GET /images/red-band.gif HTTP/1.1" 200 4358 "http://www.nikonthenumbers.com/profile/291600" "Mozilla/4.0 (compatible; MSIE 6.0; Windows NT 5.1; SV1; InfoPath.2; .NET CLR 2.0.50727; .NET CLR 3.0.04506.648)"
207.61.33.130 - - [31/Mar/2009:09:08:23 -0400] "GET /images/RULE-FADE.jpg HTTP/1.1" 200 448 "http://www.nikonthenumbers.com/profile/291600" "Mozilla/4.0 (compatible; MSIE 6.0; Windows NT 5.1; SV1; InfoPath.2; .NET CLR 2.0.50727; .NET CLR 3.0.04506.648)"
207.61.33.130 - - [31/Mar/2009:09:08:23 -0400] "GET /images/BOX-BACK.jpg HTTP/1.1" 200 1025 "http://www.nikonthenumbers.com/profile/291600" "Mozilla/4.0 (compatible; MSIE 6.0; Windows NT 5.1; SV1; InfoPath.2; .NET CLR 2.0.50727; .NET CLR 3.0.04506.648)"
207.61.33.130 - - [31/Mar/2009:09:08:23 -0400] "GET /images/polling_results.jpg?1221113035 HTTP/1.1" 200 5021 "http://www.nikonthenumbers.com/profile/291600" "Mozilla/4.0 (compatible; MSIE 6.0; Windows NT 5.1; SV1; InfoPath.2; .NET CLR 2.0.50727; .NET CLR 3.0.04506.648)"
207.61.33.130 - - [31/Mar/2009:09:08:23 -0400] "GET /images/safe_subscribe_logo.gif HTTP/1.1" 200 457 "http://www.nikonthenumbers.com/profile/291600" "Mozilla/4.0 (compatible; MSIE 6.0; Windows NT 5.1; SV1; InfoPath.2; .NET CLR 2.0.50727; .NET CLR 3.0.04506.648)"
207.61.33.130 - - [31/Mar/2009:09:08:23 -0400] "GET /fixit.js HTTP/1.1" 200 153 "http://www.nikonthenumbers.com/profile/291600" "Mozilla/4.0 (compatible; MSIE 6.0; Windows NT 5.1; SV1; InfoPath.2; .NET CLR 2.0.50727; .NET CLR 3.0.04506.648)"
207.61.33.130 - - [31/Mar/2009:09:08:24 -0400] "GET /images/cancel.png HTTP/1.1" 200 853 "http://www.nikonthenumbers.com/profile/291600" "Mozilla/4.0 (compatible; MSIE 6.0; Windows NT 5.1; SV1; InfoPath.2; .NET CLR 2.0.50727; .NET CLR 3.0.04506.648)"
67.195.37.93 - - [31/Mar/2009:09:08:36 -0400] "GET /topics/show/62/3901 HTTP/1.0" 200 152175 "-" "Mozilla/5.0 (compatible; Yahoo! Slurp; http://help.yahoo.com/help/us/ysearch/slurp)"
67.195.37.93 - - [31/Mar/2009:09:08:49 -0400] "GET /topics/show/124/28320 HTTP/1.0" 200 177652 "-" "Mozilla/5.0 (compatible; Yahoo! Slurp; http://help.yahoo.com/help/us/ysearch/slurp)"
207.97.207.200 - - [31/Mar/2009:09:08:51 -0400] "GET / HTTP/1.0" 200 24896 "-" "Pingdom.com_bot_version_1.4_(http://www.pingdom.com/)"
88.191.79.43 - - [31/Mar/2009:09:09:05 -0400] "GET /topics/show/57 HTTP/1.0" 200 101093 "http://www.nikonthenumbers.com/" "Mozilla/4.0 (compatible; MSIE 6.0; Windows NT 5.1)"
65.55.105.117 - - [31/Mar/2009:09:09:02 -0400] "GET /topics/show/115/22274 HTTP/1.1" 200 1119638 "-" "msnbot/1.1 (+http://search.msn.com/msnbot.htm)"
65.55.105.133 - - [31/Mar/2009:09:09:10 -0400] "GET /topics/show/19 HTTP/1.1" 200 104852 "-" "msnbot/1.1 (+http://search.msn.com/msnbot.htm)"
64.34.195.137 - - [31/Mar/2009:09:09:18 -0400] "GET /rss HTTP/1.1" 200 99686 "-" "Mozilla/5.0 (X11; U; Linux i686; en-US; rv:1.2.1; aggregator:Spinn3r (Spinn3r 3.0); http://spinn3r.com/robot) Gecko/20021130"
66.249.73.230 - - [31/Mar/2009:09:09:15 -0400] "GET /profile/9027 HTTP/1.1" 200 768871 "-" "Mozilla/5.0 (compatible; Googlebot/2.1; +http://www.google.com/bot.html)"
67.192.120.134 - - [31/Mar/2009:09:09:50 -0400] "GET / HTTP/1.0" 200 24896 "-" "Pingdom.com_bot_version_1.4_(http://www.pingdom.com/)"
70.52.194.216 - - [31/Mar/2009:09:10:22 -0400] "GET / HTTP/1.1" 200 20023 "http://www.google.com/search?client=safari&rls=en-us&q=nanos+research&ie=UTF-8&oe=UTF-8" "Mozilla/5.0 (Macintosh; U; PPC Mac OS X 10_5_6; en-us) AppleWebKit/525.27.1 (KHTML, like Gecko) Version/3.2.1 Safari/525.27.1"
70.52.194.216 - - [31/Mar/2009:09:10:28 -0400] "GET /avatars/0000/0107/hope-nope5_thumb.jpg?1235523623 HTTP/1.1" 304 - "http://www.nikonthenumbers.com/topics/show/124" "Mozilla/5.0 (Macintosh; U; PPC Mac OS X 10_5_6; en-us) AppleWebKit/525.27.1 (KHTML, like Gecko) Version/3.2.1 Safari/525.27.1"
70.52.194.216 - - [31/Mar/2009:09:10:27 -0400] "GET /topics/show/124 HTTP/1.1" 200 145541 "http://www.nikonthenumbers.com/" "Mozilla/5.0 (Macintosh; U; PPC Mac OS X 10_5_6; en-us) AppleWebKit/525.27.1 (KHTML, like Gecko) Version/3.2.1 Safari/525.27.1"
70.52.194.216 - - [31/Mar/2009:09:10:35 -0400] "POST /talk/mark/28426 HTTP/1.1" 201 1 "http://www.nikonthenumbers.com/topics/show/124" "Mozilla/5.0 (Macintosh; U; PPC Mac OS X 10_5_6; en-us) AppleWebKit/525.27.1 (KHTML, like Gecko) Version/3.2.1 Safari/525.27.1"
70.52.194.216 - - [31/Mar/2009:09:10:40 -0400] "POST /topics/show_comments/124/28426 HTTP/1.1" 200 43898 "http://www.nikonthenumbers.com/topics/show/124" "Mozilla/5.0 (Macintosh; U; PPC Mac OS X 10_5_6; en-us) AppleWebKit/525.27.1 (KHTML, like Gecko) Version/3.2.1 Safari/525.27.1"
78.136.27.223 - - [31/Mar/2009:09:10:51 -0400] "GET / HTTP/1.0" 200 24896 "-" "Pingdom.com_bot_version_1.4_(http://www.pingdom.com/)"
66.249.73.230 - - [31/Mar/2009:09:10:55 -0400] "GET /topics/show/113/19385 HTTP/1.1" 200 338338 "-" "Mozilla/5.0 (compatible; Googlebot/2.1; +http://www.google.com/bot.html)"
70.52.194.216 - - [31/Mar/2009:09:11:12 -0400] "POST /talk/mark/28395 HTTP/1.1" 201 1 "http://www.nikonthenumbers.com/topics/show/124" "Mozilla/5.0 (Macintosh; U; PPC Mac OS X 10_5_6; en-us) AppleWebKit/525.27.1 (KHTML, like Gecko) Version/3.2.1 Safari/525.27.1"
70.52.194.216 - - [31/Mar/2009:09:11:13 -0400] "POST /topics/show_comments/124/28395 HTTP/1.1" 200 19583 "http://www.nikonthenumbers.com/topics/show/124" "Mozilla/5.0 (Macintosh; U; PPC Mac OS X 10_5_6; en-us) AppleWebKit/525.27.1 (KHTML, like Gecko) Version/3.2.1 Safari/525.27.1"
70.52.194.216 - - [31/Mar/2009:09:11:23 -0400] "POST /talk/mark/28533 HTTP/1.1" 201 1 "http://www.nikonthenumbers.com/topics/show/124" "Mozilla/5.0 (Macintosh; U; PPC Mac OS X 10_5_6; en-us) AppleWebKit/525.27.1 (KHTML, like Gecko) Version/3.2.1 Safari/525.27.1"
70.52.194.216 - - [31/Mar/2009:09:11:33 -0400] "POST /talk/mark/28397 HTTP/1.1" 201 1 "http://www.nikonthenumbers.com/topics/show/124" "Mozilla/5.0 (Macintosh; U; PPC Mac OS X 10_5_6; en-us) AppleWebKit/525.27.1 (KHTML, like Gecko) Version/3.2.1 Safari/525.27.1"
67.205.112.79 - - [31/Mar/2009:09:11:51 -0400] "GET / HTTP/1.0" 200 24896 "-" "Pingdom.com_bot_version_1.4_(http://www.pingdom.com/)"
70.52.194.216 - - [31/Mar/2009:09:11:53 -0400] "POST /talk/mark/28401 HTTP/1.1" 201 1 "http://www.nikonthenumbers.com/topics/show/124" "Mozilla/5.0 (Macintosh; U; PPC Mac OS X 10_5_6; en-us) AppleWebKit/525.27.1 (KHTML, like Gecko) Version/3.2.1 Safari/525.27.1"
205.193.50.10 - - [31/Mar/2009:09:11:54 -0400] "GET /rss HTTP/1.1" 200 100138 "-" "Windows-RSS-Platform/1.0 (MSIE 7.0; Windows NT 5.1)"
70.52.194.216 - - [31/Mar/2009:09:12:03 -0400] "POST /talk/mark/28396 HTTP/1.1" 201 1 "http://www.nikonthenumbers.com/topics/show/124" "Mozilla/5.0 (Macintosh; U; PPC Mac OS X 10_5_6; en-us) AppleWebKit/525.27.1 (KHTML, like Gecko) Version/3.2.1 Safari/525.27.1"
70.52.194.216 - - [31/Mar/2009:09:12:08 -0400] "POST /talk/mark/28395 HTTP/1.1" 201 1 "http://www.nikonthenumbers.com/topics/show/124" "Mozilla/5.0 (Macintosh; U; PPC Mac OS X 10_5_6; en-us) AppleWebKit/525.27.1 (KHTML, like Gecko) Version/3.2.1 Safari/525.27.1"
142.166.3.122 - - [31/Mar/2009:09:12:08 -0400] "GET /topics/show/124 HTTP/1.1" 200 150388 "-" "R6_CommentReader(www.radian6.com/crawler)"
70.52.194.216 - - [31/Mar/2009:09:12:15 -0400] "POST /talk/mark/28394 HTTP/1.1" 201 1 "http://www.nikonthenumbers.com/topics/show/124" "Mozilla/5.0 (Macintosh; U; PPC Mac OS X 10_5_6; en-us) AppleWebKit/525.27.1 (KHTML, like Gecko) Version/3.2.1 Safari/525.27.1"
70.52.194.216 - - [31/Mar/2009:09:12:17 -0400] "POST /topics/show_comments/124/28394 HTTP/1.1" 200 2949 "http://www.nikonthenumbers.com/topics/show/124" "Mozilla/5.0 (Macintosh; U; PPC Mac OS X 10_5_6; en-us) AppleWebKit/525.27.1 (KHTML, like Gecko) Version/3.2.1 Safari/525.27.1"
142.213.127.2 - - [31/Mar/2009:09:12:25 -0400] "GET /rss HTTP/1.0" 200 100138 "-" "RssBandit/1.5.0.10 (.NET CLR 2.0.50727.42; WinNT 5.1.2600 Service Pack 2; http://www.rssbandit.org)"
208.124.156.82 - - [31/Mar/2009:09:12:30 -0400] "GET /rss HTTP/1.1" 200 100138 "-" "Mozilla/4.0 (compatible; MSIE 7.0; Windows NT 6.0; SLCC1; .NET CLR 2.0.50727; .NET CLR 3.5.30729; .NET CLR 3.0.30618; MSOffice 12)"
70.52.194.216 - - [31/Mar/2009:09:12:35 -0400] "POST /talk/mark/28376 HTTP/1.1" 201 1 "http://www.nikonthenumbers.com/topics/show/124" "Mozilla/5.0 (Macintosh; U; PPC Mac OS X 10_5_6; en-us) AppleWebKit/525.27.1 (KHTML, like Gecko) Version/3.2.1 Safari/525.27.1"
66.249.73.230 - - [31/Mar/2009:09:12:34 -0400] "GET /topics/show/20/683 HTTP/1.1" 200 87831 "-" "Mozilla/5.0 (compatible; Googlebot/2.1; +http://www.google.com/bot.html)"
70.52.194.216 - - [31/Mar/2009:09:12:44 -0400] "POST /topics/show_comments/124/28376 HTTP/1.1" 200 6455 "http://www.nikonthenumbers.com/topics/show/124" "Mozilla/5.0 (Macintosh; U; PPC Mac OS X 10_5_6; en-us) AppleWebKit/525.27.1 (KHTML, like Gecko) Version/3.2.1 Safari/525.27.1"
66.135.104.77 - - [31/Mar/2009:09:12:46 -0400] "GET /rss HTTP/1.1" 200 100138 "-" "Mozilla/4.0 (compatible; MSIE 7.0; Windows NT 5.1; GTB5; .NET CLR 1.1.4322; InfoPath.2; MSOffice 12)"
174.133.253.162 - - [31/Mar/2009:09:12:51 -0400] "GET / HTTP/1.0" 200 24896 "-" "Pingdom.com_bot_version_1.4_(http://www.pingdom.com/)"
70.52.194.216 - - [31/Mar/2009:09:12:54 -0400] "POST /talk/mark/28379 HTTP/1.1" 201 1 "http://www.nikonthenumbers.com/topics/show/124" "Mozilla/5.0 (Macintosh; U; PPC Mac OS X 10_5_6; en-us) AppleWebKit/525.27.1 (KHTML, like Gecko) Version/3.2.1 Safari/525.27.1"
70.52.194.216 - - [31/Mar/2009:09:12:57 -0400] "POST /talk/mark/28388 HTTP/1.1" 201 1 "http://www.nikonthenumbers.com/topics/show/124" "Mozilla/5.0 (Macintosh; U; PPC Mac OS X 10_5_6; en-us) AppleWebKit/525.27.1 (KHTML, like Gecko) Version/3.2.1 Safari/525.27.1"
88.191.88.79 - - [31/Mar/2009:09:13:01 -0400] "GET /topics/show/58 HTTP/1.0" 200 103395 "http://www.nikonthenumbers.com/" "Mozilla/4.0 (compatible; MSIE 6.0; Windows NT 5.1)"
70.52.194.216 - - [31/Mar/2009:09:13:04 -0400] "POST /talk/mark/28374 HTTP/1.1" 201 1 "http://www.nikonthenumbers.com/topics/show/124" "Mozilla/5.0 (Macintosh; U; PPC Mac OS X 10_5_6; en-us) AppleWebKit/525.27.1 (KHTML, like Gecko) Version/3.2.1 Safari/525.27.1"
72.30.65.34 - - [31/Mar/2009:09:13:12 -0400] "GET /topics/show/112 HTTP/1.0" 200 304221 "-" "Mozilla/5.0 (compatible; Yahoo! Slurp/3.0; http://help.yahoo.com/help/us/ysearch/slurp)"
208.124.156.82 - - [31/Mar/2009:09:13:17 -0400] "GET /rss HTTP/1.1" 200 100138 "-" "Mozilla/4.0 (compatible; MSIE 7.0; Windows NT 6.0; SLCC1; .NET CLR 2.0.50727; .NET CLR 3.5.30729; .NET CLR 3.0.30618; MSOffice 12)"
70.52.194.216 - - [31/Mar/2009:09:13:25 -0400] "POST /talk/mark/28373 HTTP/1.1" 201 1 "http://www.nikonthenumbers.com/topics/show/124" "Mozilla/5.0 (Macintosh; U; PPC Mac OS X 10_5_6; en-us) AppleWebKit/525.27.1 (KHTML, like Gecko) Version/3.2.1 Safari/525.27.1"
70.52.194.216 - - [31/Mar/2009:09:13:43 -0400] "POST /talk/mark/28338 HTTP/1.1" 201 1 "http://www.nikonthenumbers.com/topics/show/124" "Mozilla/5.0 (Macintosh; U; PPC Mac OS X 10_5_6; en-us) AppleWebKit/525.27.1 (KHTML, like Gecko) Version/3.2.1 Safari/525.27.1"
66.249.73.230 - - [31/Mar/2009:09:14:14 -0400] "GET /profile/1087003 HTTP/1.1" 200 14670 "-" "Mozilla/5.0 (compatible; Googlebot/2.1; +http://www.google.com/bot.html)"
89.151.110.152 - - [31/Mar/2009:09:14:54 -0400] "GET / HTTP/1.0" 200 24896 "-" "Pingdom.com_bot_version_1.4_(http://www.pingdom.com/)"
72.30.65.34 - - [31/Mar/2009:09:15:05 -0400] "GET /topics/show/19/662 HTTP/1.0" 200 110740 "-" "Mozilla/5.0 (compatible; Yahoo! Slurp/3.0; http://help.yahoo.com/help/us/ysearch/slurp)"
70.30.24.162 - - [31/Mar/2009:09:15:13 -0400] "GET /rss HTTP/1.1" 200 100138 "-" "Windows-RSS-Platform/1.0 (MSIE 7.0; Windows NT 5.1)"
72.30.65.34 - - [31/Mar/2009:09:15:42 -0400] "GET /topics/show/47/2558 HTTP/1.0" 200 80544 "-" "Mozilla/5.0 (compatible; Yahoo! Slurp/3.0; http://help.yahoo.com/help/us/ysearch/slurp)"
209.62.54.130 - - [31/Mar/2009:09:15:51 -0400] "GET / HTTP/1.0" 200 24896 "-" "Pingdom.com_bot_version_1.4_(http://www.pingdom.com/)"
66.249.73.230 - - [31/Mar/2009:09:15:53 -0400] "GET /topics/show/114 HTTP/1.1" 200 270767 "-" "Mozilla/5.0 (compatible; Googlebot/2.1; +http://www.google.com/bot.html)"
74.15.80.242 - - [31/Mar/2009:09:16:13 -0400] "GET /rss HTTP/1.1" 200 100138 "-" "Mozilla/5.0 (compatible; Google Desktop)"
205.205.91.66 - - [31/Mar/2009:09:16:15 -0400] "GET /rss HTTP/1.1" 200 100138 "-" "Mozilla/4.0 (compatible; MSIE 7.0; Windows NT 5.1; GTB5; .NET CLR 1.1.4322; .NET CLR 2.0.50727; InfoPath.2; Alexa Toolbar; MS-RTC LM 8; MSOffice 12)"
83.140.19.38 - - [31/Mar/2009:09:16:40 -0400] "GET / HTTP/1.0" 200 24896 "-" "Pingdom.com_bot_version_1.4_(http://www.pingdom.com/)"
72.30.65.34 - - [31/Mar/2009:09:16:38 -0400] "GET /topics/show/115/23022 HTTP/1.0" 200 1278091 "-" "Mozilla/5.0 (compatible; Yahoo! Slurp/3.0; http://help.yahoo.com/help/us/ysearch/slurp)"
72.51.41.47 - - [31/Mar/2009:09:16:51 -0400] "GET / HTTP/1.0" 200 24896 "-" "Pingdom.com_bot_version_1.4_(http://www.pingdom.com/)"
88.191.88.79 - - [31/Mar/2009:09:16:56 -0400] "GET /topics/show/59 HTTP/1.0" 200 76155 "http://www.nikonthenumbers.com/" "Mozilla/4.0 (compatible; MSIE 6.0; Windows NT 5.1)"
209.85.238.28 - - [31/Mar/2009:09:17:31 -0400] "GET /rss HTTP/1.1" 200 99686 "-" "Feedfetcher-Google; (+http://www.google.com/feedfetcher.html; feed-id=8041766000373382223)"
66.249.73.230 - - [31/Mar/2009:09:17:33 -0400] "GET /topics/show/78 HTTP/1.1" 200 149249 "-" "Mozilla/5.0 (compatible; Googlebot/2.1; +http://www.google.com/bot.html)"
212.247.189.113 - - [31/Mar/2009:09:17:51 -0400] "GET / HTTP/1.0" 200 24896 "-" "Pingdom.com_bot_version_1.4_(http://www.pingdom.com/)"
64.34.195.156 - - [31/Mar/2009:09:18:43 -0400] "GET / HTTP/1.1" 200 24732 "-" "Mozilla/5.0 (X11; U; Linux i686; en-US; rv:1.2.1; aggregator:Spinn3r (Spinn3r 3.0); http://spinn3r.com/robot) Gecko/20021130"
207.97.207.200 - - [31/Mar/2009:09:18:51 -0400] "GET / HTTP/1.0" 200 24896 "-" "Pingdom.com_bot_version_1.4_(http://www.pingdom.com/)"
67.195.37.93 - - [31/Mar/2009:09:18:52 -0400] "GET /topics/show/121/27871 HTTP/1.0" 200 1140542 "-" "Mozilla/5.0 (compatible; Yahoo! Slurp; http://help.yahoo.com/help/us/ysearch/slurp)"
66.249.73.230 - - [31/Mar/2009:09:19:13 -0400] "GET /topics/show/109/17583 HTTP/1.1" 200 127180 "-" "Mozilla/5.0 (compatible; Googlebot/2.1; +http://www.google.com/bot.html)"
67.192.120.134 - - [31/Mar/2009:09:19:50 -0400] "GET / HTTP/1.0" 200 24896 "-" "Pingdom.com_bot_version_1.4_(http://www.pingdom.com/)"
208.36.144.9 - - [31/Mar/2009:09:20:24 -0400] "GET /profile/728773 HTTP/1.0" 200 16565 "-" "Mozilla/5.0 (Twiceler-0.9 http://www.cuil.com/twiceler/robot.html)"
65.55.105.117 - - [31/Mar/2009:09:20:31 -0400] "GET /topics/show/46/2496 HTTP/1.1" 200 98651 "-" "msnbot/1.1 (+http://search.msn.com/msnbot.htm)"
65.55.105.122 - - [31/Mar/2009:09:20:45 -0400] "GET /robots.txt HTTP/1.1" 200 161 "-" "msnbot/1.1 (+http://search.msn.com/msnbot.htm)"
65.55.105.122 - - [31/Mar/2009:09:20:45 -0400] "GET /topics/show/115/22574 HTTP/1.1" 200 1135638 "-" "msnbot/1.1 (+http://search.msn.com/msnbot.htm)"
88.191.88.79 - - [31/Mar/2009:09:20:51 -0400] "GET /topics/show/6 HTTP/1.0" 200 37092 "http://www.nikonthenumbers.com/" "Mozilla/4.0 (compatible; MSIE 6.0; Windows NT 5.1)"
66.249.73.230 - - [31/Mar/2009:09:20:52 -0400] "GET /topics/show/79 HTTP/1.1" 200 63324 "-" "Mozilla/5.0 (compatible; Googlebot/2.1; +http://www.google.com/bot.html)"
78.136.27.223 - - [31/Mar/2009:09:20:51 -0400] "GET / HTTP/1.0" 200 24896 "-" "Pingdom.com_bot_version_1.4_(http://www.pingdom.com/)"
67.70.21.228 - - [31/Mar/2009:09:21:11 -0400] "GET / HTTP/1.1" 200 19884 "http://nikonthenumbers.com/topics/show/125/28409" "Mozilla/5.0 (Windows; U; Windows NT 5.1; en-US; rv:1.9.0.8) Gecko/2009032609 Firefox/3.0.8"
72.136.129.23 - - [31/Mar/2009:09:21:21 -0400] "GET /rss HTTP/1.1" 200 100138 "-" "Mozilla/5.0 (Windows; U; Windows NT 5.1; en-US; rv:1.9.0.7) Gecko/2009021910 Firefox/3.0.7 (.NET CLR 3.5.30729)"
208.36.144.9 - - [31/Mar/2009:09:21:26 -0400] "GET /profile/725914 HTTP/1.0" 200 14634 "-" "Mozilla/5.0 (Twiceler-0.9 http://www.cuil.com/twiceler/robot.html)"
67.205.112.79 - - [31/Mar/2009:09:21:51 -0400] "GET / HTTP/1.0" 200 24896 "-" "Pingdom.com_bot_version_1.4_(http://www.pingdom.com/)"
76.64.143.199 - - [31/Mar/2009:09:22:22 -0400] "GET / HTTP/1.1" 200 24896 "-" "Mozilla/5.0 (Windows; U; Windows NT 5.0; en-US; rv:1.9.0.8) Gecko/2009032609 Firefox/3.0.8"
76.64.143.199 - - [31/Mar/2009:09:22:25 -0400] "GET /javascripts/base_1221113035.js HTTP/1.1" 200 96039 "http://www.nikonthenumbers.com/" "Mozilla/5.0 (Windows; U; Windows NT 5.0; en-US; rv:1.9.0.8) Gecko/2009032609 Firefox/3.0.8"
76.64.143.199 - - [31/Mar/2009:09:22:29 -0400] "GET /stylesheets/base_1221113035.css HTTP/1.1" 200 14188 "http://www.nikonthenumbers.com/" "Mozilla/5.0 (Windows; U; Windows NT 5.0; en-US; rv:1.9.0.8) Gecko/2009032609 Firefox/3.0.8"
66.249.73.230 - - [31/Mar/2009:09:22:32 -0400] "GET /topics/show/11 HTTP/1.1" 200 110184 "-" "Mozilla/5.0 (compatible; Googlebot/2.1; +http://www.google.com/bot.html)"
76.64.143.199 - - [31/Mar/2009:09:22:35 -0400] "GET /images/TOP_01.jpg HTTP/1.1" 200 12839 "http://www.nikonthenumbers.com/" "Mozilla/5.0 (Windows; U; Windows NT 5.0; en-US; rv:1.9.0.8) Gecko/2009032609 Firefox/3.0.8"
76.64.143.199 - - [31/Mar/2009:09:22:35 -0400] "GET /fixit.js HTTP/1.1" 200 153 "http://www.nikonthenumbers.com/" "Mozilla/5.0 (Windows; U; Windows NT 5.0; en-US; rv:1.9.0.8) Gecko/2009032609 Firefox/3.0.8"
76.64.143.199 - - [31/Mar/2009:09:22:35 -0400] "GET /images/feed-icon-14x14.png HTTP/1.1" 200 689 "http://www.nikonthenumbers.com/" "Mozilla/5.0 (Windows; U; Windows NT 5.0; en-US; rv:1.9.0.8) Gecko/2009032609 Firefox/3.0.8"
76.64.143.199 - - [31/Mar/2009:09:22:35 -0400] "GET /images/TOP_02.jpg HTTP/1.1" 200 14856 "http://www.nikonthenumbers.com/" "Mozilla/5.0 (Windows; U; Windows NT 5.0; en-US; rv:1.9.0.8) Gecko/2009032609 Firefox/3.0.8"
76.64.143.199 - - [31/Mar/2009:09:22:35 -0400] "GET /images/TOP_03.jpg HTTP/1.1" 200 15516 "http://www.nikonthenumbers.com/" "Mozilla/5.0 (Windows; U; Windows NT 5.0; en-US; rv:1.9.0.8) Gecko/2009032609 Firefox/3.0.8"
76.64.143.199 - - [31/Mar/2009:09:22:35 -0400] "GET /images/RULE-FADE.jpg HTTP/1.1" 200 448 "http://www.nikonthenumbers.com/" "Mozilla/5.0 (Windows; U; Windows NT 5.0; en-US; rv:1.9.0.8) Gecko/2009032609 Firefox/3.0.8"
76.64.143.199 - - [31/Mar/2009:09:22:36 -0400] "GET /images/page-bg.gif HTTP/1.1" 200 1487 "http://www.nikonthenumbers.com/stylesheets/base_1221113035.css" "Mozilla/5.0 (Windows; U; Windows NT 5.0; en-US; rv:1.9.0.8) Gecko/2009032609 Firefox/3.0.8"
76.64.143.199 - - [31/Mar/2009:09:22:36 -0400] "GET /images/TOP_06.jpg HTTP/1.1" 200 2158 "http://www.nikonthenumbers.com/stylesheets/base_1221113035.css" "Mozilla/5.0 (Windows; U; Windows NT 5.0; en-US; rv:1.9.0.8) Gecko/2009032609 Firefox/3.0.8"
76.64.143.199 - - [31/Mar/2009:09:22:36 -0400] "GET /images/red-band.gif HTTP/1.1" 200 4358 "http://www.nikonthenumbers.com/stylesheets/base_1221113035.css" "Mozilla/5.0 (Windows; U; Windows NT 5.0; en-US; rv:1.9.0.8) Gecko/2009032609 Firefox/3.0.8"
76.64.143.199 - - [31/Mar/2009:09:22:36 -0400] "GET /images/bottom-with-shaddow.gif HTTP/1.1" 200 9790 "http://www.nikonthenumbers.com/stylesheets/base_1221113035.css" "Mozilla/5.0 (Windows; U; Windows NT 5.0; en-US; rv:1.9.0.8) Gecko/2009032609 Firefox/3.0.8"
76.64.143.199 - - [31/Mar/2009:09:22:36 -0400] "GET /images/BOX-BACK.jpg HTTP/1.1" 200 1025 "http://www.nikonthenumbers.com/stylesheets/base_1221113035.css" "Mozilla/5.0 (Windows; U; Windows NT 5.0; en-US; rv:1.9.0.8) Gecko/2009032609 Firefox/3.0.8"
76.64.143.199 - - [31/Mar/2009:09:22:36 -0400] "GET /images/comment_bw.png HTTP/1.1" 200 384 "http://www.nikonthenumbers.com/stylesheets/base_1221113035.css" "Mozilla/5.0 (Windows; U; Windows NT 5.0; en-US; rv:1.9.0.8) Gecko/2009032609 Firefox/3.0.8"
76.64.143.199 - - [31/Mar/2009:09:22:40 -0400] "GET /images/Ses-Townhall-AD-FED-20080911.swf HTTP/1.1" 200 17188 "http://www.nikonthenumbers.com/" "Mozilla/5.0 (Windows; U; Windows NT 5.0; en-US; rv:1.9.0.8) Gecko/2009032609 Firefox/3.0.8"
76.64.143.199 - - [31/Mar/2009:09:22:43 -0400] "GET /images/polling_results.jpg?1221113035 HTTP/1.1" 200 5021 "http://www.nikonthenumbers.com/" "Mozilla/5.0 (Windows; U; Windows NT 5.0; en-US; rv:1.9.0.8) Gecko/2009032609 Firefox/3.0.8"
76.64.143.199 - - [31/Mar/2009:09:22:43 -0400] "GET /images/safe_subscribe_logo.gif HTTP/1.1" 200 457 "http://www.nikonthenumbers.com/" "Mozilla/5.0 (Windows; U; Windows NT 5.0; en-US; rv:1.9.0.8) Gecko/2009032609 Firefox/3.0.8"
67.195.37.159 - - [31/Mar/2009:09:22:49 -0400] "GET /stylesheets/base_1221113035.css HTTP/1.0" 304 - "http://nikonthenumbers.com/topics/show/120" "Mozilla/5.0 (compatible; Yahoo! Slurp/3.0; http://help.yahoo.com/help/us/ysearch/slurp)"
67.195.37.159 - - [31/Mar/2009:09:22:48 -0400] "GET /topics/show/120 HTTP/1.0" 200 197277 "-" "Mozilla/5.0 (compatible; Yahoo! Slurp/3.0; http://help.yahoo.com/help/us/ysearch/slurp)"
174.133.253.162 - - [31/Mar/2009:09:22:51 -0400] "GET / HTTP/1.0" 200 24896 "-" "Pingdom.com_bot_version_1.4_(http://www.pingdom.com/)"
76.64.143.199 - - [31/Mar/2009:09:22:56 -0400] "GET /favicon.ico HTTP/1.1" 200 894 "-" "Mozilla/5.0 (Windows; U; Windows NT 5.0; en-US; rv:1.9.0.8) Gecko/2009032609 Firefox/3.0.8"
66.249.73.230 - - [31/Mar/2009:09:24:11 -0400] "GET /topics/show/52 HTTP/1.1" 200 50537 "-" "Mozilla/5.0 (compatible; Googlebot/2.1; +http://www.google.com/bot.html)"
88.191.88.79 - - [31/Mar/2009:09:24:44 -0400] "GET /topics/show/62 HTTP/1.0" 200 78800 "http://www.nikonthenumbers.com/" "Mozilla/4.0 (compatible; MSIE 6.0; Windows NT 5.1)"
89.151.110.152 - - [31/Mar/2009:09:24:52 -0400] "GET / HTTP/1.0" 200 24896 "-" "Pingdom.com_bot_version_1.4_(http://www.pingdom.com/)"
142.166.3.122 - - [31/Mar/2009:09:25:26 -0400] "GET /topics/show/124 HTTP/1.1" 200 149676 "-" "R6_CommentReader(www.radian6.com/crawler)"
66.249.73.230 - - [31/Mar/2009:09:25:51 -0400] "GET /topics/show/20 HTTP/1.1" 200 84963 "-" "Mozilla/5.0 (compatible; Googlebot/2.1; +http://www.google.com/bot.html)"
209.62.54.130 - - [31/Mar/2009:09:25:52 -0400] "GET / HTTP/1.0" 200 24896 "-" "Pingdom.com_bot_version_1.4_(http://www.pingdom.com/)"
205.205.91.66 - - [31/Mar/2009:09:26:13 -0400] "GET /rss HTTP/1.1" 200 100138 "-" "Mozilla/4.0 (compatible; MSIE 7.0; Windows NT 5.1; GTB5; .NET CLR 1.1.4322; .NET CLR 2.0.50727; InfoPath.2; Alexa Toolbar; MS-RTC LM 8; MSOffice 12)"
67.195.37.93 - - [31/Mar/2009:09:26:24 -0400] "GET /stylesheets/base_1221113035.css HTTP/1.0" 304 - "http://www.nikonthenumbers.com/" "Mozilla/5.0 (compatible; Yahoo! Slurp/3.0; http://help.yahoo.com/help/us/ysearch/slurp)"
72.30.65.34 - - [31/Mar/2009:09:26:42 -0400] "GET /profile/726016 HTTP/1.0" 200 15131 "-" "Mozilla/5.0 (compatible; Yahoo! Slurp/3.0; http://help.yahoo.com/help/us/ysearch/slurp)"
72.51.41.47 - - [31/Mar/2009:09:26:51 -0400] "GET / HTTP/1.0" 200 24896 "-" "Pingdom.com_bot_version_1.4_(http://www.pingdom.com/)"
66.249.73.230 - - [31/Mar/2009:09:27:30 -0400] "GET /topics/show/68 HTTP/1.1" 200 82930 "-" "Mozilla/5.0 (compatible; Googlebot/2.1; +http://www.google.com/bot.html)"
212.247.189.113 - - [31/Mar/2009:09:27:52 -0400] "GET / HTTP/1.0" 200 24896 "-" "Pingdom.com_bot_version_1.4_(http://www.pingdom.com/)"
99.240.94.33 - - [31/Mar/2009:09:28:26 -0400] "GET /rss HTTP/1.1" 200 100138 "-" "Vienna/2.3.0.2301"
88.191.79.43 - - [31/Mar/2009:09:28:34 -0400] "GET /topics/show/63 HTTP/1.0" 200 95243 "http://www.nikonthenumbers.com/" "Mozilla/4.0 (compatible; MSIE 6.0; Windows NT 5.1)"
207.97.207.200 - - [31/Mar/2009:09:28:51 -0400] "GET / HTTP/1.0" 200 24896 "-" "Pingdom.com_bot_version_1.4_(http://www.pingdom.com/)"
65.55.105.121 - - [31/Mar/2009:09:28:56 -0400] "GET /robots.txt HTTP/1.1" 200 161 "-" "msnbot/1.1 (+http://search.msn.com/msnbot.htm)"
65.55.105.121 - - [31/Mar/2009:09:28:56 -0400] "GET /topics/show/108/17267 HTTP/1.1" 200 306879 "-" "msnbot/1.1 (+http://search.msn.com/msnbot.htm)"
66.249.73.230 - - [31/Mar/2009:09:29:10 -0400] "GET /profile/1104826 HTTP/1.1" 200 19354 "-" "Mozilla/5.0 (compatible; Googlebot/2.1; +http://www.google.com/bot.html)"
65.55.105.118 - - [31/Mar/2009:09:29:13 -0400] "GET /profile/2441 HTTP/1.1" 200 16592 "-" "msnbot/1.1 (+http://search.msn.com/msnbot.htm)"
67.192.120.134 - - [31/Mar/2009:09:29:50 -0400] "GET / HTTP/1.0" 200 24896 "-" "Pingdom.com_bot_version_1.4_(http://www.pingdom.com/)"
65.55.109.53 - - [31/Mar/2009:09:30:04 -0400] "GET /profile/2441 HTTP/1.0" 200 16592 "http://search.live.com/results.aspx?q=nanos" "Mozilla/4.0 (compatible; MSIE 6.0; Windows NT 5.2; SV1; .NET CLR 1.1.4322)"
65.55.109.53 - - [31/Mar/2009:09:30:09 -0400] "GET /stylesheets/base_1221113035.css HTTP/1.0" 200 14188 "http://www.nikonthenumbers.com/profile/2441" "Mozilla/4.0 (compatible; MSIE 6.0; Windows NT 5.2; SV1; .NET CLR 1.1.4322)"
65.55.109.53 - - [31/Mar/2009:09:30:09 -0400] "GET /javascripts/base_1221113035.js HTTP/1.0" 200 96039 "http://www.nikonthenumbers.com/profile/2441" "Mozilla/4.0 (compatible; MSIE 6.0; Windows NT 5.2; SV1; .NET CLR 1.1.4322)"
70.30.24.162 - - [31/Mar/2009:09:30:16 -0400] "GET /rss HTTP/1.1" 200 100138 "-" "Windows-RSS-Platform/1.0 (MSIE 7.0; Windows NT 5.1)"
209.17.186.38 - - [31/Mar/2009:09:30:40 -0400] "GET / HTTP/1.1" 200 24896 "-" "Clearware web browser"
78.136.27.223 - - [31/Mar/2009:09:30:51 -0400] "GET / HTTP/1.0" 200 24896 "-" "Pingdom.com_bot_version_1.4_(http://www.pingdom.com/)"
70.74.160.67 - - [31/Mar/2009:09:31:14 -0400] "GET /stylesheets/base_1221113035.css HTTP/1.1" 304 - "http://www.nikonthenumbers.com/topics/show/53" "Mozilla/4.0 (compatible; MSIE 7.0; Windows NT 5.1; .NET CLR 1.1.4322; .NET CLR 2.0.50727; .NET CLR 3.0.04506.30; .NET CLR 3.0.04506.648)"
70.74.160.67 - - [31/Mar/2009:09:31:14 -0400] "GET /javascripts/base_1221113035.js HTTP/1.1" 304 - "http://www.nikonthenumbers.com/topics/show/53" "Mozilla/4.0 (compatible; MSIE 7.0; Windows NT 5.1; .NET CLR 1.1.4322; .NET CLR 2.0.50727; .NET CLR 3.0.04506.30; .NET CLR 3.0.04506.648)"
70.74.160.67 - - [31/Mar/2009:09:31:14 -0400] "GET /images/page-bg.gif HTTP/1.1" 304 - "http://www.nikonthenumbers.com/topics/show/53" "Mozilla/4.0 (compatible; MSIE 7.0; Windows NT 5.1; .NET CLR 1.1.4322; .NET CLR 2.0.50727; .NET CLR 3.0.04506.30; .NET CLR 3.0.04506.648)"
70.74.160.67 - - [31/Mar/2009:09:31:14 -0400] "GET /topics/show/53 HTTP/1.1" 200 67183 "http://www.google.ca/search?hl=en&q=nanos+polls&btnG=Google+Search&meta=" "Mozilla/4.0 (compatible; MSIE 7.0; Windows NT 5.1; .NET CLR 1.1.4322; .NET CLR 2.0.50727; .NET CLR 3.0.04506.30; .NET CLR 3.0.04506.648)"
70.74.160.67 - - [31/Mar/2009:09:31:15 -0400] "GET /images/TOP_01.jpg HTTP/1.1" 304 - "http://www.nikonthenumbers.com/topics/show/53" "Mozilla/4.0 (compatible; MSIE 7.0; Windows NT 5.1; .NET CLR 1.1.4322; .NET CLR 2.0.50727; .NET CLR 3.0.04506.30; .NET CLR 3.0.04506.648)"
70.74.160.67 - - [31/Mar/2009:09:31:15 -0400] "GET /images/TOP_02.jpg HTTP/1.1" 304 - "http://www.nikonthenumbers.com/topics/show/53" "Mozilla/4.0 (compatible; MSIE 7.0; Windows NT 5.1; .NET CLR 1.1.4322; .NET CLR 2.0.50727; .NET CLR 3.0.04506.30; .NET CLR 3.0.04506.648)"
70.74.160.67 - - [31/Mar/2009:09:31:15 -0400] "GET /images/Ses-Townhall-AD-FED-20080911.swf HTTP/1.1" 304 - "http://www.nikonthenumbers.com/topics/show/53" "Mozilla/4.0 (compatible; MSIE 7.0; Windows NT 5.1; .NET CLR 1.1.4322; .NET CLR 2.0.50727; .NET CLR 3.0.04506.30; .NET CLR 3.0.04506.648)"
70.74.160.67 - - [31/Mar/2009:09:31:15 -0400] "GET /images/TOP_03.jpg HTTP/1.1" 304 - "http://www.nikonthenumbers.com/topics/show/53" "Mozilla/4.0 (compatible; MSIE 7.0; Windows NT 5.1; .NET CLR 1.1.4322; .NET CLR 2.0.50727; .NET CLR 3.0.04506.30; .NET CLR 3.0.04506.648)"
70.74.160.67 - - [31/Mar/2009:09:31:15 -0400] "GET /images/feed-icon-14x14.png HTTP/1.1" 304 - "http://www.nikonthenumbers.com/topics/show/53" "Mozilla/4.0 (compatible; MSIE 7.0; Windows NT 5.1; .NET CLR 1.1.4322; .NET CLR 2.0.50727; .NET CLR 3.0.04506.30; .NET CLR 3.0.04506.648)"
70.74.160.67 - - [31/Mar/2009:09:31:15 -0400] "GET /images/TOP_06.jpg HTTP/1.1" 304 - "http://www.nikonthenumbers.com/topics/show/53" "Mozilla/4.0 (compatible; MSIE 7.0; Windows NT 5.1; .NET CLR 1.1.4322; .NET CLR 2.0.50727; .NET CLR 3.0.04506.30; .NET CLR 3.0.04506.648)"
70.74.160.67 - - [31/Mar/2009:09:31:15 -0400] "GET /images/bottom-with-shaddow.gif HTTP/1.1" 304 - "http://www.nikonthenumbers.com/topics/show/53" "Mozilla/4.0 (compatible; MSIE 7.0; Windows NT 5.1; .NET CLR 1.1.4322; .NET CLR 2.0.50727; .NET CLR 3.0.04506.30; .NET CLR 3.0.04506.648)"
70.74.160.67 - - [31/Mar/2009:09:31:15 -0400] "GET /images/BOX-BACK.jpg HTTP/1.1" 304 - "http://www.nikonthenumbers.com/topics/show/53" "Mozilla/4.0 (compatible; MSIE 7.0; Windows NT 5.1; .NET CLR 1.1.4322; .NET CLR 2.0.50727; .NET CLR 3.0.04506.30; .NET CLR 3.0.04506.648)"
70.74.160.67 - - [31/Mar/2009:09:31:15 -0400] "GET /images/red-band.gif HTTP/1.1" 304 - "http://www.nikonthenumbers.com/topics/show/53" "Mozilla/4.0 (compatible; MSIE 7.0; Windows NT 5.1; .NET CLR 1.1.4322; .NET CLR 2.0.50727; .NET CLR 3.0.04506.30; .NET CLR 3.0.04506.648)"
70.74.160.67 - - [31/Mar/2009:09:31:15 -0400] "GET /images/RULE-FADE.jpg HTTP/1.1" 304 - "http://www.nikonthenumbers.com/topics/show/53" "Mozilla/4.0 (compatible; MSIE 7.0; Windows NT 5.1; .NET CLR 1.1.4322; .NET CLR 2.0.50727; .NET CLR 3.0.04506.30; .NET CLR 3.0.04506.648)"
70.74.160.67 - - [31/Mar/2009:09:31:15 -0400] "GET /fixit.js HTTP/1.1" 304 - "http://www.nikonthenumbers.com/topics/show/53" "Mozilla/4.0 (compatible; MSIE 7.0; Windows NT 5.1; .NET CLR 1.1.4322; .NET CLR 2.0.50727; .NET CLR 3.0.04506.30; .NET CLR 3.0.04506.648)"
70.74.160.67 - - [31/Mar/2009:09:31:15 -0400] "GET /images/polling_results.jpg?1221113035 HTTP/1.1" 304 - "http://www.nikonthenumbers.com/topics/show/53" "Mozilla/4.0 (compatible; MSIE 7.0; Windows NT 5.1; .NET CLR 1.1.4322; .NET CLR 2.0.50727; .NET CLR 3.0.04506.30; .NET CLR 3.0.04506.648)"
70.74.160.67 - - [31/Mar/2009:09:31:15 -0400] "GET /images/safe_subscribe_logo.gif HTTP/1.1" 304 - "http://www.nikonthenumbers.com/topics/show/53" "Mozilla/4.0 (compatible; MSIE 7.0; Windows NT 5.1; .NET CLR 1.1.4322; .NET CLR 2.0.50727; .NET CLR 3.0.04506.30; .NET CLR 3.0.04506.648)"
70.74.160.67 - - [31/Mar/2009:09:31:15 -0400] "GET /images/comment_bw.png HTTP/1.1" 304 - "http://www.nikonthenumbers.com/topics/show/53" "Mozilla/4.0 (compatible; MSIE 7.0; Windows NT 5.1; .NET CLR 1.1.4322; .NET CLR 2.0.50727; .NET CLR 3.0.04506.30; .NET CLR 3.0.04506.648)"
70.74.160.67 - - [31/Mar/2009:09:31:15 -0400] "GET /images/comment.png HTTP/1.1" 304 - "http://www.nikonthenumbers.com/topics/show/53" "Mozilla/4.0 (compatible; MSIE 7.0; Windows NT 5.1; .NET CLR 1.1.4322; .NET CLR 2.0.50727; .NET CLR 3.0.04506.30; .NET CLR 3.0.04506.648)"
