24.64.223.204 - - [31/Mar/2009:05:23:57 -0400] "POST /talk/mark/28387 HTTP/1.1" 201 1 "http://www.nikonthenumbers.com/topics/show/124/28426#comment_28430" "Mozilla/4.0 (compatible; MSIE 7.0; Windows NT 5.1; .NET CLR 1.1.4322; .NET CLR 2.0.50727)"
24.64.223.204 - - [31/Mar/2009:05:24:34 -0400] "POST /talk/mark/28389 HTTP/1.1" 201 1 "http://www.nikonthenumbers.com/topics/show/124/28426#comment_28430" "Mozilla/4.0 (compatible; MSIE 7.0; Windows NT 5.1; .NET CLR 1.1.4322; .NET CLR 2.0.50727)"
89.151.110.152 - - [31/Mar/2009:05:24:52 -0400] "GET / HTTP/1.0" 200 24893 "-" "Pingdom.com_bot_version_1.4_(http://www.pingdom.com/)"
85.31.105.37 - - [31/Mar/2009:05:24:57 -0400] "GET /rss HTTP/1.1" 200 100138 "-" "Blogdimension/2.5 (+http://www.blogdimension.com)"
24.64.223.204 - - [31/Mar/2009:05:25:28 -0400] "POST /talk/mark/28390 HTTP/1.1" 201 1 "http://www.nikonthenumbers.com/topics/show/124/28426#comment_28430" "Mozilla/4.0 (compatible; MSIE 7.0; Windows NT 5.1; .NET CLR 1.1.4322; .NET CLR 2.0.50727)"
209.62.54.130 - - [31/Mar/2009:05:25:51 -0400] "GET / HTTP/1.0" 200 24893 "-" "Pingdom.com_bot_version_1.4_(http://www.pingdom.com/)"
65.55.108.215 - - [31/Mar/2009:05:26:01 -0400] "GET /robots.txt HTTP/1.1" 200 161 "-" "msnbot-media/1.1 (+http://search.msn.com/msnbot.htm)"
65.55.108.215 - - [31/Mar/2009:05:26:01 -0400] "GET /topics/show/75/9081 HTTP/1.1" 200 291712 "-" "msnbot-media/1.1 (+http://search.msn.com/msnbot.htm)"
24.64.223.204 - - [31/Mar/2009:05:26:09 -0400] "POST /talk/mark/28392 HTTP/1.1" 201 1 "http://www.nikonthenumbers.com/topics/show/124/28426#comment_28430" "Mozilla/4.0 (compatible; MSIE 7.0; Windows NT 5.1; .NET CLR 1.1.4322; .NET CLR 2.0.50727)"
65.55.108.233 - - [31/Mar/2009:05:26:21 -0400] "GET /topics/show/37 HTTP/1.1" 200 90951 "-" "msnbot-media/1.1 (+http://search.msn.com/msnbot.htm)"
24.64.223.204 - - [31/Mar/2009:05:26:33 -0400] "POST /talk/mark/28330 HTTP/1.1" 201 1 "http://www.nikonthenumbers.com/topics/show/124/28426#comment_28430" "Mozilla/4.0 (compatible; MSIE 7.0; Windows NT 5.1; .NET CLR 1.1.4322; .NET CLR 2.0.50727)"
72.51.41.47 - - [31/Mar/2009:05:26:52 -0400] "GET / HTTP/1.0" 200 24893 "-" "Pingdom.com_bot_version_1.4_(http://www.pingdom.com/)"
24.64.223.204 - - [31/Mar/2009:05:27:02 -0400] "POST /talk/mark/28338 HTTP/1.1" 201 1 "http://www.nikonthenumbers.com/topics/show/124/28426#comment_28430" "Mozilla/4.0 (compatible; MSIE 7.0; Windows NT 5.1; .NET CLR 1.1.4322; .NET CLR 2.0.50727)"
24.64.223.204 - - [31/Mar/2009:05:27:18 -0400] "POST /topics/show_comments/124/28338 HTTP/1.1" 200 27765 "http://www.nikonthenumbers.com/topics/show/124/28426#comment_28430" "Mozilla/4.0 (compatible; MSIE 7.0; Windows NT 5.1; .NET CLR 1.1.4322; .NET CLR 2.0.50727)"
88.191.88.79 - - [31/Mar/2009:05:27:25 -0400] "GET /topics/show/117 HTTP/1.0" 200 111756 "http://www.nikonthenumbers.com/" "Mozilla/4.0 (compatible; MSIE 6.0; Windows NT 5.1)"
24.64.223.204 - - [31/Mar/2009:05:27:40 -0400] "POST /talk/mark/28340 HTTP/1.1" 201 1 "http://www.nikonthenumbers.com/topics/show/124/28426#comment_28430" "Mozilla/4.0 (compatible; MSIE 7.0; Windows NT 5.1; .NET CLR 1.1.4322; .NET CLR 2.0.50727)"
24.64.223.204 - - [31/Mar/2009:05:27:48 -0400] "POST /talk/mark/28345 HTTP/1.1" 201 1 "http://www.nikonthenumbers.com/topics/show/124/28426#comment_28430" "Mozilla/4.0 (compatible; MSIE 7.0; Windows NT 5.1; .NET CLR 1.1.4322; .NET CLR 2.0.50727)"
212.247.189.113 - - [31/Mar/2009:05:27:52 -0400] "GET / HTTP/1.0" 200 24893 "-" "Pingdom.com_bot_version_1.4_(http://www.pingdom.com/)"
208.36.144.9 - - [31/Mar/2009:05:28:03 -0400] "GET /profile/682827 HTTP/1.0" 200 14683 "-" "Mozilla/5.0 (Twiceler-0.9 http://www.cuil.com/twiceler/robot.html)"
24.64.223.204 - - [31/Mar/2009:05:28:04 -0400] "POST /talk/mark/28347 HTTP/1.1" 201 1 "http://www.nikonthenumbers.com/topics/show/124/28426#comment_28430" "Mozilla/4.0 (compatible; MSIE 7.0; Windows NT 5.1; .NET CLR 1.1.4322; .NET CLR 2.0.50727)"
24.64.223.204 - - [31/Mar/2009:05:28:18 -0400] "POST /talk/mark/28349 HTTP/1.1" 201 1 "http://www.nikonthenumbers.com/topics/show/124/28426#comment_28430" "Mozilla/4.0 (compatible; MSIE 7.0; Windows NT 5.1; .NET CLR 1.1.4322; .NET CLR 2.0.50727)"
99.240.94.33 - - [31/Mar/2009:05:28:25 -0400] "GET /rss HTTP/1.1" 200 100138 "-" "Vienna/2.3.0.2301"
24.64.223.204 - - [31/Mar/2009:05:28:30 -0400] "POST /talk/mark/28354 HTTP/1.1" 201 1 "http://www.nikonthenumbers.com/topics/show/124/28426#comment_28430" "Mozilla/4.0 (compatible; MSIE 7.0; Windows NT 5.1; .NET CLR 1.1.4322; .NET CLR 2.0.50727)"
24.64.223.204 - - [31/Mar/2009:05:28:37 -0400] "POST /talk/mark/28356 HTTP/1.1" 201 1 "http://www.nikonthenumbers.com/topics/show/124/28426#comment_28430" "Mozilla/4.0 (compatible; MSIE 7.0; Windows NT 5.1; .NET CLR 1.1.4322; .NET CLR 2.0.50727)"
24.64.223.204 - - [31/Mar/2009:05:28:50 -0400] "POST /talk/mark/28360 HTTP/1.1" 201 1 "http://www.nikonthenumbers.com/topics/show/124/28426#comment_28430" "Mozilla/4.0 (compatible; MSIE 7.0; Windows NT 5.1; .NET CLR 1.1.4322; .NET CLR 2.0.50727)"
207.97.207.200 - - [31/Mar/2009:05:28:51 -0400] "GET / HTTP/1.0" 200 24893 "-" "Pingdom.com_bot_version_1.4_(http://www.pingdom.com/)"
67.192.120.134 - - [31/Mar/2009:05:29:51 -0400] "GET / HTTP/1.0" 200 24893 "-" "Pingdom.com_bot_version_1.4_(http://www.pingdom.com/)"
78.136.27.223 - - [31/Mar/2009:05:30:51 -0400] "GET / HTTP/1.0" 200 24893 "-" "Pingdom.com_bot_version_1.4_(http://www.pingdom.com/)"
88.191.88.79 - - [31/Mar/2009:05:31:24 -0400] "GET /topics/show/118 HTTP/1.0" 200 149970 "http://www.nikonthenumbers.com/" "Mozilla/4.0 (compatible; MSIE 6.0; Windows NT 5.1)"
65.55.105.118 - - [31/Mar/2009:05:31:29 -0400] "GET /robots.txt HTTP/1.1" 200 161 "-" "msnbot/1.1 (+http://search.msn.com/msnbot.htm)"
67.205.112.79 - - [31/Mar/2009:05:31:51 -0400] "GET / HTTP/1.0" 200 24893 "-" "Pingdom.com_bot_version_1.4_(http://www.pingdom.com/)"
65.55.108.233 - - [31/Mar/2009:05:32:40 -0400] "GET /topics/show/48 HTTP/1.1" 200 83875 "-" "msnbot-media/1.1 (+http://search.msn.com/msnbot.htm)"
174.133.253.162 - - [31/Mar/2009:05:32:51 -0400] "GET / HTTP/1.0" 200 24893 "-" "Pingdom.com_bot_version_1.4_(http://www.pingdom.com/)"
89.151.110.152 - - [31/Mar/2009:05:34:52 -0400] "GET / HTTP/1.0" 200 24893 "-" "Pingdom.com_bot_version_1.4_(http://www.pingdom.com/)"
88.191.88.79 - - [31/Mar/2009:05:35:23 -0400] "GET /topics/show/119 HTTP/1.0" 200 263639 "http://www.nikonthenumbers.com/" "Mozilla/4.0 (compatible; MSIE 6.0; Windows NT 5.1)"
99.241.122.210 - - [31/Mar/2009:05:35:37 -0400] "GET /rss HTTP/1.1" 200 100138 "-" "Windows-RSS-Platform/1.0 (MSIE 7.0; Windows NT 6.0)"
209.62.54.130 - - [31/Mar/2009:05:35:52 -0400] "GET / HTTP/1.0" 200 24893 "-" "Pingdom.com_bot_version_1.4_(http://www.pingdom.com/)"
209.85.238.23 - - [31/Mar/2009:05:36:30 -0400] "GET /rss HTTP/1.1" 200 100138 "-" "Feedfetcher-Google; (+http://www.google.com/feedfetcher.html; 85 subscribers; feed-id=3544419756895700983)"
72.51.41.47 - - [31/Mar/2009:05:36:52 -0400] "GET / HTTP/1.0" 200 24893 "-" "Pingdom.com_bot_version_1.4_(http://www.pingdom.com/)"
212.247.189.113 - - [31/Mar/2009:05:37:51 -0400] "GET / HTTP/1.0" 200 24893 "-" "Pingdom.com_bot_version_1.4_(http://www.pingdom.com/)"
64.34.195.157 - - [31/Mar/2009:05:37:56 -0400] "GET /rss HTTP/1.1" 200 99686 "-" "Mozilla/5.0 (X11; U; Linux i686; en-US; rv:1.2.1; aggregator:Spinn3r (Spinn3r 3.0); http://spinn3r.com/robot) Gecko/20021130"
72.30.65.34 - - [31/Mar/2009:05:38:22 -0400] "GET /topics/show/86/11490 HTTP/1.0" 200 140600 "-" "Mozilla/5.0 (compatible; Yahoo! Slurp/3.0; http://help.yahoo.com/help/us/ysearch/slurp)"
72.30.65.34 - - [31/Mar/2009:05:38:24 -0400] "GET /stylesheets/base_1221113035.css HTTP/1.0" 304 - "http://www.nikonthenumbers.com/topics/show/86/11490" "Mozilla/5.0 (compatible; Yahoo! Slurp/3.0; http://help.yahoo.com/help/us/ysearch/slurp)"
207.97.207.200 - - [31/Mar/2009:05:38:51 -0400] "GET / HTTP/1.0" 200 24893 "-" "Pingdom.com_bot_version_1.4_(http://www.pingdom.com/)"
66.249.73.230 - - [31/Mar/2009:05:39:05 -0400] "GET /topics/show/9 HTTP/1.1" 200 123452 "-" "Mozilla/5.0 (compatible; Googlebot/2.1; +http://www.google.com/bot.html)"
88.191.79.43 - - [31/Mar/2009:05:39:21 -0400] "GET /topics/show/12 HTTP/1.0" 200 70671 "http://www.nikonthenumbers.com/" "Mozilla/4.0 (compatible; MSIE 6.0; Windows NT 5.1)"
72.30.65.34 - - [31/Mar/2009:05:39:36 -0400] "GET /topics/show/115/21499 HTTP/1.0" 200 1296859 "-" "Mozilla/5.0 (compatible; Yahoo! Slurp/3.0; http://help.yahoo.com/help/us/ysearch/slurp)"
67.192.120.134 - - [31/Mar/2009:05:39:50 -0400] "GET / HTTP/1.0" 200 24893 "-" "Pingdom.com_bot_version_1.4_(http://www.pingdom.com/)"
78.136.27.223 - - [31/Mar/2009:05:40:51 -0400] "GET / HTTP/1.0" 200 24893 "-" "Pingdom.com_bot_version_1.4_(http://www.pingdom.com/)"
66.249.73.230 - - [31/Mar/2009:05:40:57 -0400] "GET /profile/727726 HTTP/1.1" 200 31483 "-" "Mozilla/5.0 (compatible; Googlebot/2.1; +http://www.google.com/bot.html)"
72.30.65.34 - - [31/Mar/2009:05:40:57 -0400] "GET /topics/show/51/2741 HTTP/1.0" 200 285901 "-" "Mozilla/5.0 (compatible; Yahoo! Slurp/3.0; http://help.yahoo.com/help/us/ysearch/slurp)"
67.228.87.83 - - [31/Mar/2009:05:41:30 -0400] "GET /rss HTTP/1.1" 200 100138 "http://www.nikonthenumbers.com/rss" "NetworkedBlogs"
67.195.37.93 - - [31/Mar/2009:05:41:50 -0400] "GET /topics/show/124 HTTP/1.0" 200 150385 "-" "Mozilla/5.0 (compatible; Yahoo! Slurp/3.0; http://help.yahoo.com/help/us/ysearch/slurp)"
67.205.112.79 - - [31/Mar/2009:05:41:51 -0400] "GET / HTTP/1.0" 200 24893 "-" "Pingdom.com_bot_version_1.4_(http://www.pingdom.com/)"
174.133.253.162 - - [31/Mar/2009:05:42:51 -0400] "GET / HTTP/1.0" 200 24893 "-" "Pingdom.com_bot_version_1.4_(http://www.pingdom.com/)"
66.249.73.230 - - [31/Mar/2009:05:43:01 -0400] "GET /profile/356446 HTTP/1.1" 200 28858 "-" "Mozilla/5.0 (compatible; Googlebot/2.1; +http://www.google.com/bot.html)"
64.34.195.145 - - [31/Mar/2009:05:43:11 -0400] "GET / HTTP/1.1" 200 24729 "-" "Mozilla/5.0 (X11; U; Linux i686; en-US; rv:1.2.1; aggregator:Spinn3r (Spinn3r 3.0); http://spinn3r.com/robot) Gecko/20021130"
88.191.79.43 - - [31/Mar/2009:05:43:15 -0400] "GET /topics/show/120 HTTP/1.0" 200 143639 "http://www.nikonthenumbers.com/" "Mozilla/4.0 (compatible; MSIE 6.0; Windows NT 5.1)"
58.165.175.247 - - [31/Mar/2009:05:37:03 -0400] "GET /rss HTTP/1.1" 200 39791 "-" "Apple-PubSub/65.6"
72.30.65.34 - - [31/Mar/2009:05:43:53 -0400] "GET /profile/751861 HTTP/1.0" 200 17072 "-" "Mozilla/5.0 (compatible; Yahoo! Slurp/3.0; http://help.yahoo.com/help/us/ysearch/slurp)"
24.224.138.136 - - [31/Mar/2009:05:44:10 -0400] "GET /rss HTTP/1.1" 200 100138 "-" "Mozilla/5.0 (compatible; Google Desktop)"
174.129.238.43 - - [31/Mar/2009:05:44:33 -0400] "GET /topics/show/125 HTTP/1.1" 200 77280 "-" "Mozilla/5.0 (Macintosh; U; PPC Mac OS X 10.5; en_US; rv:1.9.0.7) Gecko/2009021906 Firefox/3.0.7"
89.151.110.152 - - [31/Mar/2009:05:44:52 -0400] "GET / HTTP/1.0" 200 24893 "-" "Pingdom.com_bot_version_1.4_(http://www.pingdom.com/)"
208.36.144.9 - - [31/Mar/2009:05:44:55 -0400] "GET /topics/show/40/2015 HTTP/1.0" 200 120215 "-" "Mozilla/5.0 (Twiceler-0.9 http://www.cuil.com/twiceler/robot.html)"
209.62.54.130 - - [31/Mar/2009:05:45:52 -0400] "GET / HTTP/1.0" 200 24893 "-" "Pingdom.com_bot_version_1.4_(http://www.pingdom.com/)"
208.36.144.9 - - [31/Mar/2009:05:45:58 -0400] "GET /topics/show/71/7303 HTTP/1.0" 200 172784 "-" "Mozilla/5.0 (Twiceler-0.9 http://www.cuil.com/twiceler/robot.html)"
83.140.19.38 - - [31/Mar/2009:05:46:26 -0400] "GET / HTTP/1.0" 200 24893 "-" "Pingdom.com_bot_version_1.4_(http://www.pingdom.com/)"
72.51.41.47 - - [31/Mar/2009:05:46:52 -0400] "GET / HTTP/1.0" 200 24893 "-" "Pingdom.com_bot_version_1.4_(http://www.pingdom.com/)"
66.249.73.230 - - [31/Mar/2009:05:47:10 -0400] "GET /profile/743041 HTTP/1.1" 200 15768 "-" "Mozilla/5.0 (compatible; Googlebot/2.1; +http://www.google.com/bot.html)"
88.191.79.43 - - [31/Mar/2009:05:47:06 -0400] "GET /topics/show/121 HTTP/1.0" 200 175638 "http://www.nikonthenumbers.com/" "Mozilla/4.0 (compatible; MSIE 6.0; Windows NT 5.1)"
72.30.65.34 - - [31/Mar/2009:05:47:37 -0400] "GET /topics/show/92/12629 HTTP/1.0" 200 156174 "-" "Mozilla/5.0 (compatible; Yahoo! Slurp/3.0; http://help.yahoo.com/help/us/ysearch/slurp)"
212.247.189.113 - - [31/Mar/2009:05:47:51 -0400] "GET / HTTP/1.0" 200 24893 "-" "Pingdom.com_bot_version_1.4_(http://www.pingdom.com/)"
65.55.105.115 - - [31/Mar/2009:05:48:52 -0400] "GET /robots.txt HTTP/1.1" 200 161 "-" "msnbot/1.1 (+http://search.msn.com/msnbot.htm)"
65.55.105.115 - - [31/Mar/2009:05:48:52 -0400] "GET /topics/show/74/8746 HTTP/1.1" 200 174960 "-" "msnbot/1.1 (+http://search.msn.com/msnbot.htm)"
207.97.207.200 - - [31/Mar/2009:05:48:51 -0400] "GET / HTTP/1.0" 200 24893 "-" "Pingdom.com_bot_version_1.4_(http://www.pingdom.com/)"
66.249.73.230 - - [31/Mar/2009:05:49:14 -0400] "GET /profile/6806 HTTP/1.1" 200 14630 "-" "Mozilla/5.0 (compatible; Googlebot/2.1; +http://www.google.com/bot.html)"
65.55.109.215 - - [31/Mar/2009:05:49:22 -0400] "GET /topics/show/74/8746 HTTP/1.0" 200 174960 "http://search.live.com/results.aspx?q=nanos" "Mozilla/4.0 (compatible; MSIE 6.0; Windows NT 5.2; SV1; .NET CLR 1.1.4322)"
65.55.109.215 - - [31/Mar/2009:05:49:30 -0400] "GET /stylesheets/base_1221113035.css HTTP/1.0" 200 14188 "http://www.nikonthenumbers.com/topics/show/74/8746" "Mozilla/4.0 (compatible; MSIE 6.0; Windows NT 5.2; SV1; .NET CLR 1.1.4322)"
65.55.109.215 - - [31/Mar/2009:05:49:30 -0400] "GET /javascripts/base_1221113035.js HTTP/1.0" 200 96039 "http://www.nikonthenumbers.com/topics/show/74/8746" "Mozilla/4.0 (compatible; MSIE 6.0; Windows NT 5.2; SV1; .NET CLR 1.1.4322)"
65.55.109.215 - - [31/Mar/2009:05:49:39 -0400] "GET /avatars/0000/0027/an_3...wip_thumb.jpg?1217342682 HTTP/1.0" 200 5129 "http://www.nikonthenumbers.com/topics/show/74/8746" "Mozilla/4.0 (compatible; MSIE 6.0; Windows NT 5.2; SV1; .NET CLR 1.1.4322)"
65.55.109.215 - - [31/Mar/2009:05:49:44 -0400] "GET /fixit.js HTTP/1.0" 200 153 "http://www.nikonthenumbers.com/topics/show/74/8746" "Mozilla/4.0 (compatible; MSIE 6.0; Windows NT 5.2; SV1; .NET CLR 1.1.4322)"
65.55.109.215 - - [31/Mar/2009:05:49:46 -0400] "GET /images/polling_results.jpg?1221113035 HTTP/1.0" 200 5021 "http://www.nikonthenumbers.com/topics/show/74/8746" "Mozilla/4.0 (compatible; MSIE 6.0; Windows NT 5.2; SV1; .NET CLR 1.1.4322)"
67.192.120.134 - - [31/Mar/2009:05:49:50 -0400] "GET / HTTP/1.0" 200 24893 "-" "Pingdom.com_bot_version_1.4_(http://www.pingdom.com/)"
78.136.27.223 - - [31/Mar/2009:05:50:51 -0400] "GET / HTTP/1.0" 200 24893 "-" "Pingdom.com_bot_version_1.4_(http://www.pingdom.com/)"
88.191.88.79 - - [31/Mar/2009:05:50:56 -0400] "GET /topics/show/124 HTTP/1.0" 200 150385 "http://www.nikonthenumbers.com/" "Mozilla/4.0 (compatible; MSIE 6.0; Windows NT 5.1)"
65.55.105.119 - - [31/Mar/2009:05:50:59 -0400] "GET /robots.txt HTTP/1.1" 200 161 "-" "msnbot/1.1 (+http://search.msn.com/msnbot.htm)"
65.55.105.119 - - [31/Mar/2009:05:51:00 -0400] "GET /robots.txt HTTP/1.1" 200 161 "-" "msnbot/1.1 (+http://search.msn.com/msnbot.htm)"
72.30.65.34 - - [31/Mar/2009:05:51:27 -0400] "GET /topics/show/121/28102 HTTP/1.0" 200 1129871 "-" "Mozilla/5.0 (compatible; Yahoo! Slurp/3.0; http://help.yahoo.com/help/us/ysearch/slurp)"
67.205.112.79 - - [31/Mar/2009:05:51:51 -0400] "GET / HTTP/1.0" 200 24893 "-" "Pingdom.com_bot_version_1.4_(http://www.pingdom.com/)"
72.30.65.34 - - [31/Mar/2009:05:52:14 -0400] "GET /topics/show/125/28418 HTTP/1.0" 200 77022 "-" "Mozilla/5.0 (compatible; Yahoo! Slurp/3.0; http://help.yahoo.com/help/us/ysearch/slurp)"
67.192.109.106 - - [31/Mar/2009:05:52:20 -0400] "GET /rss HTTP/1.1" 200 100138 "-" "Virtual Reach Newsclip Collector"
174.133.253.162 - - [31/Mar/2009:05:52:51 -0400] "GET / HTTP/1.0" 200 24893 "-" "Pingdom.com_bot_version_1.4_(http://www.pingdom.com/)"
72.30.65.34 - - [31/Mar/2009:05:53:03 -0400] "GET /topics/show/93/12773 HTTP/1.0" 200 82917 "-" "Mozilla/5.0 (compatible; Yahoo! Slurp/3.0; http://help.yahoo.com/help/us/ysearch/slurp)"
88.191.88.79 - - [31/Mar/2009:05:54:40 -0400] "GET /topics/show/13 HTTP/1.0" 200 35593 "http://www.nikonthenumbers.com/" "Mozilla/4.0 (compatible; MSIE 6.0; Windows NT 5.1)"
89.151.110.152 - - [31/Mar/2009:05:54:52 -0400] "GET / HTTP/1.0" 200 24893 "-" "Pingdom.com_bot_version_1.4_(http://www.pingdom.com/)"
66.249.73.230 - - [31/Mar/2009:05:55:02 -0400] "GET /profile/10543 HTTP/1.1" 200 15264 "-" "Mozilla/5.0 (compatible; Googlebot/2.1; +http://www.google.com/bot.html)"
209.62.54.130 - - [31/Mar/2009:05:55:52 -0400] "GET / HTTP/1.0" 200 24893 "-" "Pingdom.com_bot_version_1.4_(http://www.pingdom.com/)"
83.140.19.38 - - [31/Mar/2009:05:56:19 -0400] "GET / HTTP/1.0" 200 24893 "-" "Pingdom.com_bot_version_1.4_(http://www.pingdom.com/)"
207.210.31.183 - - [31/Mar/2009:05:56:29 -0400] "GET /rss HTTP/1.1" 200 99686 "-" "Mozilla/5.0 (Windows; U; Windows NT 5.1; en-US; rv:1.9.0.8) Gecko/2009032609 Firefox/3.0.8 (.NET CLR 3.5.30729)"
66.249.73.230 - - [31/Mar/2009:05:56:28 -0400] "GET /topics/show/114/20563 HTTP/1.1" 200 373250 "-" "Mozilla/5.0 (compatible; Googlebot/2.1; +http://www.google.com/bot.html)"
65.55.105.115 - - [31/Mar/2009:05:56:40 -0400] "GET /profile/86500 HTTP/1.1" 200 14650 "-" "msnbot/1.1 (+http://search.msn.com/msnbot.htm)"
66.249.73.230 - - [31/Mar/2009:05:56:42 -0400] "GET /profile/148638 HTTP/1.1" 200 14653 "-" "Mozilla/5.0 (compatible; Googlebot/2.1; +http://www.google.com/bot.html)"
72.51.41.47 - - [31/Mar/2009:05:56:53 -0400] "GET / HTTP/1.0" 200 24893 "-" "Pingdom.com_bot_version_1.4_(http://www.pingdom.com/)"
212.247.189.113 - - [31/Mar/2009:05:57:52 -0400] "GET / HTTP/1.0" 200 24893 "-" "Pingdom.com_bot_version_1.4_(http://www.pingdom.com/)"
99.240.94.33 - - [31/Mar/2009:05:58:21 -0400] "GET /rss HTTP/1.1" 200 100138 "-" "Vienna/2.3.0.2301"
88.191.88.79 - - [31/Mar/2009:05:58:25 -0400] "GET /topics/show/15 HTTP/1.0" 200 32122 "http://www.nikonthenumbers.com/" "Mozilla/4.0 (compatible; MSIE 6.0; Windows NT 5.1)"
207.97.207.200 - - [31/Mar/2009:05:58:51 -0400] "GET / HTTP/1.0" 200 24893 "-" "Pingdom.com_bot_version_1.4_(http://www.pingdom.com/)"
72.30.65.34 - - [31/Mar/2009:05:59:33 -0400] "GET /topics/show/63/4275 HTTP/1.0" 200 165234 "-" "Mozilla/5.0 (compatible; Yahoo! Slurp/3.0; http://help.yahoo.com/help/us/ysearch/slurp)"
67.192.120.134 - - [31/Mar/2009:05:59:50 -0400] "GET / HTTP/1.0" 200 24893 "-" "Pingdom.com_bot_version_1.4_(http://www.pingdom.com/)"
66.249.73.230 - - [31/Mar/2009:06:00:01 -0400] "GET /viewer/index/44 HTTP/1.1" 200 656 "-" "Mozilla/5.0 (compatible; Googlebot/2.1; +http://www.google.com/bot.html)"
58.165.175.247 - - [31/Mar/2009:06:00:11 -0400] "GET /rss HTTP/1.1" 200 100138 "-" "Apple-PubSub/65.6"
66.249.73.230 - - [31/Mar/2009:06:00:35 -0400] "GET /topics/show/27/1748 HTTP/1.1" 200 124144 "-" "Mozilla/5.0 (compatible; Googlebot/2.1; +http://www.google.com/bot.html)"
78.136.27.223 - - [31/Mar/2009:06:00:51 -0400] "GET / HTTP/1.0" 200 24893 "-" "Pingdom.com_bot_version_1.4_(http://www.pingdom.com/)"
66.249.73.230 - - [31/Mar/2009:06:01:41 -0400] "GET /profile/19613 HTTP/1.1" 200 27376 "-" "Mozilla/5.0 (compatible; Googlebot/2.1; +http://www.google.com/bot.html)"
67.205.112.79 - - [31/Mar/2009:06:01:51 -0400] "GET / HTTP/1.0" 200 24893 "-" "Pingdom.com_bot_version_1.4_(http://www.pingdom.com/)"
208.36.144.9 - - [31/Mar/2009:06:01:52 -0400] "GET /topics/show/10/276 HTTP/1.0" 200 105327 "-" "Mozilla/5.0 (Twiceler-0.9 http://www.cuil.com/twiceler/robot.html)"
88.191.79.43 - - [31/Mar/2009:06:02:11 -0400] "GET /topics/show/16 HTTP/1.0" 200 61945 "http://www.nikonthenumbers.com/" "Mozilla/4.0 (compatible; MSIE 6.0; Windows NT 5.1)"
66.235.124.109 - - [31/Mar/2009:06:02:36 -0400] "GET /topics/show/33 HTTP/1.1" 200 105386 "-" "Mozilla/5.0 (compatible; Ask Jeeves/Teoma; +http://about.ask.com/en/docs/about/webmasters.shtml)"
66.235.124.109 - - [31/Mar/2009:06:02:37 -0400] "GET /images/Ses-Townhall-AD-FED-20080911.swf HTTP/1.1" 200 17188 "-" "Mozilla/5.0 (compatible; Ask Jeeves/Teoma; +http://about.ask.com/en/docs/about/webmasters.shtml)"
174.133.253.162 - - [31/Mar/2009:06:02:51 -0400] "GET / HTTP/1.0" 200 24893 "-" "Pingdom.com_bot_version_1.4_(http://www.pingdom.com/)"
66.249.73.230 - - [31/Mar/2009:06:03:20 -0400] "GET /profile/719461 HTTP/1.1" 200 91947 "-" "Mozilla/5.0 (compatible; Googlebot/2.1; +http://www.google.com/bot.html)"
72.30.65.34 - - [31/Mar/2009:06:03:46 -0400] "GET /profile/44705 HTTP/1.0" 200 18930 "-" "Mozilla/5.0 (compatible; Yahoo! Slurp/3.0; http://help.yahoo.com/help/us/ysearch/slurp)"
89.151.110.152 - - [31/Mar/2009:06:04:52 -0400] "GET / HTTP/1.0" 200 24893 "-" "Pingdom.com_bot_version_1.4_(http://www.pingdom.com/)"
220.181.32.22 - - [31/Mar/2009:06:05:02 -0400] "GET / HTTP/1.1" 200 15640 "-" "Baiduspider+(+http://www.baidu.com/search/spider.htm)"
61.135.168.39 - - [31/Mar/2009:06:05:49 -0400] "GET / HTTP/1.1" 200 15640 "-" "Baiduspider+(+http://www.baidu.com/search/spider.htm)"
88.191.88.79 - - [31/Mar/2009:06:05:51 -0400] "GET /topics/show/17 HTTP/1.0" 200 66527 "http://www.nikonthenumbers.com/" "Mozilla/4.0 (compatible; MSIE 6.0; Windows NT 5.1)"
209.62.54.130 - - [31/Mar/2009:06:05:51 -0400] "GET / HTTP/1.0" 200 24893 "-" "Pingdom.com_bot_version_1.4_(http://www.pingdom.com/)"
83.140.19.38 - - [31/Mar/2009:06:06:15 -0400] "GET / HTTP/1.0" 200 24893 "-" "Pingdom.com_bot_version_1.4_(http://www.pingdom.com/)"
66.249.73.230 - - [31/Mar/2009:06:06:39 -0400] "GET /profile/8881 HTTP/1.1" 200 15255 "-" "Mozilla/5.0 (compatible; Googlebot/2.1; +http://www.google.com/bot.html)"
72.30.65.34 - - [31/Mar/2009:06:06:39 -0400] "GET /topics/show/115/22049 HTTP/1.0" 200 1180863 "-" "Mozilla/5.0 (compatible; Yahoo! Slurp/3.0; http://help.yahoo.com/help/us/ysearch/slurp)"
72.51.41.47 - - [31/Mar/2009:06:06:51 -0400] "GET / HTTP/1.0" 200 24893 "-" "Pingdom.com_bot_version_1.4_(http://www.pingdom.com/)"
212.247.189.113 - - [31/Mar/2009:06:07:51 -0400] "GET / HTTP/1.0" 200 24893 "-" "Pingdom.com_bot_version_1.4_(http://www.pingdom.com/)"
72.30.65.34 - - [31/Mar/2009:06:08:08 -0400] "GET /profile/97373 HTTP/1.0" 200 19373 "-" "Mozilla/5.0 (compatible; Yahoo! Slurp/3.0; http://help.yahoo.com/help/us/ysearch/slurp)"
64.34.195.155 - - [31/Mar/2009:06:08:10 -0400] "GET /rss HTTP/1.1" 200 99686 "-" "Mozilla/5.0 (X11; U; Linux i686; en-US; rv:1.2.1; aggregator:Spinn3r (Spinn3r 3.0); http://spinn3r.com/robot) Gecko/20021130"
66.249.73.230 - - [31/Mar/2009:06:08:19 -0400] "GET /profile/743431 HTTP/1.1" 200 15271 "-" "Mozilla/5.0 (compatible; Googlebot/2.1; +http://www.google.com/bot.html)"
66.249.73.230 - - [31/Mar/2009:06:08:49 -0400] "GET /topics/show/13/419 HTTP/1.1" 200 41028 "-" "Mozilla/5.0 (compatible; Googlebot/2.1; +http://www.google.com/bot.html)"
207.97.207.200 - - [31/Mar/2009:06:08:51 -0400] "GET / HTTP/1.0" 200 24893 "-" "Pingdom.com_bot_version_1.4_(http://www.pingdom.com/)"
88.191.88.79 - - [31/Mar/2009:06:09:30 -0400] "GET /topics/show/18 HTTP/1.0" 200 87191 "http://www.nikonthenumbers.com/" "Mozilla/4.0 (compatible; MSIE 6.0; Windows NT 5.1)"
67.192.120.134 - - [31/Mar/2009:06:09:50 -0400] "GET / HTTP/1.0" 200 24893 "-" "Pingdom.com_bot_version_1.4_(http://www.pingdom.com/)"
66.249.73.230 - - [31/Mar/2009:06:09:59 -0400] "GET /profile/86913 HTTP/1.1" 200 14648 "-" "Mozilla/5.0 (compatible; Googlebot/2.1; +http://www.google.com/bot.html)"
78.136.27.223 - - [31/Mar/2009:06:10:51 -0400] "GET / HTTP/1.0" 200 24893 "-" "Pingdom.com_bot_version_1.4_(http://www.pingdom.com/)"
67.205.112.79 - - [31/Mar/2009:06:11:51 -0400] "GET / HTTP/1.0" 200 24893 "-" "Pingdom.com_bot_version_1.4_(http://www.pingdom.com/)"
174.133.253.162 - - [31/Mar/2009:06:12:51 -0400] "GET / HTTP/1.0" 200 24893 "-" "Pingdom.com_bot_version_1.4_(http://www.pingdom.com/)"
88.191.88.79 - - [31/Mar/2009:06:13:08 -0400] "GET /topics/show/19 HTTP/1.0" 200 104852 "http://www.nikonthenumbers.com/" "Mozilla/4.0 (compatible; MSIE 6.0; Windows NT 5.1)"
64.34.195.156 - - [31/Mar/2009:06:13:17 -0400] "GET / HTTP/1.1" 200 24729 "-" "Mozilla/5.0 (X11; U; Linux i686; en-US; rv:1.2.1; aggregator:Spinn3r (Spinn3r 3.0); http://spinn3r.com/robot) Gecko/20021130"
66.249.73.230 - - [31/Mar/2009:06:13:18 -0400] "GET /profile/573611 HTTP/1.1" 200 22230 "-" "Mozilla/5.0 (compatible; Googlebot/2.1; +http://www.google.com/bot.html)"
70.64.170.212 - - [31/Mar/2009:06:13:31 -0400] "GET /rss HTTP/1.0" 200 100138 "-" "Liferea/1.4.23 (Linux; C; http://liferea.sf.net/)"
68.243.43.95 - - [31/Mar/2009:06:14:10 -0400] "GET / HTTP/1.1" 200 20017 "-" "Mozilla/4.0 (compatible; MSIE 7.0; Windows NT 6.0; SLCC1; .NET CLR 2.0.50727; Media Center PC 5.0; .NET CLR 1.1.4322; .NET CLR 3.5.30729; .NET CLR 3.0.30618)"
68.243.43.95 - - [31/Mar/2009:06:14:12 -0400] "GET /stylesheets/base_1221113035.css HTTP/1.1" 200 14188 "http://www.nikonthenumbers.com/" "Mozilla/4.0 (compatible; MSIE 7.0; Windows NT 6.0; SLCC1; .NET CLR 2.0.50727; Media Center PC 5.0; .NET CLR 1.1.4322; .NET CLR 3.5.30729; .NET CLR 3.0.30618)"
68.243.43.95 - - [31/Mar/2009:06:14:12 -0400] "GET /javascripts/base_1221113035.js HTTP/1.1" 200 96039 "http://www.nikonthenumbers.com/" "Mozilla/4.0 (compatible; MSIE 7.0; Windows NT 6.0; SLCC1; .NET CLR 2.0.50727; Media Center PC 5.0; .NET CLR 1.1.4322; .NET CLR 3.5.30729; .NET CLR 3.0.30618)"
68.243.43.95 - - [31/Mar/2009:06:14:14 -0400] "GET /images/TOP_01.jpg HTTP/1.1" 200 12839 "http://www.nikonthenumbers.com/" "Mozilla/4.0 (compatible; MSIE 7.0; Windows NT 6.0; SLCC1; .NET CLR 2.0.50727; Media Center PC 5.0; .NET CLR 1.1.4322; .NET CLR 3.5.30729; .NET CLR 3.0.30618)"
68.243.43.95 - - [31/Mar/2009:06:14:14 -0400] "GET /images/TOP_02.jpg HTTP/1.1" 200 14856 "http://www.nikonthenumbers.com/" "Mozilla/4.0 (compatible; MSIE 7.0; Windows NT 6.0; SLCC1; .NET CLR 2.0.50727; Media Center PC 5.0; .NET CLR 1.1.4322; .NET CLR 3.5.30729; .NET CLR 3.0.30618)"
68.243.43.95 - - [31/Mar/2009:06:14:14 -0400] "GET /images/Ses-Townhall-AD-FED-20080911.swf HTTP/1.1" 200 17188 "http://www.nikonthenumbers.com/" "Mozilla/4.0 (compatible; MSIE 7.0; Windows NT 6.0; SLCC1; .NET CLR 2.0.50727; Media Center PC 5.0; .NET CLR 1.1.4322; .NET CLR 3.5.30729; .NET CLR 3.0.30618)"
68.243.43.95 - - [31/Mar/2009:06:14:15 -0400] "GET /images/TOP_03.jpg HTTP/1.1" 200 15516 "http://www.nikonthenumbers.com/" "Mozilla/4.0 (compatible; MSIE 7.0; Windows NT 6.0; SLCC1; .NET CLR 2.0.50727; Media Center PC 5.0; .NET CLR 1.1.4322; .NET CLR 3.5.30729; .NET CLR 3.0.30618)"
68.243.43.95 - - [31/Mar/2009:06:14:15 -0400] "GET /images/feed-icon-14x14.png HTTP/1.1" 200 689 "http://www.nikonthenumbers.com/" "Mozilla/4.0 (compatible; MSIE 7.0; Windows NT 6.0; SLCC1; .NET CLR 2.0.50727; Media Center PC 5.0; .NET CLR 1.1.4322; .NET CLR 3.5.30729; .NET CLR 3.0.30618)"
68.243.43.95 - - [31/Mar/2009:06:14:15 -0400] "GET /images/RULE-FADE.jpg HTTP/1.1" 200 448 "http://www.nikonthenumbers.com/" "Mozilla/4.0 (compatible; MSIE 7.0; Windows NT 6.0; SLCC1; .NET CLR 2.0.50727; Media Center PC 5.0; .NET CLR 1.1.4322; .NET CLR 3.5.30729; .NET CLR 3.0.30618)"
68.243.43.95 - - [31/Mar/2009:06:14:15 -0400] "GET /images/page-bg.gif HTTP/1.1" 200 1487 "http://www.nikonthenumbers.com/" "Mozilla/4.0 (compatible; MSIE 7.0; Windows NT 6.0; SLCC1; .NET CLR 2.0.50727; Media Center PC 5.0; .NET CLR 1.1.4322; .NET CLR 3.5.30729; .NET CLR 3.0.30618)"
68.243.43.95 - - [31/Mar/2009:06:14:15 -0400] "GET /images/TOP_06.jpg HTTP/1.1" 200 2158 "http://www.nikonthenumbers.com/" "Mozilla/4.0 (compatible; MSIE 7.0; Windows NT 6.0; SLCC1; .NET CLR 2.0.50727; Media Center PC 5.0; .NET CLR 1.1.4322; .NET CLR 3.5.30729; .NET CLR 3.0.30618)"
68.243.43.95 - - [31/Mar/2009:06:14:15 -0400] "GET /fixit.js HTTP/1.1" 200 153 "http://www.nikonthenumbers.com/" "Mozilla/4.0 (compatible; MSIE 7.0; Windows NT 6.0; SLCC1; .NET CLR 2.0.50727; Media Center PC 5.0; .NET CLR 1.1.4322; .NET CLR 3.5.30729; .NET CLR 3.0.30618)"
68.243.43.95 - - [31/Mar/2009:06:14:16 -0400] "GET /images/bottom-with-shaddow.gif HTTP/1.1" 200 9790 "http://www.nikonthenumbers.com/" "Mozilla/4.0 (compatible; MSIE 7.0; Windows NT 6.0; SLCC1; .NET CLR 2.0.50727; Media Center PC 5.0; .NET CLR 1.1.4322; .NET CLR 3.5.30729; .NET CLR 3.0.30618)"
68.243.43.95 - - [31/Mar/2009:06:14:16 -0400] "GET /images/BOX-BACK.jpg HTTP/1.1" 200 1025 "http://www.nikonthenumbers.com/" "Mozilla/4.0 (compatible; MSIE 7.0; Windows NT 6.0; SLCC1; .NET CLR 2.0.50727; Media Center PC 5.0; .NET CLR 1.1.4322; .NET CLR 3.5.30729; .NET CLR 3.0.30618)"
68.243.43.95 - - [31/Mar/2009:06:14:16 -0400] "GET /images/red-band.gif HTTP/1.1" 200 4358 "http://www.nikonthenumbers.com/" "Mozilla/4.0 (compatible; MSIE 7.0; Windows NT 6.0; SLCC1; .NET CLR 2.0.50727; Media Center PC 5.0; .NET CLR 1.1.4322; .NET CLR 3.5.30729; .NET CLR 3.0.30618)"
68.243.43.95 - - [31/Mar/2009:06:14:16 -0400] "GET /images/comment_bw.png HTTP/1.1" 200 384 "http://www.nikonthenumbers.com/" "Mozilla/4.0 (compatible; MSIE 7.0; Windows NT 6.0; SLCC1; .NET CLR 2.0.50727; Media Center PC 5.0; .NET CLR 1.1.4322; .NET CLR 3.5.30729; .NET CLR 3.0.30618)"
68.243.43.95 - - [31/Mar/2009:06:14:16 -0400] "GET /images/polling_results.jpg?1221113035 HTTP/1.1" 200 5021 "http://www.nikonthenumbers.com/" "Mozilla/4.0 (compatible; MSIE 7.0; Windows NT 6.0; SLCC1; .NET CLR 2.0.50727; Media Center PC 5.0; .NET CLR 1.1.4322; .NET CLR 3.5.30729; .NET CLR 3.0.30618)"
72.30.65.34 - - [31/Mar/2009:06:14:16 -0400] "GET /profile/725913 HTTP/1.0" 200 15551 "-" "Mozilla/5.0 (compatible; Yahoo! Slurp/3.0; http://help.yahoo.com/help/us/ysearch/slurp)"
68.243.43.95 - - [31/Mar/2009:06:14:16 -0400] "GET /images/safe_subscribe_logo.gif HTTP/1.1" 200 457 "http://www.nikonthenumbers.com/" "Mozilla/4.0 (compatible; MSIE 7.0; Windows NT 6.0; SLCC1; .NET CLR 2.0.50727; Media Center PC 5.0; .NET CLR 1.1.4322; .NET CLR 3.5.30729; .NET CLR 3.0.30618)"
68.243.43.95 - - [31/Mar/2009:06:14:18 -0400] "GET /favicon.ico HTTP/1.1" 200 894 "-" "Mozilla/4.0 (compatible; MSIE 7.0; Windows NT 6.0; SLCC1; .NET CLR 2.0.50727; Media Center PC 5.0; .NET CLR 1.1.4322; .NET CLR 3.5.30729; .NET CLR 3.0.30618)"
72.30.65.34 - - [31/Mar/2009:06:14:24 -0400] "GET /topics/show/101/15009 HTTP/1.0" 200 120179 "-" "Mozilla/5.0 (compatible; Yahoo! Slurp/3.0; http://help.yahoo.com/help/us/ysearch/slurp)"
89.151.110.152 - - [31/Mar/2009:06:14:52 -0400] "GET / HTTP/1.0" 200 24893 "-" "Pingdom.com_bot_version_1.4_(http://www.pingdom.com/)"
66.249.73.230 - - [31/Mar/2009:06:14:57 -0400] "GET /profile/184574 HTTP/1.1" 200 14631 "-" "Mozilla/5.0 (compatible; Googlebot/2.1; +http://www.google.com/bot.html)"
68.243.43.95 - - [31/Mar/2009:06:15:31 -0400] "GET /topics/show/125 HTTP/1.1" 200 71341 "http://www.nikonthenumbers.com/" "Mozilla/4.0 (compatible; MSIE 7.0; Windows NT 6.0; SLCC1; .NET CLR 2.0.50727; Media Center PC 5.0; .NET CLR 1.1.4322; .NET CLR 3.5.30729; .NET CLR 3.0.30618)"
68.243.43.95 - - [31/Mar/2009:06:15:34 -0400] "GET /images/comment.png HTTP/1.1" 200 540 "http://www.nikonthenumbers.com/topics/show/125" "Mozilla/4.0 (compatible; MSIE 7.0; Windows NT 6.0; SLCC1; .NET CLR 2.0.50727; Media Center PC 5.0; .NET CLR 1.1.4322; .NET CLR 3.5.30729; .NET CLR 3.0.30618)"
209.62.54.130 - - [31/Mar/2009:06:15:51 -0400] "GET / HTTP/1.0" 200 24893 "-" "Pingdom.com_bot_version_1.4_(http://www.pingdom.com/)"
83.140.19.38 - - [31/Mar/2009:06:16:16 -0400] "GET / HTTP/1.0" 200 24893 "-" "Pingdom.com_bot_version_1.4_(http://www.pingdom.com/)"
68.243.43.95 - - [31/Mar/2009:06:16:21 -0400] "GET /images/busy.gif HTTP/1.1" 200 2209 "http://www.nikonthenumbers.com/topics/show/125" "Mozilla/4.0 (compatible; MSIE 7.0; Windows NT 6.0; SLCC1; .NET CLR 2.0.50727; Media Center PC 5.0; .NET CLR 1.1.4322; .NET CLR 3.5.30729; .NET CLR 3.0.30618)"
68.243.43.95 - - [31/Mar/2009:06:16:21 -0400] "POST /topics/show_comments/125/28409 HTTP/1.1" 200 41568 "http://www.nikonthenumbers.com/topics/show/125" "Mozilla/4.0 (compatible; MSIE 7.0; Windows NT 6.0; SLCC1; .NET CLR 2.0.50727; Media Center PC 5.0; .NET CLR 1.1.4322; .NET CLR 3.5.30729; .NET CLR 3.0.30618)"
68.243.43.95 - - [31/Mar/2009:06:16:35 -0400] "POST /talk/mark/28446 HTTP/1.1" 201 1 "http://www.nikonthenumbers.com/topics/show/125" "Mozilla/4.0 (compatible; MSIE 7.0; Windows NT 6.0; SLCC1; .NET CLR 2.0.50727; Media Center PC 5.0; .NET CLR 1.1.4322; .NET CLR 3.5.30729; .NET CLR 3.0.30618)"
66.249.73.230 - - [31/Mar/2009:06:16:37 -0400] "GET /viewer/index/16 HTTP/1.1" 200 656 "-" "Mozilla/5.0 (compatible; Googlebot/2.1; +http://www.google.com/bot.html)"
88.191.79.43 - - [31/Mar/2009:06:16:48 -0400] "GET /topics/show/2 HTTP/1.0" 200 50645 "http://www.nikonthenumbers.com/" "Mozilla/4.0 (compatible; MSIE 6.0; Windows NT 5.1)"
72.51.41.47 - - [31/Mar/2009:06:16:52 -0400] "GET / HTTP/1.0" 200 24893 "-" "Pingdom.com_bot_version_1.4_(http://www.pingdom.com/)"
205.194.127.36 - - [31/Mar/2009:06:17:28 -0400] "GET /rss HTTP/1.0" 200 100138 "-" "BlackBerry8310/4.2.2 Profile/MIDP-2.0 Configuration/CLDC-1.1 VendorID/107"
209.85.238.28 - - [31/Mar/2009:06:17:29 -0400] "GET /rss HTTP/1.1" 200 99686 "-" "Feedfetcher-Google; (+http://www.google.com/feedfetcher.html; feed-id=8041766000373382223)"
212.247.189.113 - - [31/Mar/2009:06:17:51 -0400] "GET / HTTP/1.0" 200 24893 "-" "Pingdom.com_bot_version_1.4_(http://www.pingdom.com/)"
68.243.43.95 - - [31/Mar/2009:06:17:58 -0400] "POST /topic/125/talk/new?parent_id=28446 HTTP/1.1" 200 1246 "http://www.nikonthenumbers.com/topics/show/125" "Mozilla/4.0 (compatible; MSIE 7.0; Windows NT 6.0; SLCC1; .NET CLR 2.0.50727; Media Center PC 5.0; .NET CLR 1.1.4322; .NET CLR 3.5.30729; .NET CLR 3.0.30618)"
68.243.43.95 - - [31/Mar/2009:06:17:59 -0400] "GET /images/cancel.png HTTP/1.1" 200 853 "http://www.nikonthenumbers.com/topics/show/125" "Mozilla/4.0 (compatible; MSIE 7.0; Windows NT 6.0; SLCC1; .NET CLR 2.0.50727; Media Center PC 5.0; .NET CLR 1.1.4322; .NET CLR 3.5.30729; .NET CLR 3.0.30618)"
66.249.73.230 - - [31/Mar/2009:06:18:17 -0400] "GET /topics/show/124/28255 HTTP/1.1" 200 168691 "-" "Mozilla/5.0 (compatible; Googlebot/2.1; +http://www.google.com/bot.html)"
68.243.43.95 - - [31/Mar/2009:06:18:47 -0400] "POST /topic/125/talk/preview HTTP/1.1" 200 1858 "http://www.nikonthenumbers.com/topics/show/125" "Mozilla/4.0 (compatible; MSIE 7.0; Windows NT 6.0; SLCC1; .NET CLR 2.0.50727; Media Center PC 5.0; .NET CLR 1.1.4322; .NET CLR 3.5.30729; .NET CLR 3.0.30618)"
207.97.207.200 - - [31/Mar/2009:06:18:51 -0400] "GET / HTTP/1.0" 200 24893 "-" "Pingdom.com_bot_version_1.4_(http://www.pingdom.com/)"
68.243.43.95 - - [31/Mar/2009:06:18:56 -0400] "POST /topic/125/talk/create HTTP/1.1" 200 2087 "http://www.nikonthenumbers.com/topics/show/125" "Mozilla/4.0 (compatible; MSIE 7.0; Windows NT 6.0; SLCC1; .NET CLR 2.0.50727; Media Center PC 5.0; .NET CLR 1.1.4322; .NET CLR 3.5.30729; .NET CLR 3.0.30618)"
68.243.43.95 - - [31/Mar/2009:06:19:01 -0400] "POST /talk/mark/28443 HTTP/1.1" 201 1 "http://www.nikonthenumbers.com/topics/show/125" "Mozilla/4.0 (compatible; MSIE 7.0; Windows NT 6.0; SLCC1; .NET CLR 2.0.50727; Media Center PC 5.0; .NET CLR 1.1.4322; .NET CLR 3.5.30729; .NET CLR 3.0.30618)"
193.189.143.183 - - [31/Mar/2009:06:19:29 -0400] "GET /rss HTTP/1.0" 200 100138 "-" "Netvibes (http://www.netvibes.com/; 7 subscribers; feedId: 1123686)"
193.189.143.245 - - [31/Mar/2009:06:19:35 -0400] "GET /favicon.ico HTTP/1.0" 200 894 "-" "Mozilla/5.0 (compatible)"
67.192.120.134 - - [31/Mar/2009:06:19:50 -0400] "GET / HTTP/1.0" 200 24891 "-" "Pingdom.com_bot_version_1.4_(http://www.pingdom.com/)"
66.249.73.230 - - [31/Mar/2009:06:19:56 -0400] "GET /profile/237106 HTTP/1.1" 200 15616 "-" "Mozilla/5.0 (compatible; Googlebot/2.1; +http://www.google.com/bot.html)"
88.191.79.43 - - [31/Mar/2009:06:20:38 -0400] "GET /topics/show/20 HTTP/1.0" 200 84963 "http://www.nikonthenumbers.com/" "Mozilla/4.0 (compatible; MSIE 6.0; Windows NT 5.1)"
78.136.27.223 - - [31/Mar/2009:06:20:51 -0400] "GET / HTTP/1.0" 200 24891 "-" "Pingdom.com_bot_version_1.4_(http://www.pingdom.com/)"
72.30.65.34 - - [31/Mar/2009:06:21:14 -0400] "GET /topics/show/115/21665 HTTP/1.0" 200 1296445 "-" "Mozilla/5.0 (compatible; Yahoo! Slurp/3.0; http://help.yahoo.com/help/us/ysearch/slurp)"
66.249.73.230 - - [31/Mar/2009:06:21:36 -0400] "GET /topics/show/82/10843 HTTP/1.1" 200 70106 "-" "Mozilla/5.0 (compatible; Googlebot/2.1; +http://www.google.com/bot.html)"
67.205.112.79 - - [31/Mar/2009:06:21:51 -0400] "GET / HTTP/1.0" 200 24891 "-" "Pingdom.com_bot_version_1.4_(http://www.pingdom.com/)"
68.243.43.95 - - [31/Mar/2009:06:22:04 -0400] "POST /talk/mark/28447 HTTP/1.1" 201 1 "http://www.nikonthenumbers.com/topics/show/125" "Mozilla/4.0 (compatible; MSIE 7.0; Windows NT 6.0; SLCC1; .NET CLR 2.0.50727; Media Center PC 5.0; .NET CLR 1.1.4322; .NET CLR 3.5.30729; .NET CLR 3.0.30618)"
72.30.65.34 - - [31/Mar/2009:06:22:14 -0400] "GET /topics/show/100/14650 HTTP/1.0" 200 281166 "-" "Mozilla/5.0 (compatible; Yahoo! Slurp/3.0; http://help.yahoo.com/help/us/ysearch/slurp)"
68.243.43.95 - - [31/Mar/2009:06:22:48 -0400] "POST /talk/mark/28457 HTTP/1.1" 201 1 "http://www.nikonthenumbers.com/topics/show/125" "Mozilla/4.0 (compatible; MSIE 7.0; Windows NT 6.0; SLCC1; .NET CLR 2.0.50727; Media Center PC 5.0; .NET CLR 1.1.4322; .NET CLR 3.5.30729; .NET CLR 3.0.30618)"
174.133.253.162 - - [31/Mar/2009:06:22:51 -0400] "GET / HTTP/1.0" 200 24891 "-" "Pingdom.com_bot_version_1.4_(http://www.pingdom.com/)"
72.30.65.34 - - [31/Mar/2009:06:22:56 -0400] "GET /profile/11346 HTTP/1.0" 200 15115 "-" "Mozilla/5.0 (compatible; Yahoo! Slurp/3.0; http://help.yahoo.com/help/us/ysearch/slurp)"
66.249.73.230 - - [31/Mar/2009:06:23:15 -0400] "GET /profile/1074858 HTTP/1.1" 200 59819 "-" "Mozilla/5.0 (compatible; Googlebot/2.1; +http://www.google.com/bot.html)"
68.243.43.95 - - [31/Mar/2009:06:23:16 -0400] "POST /talk/mark/28473 HTTP/1.1" 201 1 "http://www.nikonthenumbers.com/topics/show/125" "Mozilla/4.0 (compatible; MSIE 7.0; Windows NT 6.0; SLCC1; .NET CLR 2.0.50727; Media Center PC 5.0; .NET CLR 1.1.4322; .NET CLR 3.5.30729; .NET CLR 3.0.30618)"
68.243.43.95 - - [31/Mar/2009:06:23:44 -0400] "POST /talk/mark/28499 HTTP/1.1" 201 1 "http://www.nikonthenumbers.com/topics/show/125" "Mozilla/4.0 (compatible; MSIE 7.0; Windows NT 6.0; SLCC1; .NET CLR 2.0.50727; Media Center PC 5.0; .NET CLR 1.1.4322; .NET CLR 3.5.30729; .NET CLR 3.0.30618)"
65.55.105.121 - - [31/Mar/2009:06:23:55 -0400] "GET /robots.txt HTTP/1.1" 200 161 "-" "msnbot/1.1 (+http://search.msn.com/msnbot.htm)"
65.55.105.121 - - [31/Mar/2009:06:23:56 -0400] "GET /topics/show/18 HTTP/1.1" 200 87191 "-" "msnbot/1.1 (+http://search.msn.com/msnbot.htm)"
68.243.43.95 - - [31/Mar/2009:06:23:56 -0400] "POST /talk/mark/28504 HTTP/1.1" 201 1 "http://www.nikonthenumbers.com/topics/show/125" "Mozilla/4.0 (compatible; MSIE 7.0; Windows NT 6.0; SLCC1; .NET CLR 2.0.50727; Media Center PC 5.0; .NET CLR 1.1.4322; .NET CLR 3.5.30729; .NET CLR 3.0.30618)"
65.55.108.233 - - [31/Mar/2009:06:24:05 -0400] "GET /topics/show/42 HTTP/1.1" 200 69960 "-" "msnbot-media/1.1 (+http://search.msn.com/msnbot.htm)"
68.243.43.95 - - [31/Mar/2009:06:24:10 -0400] "POST /talk/mark/28512 HTTP/1.1" 201 1 "http://www.nikonthenumbers.com/topics/show/125" "Mozilla/4.0 (compatible; MSIE 7.0; Windows NT 6.0; SLCC1; .NET CLR 2.0.50727; Media Center PC 5.0; .NET CLR 1.1.4322; .NET CLR 3.5.30729; .NET CLR 3.0.30618)"
68.243.43.95 - - [31/Mar/2009:06:24:22 -0400] "POST /talk/mark/28496 HTTP/1.1" 201 1 "http://www.nikonthenumbers.com/topics/show/125" "Mozilla/4.0 (compatible; MSIE 7.0; Windows NT 6.0; SLCC1; .NET CLR 2.0.50727; Media Center PC 5.0; .NET CLR 1.1.4322; .NET CLR 3.5.30729; .NET CLR 3.0.30618)"
68.243.43.95 - - [31/Mar/2009:06:24:32 -0400] "POST /talk/mark/28513 HTTP/1.1" 201 1 "http://www.nikonthenumbers.com/topics/show/125" "Mozilla/4.0 (compatible; MSIE 7.0; Windows NT 6.0; SLCC1; .NET CLR 2.0.50727; Media Center PC 5.0; .NET CLR 1.1.4322; .NET CLR 3.5.30729; .NET CLR 3.0.30618)"
89.151.110.152 - - [31/Mar/2009:06:24:52 -0400] "GET / HTTP/1.0" 200 24891 "-" "Pingdom.com_bot_version_1.4_(http://www.pingdom.com/)"
66.249.73.230 - - [31/Mar/2009:06:24:55 -0400] "GET /profile/98805 HTTP/1.1" 200 15193 "-" "Mozilla/5.0 (compatible; Googlebot/2.1; +http://www.google.com/bot.html)"
68.243.43.95 - - [31/Mar/2009:06:24:59 -0400] "POST /talk/mark/28515 HTTP/1.1" 201 1 "http://www.nikonthenumbers.com/topics/show/125" "Mozilla/4.0 (compatible; MSIE 7.0; Windows NT 6.0; SLCC1; .NET CLR 2.0.50727; Media Center PC 5.0; .NET CLR 1.1.4322; .NET CLR 3.5.30729; .NET CLR 3.0.30618)"
65.55.105.121 - - [31/Mar/2009:06:25:13 -0400] "GET /profile/722333 HTTP/1.1" 200 119614 "-" "msnbot/1.1 (+http://search.msn.com/msnbot.htm)"
68.243.43.95 - - [31/Mar/2009:06:25:37 -0400] "POST /topics/show_comments/125/28410 HTTP/1.1" 200 10517 "http://www.nikonthenumbers.com/topics/show/125" "Mozilla/4.0 (compatible; MSIE 7.0; Windows NT 6.0; SLCC1; .NET CLR 2.0.50727; Media Center PC 5.0; .NET CLR 1.1.4322; .NET CLR 3.5.30729; .NET CLR 3.0.30618)"
68.243.43.95 - - [31/Mar/2009:06:25:42 -0400] "POST /talk/mark/28410 HTTP/1.1" 201 1 "http://www.nikonthenumbers.com/topics/show/125" "Mozilla/4.0 (compatible; MSIE 7.0; Windows NT 6.0; SLCC1; .NET CLR 2.0.50727; Media Center PC 5.0; .NET CLR 1.1.4322; .NET CLR 3.5.30729; .NET CLR 3.0.30618)"
209.62.54.130 - - [31/Mar/2009:06:25:51 -0400] "GET / HTTP/1.0" 200 24891 "-" "Pingdom.com_bot_version_1.4_(http://www.pingdom.com/)"
68.243.43.95 - - [31/Mar/2009:06:26:07 -0400] "POST /talk/mark/28412 HTTP/1.1" 201 1 "http://www.nikonthenumbers.com/topics/show/125" "Mozilla/4.0 (compatible; MSIE 7.0; Windows NT 6.0; SLCC1; .NET CLR 2.0.50727; Media Center PC 5.0; .NET CLR 1.1.4322; .NET CLR 3.5.30729; .NET CLR 3.0.30618)"
66.249.73.230 - - [31/Mar/2009:06:26:35 -0400] "GET /profile/13525 HTTP/1.1" 200 681696 "-" "Mozilla/5.0 (compatible; Googlebot/2.1; +http://www.google.com/bot.html)"
68.243.43.95 - - [31/Mar/2009:06:26:46 -0400] "POST /talk/mark/28414 HTTP/1.1" 201 1 "http://www.nikonthenumbers.com/topics/show/125" "Mozilla/4.0 (compatible; MSIE 7.0; Windows NT 6.0; SLCC1; .NET CLR 2.0.50727; Media Center PC 5.0; .NET CLR 1.1.4322; .NET CLR 3.5.30729; .NET CLR 3.0.30618)"
72.30.65.34 - - [31/Mar/2009:06:26:49 -0400] "GET /topics/show/106/16667 HTTP/1.0" 200 159154 "-" "Mozilla/5.0 (compatible; Yahoo! Slurp/3.0; http://help.yahoo.com/help/us/ysearch/slurp)"
72.51.41.47 - - [31/Mar/2009:06:26:52 -0400] "GET / HTTP/1.0" 200 24891 "-" "Pingdom.com_bot_version_1.4_(http://www.pingdom.com/)"
72.30.65.34 - - [31/Mar/2009:06:26:59 -0400] "GET /topics/show/26/1032 HTTP/1.0" 200 102728 "-" "Mozilla/5.0 (compatible; Yahoo! Slurp/3.0; http://help.yahoo.com/help/us/ysearch/slurp)"
68.243.43.95 - - [31/Mar/2009:06:27:12 -0400] "POST /talk/mark/28419 HTTP/1.1" 201 1 "http://www.nikonthenumbers.com/topics/show/125" "Mozilla/4.0 (compatible; MSIE 7.0; Windows NT 6.0; SLCC1; .NET CLR 2.0.50727; Media Center PC 5.0; .NET CLR 1.1.4322; .NET CLR 3.5.30729; .NET CLR 3.0.30618)"
72.30.65.34 - - [31/Mar/2009:06:27:20 -0400] "GET /topics/show/119/25659 HTTP/1.0" 200 624689 "-" "Mozilla/5.0 (compatible; Yahoo! Slurp/3.0; http://help.yahoo.com/help/us/ysearch/slurp)"
212.247.189.113 - - [31/Mar/2009:06:27:51 -0400] "GET / HTTP/1.0" 200 24891 "-" "Pingdom.com_bot_version_1.4_(http://www.pingdom.com/)"
67.195.37.93 - - [31/Mar/2009:06:27:56 -0400] "GET /stylesheets/base_1221113035.css HTTP/1.0" 304 - "http://www.nikonthenumbers.com/topics/show/120/25838" "Mozilla/5.0 (compatible; Yahoo! Slurp/3.0; http://help.yahoo.com/help/us/ysearch/slurp)"
67.195.37.93 - - [31/Mar/2009:06:27:55 -0400] "GET /topics/show/120/25838 HTTP/1.0" 200 267420 "-" "Mozilla/5.0 (compatible; Yahoo! Slurp/3.0; http://help.yahoo.com/help/us/ysearch/slurp)"
66.249.73.230 - - [31/Mar/2009:06:28:14 -0400] "GET /topics/show/62/3903 HTTP/1.1" 200 99373 "-" "Mozilla/5.0 (compatible; Googlebot/2.1; +http://www.google.com/bot.html)"
99.240.94.33 - - [31/Mar/2009:06:28:22 -0400] "GET /rss HTTP/1.1" 200 100138 "-" "Vienna/2.3.0.2301"
68.243.43.95 - - [31/Mar/2009:06:28:29 -0400] "POST /talk/mark/28411 HTTP/1.1" 201 1 "http://www.nikonthenumbers.com/topics/show/125" "Mozilla/4.0 (compatible; MSIE 7.0; Windows NT 6.0; SLCC1; .NET CLR 2.0.50727; Media Center PC 5.0; .NET CLR 1.1.4322; .NET CLR 3.5.30729; .NET CLR 3.0.30618)"
68.243.43.95 - - [31/Mar/2009:06:28:35 -0400] "POST /topics/show_comments/125/28411 HTTP/1.1" 200 181306 "http://www.nikonthenumbers.com/topics/show/125" "Mozilla/4.0 (compatible; MSIE 7.0; Windows NT 6.0; SLCC1; .NET CLR 2.0.50727; Media Center PC 5.0; .NET CLR 1.1.4322; .NET CLR 3.5.30729; .NET CLR 3.0.30618)"
207.97.207.200 - - [31/Mar/2009:06:28:51 -0400] "GET / HTTP/1.0" 200 24891 "-" "Pingdom.com_bot_version_1.4_(http://www.pingdom.com/)"
68.243.43.95 - - [31/Mar/2009:06:29:01 -0400] "POST /talk/mark/28423 HTTP/1.1" 201 1 "http://www.nikonthenumbers.com/topics/show/125" "Mozilla/4.0 (compatible; MSIE 7.0; Windows NT 6.0; SLCC1; .NET CLR 2.0.50727; Media Center PC 5.0; .NET CLR 1.1.4322; .NET CLR 3.5.30729; .NET CLR 3.0.30618)"
67.192.120.134 - - [31/Mar/2009:06:29:50 -0400] "GET / HTTP/1.0" 200 24891 "-" "Pingdom.com_bot_version_1.4_(http://www.pingdom.com/)"
66.249.73.230 - - [31/Mar/2009:06:29:54 -0400] "GET /profile/675478 HTTP/1.1" 200 16653 "-" "Mozilla/5.0 (compatible; Googlebot/2.1; +http://www.google.com/bot.html)"
88.191.79.43 - - [31/Mar/2009:06:30:06 -0400] "GET /topics/show/22 HTTP/1.0" 200 122249 "http://www.nikonthenumbers.com/" "Mozilla/4.0 (compatible; MSIE 6.0; Windows NT 5.1)"
68.243.43.95 - - [31/Mar/2009:06:30:48 -0400] "POST /topics/show_comments/125/28420 HTTP/1.1" 200 2947 "http://www.nikonthenumbers.com/topics/show/125" "Mozilla/4.0 (compatible; MSIE 7.0; Windows NT 6.0; SLCC1; .NET CLR 2.0.50727; Media Center PC 5.0; .NET CLR 1.1.4322; .NET CLR 3.5.30729; .NET CLR 3.0.30618)"
78.136.27.223 - - [31/Mar/2009:06:30:51 -0400] "GET / HTTP/1.0" 200 24891 "-" "Pingdom.com_bot_version_1.4_(http://www.pingdom.com/)"
68.243.43.95 - - [31/Mar/2009:06:31:07 -0400] "POST /topics/show_comments/125/28421 HTTP/1.1" 200 21259 "http://www.nikonthenumbers.com/topics/show/125" "Mozilla/4.0 (compatible; MSIE 7.0; Windows NT 6.0; SLCC1; .NET CLR 2.0.50727; Media Center PC 5.0; .NET CLR 1.1.4322; .NET CLR 3.5.30729; .NET CLR 3.0.30618)"
68.243.43.95 - - [31/Mar/2009:06:31:18 -0400] "POST /talk/mark/28424 HTTP/1.1" 201 1 "http://www.nikonthenumbers.com/topics/show/125" "Mozilla/4.0 (compatible; MSIE 7.0; Windows NT 6.0; SLCC1; .NET CLR 2.0.50727; Media Center PC 5.0; .NET CLR 1.1.4322; .NET CLR 3.5.30729; .NET CLR 3.0.30618)"
66.249.73.230 - - [31/Mar/2009:06:31:33 -0400] "GET /topics/show/80/10671 HTTP/1.1" 200 83991 "-" "Mozilla/5.0 (compatible; Googlebot/2.1; +http://www.google.com/bot.html)"
72.30.65.34 - - [31/Mar/2009:06:31:35 -0400] "GET /topics/show/105/16149 HTTP/1.0" 200 138945 "-" "Mozilla/5.0 (compatible; Yahoo! Slurp/3.0; http://help.yahoo.com/help/us/ysearch/slurp)"
68.243.43.95 - - [31/Mar/2009:06:31:51 -0400] "POST /talk/mark/28441 HTTP/1.1" 201 1 "http://www.nikonthenumbers.com/topics/show/125" "Mozilla/4.0 (compatible; MSIE 7.0; Windows NT 6.0; SLCC1; .NET CLR 2.0.50727; Media Center PC 5.0; .NET CLR 1.1.4322; .NET CLR 3.5.30729; .NET CLR 3.0.30618)"
67.205.112.79 - - [31/Mar/2009:06:31:51 -0400] "GET / HTTP/1.0" 200 24891 "-" "Pingdom.com_bot_version_1.4_(http://www.pingdom.com/)"
65.55.105.125 - - [31/Mar/2009:06:32:13 -0400] "GET /robots.txt HTTP/1.1" 200 161 "-" "msnbot/1.1 (+http://search.msn.com/msnbot.htm)"
65.55.105.125 - - [31/Mar/2009:06:32:13 -0400] "GET /topics/show/112 HTTP/1.1" 200 302817 "-" "msnbot/1.1 (+http://search.msn.com/msnbot.htm)"
68.243.43.95 - - [31/Mar/2009:06:32:21 -0400] "POST /talk/mark/28449 HTTP/1.1" 201 1 "http://www.nikonthenumbers.com/topics/show/125" "Mozilla/4.0 (compatible; MSIE 7.0; Windows NT 6.0; SLCC1; .NET CLR 2.0.50727; Media Center PC 5.0; .NET CLR 1.1.4322; .NET CLR 3.5.30729; .NET CLR 3.0.30618)"
68.243.43.95 - - [31/Mar/2009:06:32:41 -0400] "POST /talk/mark/28463 HTTP/1.1" 201 1 "http://www.nikonthenumbers.com/topics/show/125" "Mozilla/4.0 (compatible; MSIE 7.0; Windows NT 6.0; SLCC1; .NET CLR 2.0.50727; Media Center PC 5.0; .NET CLR 1.1.4322; .NET CLR 3.5.30729; .NET CLR 3.0.30618)"
72.136.129.23 - - [31/Mar/2009:06:32:47 -0400] "GET /rss HTTP/1.1" 200 100138 "-" "Mozilla/5.0 (Windows; U; Windows NT 5.1; en-US; rv:1.9.0.7) Gecko/2009021910 Firefox/3.0.7 (.NET CLR 3.5.30729)"
174.133.253.162 - - [31/Mar/2009:06:32:51 -0400] "GET / HTTP/1.0" 200 24891 "-" "Pingdom.com_bot_version_1.4_(http://www.pingdom.com/)"
68.243.43.95 - - [31/Mar/2009:06:33:08 -0400] "POST /talk/mark/28440 HTTP/1.1" 201 1 "http://www.nikonthenumbers.com/topics/show/125" "Mozilla/4.0 (compatible; MSIE 7.0; Windows NT 6.0; SLCC1; .NET CLR 2.0.50727; Media Center PC 5.0; .NET CLR 1.1.4322; .NET CLR 3.5.30729; .NET CLR 3.0.30618)"
66.249.73.230 - - [31/Mar/2009:06:33:13 -0400] "GET /topics/show/31/1291 HTTP/1.1" 200 57380 "-" "Mozilla/5.0 (compatible; Googlebot/2.1; +http://www.google.com/bot.html)"
68.243.43.95 - - [31/Mar/2009:06:33:38 -0400] "POST /talk/mark/28451 HTTP/1.1" 201 1 "http://www.nikonthenumbers.com/topics/show/125" "Mozilla/4.0 (compatible; MSIE 7.0; Windows NT 6.0; SLCC1; .NET CLR 2.0.50727; Media Center PC 5.0; .NET CLR 1.1.4322; .NET CLR 3.5.30729; .NET CLR 3.0.30618)"
68.243.43.95 - - [31/Mar/2009:06:33:53 -0400] "POST /topics/show_comments/125/28451 HTTP/1.1" 200 8400 "http://www.nikonthenumbers.com/topics/show/125" "Mozilla/4.0 (compatible; MSIE 7.0; Windows NT 6.0; SLCC1; .NET CLR 2.0.50727; Media Center PC 5.0; .NET CLR 1.1.4322; .NET CLR 3.5.30729; .NET CLR 3.0.30618)"
68.243.43.95 - - [31/Mar/2009:06:34:13 -0400] "POST /talk/mark/28469 HTTP/1.1" 201 1 "http://www.nikonthenumbers.com/topics/show/125" "Mozilla/4.0 (compatible; MSIE 7.0; Windows NT 6.0; SLCC1; .NET CLR 2.0.50727; Media Center PC 5.0; .NET CLR 1.1.4322; .NET CLR 3.5.30729; .NET CLR 3.0.30618)"
