65.55.109.28 - - [31/Mar/2009:04:04:22 -0400] "GET /topic/5/talk/new?parent_id=454 HTTP/1.0" 302 104 "http://search.live.com/results.aspx?q=login" "Mozilla/4.0 (compatible; MSIE 6.0; Windows NT 5.2; SV1; .NET CLR 1.1.4322)"
65.55.109.28 - - [31/Mar/2009:04:04:22 -0400] "GET /login HTTP/1.0" 200 9747 "http://search.live.com/results.aspx?q=login" "Mozilla/4.0 (compatible; MSIE 6.0; Windows NT 5.2; SV1; .NET CLR 1.1.4322)"
65.55.109.28 - - [31/Mar/2009:04:04:25 -0400] "GET /stylesheets/base_1223060303.css HTTP/1.0" 200 30554 "http://edmonton.econsultation.ca/login" "Mozilla/4.0 (compatible; MSIE 6.0; Windows NT 5.2; SV1; .NET CLR 1.1.4322)"
65.55.109.28 - - [31/Mar/2009:04:04:27 -0400] "GET /javascripts/base_1223060303.js HTTP/1.0" 200 97264 "http://edmonton.econsultation.ca/login" "Mozilla/4.0 (compatible; MSIE 6.0; Windows NT 5.2; SV1; .NET CLR 1.1.4322)"
65.55.109.28 - - [31/Mar/2009:04:04:27 -0400] "GET /stylesheets/print.css HTTP/1.0" 200 321 "http://edmonton.econsultation.ca/login" "Mozilla/4.0 (compatible; MSIE 6.0; Windows NT 5.2; SV1; .NET CLR 1.1.4322)"
65.55.109.28 - - [31/Mar/2009:04:04:29 -0400] "GET /stylesheets/redesign_IE.css HTTP/1.0" 200 3138 "http://edmonton.econsultation.ca/login" "Mozilla/4.0 (compatible; MSIE 6.0; Windows NT 5.2; SV1; .NET CLR 1.1.4322)"
65.55.210.37 - - [31/Mar/2009:04:12:06 -0400] "GET /robots.txt HTTP/1.1" 200 99 "-" "msnbot/1.1 (+http://search.msn.com/msnbot.htm)"
65.55.210.37 - - [31/Mar/2009:04:12:06 -0400] "GET /topics/show/5?root=64 HTTP/1.1" 200 326150 "-" "msnbot/1.1 (+http://search.msn.com/msnbot.htm)"
65.55.210.37 - - [31/Mar/2009:04:13:02 -0400] "GET /topic/5/talk/new?parent_id=285 HTTP/1.1" 302 104 "-" "msnbot/1.1 (+http://search.msn.com/msnbot.htm)"
65.55.109.93 - - [31/Mar/2009:04:14:13 -0400] "GET /topics/show/5?root=64 HTTP/1.0" 200 326219 "http://search.live.com/results.aspx?q=route" "Mozilla/4.0 (compatible; MSIE 6.0; Windows NT 5.2; SV1; .NET CLR 1.1.4322)"
65.55.109.93 - - [31/Mar/2009:04:14:19 -0400] "GET /stylesheets/base_1223060303.css HTTP/1.0" 200 30554 "http://edmonton.econsultation.ca/topics/show/5?root=64" "Mozilla/4.0 (compatible; MSIE 6.0; Windows NT 5.2; SV1; .NET CLR 1.1.4322)"
65.55.109.93 - - [31/Mar/2009:04:14:21 -0400] "GET /javascripts/base_1223060303.js HTTP/1.0" 200 97264 "http://edmonton.econsultation.ca/topics/show/5?root=64" "Mozilla/4.0 (compatible; MSIE 6.0; Windows NT 5.2; SV1; .NET CLR 1.1.4322)"
65.55.109.93 - - [31/Mar/2009:04:14:21 -0400] "GET /stylesheets/print.css HTTP/1.0" 200 321 "http://edmonton.econsultation.ca/topics/show/5?root=64" "Mozilla/4.0 (compatible; MSIE 6.0; Windows NT 5.2; SV1; .NET CLR 1.1.4322)"
65.55.109.93 - - [31/Mar/2009:04:14:22 -0400] "GET /stylesheets/redesign_IE.css HTTP/1.0" 200 3138 "http://edmonton.econsultation.ca/topics/show/5?root=64" "Mozilla/4.0 (compatible; MSIE 6.0; Windows NT 5.2; SV1; .NET CLR 1.1.4322)"
65.55.210.37 - - [31/Mar/2009:04:15:57 -0400] "GET /login HTTP/1.1" 200 9684 "-" "msnbot/1.1 (+http://search.msn.com/msnbot.htm)"
65.55.110.42 - - [31/Mar/2009:04:17:10 -0400] "GET /topic/5/talk/new?parent_id=285 HTTP/1.0" 302 104 "http://search.live.com/results.aspx?q=login" "Mozilla/4.0 (compatible; MSIE 6.0; Windows NT 5.2; SV1; .NET CLR 1.1.4322)"
65.55.110.42 - - [31/Mar/2009:04:17:11 -0400] "GET /login HTTP/1.0" 200 9678 "http://search.live.com/results.aspx?q=login" "Mozilla/4.0 (compatible; MSIE 6.0; Windows NT 5.2; SV1; .NET CLR 1.1.4322)"
65.55.110.42 - - [31/Mar/2009:04:17:13 -0400] "GET /stylesheets/base_1223060303.css HTTP/1.0" 200 30554 "http://edmonton.econsultation.ca/login" "Mozilla/4.0 (compatible; MSIE 6.0; Windows NT 5.2; SV1; .NET CLR 1.1.4322)"
65.55.110.42 - - [31/Mar/2009:04:17:14 -0400] "GET /stylesheets/print.css HTTP/1.0" 200 321 "http://edmonton.econsultation.ca/login" "Mozilla/4.0 (compatible; MSIE 6.0; Windows NT 5.2; SV1; .NET CLR 1.1.4322)"
65.55.110.42 - - [31/Mar/2009:04:17:14 -0400] "GET /javascripts/base_1223060303.js HTTP/1.0" 200 97264 "http://edmonton.econsultation.ca/login" "Mozilla/4.0 (compatible; MSIE 6.0; Windows NT 5.2; SV1; .NET CLR 1.1.4322)"
65.55.110.42 - - [31/Mar/2009:04:17:15 -0400] "GET /stylesheets/redesign_IE.css HTTP/1.0" 200 3138 "http://edmonton.econsultation.ca/login" "Mozilla/4.0 (compatible; MSIE 6.0; Windows NT 5.2; SV1; .NET CLR 1.1.4322)"
65.55.230.219 - - [31/Mar/2009:04:48:13 -0400] "GET /topics/show/5?root=29 HTTP/1.1" 200 315618 "-" "msnbot-media/1.1 (+http://search.msn.com/msnbot.htm)"
208.80.195.54 - - [31/Mar/2009:04:48:35 -0400] "GET / HTTP/1.0" 200 11173 "-" "Mozilla/4.0 (compatible; MSIE 7.0; Windows NT 5.1; .NET CLR 1.1.4322; .NET CLR 2.0.50727; HbTools 4.8.2; InfoPath.2)"
65.55.230.219 - - [31/Mar/2009:04:51:14 -0400] "GET /profile/3191 HTTP/1.1" 200 13735 "-" "msnbot-media/1.1 (+http://search.msn.com/msnbot.htm)"
65.55.230.219 - - [31/Mar/2009:04:53:31 -0400] "GET /topics/show/5?all=1 HTTP/1.1" 200 624714 "-" "msnbot-media/1.1 (+http://search.msn.com/msnbot.htm)"
66.249.66.168 - - [31/Mar/2009:05:02:42 -0400] "GET /topics/show/3 HTTP/1.1" 200 266448 "-" "Mozilla/5.0 (compatible; Googlebot/2.1; +http://www.google.com/bot.html)"
65.55.107.227 - - [31/Mar/2009:05:22:02 -0400] "GET /topic/5/talk/new?parent_id=263 HTTP/1.0" 302 104 "http://search.live.com/results.aspx?q=login" "Mozilla/4.0 (compatible; MSIE 6.0; Windows NT 5.2; SV1; .NET CLR 1.1.4322)"
65.55.107.227 - - [31/Mar/2009:05:22:02 -0400] "GET /login HTTP/1.0" 200 9747 "http://search.live.com/results.aspx?q=login" "Mozilla/4.0 (compatible; MSIE 6.0; Windows NT 5.2; SV1; .NET CLR 1.1.4322)"
65.55.107.227 - - [31/Mar/2009:05:22:03 -0400] "GET /stylesheets/base_1223060303.css HTTP/1.0" 200 30554 "http://edmonton.econsultation.ca/login" "Mozilla/4.0 (compatible; MSIE 6.0; Windows NT 5.2; SV1; .NET CLR 1.1.4322)"
65.55.107.227 - - [31/Mar/2009:05:22:05 -0400] "GET /stylesheets/print.css HTTP/1.0" 200 321 "http://edmonton.econsultation.ca/login" "Mozilla/4.0 (compatible; MSIE 6.0; Windows NT 5.2; SV1; .NET CLR 1.1.4322)"
65.55.107.227 - - [31/Mar/2009:05:22:04 -0400] "GET /javascripts/base_1223060303.js HTTP/1.0" 200 97264 "http://edmonton.econsultation.ca/login" "Mozilla/4.0 (compatible; MSIE 6.0; Windows NT 5.2; SV1; .NET CLR 1.1.4322)"
65.55.107.227 - - [31/Mar/2009:05:22:06 -0400] "GET /stylesheets/redesign_IE.css HTTP/1.0" 200 3138 "http://edmonton.econsultation.ca/login" "Mozilla/4.0 (compatible; MSIE 6.0; Windows NT 5.2; SV1; .NET CLR 1.1.4322)"
65.55.107.226 - - [31/Mar/2009:05:23:25 -0400] "GET /topic/5/talk/new?parent_id=413 HTTP/1.0" 302 104 "http://search.live.com/results.aspx?q=login" "Mozilla/4.0 (compatible; MSIE 6.0; Windows NT 5.2; SV1; .NET CLR 1.1.4322)"
65.55.107.226 - - [31/Mar/2009:05:23:25 -0400] "GET /login HTTP/1.0" 200 9747 "http://search.live.com/results.aspx?q=login" "Mozilla/4.0 (compatible; MSIE 6.0; Windows NT 5.2; SV1; .NET CLR 1.1.4322)"
65.55.107.226 - - [31/Mar/2009:05:23:27 -0400] "GET /stylesheets/base_1223060303.css HTTP/1.0" 200 30554 "http://edmonton.econsultation.ca/login" "Mozilla/4.0 (compatible; MSIE 6.0; Windows NT 5.2; SV1; .NET CLR 1.1.4322)"
65.55.107.226 - - [31/Mar/2009:05:23:28 -0400] "GET /stylesheets/print.css HTTP/1.0" 200 321 "http://edmonton.econsultation.ca/login" "Mozilla/4.0 (compatible; MSIE 6.0; Windows NT 5.2; SV1; .NET CLR 1.1.4322)"
65.55.107.226 - - [31/Mar/2009:05:23:28 -0400] "GET /javascripts/base_1223060303.js HTTP/1.0" 200 97264 "http://edmonton.econsultation.ca/login" "Mozilla/4.0 (compatible; MSIE 6.0; Windows NT 5.2; SV1; .NET CLR 1.1.4322)"
65.55.107.226 - - [31/Mar/2009:05:23:30 -0400] "GET /stylesheets/redesign_IE.css HTTP/1.0" 200 3138 "http://edmonton.econsultation.ca/login" "Mozilla/4.0 (compatible; MSIE 6.0; Windows NT 5.2; SV1; .NET CLR 1.1.4322)"
66.249.66.168 - - [31/Mar/2009:05:23:53 -0400] "GET /profile/339 HTTP/1.1" 302 99 "-" "Mozilla/5.0 (compatible; Googlebot/2.1; +http://www.google.com/bot.html)"
65.55.230.219 - - [31/Mar/2009:05:33:05 -0400] "GET /topic/5/talk/new?parent_id=183 HTTP/1.1" 302 104 "-" "msnbot-media/1.1 (+http://search.msn.com/msnbot.htm)"
65.55.230.219 - - [31/Mar/2009:05:33:08 -0400] "GET /topic/5/talk/new?parent_id=460 HTTP/1.1" 302 104 "-" "msnbot-media/1.1 (+http://search.msn.com/msnbot.htm)"
65.55.230.219 - - [31/Mar/2009:05:33:08 -0400] "GET /topic/5/talk/new?parent_id=392 HTTP/1.1" 302 104 "-" "msnbot-media/1.1 (+http://search.msn.com/msnbot.htm)"
65.55.230.219 - - [31/Mar/2009:05:33:10 -0400] "GET /topic/5/talk/new?parent_id=391 HTTP/1.1" 302 104 "-" "msnbot-media/1.1 (+http://search.msn.com/msnbot.htm)"
65.55.230.219 - - [31/Mar/2009:05:33:13 -0400] "GET /topic/5/talk/new?parent_id=84 HTTP/1.1" 302 104 "-" "msnbot-media/1.1 (+http://search.msn.com/msnbot.htm)"
65.55.230.224 - - [31/Mar/2009:05:35:36 -0400] "GET /topic/2/talk/new?parent_id=230 HTTP/1.1" 302 104 "-" "msnbot-media/1.1 (+http://search.msn.com/msnbot.htm)"
65.55.230.219 - - [31/Mar/2009:05:35:39 -0400] "GET /login HTTP/1.1" 200 9684 "-" "msnbot-media/1.1 (+http://search.msn.com/msnbot.htm)"
65.55.230.219 - - [31/Mar/2009:05:35:47 -0400] "GET /login HTTP/1.1" 200 9615 "-" "msnbot-media/1.1 (+http://search.msn.com/msnbot.htm)"
65.55.230.219 - - [31/Mar/2009:05:36:14 -0400] "GET /topic/5/talk/new?parent_id=81 HTTP/1.1" 302 104 "-" "msnbot-media/1.1 (+http://search.msn.com/msnbot.htm)"
65.55.230.219 - - [31/Mar/2009:05:38:59 -0400] "GET /login HTTP/1.1" 200 9684 "-" "msnbot-media/1.1 (+http://search.msn.com/msnbot.htm)"
65.55.230.219 - - [31/Mar/2009:05:38:59 -0400] "GET /login HTTP/1.1" 200 9615 "-" "msnbot-media/1.1 (+http://search.msn.com/msnbot.htm)"
65.55.230.219 - - [31/Mar/2009:05:39:00 -0400] "GET /login HTTP/1.1" 200 9684 "-" "msnbot-media/1.1 (+http://search.msn.com/msnbot.htm)"
131.107.0.112 - - [31/Mar/2009:05:39:46 -0400] "GET /topics/show/2?root=203 HTTP/1.1" 200 342784 "-" "Mozilla/4.0 (compatible; MSIE 7.0; Windows NT 5.2; .NET CLR 1.1.4322)"
131.107.0.112 - - [31/Mar/2009:05:39:53 -0400] "GET /stylesheets/print.css HTTP/1.1" 200 321 "http://edmonton.econsultation.ca/topics/show/2?root=203" "Mozilla/4.0 (compatible; MSIE 7.0; Windows NT 5.2; .NET CLR 1.1.4322)"
131.107.0.112 - - [31/Mar/2009:05:39:53 -0400] "GET /javascripts/base_1223060303.js HTTP/1.1" 200 97264 "http://edmonton.econsultation.ca/topics/show/2?root=203" "Mozilla/4.0 (compatible; MSIE 7.0; Windows NT 5.2; .NET CLR 1.1.4322)"
131.107.0.112 - - [31/Mar/2009:05:39:52 -0400] "GET /stylesheets/base_1223060303.css HTTP/1.1" 200 30554 "http://edmonton.econsultation.ca/topics/show/2?root=203" "Mozilla/4.0 (compatible; MSIE 7.0; Windows NT 5.2; .NET CLR 1.1.4322)"
131.107.0.112 - - [31/Mar/2009:05:39:53 -0400] "GET /stylesheets/redesign_IE.css HTTP/1.1" 200 3138 "http://edmonton.econsultation.ca/topics/show/2?root=203" "Mozilla/4.0 (compatible; MSIE 7.0; Windows NT 5.2; .NET CLR 1.1.4322)"
131.107.0.112 - - [31/Mar/2009:05:39:58 -0400] "POST /talk/mark/203 HTTP/1.1" 201 1 "http://edmonton.econsultation.ca/topics/show/2?root=203#comment_203" "Mozilla/4.0 (compatible; MSIE 7.0; Windows NT 5.2; .NET CLR 1.1.4322)"
65.55.230.224 - - [31/Mar/2009:05:44:01 -0400] "GET /login HTTP/1.1" 200 9684 "-" "msnbot-media/1.1 (+http://search.msn.com/msnbot.htm)"
65.55.230.219 - - [31/Mar/2009:05:45:46 -0400] "GET /login HTTP/1.1" 200 9615 "-" "msnbot-media/1.1 (+http://search.msn.com/msnbot.htm)"
66.249.66.168 - - [31/Mar/2009:07:14:45 -0400] "GET /topics/show/2 HTTP/1.1" 200 342784 "-" "Mozilla/5.0 (compatible; Googlebot/2.1; +http://www.google.com/bot.html)"
65.55.230.224 - - [31/Mar/2009:07:15:58 -0400] "GET /profile/619 HTTP/1.1" 302 99 "-" "msnbot-media/1.1 (+http://search.msn.com/msnbot.htm)"
65.55.230.224 - - [31/Mar/2009:07:17:15 -0400] "GET /topic/5/talk/new?parent_id=98 HTTP/1.1" 302 104 "-" "msnbot-media/1.1 (+http://search.msn.com/msnbot.htm)"
65.55.230.224 - - [31/Mar/2009:07:17:18 -0400] "GET /topic/5/talk/new?parent_id=278 HTTP/1.1" 302 104 "-" "msnbot-media/1.1 (+http://search.msn.com/msnbot.htm)"
65.55.230.224 - - [31/Mar/2009:07:17:20 -0400] "GET /topic/5/talk/new?parent_id=240 HTTP/1.1" 302 104 "-" "msnbot-media/1.1 (+http://search.msn.com/msnbot.htm)"
65.55.230.224 - - [31/Mar/2009:07:17:23 -0400] "GET /topic/5/talk/new?parent_id=37 HTTP/1.1" 302 104 "-" "msnbot-media/1.1 (+http://search.msn.com/msnbot.htm)"
65.55.230.224 - - [31/Mar/2009:07:19:23 -0400] "GET /login HTTP/1.1" 200 9684 "-" "msnbot-media/1.1 (+http://search.msn.com/msnbot.htm)"
65.55.230.224 - - [31/Mar/2009:07:19:24 -0400] "GET /login HTTP/1.1" 200 9684 "-" "msnbot-media/1.1 (+http://search.msn.com/msnbot.htm)"
65.55.230.224 - - [31/Mar/2009:07:19:24 -0400] "GET /login HTTP/1.1" 200 9615 "-" "msnbot-media/1.1 (+http://search.msn.com/msnbot.htm)"
65.55.230.224 - - [31/Mar/2009:07:19:54 -0400] "GET /topic/5/talk/new?parent_id=31 HTTP/1.1" 302 104 "-" "msnbot-media/1.1 (+http://search.msn.com/msnbot.htm)"
65.55.230.224 - - [31/Mar/2009:07:19:57 -0400] "GET /topic/5/talk/new?parent_id=318 HTTP/1.1" 302 104 "-" "msnbot-media/1.1 (+http://search.msn.com/msnbot.htm)"
65.55.230.224 - - [31/Mar/2009:07:20:39 -0400] "GET /topic/5/talk/new?parent_id=237 HTTP/1.1" 302 104 "-" "msnbot-media/1.1 (+http://search.msn.com/msnbot.htm)"
65.55.230.224 - - [31/Mar/2009:07:21:33 -0400] "GET /login HTTP/1.1" 200 9684 "-" "msnbot-media/1.1 (+http://search.msn.com/msnbot.htm)"
65.55.230.224 - - [31/Mar/2009:07:22:08 -0400] "GET /login HTTP/1.1" 200 9684 "-" "msnbot-media/1.1 (+http://search.msn.com/msnbot.htm)"
65.55.230.224 - - [31/Mar/2009:07:22:18 -0400] "GET /login HTTP/1.1" 200 9615 "-" "msnbot-media/1.1 (+http://search.msn.com/msnbot.htm)"
65.55.230.224 - - [31/Mar/2009:07:22:18 -0400] "GET /login HTTP/1.1" 200 9684 "-" "msnbot-media/1.1 (+http://search.msn.com/msnbot.htm)"
66.249.66.168 - - [31/Mar/2009:07:40:26 -0400] "GET /profile/6279 HTTP/1.1" 302 99 "-" "Mozilla/5.0 (compatible; Googlebot/2.1; +http://www.google.com/bot.html)"
66.249.66.168 - - [31/Mar/2009:07:44:51 -0400] "GET /profile/12342 HTTP/1.1" 302 99 "-" "Mozilla/5.0 (compatible; Googlebot/2.1; +http://www.google.com/bot.html)"
65.55.230.224 - - [31/Mar/2009:07:48:15 -0400] "GET /topics/show/5?root=27 HTTP/1.1" 200 312540 "-" "msnbot-media/1.1 (+http://search.msn.com/msnbot.htm)"
66.249.66.168 - - [31/Mar/2009:08:06:01 -0400] "GET /profile/240 HTTP/1.1" 302 99 "-" "Mozilla/5.0 (compatible; Googlebot/2.1; +http://www.google.com/bot.html)"
65.55.230.224 - - [31/Mar/2009:08:16:08 -0400] "GET /profile/1397 HTTP/1.1" 302 99 "-" "msnbot-media/1.1 (+http://search.msn.com/msnbot.htm)"
65.55.230.224 - - [31/Mar/2009:08:16:09 -0400] "GET /profile/1490 HTTP/1.1" 302 99 "-" "msnbot-media/1.1 (+http://search.msn.com/msnbot.htm)"
65.55.230.224 - - [31/Mar/2009:08:16:11 -0400] "GET /topic/5/talk/new?parent_id=249 HTTP/1.1" 302 104 "-" "msnbot-media/1.1 (+http://search.msn.com/msnbot.htm)"
65.55.230.224 - - [31/Mar/2009:08:19:03 -0400] "GET /login HTTP/1.1" 200 9684 "-" "msnbot-media/1.1 (+http://search.msn.com/msnbot.htm)"
65.55.230.224 - - [31/Mar/2009:08:19:55 -0400] "GET /topic/5/talk/new?parent_id=338 HTTP/1.1" 302 104 "-" "msnbot-media/1.1 (+http://search.msn.com/msnbot.htm)"
65.55.230.224 - - [31/Mar/2009:08:20:00 -0400] "GET /topic/5/talk/new?parent_id=89 HTTP/1.1" 302 104 "-" "msnbot-media/1.1 (+http://search.msn.com/msnbot.htm)"
65.55.230.224 - - [31/Mar/2009:08:20:49 -0400] "GET /topic/5/talk/new?parent_id=360 HTTP/1.1" 302 104 "-" "msnbot-media/1.1 (+http://search.msn.com/msnbot.htm)"
65.55.230.224 - - [31/Mar/2009:08:20:50 -0400] "GET /topic/5/talk/new?parent_id=218 HTTP/1.1" 302 104 "-" "msnbot-media/1.1 (+http://search.msn.com/msnbot.htm)"
65.55.230.224 - - [31/Mar/2009:08:20:52 -0400] "GET /topic/5/talk/new?parent_id=323 HTTP/1.1" 302 104 "-" "msnbot-media/1.1 (+http://search.msn.com/msnbot.htm)"
65.55.230.224 - - [31/Mar/2009:08:20:53 -0400] "GET /topic/5/talk/new?parent_id=160 HTTP/1.1" 302 104 "-" "msnbot-media/1.1 (+http://search.msn.com/msnbot.htm)"
65.55.230.224 - - [31/Mar/2009:08:20:53 -0400] "GET /topic/5/talk/new?parent_id=54 HTTP/1.1" 302 104 "-" "msnbot-media/1.1 (+http://search.msn.com/msnbot.htm)"
65.55.230.224 - - [31/Mar/2009:08:21:35 -0400] "GET /topic/5/talk/new?parent_id=363 HTTP/1.1" 302 104 "-" "msnbot-media/1.1 (+http://search.msn.com/msnbot.htm)"
65.55.230.224 - - [31/Mar/2009:08:21:42 -0400] "GET /topic/5/talk/new?parent_id=58 HTTP/1.1" 302 104 "-" "msnbot-media/1.1 (+http://search.msn.com/msnbot.htm)"
65.55.230.224 - - [31/Mar/2009:08:23:55 -0400] "GET /topic/5/talk/new?parent_id=329 HTTP/1.1" 302 104 "-" "msnbot-media/1.1 (+http://search.msn.com/msnbot.htm)"
65.55.230.224 - - [31/Mar/2009:08:23:57 -0400] "GET /topic/2/talk/new?parent_id=75 HTTP/1.1" 302 104 "-" "msnbot-media/1.1 (+http://search.msn.com/msnbot.htm)"
65.55.230.224 - - [31/Mar/2009:08:24:33 -0400] "GET /login HTTP/1.1" 200 9684 "-" "msnbot-media/1.1 (+http://search.msn.com/msnbot.htm)"
65.55.230.224 - - [31/Mar/2009:08:24:42 -0400] "GET /login HTTP/1.1" 200 9684 "-" "msnbot-media/1.1 (+http://search.msn.com/msnbot.htm)"
65.55.210.41 - - [31/Mar/2009:08:24:54 -0400] "GET /robots.txt HTTP/1.1" 200 99 "-" "msnbot/1.1 (+http://search.msn.com/msnbot.htm)"
65.55.210.41 - - [31/Mar/2009:08:24:54 -0400] "GET /topic/3/talk/new?parent_id=92 HTTP/1.1" 302 104 "-" "msnbot/1.1 (+http://search.msn.com/msnbot.htm)"
65.55.230.224 - - [31/Mar/2009:08:25:49 -0400] "GET /login HTTP/1.1" 200 9615 "-" "msnbot-media/1.1 (+http://search.msn.com/msnbot.htm)"
65.55.230.224 - - [31/Mar/2009:08:25:50 -0400] "GET /login HTTP/1.1" 200 9684 "-" "msnbot-media/1.1 (+http://search.msn.com/msnbot.htm)"
65.55.230.224 - - [31/Mar/2009:08:25:56 -0400] "GET /login HTTP/1.1" 200 9684 "-" "msnbot-media/1.1 (+http://search.msn.com/msnbot.htm)"
65.55.230.224 - - [31/Mar/2009:08:26:00 -0400] "GET /login HTTP/1.1" 200 9615 "-" "msnbot-media/1.1 (+http://search.msn.com/msnbot.htm)"
65.55.210.41 - - [31/Mar/2009:08:26:01 -0400] "GET /login HTTP/1.1" 200 9684 "-" "msnbot/1.1 (+http://search.msn.com/msnbot.htm)"
65.55.230.224 - - [31/Mar/2009:08:26:51 -0400] "GET /login HTTP/1.1" 200 9684 "-" "msnbot-media/1.1 (+http://search.msn.com/msnbot.htm)"
65.55.230.224 - - [31/Mar/2009:08:26:55 -0400] "GET /login HTTP/1.1" 200 9684 "-" "msnbot-media/1.1 (+http://search.msn.com/msnbot.htm)"
65.55.230.224 - - [31/Mar/2009:08:28:56 -0400] "GET /login HTTP/1.1" 200 9615 "-" "msnbot-media/1.1 (+http://search.msn.com/msnbot.htm)"
65.55.230.224 - - [31/Mar/2009:08:29:47 -0400] "GET /login HTTP/1.1" 200 9684 "-" "msnbot-media/1.1 (+http://search.msn.com/msnbot.htm)"
65.55.230.224 - - [31/Mar/2009:08:29:49 -0400] "GET /login HTTP/1.1" 200 9684 "-" "msnbot-media/1.1 (+http://search.msn.com/msnbot.htm)"
66.249.66.168 - - [31/Mar/2009:08:31:38 -0400] "GET /profile/518 HTTP/1.1" 200 11483 "-" "Mozilla/5.0 (compatible; Googlebot/2.1; +http://www.google.com/bot.html)"
65.95.0.129 - - [31/Mar/2009:08:35:14 -0400] "GET /rss?lang=en HTTP/1.1" 302 99 "-" "Windows-RSS-Platform/1.0 (MSIE 7.0; Windows NT 5.1)"
65.95.0.129 - - [31/Mar/2009:08:35:14 -0400] "GET / HTTP/1.1" 200 11173 "-" "Windows-RSS-Platform/1.0 (MSIE 7.0; Windows NT 5.1)"
74.6.17.151 - - [31/Mar/2009:08:37:22 -0400] "GET /robots.txt HTTP/1.0" 200 99 "-" "Mozilla/5.0 (compatible; Yahoo! Slurp; http://help.yahoo.com/help/us/ysearch/slurp)"
74.6.17.151 - - [31/Mar/2009:08:37:22 -0400] "GET /privacy_policy HTTP/1.0" 302 99 "-" "Mozilla/5.0 (compatible; Yahoo! Slurp/3.0; http://help.yahoo.com/help/us/ysearch/slurp)"
74.6.17.151 - - [31/Mar/2009:08:37:22 -0400] "GET / HTTP/1.0" 200 11173 "-" "Mozilla/5.0 (compatible; Yahoo! Slurp/3.0; http://help.yahoo.com/help/us/ysearch/slurp)"
74.6.17.151 - - [31/Mar/2009:08:37:23 -0400] "GET /stylesheets/base_1223060303.css HTTP/1.0" 304 - "http://edmonton.econsultation.ca/" "Mozilla/5.0 (compatible; Yahoo! Slurp/3.0; http://help.yahoo.com/help/us/ysearch/slurp)"
74.6.17.151 - - [31/Mar/2009:08:37:23 -0400] "GET /stylesheets/print.css HTTP/1.0" 304 - "http://edmonton.econsultation.ca/" "Mozilla/5.0 (compatible; Yahoo! Slurp/3.0; http://help.yahoo.com/help/us/ysearch/slurp)"
93.190.142.78 - - [31/Mar/2009:08:48:43 -0400] "GET /login+%5BPLM=0%5D%5BR%5D+GET+http://edmonton.econsultation.ca/login+%5B0,5405,9954%5D+-%3E+%5BR%5D+POST+http://edmonton.econsultation.ca/login+%5B0,5373,9922%5D+-%3E+%5BL%5D+POST+http://edmonton.econsultation.ca/login+%5B0,0,9991%5D HTTP/1.0" 500 2349 "http://edmonton.econsultation.ca/login+%5BPLM=0%5D%5BR%5D+GET+http://edmonton.econsultation.ca/login+%5B0,5405,9954%5D+-%3E+%5BR%5D+POST+http://edmonton.econsultation.ca/login+%5B0,5373,9922%5D+-%3E+%5BL%5D+POST+http://edmonton.econsultation.ca/login+%5B0,0,9991%5D" "Opera/9.00 (Windows NT 5.1; U; ru)"
93.190.142.78 - - [31/Mar/2009:08:48:43 -0400] "GET / HTTP/1.0" 200 11173 "http://edmonton.econsultation.ca/" "Opera/9.00 (Windows NT 5.1; U; ru)"
93.190.142.78 - - [31/Mar/2009:08:48:44 -0400] "GET /login HTTP/1.0" 200 9615 "http://edmonton.econsultation.ca/login" "Opera/9.00 (Windows NT 5.1; U; ru)"
93.190.142.78 - - [31/Mar/2009:08:48:47 -0400] "POST /login HTTP/1.0" 200 9721 "http://edmonton.econsultation.ca/login" "Opera/9.00 (Windows NT 5.1; U; ru)"
93.190.142.78 - - [31/Mar/2009:08:48:48 -0400] "GET /login+%5BPLM=0%5D%5BR%5D+GET+http://edmonton.econsultation.ca/login+%5B0,5405,9954%5D+-%3E+%5BR%5D+POST+http://edmonton.econsultation.ca/login+%5B0,5373,9922%5D+-%3E+%5BL%5D+POST+http://edmonton.econsultation.ca/login+%5B0,0,9991%5D HTTP/1.0" 500 2349 "http://edmonton.econsultation.ca/login+%5BPLM=0%5D%5BR%5D+GET+http://edmonton.econsultation.ca/login+%5B0,5405,9954%5D+-%3E+%5BR%5D+POST+http://edmonton.econsultation.ca/login+%5B0,5373,9922%5D+-%3E+%5BL%5D+POST+http://edmonton.econsultation.ca/login+%5B0,0,9991%5D" "Opera/9.00 (Windows NT 5.1; U; ru)"
93.190.142.78 - - [31/Mar/2009:08:48:49 -0400] "POST /login HTTP/1.0" 200 9652 "http://edmonton.econsultation.ca/login+%5BPLM=0%5D%5BR%5D+GET+http://edmonton.econsultation.ca/login+%5B0,5405,9954%5D+-%3E+%5BR%5D+POST+http://edmonton.econsultation.ca/login+%5B0,5373,9922%5D+-%3E+%5BL%5D+POST+http://edmonton.econsultation.ca/login+%5B0,0,9991%5D" "Opera/9.00 (Windows NT 5.1; U; ru)"
66.249.66.168 - - [31/Mar/2009:08:54:56 -0400] "GET /profile/3606 HTTP/1.1" 302 99 "-" "Mozilla/5.0 (compatible; Googlebot/2.1; +http://www.google.com/bot.html)"
66.249.66.168 - - [31/Mar/2009:08:57:19 -0400] "GET /profile/5229 HTTP/1.1" 302 99 "-" "Mozilla/5.0 (compatible; Googlebot/2.1; +http://www.google.com/bot.html)"
66.249.66.168 - - [31/Mar/2009:09:22:56 -0400] "GET /profile/3016 HTTP/1.1" 302 99 "-" "Mozilla/5.0 (compatible; Googlebot/2.1; +http://www.google.com/bot.html)"
65.55.110.36 - - [31/Mar/2009:09:33:29 -0400] "GET /topics/show/3?root=50 HTTP/1.0" 200 269168 "http://search.live.com/results.aspx?q=factors" "Mozilla/4.0 (compatible; MSIE 6.0; Windows NT 5.2; SV1; .NET CLR 1.1.4322)"
65.55.110.36 - - [31/Mar/2009:09:33:43 -0400] "GET /stylesheets/base_1223060303.css HTTP/1.0" 200 30554 "http://edmonton.econsultation.ca/topics/show/3?root=50" "Mozilla/4.0 (compatible; MSIE 6.0; Windows NT 5.2; SV1; .NET CLR 1.1.4322)"
65.55.110.36 - - [31/Mar/2009:09:33:43 -0400] "GET /stylesheets/print.css HTTP/1.0" 200 321 "http://edmonton.econsultation.ca/topics/show/3?root=50" "Mozilla/4.0 (compatible; MSIE 6.0; Windows NT 5.2; SV1; .NET CLR 1.1.4322)"
65.55.110.36 - - [31/Mar/2009:09:33:43 -0400] "GET /javascripts/base_1223060303.js HTTP/1.0" 200 97264 "http://edmonton.econsultation.ca/topics/show/3?root=50" "Mozilla/4.0 (compatible; MSIE 6.0; Windows NT 5.2; SV1; .NET CLR 1.1.4322)"
65.55.110.36 - - [31/Mar/2009:09:33:45 -0400] "GET /stylesheets/redesign_IE.css HTTP/1.0" 200 3138 "http://edmonton.econsultation.ca/topics/show/3?root=50" "Mozilla/4.0 (compatible; MSIE 6.0; Windows NT 5.2; SV1; .NET CLR 1.1.4322)"
65.55.110.36 - - [31/Mar/2009:09:33:54 -0400] "GET /avatars/0000/0001/pic_nik_thumb.jpg?1220557058 HTTP/1.0" 200 5862 "http://edmonton.econsultation.ca/topics/show/3?root=50" "Mozilla/4.0 (compatible; MSIE 6.0; Windows NT 5.2; SV1; .NET CLR 1.1.4322)"
65.55.110.19 - - [31/Mar/2009:09:37:02 -0400] "GET /topic/5/talk/new?parent_id=326 HTTP/1.0" 302 104 "http://search.live.com/results.aspx?q=login" "Mozilla/4.0 (compatible; MSIE 6.0; Windows NT 5.2; SV1; .NET CLR 1.1.4322)"
65.55.110.19 - - [31/Mar/2009:09:37:02 -0400] "GET /login HTTP/1.0" 200 9747 "http://search.live.com/results.aspx?q=login" "Mozilla/4.0 (compatible; MSIE 6.0; Windows NT 5.2; SV1; .NET CLR 1.1.4322)"
65.55.110.19 - - [31/Mar/2009:09:37:04 -0400] "GET /stylesheets/base_1223060303.css HTTP/1.0" 200 30554 "http://edmonton.econsultation.ca/login" "Mozilla/4.0 (compatible; MSIE 6.0; Windows NT 5.2; SV1; .NET CLR 1.1.4322)"
65.55.110.19 - - [31/Mar/2009:09:37:06 -0400] "GET /stylesheets/print.css HTTP/1.0" 200 321 "http://edmonton.econsultation.ca/login" "Mozilla/4.0 (compatible; MSIE 6.0; Windows NT 5.2; SV1; .NET CLR 1.1.4322)"
65.55.110.19 - - [31/Mar/2009:09:37:06 -0400] "GET /javascripts/base_1223060303.js HTTP/1.0" 200 97264 "http://edmonton.econsultation.ca/login" "Mozilla/4.0 (compatible; MSIE 6.0; Windows NT 5.2; SV1; .NET CLR 1.1.4322)"
65.55.110.19 - - [31/Mar/2009:09:37:06 -0400] "GET /stylesheets/redesign_IE.css HTTP/1.0" 200 3138 "http://edmonton.econsultation.ca/login" "Mozilla/4.0 (compatible; MSIE 6.0; Windows NT 5.2; SV1; .NET CLR 1.1.4322)"
66.249.66.168 - - [31/Mar/2009:09:48:33 -0400] "GET /robots.txt HTTP/1.1" 200 99 "-" "Mozilla/5.0 (compatible; Googlebot/2.1; +http://www.google.com/bot.html)"
66.249.66.168 - - [31/Mar/2009:09:48:33 -0400] "GET /topics/show/4?root=36 HTTP/1.1" 200 260598 "-" "Mozilla/5.0 (compatible; Googlebot/2.1; +http://www.google.com/bot.html)"
65.55.210.35 - - [31/Mar/2009:09:58:40 -0400] "GET /robots.txt HTTP/1.1" 200 99 "-" "msnbot/1.1 (+http://search.msn.com/msnbot.htm)"
65.55.210.35 - - [31/Mar/2009:09:58:41 -0400] "GET /profile/365 HTTP/1.1" 302 99 "-" "msnbot/1.1 (+http://search.msn.com/msnbot.htm)"
66.249.66.168 - - [31/Mar/2009:10:39:49 -0400] "GET /topics/show/4?root=32 HTTP/1.1" 200 260598 "-" "Mozilla/5.0 (compatible; Googlebot/2.1; +http://www.google.com/bot.html)"
65.55.210.31 - - [31/Mar/2009:10:46:06 -0400] "GET /robots.txt HTTP/1.1" 200 99 "-" "msnbot/1.1 (+http://search.msn.com/msnbot.htm)"
65.55.210.31 - - [31/Mar/2009:10:46:06 -0400] "GET /profile/2037 HTTP/1.1" 200 12510 "-" "msnbot/1.1 (+http://search.msn.com/msnbot.htm)"
65.55.110.107 - - [31/Mar/2009:10:47:17 -0400] "GET /profile/2037 HTTP/1.0" 302 99 "http://search.live.com/results.aspx?q=register" "Mozilla/4.0 (compatible; MSIE 6.0; Windows NT 5.2; SV1; .NET CLR 1.1.4322)"
65.55.110.107 - - [31/Mar/2009:10:47:17 -0400] "GET / HTTP/1.0" 200 11173 "http://search.live.com/results.aspx?q=register" "Mozilla/4.0 (compatible; MSIE 6.0; Windows NT 5.2; SV1; .NET CLR 1.1.4322)"
65.55.110.107 - - [31/Mar/2009:10:47:19 -0400] "GET /stylesheets/base_1223060303.css HTTP/1.0" 200 30554 "http://edmonton.econsultation.ca/" "Mozilla/4.0 (compatible; MSIE 6.0; Windows NT 5.2; SV1; .NET CLR 1.1.4322)"
65.55.110.107 - - [31/Mar/2009:10:47:20 -0400] "GET /stylesheets/print.css HTTP/1.0" 200 321 "http://edmonton.econsultation.ca/" "Mozilla/4.0 (compatible; MSIE 6.0; Windows NT 5.2; SV1; .NET CLR 1.1.4322)"
65.55.110.107 - - [31/Mar/2009:10:47:20 -0400] "GET /javascripts/base_1223060303.js HTTP/1.0" 200 97264 "http://edmonton.econsultation.ca/" "Mozilla/4.0 (compatible; MSIE 6.0; Windows NT 5.2; SV1; .NET CLR 1.1.4322)"
65.55.110.107 - - [31/Mar/2009:10:47:22 -0400] "GET /stylesheets/redesign_IE.css HTTP/1.0" 200 3138 "http://edmonton.econsultation.ca/" "Mozilla/4.0 (compatible; MSIE 6.0; Windows NT 5.2; SV1; .NET CLR 1.1.4322)"
65.55.210.37 - - [31/Mar/2009:10:49:03 -0400] "GET /profile/4363 HTTP/1.1" 302 99 "-" "msnbot/1.1 (+http://search.msn.com/msnbot.htm)"
65.55.210.36 - - [31/Mar/2009:10:50:03 -0400] "GET /robots.txt HTTP/1.1" 200 99 "-" "msnbot/1.1 (+http://search.msn.com/msnbot.htm)"
65.55.210.36 - - [31/Mar/2009:10:50:03 -0400] "GET /topic/3/talk/new?parent_id=420 HTTP/1.1" 302 104 "-" "msnbot/1.1 (+http://search.msn.com/msnbot.htm)"
65.55.210.36 - - [31/Mar/2009:10:50:04 -0400] "GET /topic/3/talk/new?parent_id=281 HTTP/1.1" 302 104 "-" "msnbot/1.1 (+http://search.msn.com/msnbot.htm)"
65.55.210.31 - - [31/Mar/2009:10:54:28 -0400] "GET /topic/4/talk/new?parent_id=407 HTTP/1.1" 302 104 "-" "msnbot/1.1 (+http://search.msn.com/msnbot.htm)"
65.55.210.31 - - [31/Mar/2009:10:54:28 -0400] "GET /topic/4/talk/new?parent_id=386 HTTP/1.1" 302 104 "-" "msnbot/1.1 (+http://search.msn.com/msnbot.htm)"
65.55.210.31 - - [31/Mar/2009:10:55:42 -0400] "GET /topic/5/talk/new?parent_id=26 HTTP/1.1" 302 104 "-" "msnbot/1.1 (+http://search.msn.com/msnbot.htm)"
65.55.210.31 - - [31/Mar/2009:10:55:42 -0400] "GET /topic/5/talk/new?parent_id=309 HTTP/1.1" 302 104 "-" "msnbot/1.1 (+http://search.msn.com/msnbot.htm)"
65.55.210.31 - - [31/Mar/2009:10:57:20 -0400] "GET /login HTTP/1.1" 200 9615 "-" "msnbot/1.1 (+http://search.msn.com/msnbot.htm)"
65.55.210.31 - - [31/Mar/2009:10:57:21 -0400] "GET /login HTTP/1.1" 200 9684 "-" "msnbot/1.1 (+http://search.msn.com/msnbot.htm)"
65.55.110.143 - - [31/Mar/2009:10:58:23 -0400] "GET /topic/4/talk/new?parent_id=407 HTTP/1.0" 302 104 "http://search.live.com/results.aspx?q=login" "Mozilla/4.0 (compatible; MSIE 6.0; Windows NT 5.2; SV1; .NET CLR 1.1.4322)"
65.55.110.143 - - [31/Mar/2009:10:58:23 -0400] "GET /login HTTP/1.0" 200 9678 "http://search.live.com/results.aspx?q=login" "Mozilla/4.0 (compatible; MSIE 6.0; Windows NT 5.2; SV1; .NET CLR 1.1.4322)"
65.55.110.143 - - [31/Mar/2009:10:58:25 -0400] "GET /stylesheets/base_1223060303.css HTTP/1.0" 200 30554 "http://edmonton.econsultation.ca/login" "Mozilla/4.0 (compatible; MSIE 6.0; Windows NT 5.2; SV1; .NET CLR 1.1.4322)"
65.55.110.143 - - [31/Mar/2009:10:58:25 -0400] "GET /stylesheets/print.css HTTP/1.0" 200 321 "http://edmonton.econsultation.ca/login" "Mozilla/4.0 (compatible; MSIE 6.0; Windows NT 5.2; SV1; .NET CLR 1.1.4322)"
65.55.110.143 - - [31/Mar/2009:10:58:25 -0400] "GET /javascripts/base_1223060303.js HTTP/1.0" 200 97264 "http://edmonton.econsultation.ca/login" "Mozilla/4.0 (compatible; MSIE 6.0; Windows NT 5.2; SV1; .NET CLR 1.1.4322)"
65.55.110.143 - - [31/Mar/2009:10:58:25 -0400] "GET /stylesheets/redesign_IE.css HTTP/1.0" 200 3138 "http://edmonton.econsultation.ca/login" "Mozilla/4.0 (compatible; MSIE 6.0; Windows NT 5.2; SV1; .NET CLR 1.1.4322)"
65.55.210.31 - - [31/Mar/2009:10:59:14 -0400] "GET /login HTTP/1.1" 200 9684 "-" "msnbot/1.1 (+http://search.msn.com/msnbot.htm)"
65.55.210.31 - - [31/Mar/2009:10:59:16 -0400] "GET /topic/2/talk/new?parent_id=350 HTTP/1.1" 302 104 "-" "msnbot/1.1 (+http://search.msn.com/msnbot.htm)"
65.55.210.31 - - [31/Mar/2009:10:59:15 -0400] "GET /login HTTP/1.1" 200 9615 "-" "msnbot/1.1 (+http://search.msn.com/msnbot.htm)"
65.55.210.31 - - [31/Mar/2009:11:01:10 -0400] "GET /login HTTP/1.1" 200 9684 "-" "msnbot/1.1 (+http://search.msn.com/msnbot.htm)"
65.55.109.165 - - [31/Mar/2009:11:01:22 -0400] "GET /topic/5/talk/new?parent_id=309 HTTP/1.0" 302 104 "http://search.live.com/results.aspx?q=login" "Mozilla/4.0 (compatible; MSIE 6.0; Windows NT 5.2; SV1; .NET CLR 1.1.4322)"
65.55.109.165 - - [31/Mar/2009:11:01:22 -0400] "GET /login HTTP/1.0" 200 9678 "http://search.live.com/results.aspx?q=login" "Mozilla/4.0 (compatible; MSIE 6.0; Windows NT 5.2; SV1; .NET CLR 1.1.4322)"
65.55.109.165 - - [31/Mar/2009:11:01:26 -0400] "GET /stylesheets/base_1223060303.css HTTP/1.0" 200 30554 "http://edmonton.econsultation.ca/login" "Mozilla/4.0 (compatible; MSIE 6.0; Windows NT 5.2; SV1; .NET CLR 1.1.4322)"
65.55.109.165 - - [31/Mar/2009:11:01:27 -0400] "GET /stylesheets/print.css HTTP/1.0" 200 321 "http://edmonton.econsultation.ca/login" "Mozilla/4.0 (compatible; MSIE 6.0; Windows NT 5.2; SV1; .NET CLR 1.1.4322)"
65.55.109.165 - - [31/Mar/2009:11:01:27 -0400] "GET /javascripts/base_1223060303.js HTTP/1.0" 200 97264 "http://edmonton.econsultation.ca/login" "Mozilla/4.0 (compatible; MSIE 6.0; Windows NT 5.2; SV1; .NET CLR 1.1.4322)"
65.55.109.165 - - [31/Mar/2009:11:01:29 -0400] "GET /stylesheets/redesign_IE.css HTTP/1.0" 200 3138 "http://edmonton.econsultation.ca/login" "Mozilla/4.0 (compatible; MSIE 6.0; Windows NT 5.2; SV1; .NET CLR 1.1.4322)"
65.55.109.182 - - [31/Mar/2009:11:03:02 -0400] "GET /topic/2/talk/new?parent_id=350 HTTP/1.0" 302 104 "http://search.live.com/results.aspx?q=login" "Mozilla/4.0 (compatible; MSIE 6.0; Windows NT 5.2; SV1; .NET CLR 1.1.4322)"
65.55.109.182 - - [31/Mar/2009:11:03:02 -0400] "GET /login HTTP/1.0" 200 9678 "http://search.live.com/results.aspx?q=login" "Mozilla/4.0 (compatible; MSIE 6.0; Windows NT 5.2; SV1; .NET CLR 1.1.4322)"
65.55.109.182 - - [31/Mar/2009:11:03:05 -0400] "GET /stylesheets/base_1223060303.css HTTP/1.0" 200 30554 "http://edmonton.econsultation.ca/login" "Mozilla/4.0 (compatible; MSIE 6.0; Windows NT 5.2; SV1; .NET CLR 1.1.4322)"
65.55.109.182 - - [31/Mar/2009:11:03:06 -0400] "GET /javascripts/base_1223060303.js HTTP/1.0" 200 97264 "http://edmonton.econsultation.ca/login" "Mozilla/4.0 (compatible; MSIE 6.0; Windows NT 5.2; SV1; .NET CLR 1.1.4322)"
65.55.109.182 - - [31/Mar/2009:11:03:06 -0400] "GET /stylesheets/print.css HTTP/1.0" 200 321 "http://edmonton.econsultation.ca/login" "Mozilla/4.0 (compatible; MSIE 6.0; Windows NT 5.2; SV1; .NET CLR 1.1.4322)"
65.55.109.182 - - [31/Mar/2009:11:03:07 -0400] "GET /stylesheets/redesign_IE.css HTTP/1.0" 200 3138 "http://edmonton.econsultation.ca/login" "Mozilla/4.0 (compatible; MSIE 6.0; Windows NT 5.2; SV1; .NET CLR 1.1.4322)"
65.55.232.35 - - [31/Mar/2009:11:05:03 -0400] "GET /topic/2/talk/new?parent_id=162 HTTP/1.0" 302 104 "http://search.live.com/results.aspx?q=login" "Mozilla/4.0 (compatible; MSIE 6.0; Windows NT 5.2; SV1; .NET CLR 1.1.4322)"
65.55.232.35 - - [31/Mar/2009:11:05:03 -0400] "GET /login HTTP/1.0" 200 9747 "http://search.live.com/results.aspx?q=login" "Mozilla/4.0 (compatible; MSIE 6.0; Windows NT 5.2; SV1; .NET CLR 1.1.4322)"
65.55.232.35 - - [31/Mar/2009:11:05:07 -0400] "GET /stylesheets/base_1223060303.css HTTP/1.0" 200 30554 "http://edmonton.econsultation.ca/login" "Mozilla/4.0 (compatible; MSIE 6.0; Windows NT 5.2; SV1; .NET CLR 1.1.4322)"
65.55.232.35 - - [31/Mar/2009:11:05:08 -0400] "GET /stylesheets/print.css HTTP/1.0" 200 321 "http://edmonton.econsultation.ca/login" "Mozilla/4.0 (compatible; MSIE 6.0; Windows NT 5.2; SV1; .NET CLR 1.1.4322)"
65.55.232.35 - - [31/Mar/2009:11:05:08 -0400] "GET /javascripts/base_1223060303.js HTTP/1.0" 200 97264 "http://edmonton.econsultation.ca/login" "Mozilla/4.0 (compatible; MSIE 6.0; Windows NT 5.2; SV1; .NET CLR 1.1.4322)"
65.55.232.35 - - [31/Mar/2009:11:05:09 -0400] "GET /stylesheets/redesign_IE.css HTTP/1.0" 200 3138 "http://edmonton.econsultation.ca/login" "Mozilla/4.0 (compatible; MSIE 6.0; Windows NT 5.2; SV1; .NET CLR 1.1.4322)"
66.249.66.168 - - [31/Mar/2009:11:05:33 -0400] "GET /topics/show/4?root=25 HTTP/1.1" 200 260598 "-" "Mozilla/5.0 (compatible; Googlebot/2.1; +http://www.google.com/bot.html)"
65.55.210.31 - - [31/Mar/2009:11:07:11 -0400] "GET /topic/5/talk/new?parent_id=72 HTTP/1.1" 302 104 "-" "msnbot/1.1 (+http://search.msn.com/msnbot.htm)"
65.55.210.36 - - [31/Mar/2009:11:08:33 -0400] "GET /login HTTP/1.1" 200 9684 "-" "msnbot/1.1 (+http://search.msn.com/msnbot.htm)"
65.55.210.36 - - [31/Mar/2009:11:08:34 -0400] "GET /login HTTP/1.1" 200 9684 "-" "msnbot/1.1 (+http://search.msn.com/msnbot.htm)"
65.55.109.157 - - [31/Mar/2009:11:08:53 -0400] "GET /topic/3/talk/new?parent_id=281 HTTP/1.0" 302 104 "http://search.live.com/results.aspx?q=login" "Mozilla/4.0 (compatible; MSIE 6.0; Windows NT 5.2; SV1; .NET CLR 1.1.4322)"
65.55.109.157 - - [31/Mar/2009:11:08:54 -0400] "GET /login HTTP/1.0" 200 9747 "http://search.live.com/results.aspx?q=login" "Mozilla/4.0 (compatible; MSIE 6.0; Windows NT 5.2; SV1; .NET CLR 1.1.4322)"
65.55.109.216 - - [31/Mar/2009:11:08:54 -0400] "GET /topic/3/talk/new?parent_id=420 HTTP/1.0" 302 104 "http://search.live.com/results.aspx?q=login" "Mozilla/4.0 (compatible; MSIE 6.0; Windows NT 5.2; SV1; .NET CLR 1.1.4322)"
65.55.109.157 - - [31/Mar/2009:11:08:54 -0400] "GET /stylesheets/base_1223060303.css HTTP/1.0" 200 30554 "http://edmonton.econsultation.ca/login" "Mozilla/4.0 (compatible; MSIE 6.0; Windows NT 5.2; SV1; .NET CLR 1.1.4322)"
65.55.109.157 - - [31/Mar/2009:11:08:55 -0400] "GET /javascripts/base_1223060303.js HTTP/1.0" 200 97264 "http://edmonton.econsultation.ca/login" "Mozilla/4.0 (compatible; MSIE 6.0; Windows NT 5.2; SV1; .NET CLR 1.1.4322)"
65.55.109.157 - - [31/Mar/2009:11:08:55 -0400] "GET /stylesheets/print.css HTTP/1.0" 200 321 "http://edmonton.econsultation.ca/login" "Mozilla/4.0 (compatible; MSIE 6.0; Windows NT 5.2; SV1; .NET CLR 1.1.4322)"
65.55.109.216 - - [31/Mar/2009:11:08:54 -0400] "GET /login HTTP/1.0" 200 9678 "http://search.live.com/results.aspx?q=login" "Mozilla/4.0 (compatible; MSIE 6.0; Windows NT 5.2; SV1; .NET CLR 1.1.4322)"
65.55.109.157 - - [31/Mar/2009:11:08:55 -0400] "GET /stylesheets/redesign_IE.css HTTP/1.0" 200 3138 "http://edmonton.econsultation.ca/login" "Mozilla/4.0 (compatible; MSIE 6.0; Windows NT 5.2; SV1; .NET CLR 1.1.4322)"
65.55.109.216 - - [31/Mar/2009:11:08:56 -0400] "GET /stylesheets/base_1223060303.css HTTP/1.0" 200 30554 "http://edmonton.econsultation.ca/login" "Mozilla/4.0 (compatible; MSIE 6.0; Windows NT 5.2; SV1; .NET CLR 1.1.4322)"
65.55.109.216 - - [31/Mar/2009:11:08:57 -0400] "GET /stylesheets/print.css HTTP/1.0" 200 321 "http://edmonton.econsultation.ca/login" "Mozilla/4.0 (compatible; MSIE 6.0; Windows NT 5.2; SV1; .NET CLR 1.1.4322)"
65.55.109.216 - - [31/Mar/2009:11:08:57 -0400] "GET /javascripts/base_1223060303.js HTTP/1.0" 200 97264 "http://edmonton.econsultation.ca/login" "Mozilla/4.0 (compatible; MSIE 6.0; Windows NT 5.2; SV1; .NET CLR 1.1.4322)"
65.55.109.216 - - [31/Mar/2009:11:08:58 -0400] "GET /stylesheets/redesign_IE.css HTTP/1.0" 200 3138 "http://edmonton.econsultation.ca/login" "Mozilla/4.0 (compatible; MSIE 6.0; Windows NT 5.2; SV1; .NET CLR 1.1.4322)"
65.55.210.31 - - [31/Mar/2009:11:09:44 -0400] "GET /login HTTP/1.1" 200 9615 "-" "msnbot/1.1 (+http://search.msn.com/msnbot.htm)"
65.55.210.32 - - [31/Mar/2009:11:15:44 -0400] "GET /robots.txt HTTP/1.1" 200 99 "-" "msnbot/1.1 (+http://search.msn.com/msnbot.htm)"
65.55.210.32 - - [31/Mar/2009:11:15:44 -0400] "GET /topic/2/talk/new?parent_id=489 HTTP/1.1" 302 104 "-" "msnbot/1.1 (+http://search.msn.com/msnbot.htm)"
65.55.210.32 - - [31/Mar/2009:11:18:32 -0400] "GET /login HTTP/1.1" 200 9684 "-" "msnbot/1.1 (+http://search.msn.com/msnbot.htm)"
65.55.109.53 - - [31/Mar/2009:11:22:42 -0400] "GET /topic/2/talk/new?parent_id=489 HTTP/1.0" 302 104 "http://search.live.com/results.aspx?q=login" "Mozilla/4.0 (compatible; MSIE 6.0; Windows NT 5.2; SV1; .NET CLR 1.1.4322)"
65.55.109.53 - - [31/Mar/2009:11:22:42 -0400] "GET /login HTTP/1.0" 200 9747 "http://search.live.com/results.aspx?q=login" "Mozilla/4.0 (compatible; MSIE 6.0; Windows NT 5.2; SV1; .NET CLR 1.1.4322)"
65.55.109.53 - - [31/Mar/2009:11:22:45 -0400] "GET /stylesheets/base_1223060303.css HTTP/1.0" 200 30554 "http://edmonton.econsultation.ca/login" "Mozilla/4.0 (compatible; MSIE 6.0; Windows NT 5.2; SV1; .NET CLR 1.1.4322)"
65.55.109.53 - - [31/Mar/2009:11:22:48 -0400] "GET /stylesheets/print.css HTTP/1.0" 200 321 "http://edmonton.econsultation.ca/login" "Mozilla/4.0 (compatible; MSIE 6.0; Windows NT 5.2; SV1; .NET CLR 1.1.4322)"
65.55.109.53 - - [31/Mar/2009:11:22:48 -0400] "GET /javascripts/base_1223060303.js HTTP/1.0" 200 97264 "http://edmonton.econsultation.ca/login" "Mozilla/4.0 (compatible; MSIE 6.0; Windows NT 5.2; SV1; .NET CLR 1.1.4322)"
65.55.109.53 - - [31/Mar/2009:11:22:49 -0400] "GET /stylesheets/redesign_IE.css HTTP/1.0" 200 3138 "http://edmonton.econsultation.ca/login" "Mozilla/4.0 (compatible; MSIE 6.0; Windows NT 5.2; SV1; .NET CLR 1.1.4322)"
65.55.210.22 - - [31/Mar/2009:11:28:37 -0400] "GET /robots.txt HTTP/1.1" 200 99 "-" "msnbot/1.1 (+http://search.msn.com/msnbot.htm)"
65.55.210.22 - - [31/Mar/2009:11:28:37 -0400] "GET /topic/5/talk/new?parent_id=42 HTTP/1.1" 302 104 "-" "msnbot/1.1 (+http://search.msn.com/msnbot.htm)"
65.55.210.22 - - [31/Mar/2009:11:29:51 -0400] "GET /login HTTP/1.1" 200 9615 "-" "msnbot/1.1 (+http://search.msn.com/msnbot.htm)"
66.249.66.168 - - [31/Mar/2009:11:31:05 -0400] "GET /topics/show/4?root=480 HTTP/1.1" 200 260598 "-" "Mozilla/5.0 (compatible; Googlebot/2.1; +http://www.google.com/bot.html)"
65.55.110.107 - - [31/Mar/2009:11:35:09 -0400] "GET /topic/5/talk/new?parent_id=42 HTTP/1.0" 302 104 "http://search.live.com/results.aspx?q=login" "Mozilla/4.0 (compatible; MSIE 6.0; Windows NT 5.2; SV1; .NET CLR 1.1.4322)"
65.55.110.107 - - [31/Mar/2009:11:35:10 -0400] "GET /login HTTP/1.0" 200 9747 "http://search.live.com/results.aspx?q=login" "Mozilla/4.0 (compatible; MSIE 6.0; Windows NT 5.2; SV1; .NET CLR 1.1.4322)"
65.55.110.107 - - [31/Mar/2009:11:35:11 -0400] "GET /stylesheets/base_1223060303.css HTTP/1.0" 200 30554 "http://edmonton.econsultation.ca/login" "Mozilla/4.0 (compatible; MSIE 6.0; Windows NT 5.2; SV1; .NET CLR 1.1.4322)"
65.55.110.107 - - [31/Mar/2009:11:35:12 -0400] "GET /stylesheets/print.css HTTP/1.0" 200 321 "http://edmonton.econsultation.ca/login" "Mozilla/4.0 (compatible; MSIE 6.0; Windows NT 5.2; SV1; .NET CLR 1.1.4322)"
65.55.110.107 - - [31/Mar/2009:11:35:12 -0400] "GET /javascripts/base_1223060303.js HTTP/1.0" 200 97264 "http://edmonton.econsultation.ca/login" "Mozilla/4.0 (compatible; MSIE 6.0; Windows NT 5.2; SV1; .NET CLR 1.1.4322)"
65.55.110.107 - - [31/Mar/2009:11:35:13 -0400] "GET /stylesheets/redesign_IE.css HTTP/1.0" 200 3138 "http://edmonton.econsultation.ca/login" "Mozilla/4.0 (compatible; MSIE 6.0; Windows NT 5.2; SV1; .NET CLR 1.1.4322)"
65.55.210.36 - - [31/Mar/2009:11:37:18 -0400] "GET /topic/2/talk/new?parent_id=96 HTTP/1.1" 302 104 "-" "msnbot/1.1 (+http://search.msn.com/msnbot.htm)"
65.55.210.36 - - [31/Mar/2009:11:40:08 -0400] "GET /login HTTP/1.1" 200 9684 "-" "msnbot/1.1 (+http://search.msn.com/msnbot.htm)"
65.55.210.31 - - [31/Mar/2009:12:01:16 -0400] "GET /profile/3282 HTTP/1.1" 302 99 "-" "msnbot/1.1 (+http://search.msn.com/msnbot.htm)"
66.249.66.168 - - [31/Mar/2009:12:22:21 -0400] "GET /topics/show/4?root=347 HTTP/1.1" 200 260598 "-" "Mozilla/5.0 (compatible; Googlebot/2.1; +http://www.google.com/bot.html)"
66.249.66.168 - - [31/Mar/2009:12:26:22 -0400] "GET /profile/1284 HTTP/1.1" 302 99 "-" "Mozilla/5.0 (compatible; Googlebot/2.1; +http://www.google.com/bot.html)"
65.55.210.35 - - [31/Mar/2009:12:27:58 -0400] "GET /topic/4/talk/new?parent_id=63 HTTP/1.1" 302 104 "-" "msnbot/1.1 (+http://search.msn.com/msnbot.htm)"
65.55.210.35 - - [31/Mar/2009:12:33:47 -0400] "GET /login HTTP/1.1" 200 9684 "-" "msnbot/1.1 (+http://search.msn.com/msnbot.htm)"
65.55.109.49 - - [31/Mar/2009:12:35:05 -0400] "GET /topic/4/talk/new?parent_id=63 HTTP/1.0" 302 104 "http://search.live.com/results.aspx?q=login" "Mozilla/4.0 (compatible; MSIE 6.0; Windows NT 5.2; SV1; .NET CLR 1.1.4322)"
65.55.109.49 - - [31/Mar/2009:12:35:06 -0400] "GET /login HTTP/1.0" 200 9747 "http://search.live.com/results.aspx?q=login" "Mozilla/4.0 (compatible; MSIE 6.0; Windows NT 5.2; SV1; .NET CLR 1.1.4322)"
65.55.109.49 - - [31/Mar/2009:12:35:10 -0400] "GET /stylesheets/base_1223060303.css HTTP/1.0" 200 30554 "http://edmonton.econsultation.ca/login" "Mozilla/4.0 (compatible; MSIE 6.0; Windows NT 5.2; SV1; .NET CLR 1.1.4322)"
65.55.109.49 - - [31/Mar/2009:12:35:10 -0400] "GET /javascripts/base_1223060303.js HTTP/1.0" 200 97264 "http://edmonton.econsultation.ca/login" "Mozilla/4.0 (compatible; MSIE 6.0; Windows NT 5.2; SV1; .NET CLR 1.1.4322)"
65.55.109.49 - - [31/Mar/2009:12:35:10 -0400] "GET /stylesheets/print.css HTTP/1.0" 200 321 "http://edmonton.econsultation.ca/login" "Mozilla/4.0 (compatible; MSIE 6.0; Windows NT 5.2; SV1; .NET CLR 1.1.4322)"
65.55.109.49 - - [31/Mar/2009:12:35:10 -0400] "GET /stylesheets/redesign_IE.css HTTP/1.0" 200 3138 "http://edmonton.econsultation.ca/login" "Mozilla/4.0 (compatible; MSIE 6.0; Windows NT 5.2; SV1; .NET CLR 1.1.4322)"
207.229.33.212 - - [31/Mar/2009:12:38:50 -0400] "GET / HTTP/1.1" 200 11173 "http://www.google.ca/search?q=edmonton+lrt&btnG=Search&hl=en&sa=2" "Mozilla/5.0 (Windows; U; Windows NT 6.0; en-US; rv:1.9.0.8) Gecko/2009032609 Firefox/3.0.8 (.NET CLR 3.5.30729)"
207.229.33.212 - - [31/Mar/2009:12:38:51 -0400] "GET /stylesheets/print.css HTTP/1.1" 200 321 "http://edmonton.econsultation.ca/" "Mozilla/5.0 (Windows; U; Windows NT 6.0; en-US; rv:1.9.0.8) Gecko/2009032609 Firefox/3.0.8 (.NET CLR 3.5.30729)"
207.229.33.212 - - [31/Mar/2009:12:38:51 -0400] "GET /stylesheets/base_1223060303.css HTTP/1.1" 200 30554 "http://edmonton.econsultation.ca/" "Mozilla/5.0 (Windows; U; Windows NT 6.0; en-US; rv:1.9.0.8) Gecko/2009032609 Firefox/3.0.8 (.NET CLR 3.5.30729)"
207.229.33.212 - - [31/Mar/2009:12:38:51 -0400] "GET /javascripts/base_1223060303.js HTTP/1.1" 200 97264 "http://edmonton.econsultation.ca/" "Mozilla/5.0 (Windows; U; Windows NT 6.0; en-US; rv:1.9.0.8) Gecko/2009032609 Firefox/3.0.8 (.NET CLR 3.5.30729)"
207.229.33.212 - - [31/Mar/2009:12:38:52 -0400] "GET /images/star.png HTTP/1.1" 200 795 "http://edmonton.econsultation.ca/" "Mozilla/5.0 (Windows; U; Windows NT 6.0; en-US; rv:1.9.0.8) Gecko/2009032609 Firefox/3.0.8 (.NET CLR 3.5.30729)"
207.229.33.212 - - [31/Mar/2009:12:38:52 -0400] "GET /images/error.png HTTP/1.1" 200 737 "http://edmonton.econsultation.ca/stylesheets/base_1223060303.css" "Mozilla/5.0 (Windows; U; Windows NT 6.0; en-US; rv:1.9.0.8) Gecko/2009032609 Firefox/3.0.8 (.NET CLR 3.5.30729)"
207.229.33.212 - - [31/Mar/2009:12:38:52 -0400] "GET /images/nanos_icon_23.png HTTP/1.1" 200 4797 "http://edmonton.econsultation.ca/" "Mozilla/5.0 (Windows; U; Windows NT 6.0; en-US; rv:1.9.0.8) Gecko/2009032609 Firefox/3.0.8 (.NET CLR 3.5.30729)"
207.229.33.212 - - [31/Mar/2009:12:38:52 -0400] "GET /images/bg_title.jpg HTTP/1.1" 200 540 "http://edmonton.econsultation.ca/stylesheets/base_1223060303.css" "Mozilla/5.0 (Windows; U; Windows NT 6.0; en-US; rv:1.9.0.8) Gecko/2009032609 Firefox/3.0.8 (.NET CLR 3.5.30729)"
207.229.33.212 - - [31/Mar/2009:12:38:52 -0400] "GET /images/feed-icon-14x14.png HTTP/1.1" 200 689 "http://edmonton.econsultation.ca/" "Mozilla/5.0 (Windows; U; Windows NT 6.0; en-US; rv:1.9.0.8) Gecko/2009032609 Firefox/3.0.8 (.NET CLR 3.5.30729)"
207.229.33.212 - - [31/Mar/2009:12:38:52 -0400] "GET /images/topNav_endCurve.png HTTP/1.1" 200 433 "http://edmonton.econsultation.ca/stylesheets/base_1223060303.css" "Mozilla/5.0 (Windows; U; Windows NT 6.0; en-US; rv:1.9.0.8) Gecko/2009032609 Firefox/3.0.8 (.NET CLR 3.5.30729)"
207.229.33.212 - - [31/Mar/2009:12:38:52 -0400] "GET /images/bg_bannerGradient.jpg HTTP/1.1" 200 13144 "http://edmonton.econsultation.ca/stylesheets/base_1223060303.css" "Mozilla/5.0 (Windows; U; Windows NT 6.0; en-US; rv:1.9.0.8) Gecko/2009032609 Firefox/3.0.8 (.NET CLR 3.5.30729)"
207.229.33.212 - - [31/Mar/2009:12:38:52 -0400] "GET /images/bg_banner.jpg HTTP/1.1" 200 14517 "http://edmonton.econsultation.ca/stylesheets/base_1223060303.css" "Mozilla/5.0 (Windows; U; Windows NT 6.0; en-US; rv:1.9.0.8) Gecko/2009032609 Firefox/3.0.8 (.NET CLR 3.5.30729)"
207.229.33.212 - - [31/Mar/2009:12:38:53 -0400] "GET /favicon.ico HTTP/1.1" 200 - "-" "Mozilla/5.0 (Windows; U; Windows NT 6.0; en-US; rv:1.9.0.8) Gecko/2009032609 Firefox/3.0.8 (.NET CLR 3.5.30729)"
207.229.33.212 - - [31/Mar/2009:12:41:57 -0400] "GET /images/topNav_endCurve_black.png HTTP/1.1" 200 447 "http://edmonton.econsultation.ca/stylesheets/base_1223060303.css" "Mozilla/5.0 (Windows; U; Windows NT 6.0; en-US; rv:1.9.0.8) Gecko/2009032609 Firefox/3.0.8 (.NET CLR 3.5.30729)"
66.249.66.168 - - [31/Mar/2009:12:48:02 -0400] "GET /topics/show/3?root=226 HTTP/1.1" 200 266448 "-" "Mozilla/5.0 (compatible; Googlebot/2.1; +http://www.google.com/bot.html)"
65.95.0.129 - - [31/Mar/2009:13:06:29 -0400] "GET /rss?lang=en HTTP/1.1" 302 99 "-" "Windows-RSS-Platform/1.0 (MSIE 7.0; Windows NT 5.1)"
65.95.0.129 - - [31/Mar/2009:13:06:30 -0400] "GET / HTTP/1.1" 200 11173 "-" "Windows-RSS-Platform/1.0 (MSIE 7.0; Windows NT 5.1)"
65.55.210.35 - - [31/Mar/2009:13:23:43 -0400] "GET /profile/2628 HTTP/1.1" 302 99 "-" "msnbot/1.1 (+http://search.msn.com/msnbot.htm)"
65.55.210.32 - - [31/Mar/2009:13:23:58 -0400] "GET /topic/3/talk/new?parent_id=384 HTTP/1.1" 302 104 "-" "msnbot/1.1 (+http://search.msn.com/msnbot.htm)"
65.55.210.32 - - [31/Mar/2009:13:25:51 -0400] "GET /login HTTP/1.1" 200 9684 "-" "msnbot/1.1 (+http://search.msn.com/msnbot.htm)"
78.41.158.54 - - [31/Mar/2009:13:27:17 -0400] "GET /robots.txt HTTP/1.0" 200 99 "-" "HouxouCrawler/Nutch-0.9 (houxou.com's nutch-based crawler which serves special interest on-line communities; http://www.houxou.com/crawler; crawler at houxou dot com)"
78.41.158.54 - - [31/Mar/2009:13:27:17 -0400] "GET /topics/show/3?root=157 HTTP/1.0" 200 15580 "-" "HouxouCrawler/Nutch-0.9 (houxou.com's nutch-based crawler which serves special interest on-line communities; http://www.houxou.com/crawler; crawler at houxou dot com)"
66.249.66.168 - - [31/Mar/2009:13:36:49 -0400] "GET /profile/2602 HTTP/1.1" 302 99 "-" "Mozilla/5.0 (compatible; Googlebot/2.1; +http://www.google.com/bot.html)"
66.249.66.168 - - [31/Mar/2009:13:39:20 -0400] "GET /topics/show/3?root=66 HTTP/1.1" 200 266448 "-" "Mozilla/5.0 (compatible; Googlebot/2.1; +http://www.google.com/bot.html)"
78.41.158.54 - - [31/Mar/2009:13:42:28 -0400] "GET /topics/show/3?root=165 HTTP/1.0" 200 127580 "-" "HouxouCrawler/Nutch-0.9 (houxou.com's nutch-based crawler which serves special interest on-line communities; http://www.houxou.com/crawler; crawler at houxou dot com)"
162.106.6.3 - - [31/Mar/2009:13:50:32 -0400] "GET /images/error.png HTTP/1.1" 304 - "-" "Mozilla/4.0 (compatible;)"
65.55.210.38 - - [31/Mar/2009:13:59:29 -0400] "GET /robots.txt HTTP/1.1" 200 99 "-" "msnbot/1.1 (+http://search.msn.com/msnbot.htm)"
65.55.210.38 - - [31/Mar/2009:13:59:29 -0400] "GET /topic/2/talk/new?parent_id=311 HTTP/1.1" 302 104 "-" "msnbot/1.1 (+http://search.msn.com/msnbot.htm)"
