198.103.61.2 - - [31/Mar/2009:07:59:59 -0400] "GET /stylesheets/base_1238427290.css HTTP/1.1" 200 30105 "http://pratiquesfsi.econsultation.ca/topics/show/9" "Mozilla/4.0 (compatible; MSIE 6.0; Windows NT 5.0; .NET CLR 1.1.4322; .NET CLR 2.0.50727)"
198.103.61.2 - - [31/Mar/2009:07:59:59 -0400] "GET /stylesheets/redesign_IE.css HTTP/1.1" 200 4221 "http://pratiquesfsi.econsultation.ca/topics/show/9" "Mozilla/4.0 (compatible; MSIE 6.0; Windows NT 5.0; .NET CLR 1.1.4322; .NET CLR 2.0.50727)"
198.103.61.2 - - [31/Mar/2009:07:59:59 -0400] "GET /javascripts/base_1238187983.js HTTP/1.1" 200 97264 "http://pratiquesfsi.econsultation.ca/topics/show/9" "Mozilla/4.0 (compatible; MSIE 6.0; Windows NT 5.0; .NET CLR 1.1.4322; .NET CLR 2.0.50727)"
198.103.61.2 - - [31/Mar/2009:08:00:00 -0400] "GET /images/feed-icon-14x14.png HTTP/1.1" 200 689 "http://pratiquesfsi.econsultation.ca/topics/show/9" "Mozilla/4.0 (compatible; MSIE 6.0; Windows NT 5.0; .NET CLR 1.1.4322; .NET CLR 2.0.50727)"
198.103.61.2 - - [31/Mar/2009:08:00:00 -0400] "GET /images/search_go_1.jpg HTTP/1.1" 200 665 "http://pratiquesfsi.econsultation.ca/topics/show/9" "Mozilla/4.0 (compatible; MSIE 6.0; Windows NT 5.0; .NET CLR 1.1.4322; .NET CLR 2.0.50727)"
198.103.61.2 - - [31/Mar/2009:08:00:00 -0400] "GET /images/topNav_endCurve.png HTTP/1.1" 200 433 "-" "Mozilla/4.0 (compatible; MSIE 6.0; Windows NT 5.0; .NET CLR 1.1.4322; .NET CLR 2.0.50727)"
198.103.61.2 - - [31/Mar/2009:08:00:00 -0400] "GET /images/comment_bw.png HTTP/1.1" 200 384 "http://pratiquesfsi.econsultation.ca/topics/show/9" "Mozilla/4.0 (compatible; MSIE 6.0; Windows NT 5.0; .NET CLR 1.1.4322; .NET CLR 2.0.50727)"
198.103.61.2 - - [31/Mar/2009:08:00:00 -0400] "GET /images/nanos_icon_23.png HTTP/1.1" 200 4797 "http://pratiquesfsi.econsultation.ca/topics/show/9" "Mozilla/4.0 (compatible; MSIE 6.0; Windows NT 5.0; .NET CLR 1.1.4322; .NET CLR 2.0.50727)"
198.103.61.2 - - [31/Mar/2009:08:00:00 -0400] "GET /images/CRTC_2_1300px.jpg HTTP/1.1" 200 72085 "http://pratiquesfsi.econsultation.ca/topics/show/9" "Mozilla/4.0 (compatible; MSIE 6.0; Windows NT 5.0; .NET CLR 1.1.4322; .NET CLR 2.0.50727)"
198.103.61.2 - - [31/Mar/2009:08:00:00 -0400] "GET /avatars/0000/0001/pic_nik_thumb.jpg?1237573168 HTTP/1.1" 200 5862 "http://pratiquesfsi.econsultation.ca/topics/show/9" "Mozilla/4.0 (compatible; MSIE 6.0; Windows NT 5.0; .NET CLR 1.1.4322; .NET CLR 2.0.50727)"
198.103.61.2 - - [31/Mar/2009:08:00:00 -0400] "GET /images/arrows.png HTTP/1.1" 200 216 "http://pratiquesfsi.econsultation.ca/topics/show/9" "Mozilla/4.0 (compatible; MSIE 6.0; Windows NT 5.0; .NET CLR 1.1.4322; .NET CLR 2.0.50727)"
198.103.61.2 - - [31/Mar/2009:08:00:07 -0400] "GET /topics/show/6 HTTP/1.1" 200 14212 "http://pratiquesfsi.econsultation.ca/topics/show/9" "Mozilla/4.0 (compatible; MSIE 6.0; Windows NT 5.0; .NET CLR 1.1.4322; .NET CLR 2.0.50727)"
198.103.61.2 - - [31/Mar/2009:08:00:12 -0400] "GET /topics/show/7 HTTP/1.1" 200 14409 "http://pratiquesfsi.econsultation.ca/topics/show/6" "Mozilla/4.0 (compatible; MSIE 6.0; Windows NT 5.0; .NET CLR 1.1.4322; .NET CLR 2.0.50727)"
198.103.61.2 - - [31/Mar/2009:08:00:17 -0400] "GET /topics/show/8 HTTP/1.1" 200 13670 "http://pratiquesfsi.econsultation.ca/topics/show/7" "Mozilla/4.0 (compatible; MSIE 6.0; Windows NT 5.0; .NET CLR 1.1.4322; .NET CLR 2.0.50727)"
198.103.61.2 - - [31/Mar/2009:08:00:20 -0400] "GET /topics/show/9 HTTP/1.1" 200 16264 "http://pratiquesfsi.econsultation.ca/topics/show/8" "Mozilla/4.0 (compatible; MSIE 6.0; Windows NT 5.0; .NET CLR 1.1.4322; .NET CLR 2.0.50727)"
72.44.48.91 - - [31/Mar/2009:08:00:22 -0400] "GET /myiog/lib/authenticated_system.rb HTTP/1.0" 500 2349 "-" "SimilarPages/Nutch-1.0-dev (SimilarPages Nutch Crawler; http://www.similarpages.com; info@similarpages.com)"
198.103.61.2 - - [31/Mar/2009:08:00:24 -0400] "GET /topics/show/10 HTTP/1.1" 200 15541 "http://pratiquesfsi.econsultation.ca/topics/show/9" "Mozilla/4.0 (compatible; MSIE 6.0; Windows NT 5.0; .NET CLR 1.1.4322; .NET CLR 2.0.50727)"
72.44.48.91 - - [31/Mar/2009:08:00:25 -0400] "GET /myiog/private/1/?S=A HTTP/1.0" 500 2349 "-" "SimilarPages/Nutch-1.0-dev (SimilarPages Nutch Crawler; http://www.similarpages.com; info@similarpages.com)"
72.44.48.91 - - [31/Mar/2009:08:00:26 -0400] "GET /junebug/log/production.log HTTP/1.0" 500 2349 "-" "SimilarPages/Nutch-1.0-dev (SimilarPages Nutch Crawler; http://www.similarpages.com; info@similarpages.com)"
198.103.61.2 - - [31/Mar/2009:08:00:30 -0400] "GET /topics/show/11 HTTP/1.1" 200 13938 "http://pratiquesfsi.econsultation.ca/topics/show/10" "Mozilla/4.0 (compatible; MSIE 6.0; Windows NT 5.0; .NET CLR 1.1.4322; .NET CLR 2.0.50727)"
72.44.48.91 - - [31/Mar/2009:08:00:31 -0400] "GET /myiog/lib/?S=A HTTP/1.0" 500 2349 "-" "SimilarPages/Nutch-1.0-dev (SimilarPages Nutch Crawler; http://www.similarpages.com; info@similarpages.com)"
72.44.48.91 - - [31/Mar/2009:08:00:34 -0400] "GET /myiog/app/?M=A HTTP/1.0" 500 2349 "-" "SimilarPages/Nutch-1.0-dev (SimilarPages Nutch Crawler; http://www.similarpages.com; info@similarpages.com)"
198.103.61.2 - - [31/Mar/2009:08:00:40 -0400] "GET /topics/show/11 HTTP/1.1" 200 13262 "http://isppractices.econsultation.ca/topics/show/8" "Mozilla/5.0 (Windows; U; Windows NT 5.0; en-GB; rv:1.9.0.8) Gecko/2009032609 Firefox/3.0.8"
198.103.61.2 - - [31/Mar/2009:08:00:44 -0400] "GET /viewer/index/69 HTTP/1.1" 200 645 "http://isppractices.econsultation.ca/topics/show/11" "Mozilla/5.0 (Windows; U; Windows NT 5.0; en-GB; rv:1.9.0.8) Gecko/2009032609 Firefox/3.0.8"
198.103.61.2 - - [31/Mar/2009:08:00:44 -0400] "GET /viewer/header/69 HTTP/1.1" 200 1685 "http://isppractices.econsultation.ca/viewer/index/69" "Mozilla/5.0 (Windows; U; Windows NT 5.0; en-GB; rv:1.9.0.8) Gecko/2009032609 Firefox/3.0.8"
198.103.61.2 - - [31/Mar/2009:08:00:44 -0400] "GET /stylesheets/ses.css HTTP/1.1" 304 - "http://isppractices.econsultation.ca/viewer/header/69" "Mozilla/5.0 (Windows; U; Windows NT 5.0; en-GB; rv:1.9.0.8) Gecko/2009032609 Firefox/3.0.8"
198.103.61.2 - - [31/Mar/2009:08:00:45 -0400] "GET /javascripts/application.js HTTP/1.1" 304 - "http://isppractices.econsultation.ca/viewer/header/69" "Mozilla/5.0 (Windows; U; Windows NT 5.0; en-GB; rv:1.9.0.8) Gecko/2009032609 Firefox/3.0.8"
72.44.48.91 - - [31/Mar/2009:08:01:14 -0400] "GET /myiog/vendor/?N=D HTTP/1.0" 500 2349 "-" "SimilarPages/Nutch-1.0-dev (SimilarPages Nutch Crawler; http://www.similarpages.com; info@similarpages.com)"
72.44.48.91 - - [31/Mar/2009:08:01:24 -0400] "GET /junebug/lib/?N=D HTTP/1.0" 500 2349 "-" "SimilarPages/Nutch-1.0-dev (SimilarPages Nutch Crawler; http://www.similarpages.com; info@similarpages.com)"
198.103.61.2 - - [31/Mar/2009:08:02:37 -0400] "GET / HTTP/1.1" 200 12202 "http://isppractices.econsultation.ca/topics/show/11" "Mozilla/5.0 (Windows; U; Windows NT 5.0; en-GB; rv:1.9.0.8) Gecko/2009032609 Firefox/3.0.8"
72.44.48.91 - - [31/Mar/2009:08:02:38 -0400] "GET /junebug/sphinx/development/ HTTP/1.0" 500 2349 "-" "SimilarPages/Nutch-1.0-dev (SimilarPages Nutch Crawler; http://www.similarpages.com; info@similarpages.com)"
72.44.48.91 - - [31/Mar/2009:08:02:42 -0400] "GET /junebug/sphinx/?N=D HTTP/1.0" 500 2349 "-" "SimilarPages/Nutch-1.0-dev (SimilarPages Nutch Crawler; http://www.similarpages.com; info@similarpages.com)"
198.103.61.2 - - [31/Mar/2009:08:02:47 -0400] "POST /login HTTP/1.1" 200 10221 "http://isppractices.econsultation.ca/" "Mozilla/5.0 (Windows; U; Windows NT 5.0; en-GB; rv:1.9.0.8) Gecko/2009032609 Firefox/3.0.8"
198.103.61.2 - - [31/Mar/2009:08:03:00 -0400] "GET /topics/show/6 HTTP/1.1" 200 13736 "http://isppractices.econsultation.ca/login" "Mozilla/5.0 (Windows; U; Windows NT 5.0; en-GB; rv:1.9.0.8) Gecko/2009032609 Firefox/3.0.8"
198.103.61.2 - - [31/Mar/2009:08:03:02 -0400] "GET /topics/show/7 HTTP/1.1" 200 13628 "http://isppractices.econsultation.ca/topics/show/6" "Mozilla/5.0 (Windows; U; Windows NT 5.0; en-GB; rv:1.9.0.8) Gecko/2009032609 Firefox/3.0.8"
72.44.48.91 - - [31/Mar/2009:08:03:31 -0400] "GET /myiog/lib/?M=A HTTP/1.0" 500 2349 "-" "SimilarPages/Nutch-1.0-dev (SimilarPages Nutch Crawler; http://www.similarpages.com; info@similarpages.com)"
198.103.61.2 - - [31/Mar/2009:08:03:44 -0400] "GET /images/topNav_endCurve_black.png HTTP/1.1" 200 447 "http://isppractices.econsultation.ca/stylesheets/base_1238427290.css" "Mozilla/5.0 (Windows; U; Windows NT 5.0; en-GB; rv:1.9.0.8) Gecko/2009032609 Firefox/3.0.8"
198.103.61.2 - - [31/Mar/2009:08:03:46 -0400] "GET /topics/show/7 HTTP/1.1" 200 13628 "http://isppractices.econsultation.ca/topics/show/7" "Mozilla/5.0 (Windows; U; Windows NT 5.0; en-GB; rv:1.9.0.8) Gecko/2009032609 Firefox/3.0.8"
198.103.61.2 - - [31/Mar/2009:08:03:51 -0400] "GET /topics/show/8 HTTP/1.1" 200 13161 "http://isppractices.econsultation.ca/topics/show/7" "Mozilla/5.0 (Windows; U; Windows NT 5.0; en-GB; rv:1.9.0.8) Gecko/2009032609 Firefox/3.0.8"
198.103.61.2 - - [31/Mar/2009:08:03:55 -0400] "GET /topics/show/9 HTTP/1.1" 200 15423 "http://isppractices.econsultation.ca/topics/show/8" "Mozilla/5.0 (Windows; U; Windows NT 5.0; en-GB; rv:1.9.0.8) Gecko/2009032609 Firefox/3.0.8"
72.44.48.91 - - [31/Mar/2009:08:03:57 -0400] "GET /junebug/test/?N=D HTTP/1.0" 500 2349 "-" "SimilarPages/Nutch-1.0-dev (SimilarPages Nutch Crawler; http://www.similarpages.com; info@similarpages.com)"
198.103.61.2 - - [31/Mar/2009:08:03:59 -0400] "GET /topics/show/10 HTTP/1.1" 200 14676 "http://isppractices.econsultation.ca/topics/show/9" "Mozilla/5.0 (Windows; U; Windows NT 5.0; en-GB; rv:1.9.0.8) Gecko/2009032609 Firefox/3.0.8"
198.103.61.2 - - [31/Mar/2009:08:04:04 -0400] "GET /topics/show/11 HTTP/1.1" 200 13262 "http://isppractices.econsultation.ca/topics/show/10" "Mozilla/5.0 (Windows; U; Windows NT 5.0; en-GB; rv:1.9.0.8) Gecko/2009032609 Firefox/3.0.8"
198.103.61.2 - - [31/Mar/2009:08:04:08 -0400] "GET /topics/show/7 HTTP/1.1" 200 13628 "http://isppractices.econsultation.ca/topics/show/11" "Mozilla/5.0 (Windows; U; Windows NT 5.0; en-GB; rv:1.9.0.8) Gecko/2009032609 Firefox/3.0.8"
72.44.48.91 - - [31/Mar/2009:08:04:09 -0400] "GET /junebug/private/?N=D HTTP/1.0" 500 2349 "-" "SimilarPages/Nutch-1.0-dev (SimilarPages Nutch Crawler; http://www.similarpages.com; info@similarpages.com)"
72.44.48.91 - - [31/Mar/2009:08:04:16 -0400] "GET /myiog/config/database.ses.yml HTTP/1.0" 500 2349 "-" "SimilarPages/Nutch-1.0-dev (SimilarPages Nutch Crawler; http://www.similarpages.com; info@similarpages.com)"
198.103.61.2 - - [31/Mar/2009:08:04:19 -0400] "GET /topics/show/7 HTTP/1.1" 200 14409 "http://isppractices.econsultation.ca/topics/show/7" "Mozilla/5.0 (Windows; U; Windows NT 5.0; en-GB; rv:1.9.0.8) Gecko/2009032609 Firefox/3.0.8"
198.103.61.2 - - [31/Mar/2009:08:04:20 -0400] "GET /stylesheets/base_1238427290.css HTTP/1.1" 304 - "http://pratiquesfsi.econsultation.ca/topics/show/7" "Mozilla/5.0 (Windows; U; Windows NT 5.0; en-GB; rv:1.9.0.8) Gecko/2009032609 Firefox/3.0.8"
198.103.61.2 - - [31/Mar/2009:08:04:20 -0400] "GET /javascripts/base_1238187983.js HTTP/1.1" 304 - "http://pratiquesfsi.econsultation.ca/topics/show/7" "Mozilla/5.0 (Windows; U; Windows NT 5.0; en-GB; rv:1.9.0.8) Gecko/2009032609 Firefox/3.0.8"
198.103.61.2 - - [31/Mar/2009:08:04:20 -0400] "GET /favicon.ico HTTP/1.1" 200 - "-" "Mozilla/5.0 (Windows; U; Windows NT 5.0; en-GB; rv:1.9.0.8) Gecko/2009032609 Firefox/3.0.8"
198.103.61.2 - - [31/Mar/2009:08:04:20 -0400] "GET /images/search_go_1.jpg HTTP/1.1" 200 665 "http://pratiquesfsi.econsultation.ca/topics/show/7" "Mozilla/5.0 (Windows; U; Windows NT 5.0; en-GB; rv:1.9.0.8) Gecko/2009032609 Firefox/3.0.8"
198.103.61.2 - - [31/Mar/2009:08:04:20 -0400] "GET /images/feed-icon-14x14.png HTTP/1.1" 200 689 "http://pratiquesfsi.econsultation.ca/topics/show/7" "Mozilla/5.0 (Windows; U; Windows NT 5.0; en-GB; rv:1.9.0.8) Gecko/2009032609 Firefox/3.0.8"
198.103.61.2 - - [31/Mar/2009:08:04:20 -0400] "GET /images/nanos_icon_23.png HTTP/1.1" 200 4797 "http://pratiquesfsi.econsultation.ca/topics/show/7" "Mozilla/5.0 (Windows; U; Windows NT 5.0; en-GB; rv:1.9.0.8) Gecko/2009032609 Firefox/3.0.8"
198.103.61.2 - - [31/Mar/2009:08:04:20 -0400] "GET /avatars/0000/0001/pic_nik_thumb.jpg?1237573168 HTTP/1.1" 200 5862 "http://pratiquesfsi.econsultation.ca/topics/show/7" "Mozilla/5.0 (Windows; U; Windows NT 5.0; en-GB; rv:1.9.0.8) Gecko/2009032609 Firefox/3.0.8"
198.103.61.2 - - [31/Mar/2009:08:04:20 -0400] "GET /images/arrows.png HTTP/1.1" 200 216 "http://pratiquesfsi.econsultation.ca/stylesheets/base_1238427290.css" "Mozilla/5.0 (Windows; U; Windows NT 5.0; en-GB; rv:1.9.0.8) Gecko/2009032609 Firefox/3.0.8"
198.103.61.2 - - [31/Mar/2009:08:04:20 -0400] "GET /images/CRTC_2_1300px.jpg HTTP/1.1" 304 - "http://pratiquesfsi.econsultation.ca/stylesheets/base_1238427290.css" "Mozilla/5.0 (Windows; U; Windows NT 5.0; en-GB; rv:1.9.0.8) Gecko/2009032609 Firefox/3.0.8"
198.103.61.2 - - [31/Mar/2009:08:04:20 -0400] "GET /images/topNav_endCurve.png HTTP/1.1" 200 433 "http://pratiquesfsi.econsultation.ca/stylesheets/base_1238427290.css" "Mozilla/5.0 (Windows; U; Windows NT 5.0; en-GB; rv:1.9.0.8) Gecko/2009032609 Firefox/3.0.8"
198.103.61.2 - - [31/Mar/2009:08:04:20 -0400] "GET /images/comment_bw.png HTTP/1.1" 200 384 "http://pratiquesfsi.econsultation.ca/stylesheets/base_1238427290.css" "Mozilla/5.0 (Windows; U; Windows NT 5.0; en-GB; rv:1.9.0.8) Gecko/2009032609 Firefox/3.0.8"
198.103.61.2 - - [31/Mar/2009:08:04:31 -0400] "GET /topics/show/6 HTTP/1.1" 200 14212 "http://pratiquesfsi.econsultation.ca/topics/show/7" "Mozilla/5.0 (Windows; U; Windows NT 5.0; en-GB; rv:1.9.0.8) Gecko/2009032609 Firefox/3.0.8"
198.103.61.2 - - [31/Mar/2009:08:04:38 -0400] "GET /topics/show/7 HTTP/1.1" 200 14409 "http://pratiquesfsi.econsultation.ca/topics/show/6" "Mozilla/5.0 (Windows; U; Windows NT 5.0; en-GB; rv:1.9.0.8) Gecko/2009032609 Firefox/3.0.8"
198.103.61.2 - - [31/Mar/2009:08:04:44 -0400] "GET /topics/show/9 HTTP/1.1" 200 16264 "http://pratiquesfsi.econsultation.ca/topics/show/7" "Mozilla/5.0 (Windows; U; Windows NT 5.0; en-GB; rv:1.9.0.8) Gecko/2009032609 Firefox/3.0.8"
198.103.61.2 - - [31/Mar/2009:08:04:48 -0400] "GET /viewer/index/70 HTTP/1.1" 200 712 "http://pratiquesfsi.econsultation.ca/topics/show/9" "Mozilla/5.0 (Windows; U; Windows NT 5.0; en-GB; rv:1.9.0.8) Gecko/2009032609 Firefox/3.0.8"
198.103.61.2 - - [31/Mar/2009:08:04:48 -0400] "GET /viewer/header/70 HTTP/1.1" 200 1687 "http://pratiquesfsi.econsultation.ca/viewer/index/70" "Mozilla/5.0 (Windows; U; Windows NT 5.0; en-GB; rv:1.9.0.8) Gecko/2009032609 Firefox/3.0.8"
198.103.61.2 - - [31/Mar/2009:08:04:48 -0400] "GET /stylesheets/ses.css HTTP/1.1" 304 - "http://pratiquesfsi.econsultation.ca/viewer/header/70" "Mozilla/5.0 (Windows; U; Windows NT 5.0; en-GB; rv:1.9.0.8) Gecko/2009032609 Firefox/3.0.8"
198.103.61.2 - - [31/Mar/2009:08:04:48 -0400] "GET /javascripts/application.js HTTP/1.1" 304 - "http://pratiquesfsi.econsultation.ca/viewer/header/70" "Mozilla/5.0 (Windows; U; Windows NT 5.0; en-GB; rv:1.9.0.8) Gecko/2009032609 Firefox/3.0.8"
198.103.61.2 - - [31/Mar/2009:08:04:56 -0400] "GET /viewer/index/57 HTTP/1.1" 200 655 "http://pratiquesfsi.econsultation.ca/topics/show/9" "Mozilla/5.0 (Windows; U; Windows NT 5.0; en-GB; rv:1.9.0.8) Gecko/2009032609 Firefox/3.0.8"
198.103.61.2 - - [31/Mar/2009:08:04:56 -0400] "GET /viewer/header/57 HTTP/1.1" 200 1687 "http://pratiquesfsi.econsultation.ca/viewer/index/57" "Mozilla/5.0 (Windows; U; Windows NT 5.0; en-GB; rv:1.9.0.8) Gecko/2009032609 Firefox/3.0.8"
198.103.61.2 - - [31/Mar/2009:08:04:58 -0400] "GET /viewer/index/55 HTTP/1.1" 200 663 "http://pratiquesfsi.econsultation.ca/topics/show/9" "Mozilla/5.0 (Windows; U; Windows NT 5.0; en-GB; rv:1.9.0.8) Gecko/2009032609 Firefox/3.0.8"
198.103.61.2 - - [31/Mar/2009:08:04:59 -0400] "GET /viewer/header/55 HTTP/1.1" 200 1687 "http://pratiquesfsi.econsultation.ca/viewer/index/55" "Mozilla/5.0 (Windows; U; Windows NT 5.0; en-GB; rv:1.9.0.8) Gecko/2009032609 Firefox/3.0.8"
198.103.61.2 - - [31/Mar/2009:08:05:03 -0400] "GET /topics/show/10 HTTP/1.1" 200 15541 "http://pratiquesfsi.econsultation.ca/topics/show/9" "Mozilla/5.0 (Windows; U; Windows NT 5.0; en-GB; rv:1.9.0.8) Gecko/2009032609 Firefox/3.0.8"
198.103.61.2 - - [31/Mar/2009:08:05:17 -0400] "GET /viewer/index/60 HTTP/1.1" 200 658 "http://pratiquesfsi.econsultation.ca/topics/show/10" "Mozilla/5.0 (Windows; U; Windows NT 5.0; en-GB; rv:1.9.0.8) Gecko/2009032609 Firefox/3.0.8"
198.103.61.2 - - [31/Mar/2009:08:05:17 -0400] "GET /viewer/header/60 HTTP/1.1" 200 1687 "http://pratiquesfsi.econsultation.ca/viewer/index/60" "Mozilla/5.0 (Windows; U; Windows NT 5.0; en-GB; rv:1.9.0.8) Gecko/2009032609 Firefox/3.0.8"
198.103.61.2 - - [31/Mar/2009:08:05:20 -0400] "GET /viewer/index/62 HTTP/1.1" 200 697 "http://pratiquesfsi.econsultation.ca/topics/show/10" "Mozilla/5.0 (Windows; U; Windows NT 5.0; en-GB; rv:1.9.0.8) Gecko/2009032609 Firefox/3.0.8"
198.103.61.2 - - [31/Mar/2009:08:05:20 -0400] "GET /viewer/header/62 HTTP/1.1" 200 1687 "http://pratiquesfsi.econsultation.ca/viewer/index/62" "Mozilla/5.0 (Windows; U; Windows NT 5.0; en-GB; rv:1.9.0.8) Gecko/2009032609 Firefox/3.0.8"
198.103.61.2 - - [31/Mar/2009:08:05:22 -0400] "GET /viewer/index/64 HTTP/1.1" 200 693 "http://pratiquesfsi.econsultation.ca/topics/show/10" "Mozilla/5.0 (Windows; U; Windows NT 5.0; en-GB; rv:1.9.0.8) Gecko/2009032609 Firefox/3.0.8"
198.103.61.2 - - [31/Mar/2009:08:05:22 -0400] "GET /viewer/header/64 HTTP/1.1" 200 1687 "http://pratiquesfsi.econsultation.ca/viewer/index/64" "Mozilla/5.0 (Windows; U; Windows NT 5.0; en-GB; rv:1.9.0.8) Gecko/2009032609 Firefox/3.0.8"
198.103.61.2 - - [31/Mar/2009:08:05:25 -0400] "GET /viewer/index/66 HTTP/1.1" 200 688 "http://pratiquesfsi.econsultation.ca/topics/show/10" "Mozilla/5.0 (Windows; U; Windows NT 5.0; en-GB; rv:1.9.0.8) Gecko/2009032609 Firefox/3.0.8"
198.103.61.2 - - [31/Mar/2009:08:05:25 -0400] "GET /viewer/header/66 HTTP/1.1" 200 1687 "http://pratiquesfsi.econsultation.ca/viewer/index/66" "Mozilla/5.0 (Windows; U; Windows NT 5.0; en-GB; rv:1.9.0.8) Gecko/2009032609 Firefox/3.0.8"
72.44.48.91 - - [31/Mar/2009:08:05:28 -0400] "GET /junebug/sphinx/?D=A HTTP/1.0" 500 2349 "-" "SimilarPages/Nutch-1.0-dev (SimilarPages Nutch Crawler; http://www.similarpages.com; info@similarpages.com)"
198.103.61.2 - - [31/Mar/2009:08:05:29 -0400] "GET /viewer/index/71 HTTP/1.1" 200 685 "http://pratiquesfsi.econsultation.ca/topics/show/10" "Mozilla/5.0 (Windows; U; Windows NT 5.0; en-GB; rv:1.9.0.8) Gecko/2009032609 Firefox/3.0.8"
198.103.61.2 - - [31/Mar/2009:08:05:29 -0400] "GET /viewer/header/71 HTTP/1.1" 200 1687 "http://pratiquesfsi.econsultation.ca/viewer/index/71" "Mozilla/5.0 (Windows; U; Windows NT 5.0; en-GB; rv:1.9.0.8) Gecko/2009032609 Firefox/3.0.8"
198.103.61.2 - - [31/Mar/2009:08:05:36 -0400] "GET /topics/show/11 HTTP/1.1" 200 13938 "http://pratiquesfsi.econsultation.ca/topics/show/10" "Mozilla/5.0 (Windows; U; Windows NT 5.0; en-GB; rv:1.9.0.8) Gecko/2009032609 Firefox/3.0.8"
72.44.48.91 - - [31/Mar/2009:08:05:40 -0400] "GET /junebug/script/performance/ HTTP/1.0" 500 2349 "-" "SimilarPages/Nutch-1.0-dev (SimilarPages Nutch Crawler; http://www.similarpages.com; info@similarpages.com)"
198.103.61.2 - - [31/Mar/2009:08:05:41 -0400] "GET /viewer/index/72 HTTP/1.1" 200 657 "http://pratiquesfsi.econsultation.ca/topics/show/11" "Mozilla/5.0 (Windows; U; Windows NT 5.0; en-GB; rv:1.9.0.8) Gecko/2009032609 Firefox/3.0.8"
198.103.61.2 - - [31/Mar/2009:08:05:41 -0400] "GET /viewer/header/72 HTTP/1.1" 200 1687 "http://pratiquesfsi.econsultation.ca/viewer/index/72" "Mozilla/5.0 (Windows; U; Windows NT 5.0; en-GB; rv:1.9.0.8) Gecko/2009032609 Firefox/3.0.8"
198.103.61.2 - - [31/Mar/2009:08:05:44 -0400] "GET /viewer/index/73 HTTP/1.1" 200 645 "http://pratiquesfsi.econsultation.ca/topics/show/11" "Mozilla/5.0 (Windows; U; Windows NT 5.0; en-GB; rv:1.9.0.8) Gecko/2009032609 Firefox/3.0.8"
198.103.61.2 - - [31/Mar/2009:08:05:44 -0400] "GET /viewer/header/73 HTTP/1.1" 200 1687 "http://pratiquesfsi.econsultation.ca/viewer/index/73" "Mozilla/5.0 (Windows; U; Windows NT 5.0; en-GB; rv:1.9.0.8) Gecko/2009032609 Firefox/3.0.8"
198.103.61.2 - - [31/Mar/2009:08:05:50 -0400] "GET / HTTP/1.1" 200 12723 "http://pratiquesfsi.econsultation.ca/topics/show/11" "Mozilla/5.0 (Windows; U; Windows NT 5.0; en-GB; rv:1.9.0.8) Gecko/2009032609 Firefox/3.0.8"
72.44.48.91 - - [31/Mar/2009:08:05:56 -0400] "GET /myiog/components/?D=D HTTP/1.0" 500 2349 "-" "SimilarPages/Nutch-1.0-dev (SimilarPages Nutch Crawler; http://www.similarpages.com; info@similarpages.com)"
198.103.61.2 - - [31/Mar/2009:08:05:57 -0400] "GET / HTTP/1.1" 200 12202 "http://pratiquesfsi.econsultation.ca/" "Mozilla/5.0 (Windows; U; Windows NT 5.0; en-GB; rv:1.9.0.8) Gecko/2009032609 Firefox/3.0.8"
198.103.61.2 - - [31/Mar/2009:08:06:00 -0400] "GET /topics/show/7 HTTP/1.1" 200 13628 "http://isppractices.econsultation.ca/" "Mozilla/5.0 (Windows; U; Windows NT 5.0; en-GB; rv:1.9.0.8) Gecko/2009032609 Firefox/3.0.8"
72.44.48.91 - - [31/Mar/2009:08:06:05 -0400] "GET /myiog/log/?D=A HTTP/1.0" 500 2349 "-" "SimilarPages/Nutch-1.0-dev (SimilarPages Nutch Crawler; http://www.similarpages.com; info@similarpages.com)"
72.44.48.91 - - [31/Mar/2009:08:06:09 -0400] "GET /myiog/script/generate HTTP/1.0" 500 2349 "-" "SimilarPages/Nutch-1.0-dev (SimilarPages Nutch Crawler; http://www.similarpages.com; info@similarpages.com)"
72.44.48.91 - - [31/Mar/2009:08:06:22 -0400] "GET /myiog/vendor/BlueCloth-1.0.0/ HTTP/1.0" 500 2349 "-" "SimilarPages/Nutch-1.0-dev (SimilarPages Nutch Crawler; http://www.similarpages.com; info@similarpages.com)"
72.44.48.91 - - [31/Mar/2009:08:06:26 -0400] "GET /junebug/test/integration/ HTTP/1.0" 500 2349 "-" "SimilarPages/Nutch-1.0-dev (SimilarPages Nutch Crawler; http://www.similarpages.com; info@similarpages.com)"
72.44.48.91 - - [31/Mar/2009:08:06:36 -0400] "GET /junebug/sphinx/production/ HTTP/1.0" 500 2349 "-" "SimilarPages/Nutch-1.0-dev (SimilarPages Nutch Crawler; http://www.similarpages.com; info@similarpages.com)"
72.44.48.91 - - [31/Mar/2009:08:06:42 -0400] "GET /junebug/lib/provinces.rb HTTP/1.0" 500 2349 "-" "SimilarPages/Nutch-1.0-dev (SimilarPages Nutch Crawler; http://www.similarpages.com; info@similarpages.com)"
198.103.61.2 - - [31/Mar/2009:08:07:11 -0400] "GET /topics/show/7 HTTP/1.1" 200 13628 "http://isppractices.econsultation.ca/topics/show/7" "Mozilla/5.0 (Windows; U; Windows NT 5.0; en-GB; rv:1.9.0.8) Gecko/2009032609 Firefox/3.0.8"
72.44.48.91 - - [31/Mar/2009:08:07:39 -0400] "GET /cgi-bin/ HTTP/1.0" 500 2349 "-" "SimilarPages/Nutch-1.0-dev (SimilarPages Nutch Crawler; http://www.similarpages.com; info@similarpages.com)"
72.44.48.91 - - [31/Mar/2009:08:07:49 -0400] "GET /myiog/private/1/?D=A HTTP/1.0" 500 2349 "-" "SimilarPages/Nutch-1.0-dev (SimilarPages Nutch Crawler; http://www.similarpages.com; info@similarpages.com)"
72.44.48.91 - - [31/Mar/2009:08:08:03 -0400] "GET /junebug/config/mongrel_cluster.yml HTTP/1.0" 500 2349 "-" "SimilarPages/Nutch-1.0-dev (SimilarPages Nutch Crawler; http://www.similarpages.com; info@similarpages.com)"
72.44.48.91 - - [31/Mar/2009:08:08:06 -0400] "GET /junebug/tmp/?N=D HTTP/1.0" 500 2349 "-" "SimilarPages/Nutch-1.0-dev (SimilarPages Nutch Crawler; http://www.similarpages.com; info@similarpages.com)"
72.44.48.91 - - [31/Mar/2009:08:08:16 -0400] "GET /junebug/lib/zip_code.rb HTTP/1.0" 500 2349 "-" "SimilarPages/Nutch-1.0-dev (SimilarPages Nutch Crawler; http://www.similarpages.com; info@similarpages.com)"
198.103.61.2 - - [31/Mar/2009:08:08:38 -0400] "GET /topics/show/7 HTTP/1.1" 200 13628 "http://isppractices.econsultation.ca/topics/show/7" "Mozilla/5.0 (Windows; U; Windows NT 5.0; en-GB; rv:1.9.0.8) Gecko/2009032609 Firefox/3.0.8"
72.44.48.91 - - [31/Mar/2009:08:08:40 -0400] "GET /junebug/log/production.log.21 HTTP/1.0" 500 2349 "-" "SimilarPages/Nutch-1.0-dev (SimilarPages Nutch Crawler; http://www.similarpages.com; info@similarpages.com)"
198.103.61.2 - - [31/Mar/2009:08:08:40 -0400] "GET /topics/show/8 HTTP/1.1" 200 13161 "http://isppractices.econsultation.ca/topics/show/7" "Mozilla/5.0 (Windows; U; Windows NT 5.0; en-GB; rv:1.9.0.8) Gecko/2009032609 Firefox/3.0.8"
198.103.61.2 - - [31/Mar/2009:08:08:42 -0400] "GET /topics/show/8 HTTP/1.1" 200 13161 "http://isppractices.econsultation.ca/topics/show/8" "Mozilla/5.0 (Windows; U; Windows NT 5.0; en-GB; rv:1.9.0.8) Gecko/2009032609 Firefox/3.0.8"
198.103.61.2 - - [31/Mar/2009:08:08:43 -0400] "GET /topics/show/9 HTTP/1.1" 200 15423 "http://isppractices.econsultation.ca/topics/show/8" "Mozilla/5.0 (Windows; U; Windows NT 5.0; en-GB; rv:1.9.0.8) Gecko/2009032609 Firefox/3.0.8"
198.103.61.2 - - [31/Mar/2009:08:08:44 -0400] "GET /topics/show/10 HTTP/1.1" 200 14676 "http://isppractices.econsultation.ca/topics/show/9" "Mozilla/5.0 (Windows; U; Windows NT 5.0; en-GB; rv:1.9.0.8) Gecko/2009032609 Firefox/3.0.8"
198.103.61.2 - - [31/Mar/2009:08:08:46 -0400] "GET /topics/show/11 HTTP/1.1" 200 13262 "http://isppractices.econsultation.ca/topics/show/10" "Mozilla/5.0 (Windows; U; Windows NT 5.0; en-GB; rv:1.9.0.8) Gecko/2009032609 Firefox/3.0.8"
198.103.61.2 - - [31/Mar/2009:08:08:48 -0400] "GET / HTTP/1.1" 200 12202 "http://isppractices.econsultation.ca/topics/show/11" "Mozilla/5.0 (Windows; U; Windows NT 5.0; en-GB; rv:1.9.0.8) Gecko/2009032609 Firefox/3.0.8"
198.103.61.2 - - [31/Mar/2009:08:08:57 -0400] "GET /topics/show/7 HTTP/1.1" 200 13628 "http://isppractices.econsultation.ca/" "Mozilla/5.0 (Windows; U; Windows NT 5.0; en-GB; rv:1.9.0.8) Gecko/2009032609 Firefox/3.0.8"
198.103.61.2 - - [31/Mar/2009:08:09:00 -0400] "GET /topics/show/8 HTTP/1.1" 200 13161 "http://isppractices.econsultation.ca/topics/show/7" "Mozilla/5.0 (Windows; U; Windows NT 5.0; en-GB; rv:1.9.0.8) Gecko/2009032609 Firefox/3.0.8"
198.103.61.2 - - [31/Mar/2009:08:09:02 -0400] "GET / HTTP/1.1" 200 12202 "http://isppractices.econsultation.ca/topics/show/8" "Mozilla/5.0 (Windows; U; Windows NT 5.0; en-GB; rv:1.9.0.8) Gecko/2009032609 Firefox/3.0.8"
72.44.48.91 - - [31/Mar/2009:08:09:05 -0400] "GET /junebug/log/production.log.9 HTTP/1.0" 500 2349 "-" "SimilarPages/Nutch-1.0-dev (SimilarPages Nutch Crawler; http://www.similarpages.com; info@similarpages.com)"
72.44.48.91 - - [31/Mar/2009:08:09:23 -0400] "GET /myiog/tmp/cache/ HTTP/1.0" 500 2349 "-" "SimilarPages/Nutch-1.0-dev (SimilarPages Nutch Crawler; http://www.similarpages.com; info@similarpages.com)"
72.44.48.91 - - [31/Mar/2009:08:09:24 -0400] "GET /myiog/test/mocks/ HTTP/1.0" 500 2349 "-" "SimilarPages/Nutch-1.0-dev (SimilarPages Nutch Crawler; http://www.similarpages.com; info@similarpages.com)"
72.44.48.91 - - [31/Mar/2009:08:09:42 -0400] "GET /myiog/app/views/ HTTP/1.0" 500 2349 "-" "SimilarPages/Nutch-1.0-dev (SimilarPages Nutch Crawler; http://www.similarpages.com; info@similarpages.com)"
72.44.48.91 - - [31/Mar/2009:08:10:23 -0400] "GET /junebug/log/production.log.23 HTTP/1.0" 500 2349 "-" "SimilarPages/Nutch-1.0-dev (SimilarPages Nutch Crawler; http://www.similarpages.com; info@similarpages.com)"
72.44.48.91 - - [31/Mar/2009:08:10:28 -0400] "GET /junebug/log/production.log.0 HTTP/1.0" 500 2349 "-" "SimilarPages/Nutch-1.0-dev (SimilarPages Nutch Crawler; http://www.similarpages.com; info@similarpages.com)"
72.44.48.91 - - [31/Mar/2009:08:10:44 -0400] "GET /myiog/lib/specification.rb HTTP/1.0" 500 2349 "-" "SimilarPages/Nutch-1.0-dev (SimilarPages Nutch Crawler; http://www.similarpages.com; info@similarpages.com)"
72.44.48.91 - - [31/Mar/2009:08:10:46 -0400] "GET /junebug/log/development.log HTTP/1.0" 500 2349 "-" "SimilarPages/Nutch-1.0-dev (SimilarPages Nutch Crawler; http://www.similarpages.com; info@similarpages.com)"
72.44.48.91 - - [31/Mar/2009:08:11:04 -0400] "GET /myiog/config/?S=A HTTP/1.0" 500 2349 "-" "SimilarPages/Nutch-1.0-dev (SimilarPages Nutch Crawler; http://www.similarpages.com; info@similarpages.com)"
72.44.48.91 - - [31/Mar/2009:08:11:23 -0400] "GET /myiog/log/?N=D HTTP/1.0" 500 2349 "-" "SimilarPages/Nutch-1.0-dev (SimilarPages Nutch Crawler; http://www.similarpages.com; info@similarpages.com)"
72.44.48.91 - - [31/Mar/2009:08:11:25 -0400] "GET /myiog/vendor/rubypants-0.2.0/ HTTP/1.0" 500 2349 "-" "SimilarPages/Nutch-1.0-dev (SimilarPages Nutch Crawler; http://www.similarpages.com; info@similarpages.com)"
72.44.48.91 - - [31/Mar/2009:08:11:39 -0400] "GET /myiog/tmp/?S=A HTTP/1.0" 500 2349 "-" "SimilarPages/Nutch-1.0-dev (SimilarPages Nutch Crawler; http://www.similarpages.com; info@similarpages.com)"
72.44.48.91 - - [31/Mar/2009:08:12:05 -0400] "GET /junebug/log/production.log.25 HTTP/1.0" 500 2349 "-" "SimilarPages/Nutch-1.0-dev (SimilarPages Nutch Crawler; http://www.similarpages.com; info@similarpages.com)"
72.44.48.91 - - [31/Mar/2009:08:12:42 -0400] "GET /myiog/db/development_structure.sql HTTP/1.0" 500 2349 "-" "SimilarPages/Nutch-1.0-dev (SimilarPages Nutch Crawler; http://www.similarpages.com; info@similarpages.com)"
72.44.48.91 - - [31/Mar/2009:08:12:44 -0400] "GET /myiog/script/breakpointer HTTP/1.0" 500 2349 "-" "SimilarPages/Nutch-1.0-dev (SimilarPages Nutch Crawler; http://www.similarpages.com; info@similarpages.com)"
72.44.48.91 - - [31/Mar/2009:08:13:07 -0400] "GET /junebug/db/?N=D HTTP/1.0" 500 2349 "-" "SimilarPages/Nutch-1.0-dev (SimilarPages Nutch Crawler; http://www.similarpages.com; info@similarpages.com)"
72.44.48.91 - - [31/Mar/2009:08:13:24 -0400] "GET /myiog/script/plugin HTTP/1.0" 500 2349 "-" "SimilarPages/Nutch-1.0-dev (SimilarPages Nutch Crawler; http://www.similarpages.com; info@similarpages.com)"
72.44.48.91 - - [31/Mar/2009:08:13:52 -0400] "GET /junebug/log/production.log.27 HTTP/1.0" 500 2349 "-" "SimilarPages/Nutch-1.0-dev (SimilarPages Nutch Crawler; http://www.similarpages.com; info@similarpages.com)"
72.44.48.91 - - [31/Mar/2009:08:13:57 -0400] "GET /myiog/config/mongrel_cluster.yml HTTP/1.0" 500 2349 "-" "SimilarPages/Nutch-1.0-dev (SimilarPages Nutch Crawler; http://www.similarpages.com; info@similarpages.com)"
72.44.48.91 - - [31/Mar/2009:08:14:43 -0400] "GET /myiog/tmp/?M=A HTTP/1.0" 500 2349 "-" "SimilarPages/Nutch-1.0-dev (SimilarPages Nutch Crawler; http://www.similarpages.com; info@similarpages.com)"
72.44.48.91 - - [31/Mar/2009:08:15:31 -0400] "GET /myiog/lib/provinces.rb HTTP/1.0" 500 2349 "-" "SimilarPages/Nutch-1.0-dev (SimilarPages Nutch Crawler; http://www.similarpages.com; info@similarpages.com)"
72.44.48.91 - - [31/Mar/2009:08:16:20 -0400] "GET /junebug/vendor/rubypants-0.2.0/ HTTP/1.0" 500 2349 "-" "SimilarPages/Nutch-1.0-dev (SimilarPages Nutch Crawler; http://www.similarpages.com; info@similarpages.com)"
72.44.48.91 - - [31/Mar/2009:08:16:40 -0400] "GET /junebug/log/?D=A HTTP/1.0" 500 2349 "-" "SimilarPages/Nutch-1.0-dev (SimilarPages Nutch Crawler; http://www.similarpages.com; info@similarpages.com)"
72.44.48.91 - - [31/Mar/2009:08:17:10 -0400] "GET /myiog/test/helpers/ HTTP/1.0" 500 2349 "-" "SimilarPages/Nutch-1.0-dev (SimilarPages Nutch Crawler; http://www.similarpages.com; info@similarpages.com)"
72.44.48.91 - - [31/Mar/2009:08:17:49 -0400] "GET /myiog/db/schema.rb HTTP/1.0" 500 2349 "-" "SimilarPages/Nutch-1.0-dev (SimilarPages Nutch Crawler; http://www.similarpages.com; info@similarpages.com)"
72.44.48.91 - - [31/Mar/2009:08:17:58 -0400] "GET /myiog/lib/rfc822.rb HTTP/1.0" 500 2349 "-" "SimilarPages/Nutch-1.0-dev (SimilarPages Nutch Crawler; http://www.similarpages.com; info@similarpages.com)"
72.44.48.91 - - [31/Mar/2009:08:18:15 -0400] "GET /myiog/private/6/ HTTP/1.0" 500 2349 "-" "SimilarPages/Nutch-1.0-dev (SimilarPages Nutch Crawler; http://www.similarpages.com; info@similarpages.com)"
72.44.48.91 - - [31/Mar/2009:08:18:17 -0400] "GET /junebug/private/?N=A HTTP/1.0" 500 2349 "-" "SimilarPages/Nutch-1.0-dev (SimilarPages Nutch Crawler; http://www.similarpages.com; info@similarpages.com)"
72.44.48.91 - - [31/Mar/2009:08:18:22 -0400] "GET /myiog/app/helpers/ HTTP/1.0" 500 2349 "-" "SimilarPages/Nutch-1.0-dev (SimilarPages Nutch Crawler; http://www.similarpages.com; info@similarpages.com)"
72.44.48.91 - - [31/Mar/2009:08:18:43 -0400] "GET /myiog/test/?N=D HTTP/1.0" 500 2349 "-" "SimilarPages/Nutch-1.0-dev (SimilarPages Nutch Crawler; http://www.similarpages.com; info@similarpages.com)"
72.44.48.91 - - [31/Mar/2009:08:18:58 -0400] "GET /myiog/nrteeconsultation/?S=D HTTP/1.0" 500 2349 "-" "SimilarPages/Nutch-1.0-dev (SimilarPages Nutch Crawler; http://www.similarpages.com; info@similarpages.com)"
72.44.48.91 - - [31/Mar/2009:08:19:33 -0400] "GET /junebug/log/production.log.11 HTTP/1.0" 500 2349 "-" "SimilarPages/Nutch-1.0-dev (SimilarPages Nutch Crawler; http://www.similarpages.com; info@similarpages.com)"
72.44.48.91 - - [31/Mar/2009:08:19:38 -0400] "GET /myiog/config/deploy.rb HTTP/1.0" 500 2349 "-" "SimilarPages/Nutch-1.0-dev (SimilarPages Nutch Crawler; http://www.similarpages.com; info@similarpages.com)"
72.44.48.91 - - [31/Mar/2009:08:19:59 -0400] "GET /junebug/log/production.log.8 HTTP/1.0" 500 2349 "-" "SimilarPages/Nutch-1.0-dev (SimilarPages Nutch Crawler; http://www.similarpages.com; info@similarpages.com)"
72.44.48.91 - - [31/Mar/2009:08:20:04 -0400] "GET /junebug/lib/sphincter_will_paginate.rb HTTP/1.0" 500 2349 "-" "SimilarPages/Nutch-1.0-dev (SimilarPages Nutch Crawler; http://www.similarpages.com; info@similarpages.com)"
72.44.48.91 - - [31/Mar/2009:08:20:56 -0400] "GET /myiog/doc/?S=A HTTP/1.0" 500 2349 "-" "SimilarPages/Nutch-1.0-dev (SimilarPages Nutch Crawler; http://www.similarpages.com; info@similarpages.com)"
72.44.48.91 - - [31/Mar/2009:08:21:10 -0400] "GET /myiog/private/1/?N=D HTTP/1.0" 500 2349 "-" "SimilarPages/Nutch-1.0-dev (SimilarPages Nutch Crawler; http://www.similarpages.com; info@similarpages.com)"
72.44.48.91 - - [31/Mar/2009:08:21:18 -0400] "GET /junebug/log/production.log.13 HTTP/1.0" 500 2349 "-" "SimilarPages/Nutch-1.0-dev (SimilarPages Nutch Crawler; http://www.similarpages.com; info@similarpages.com)"
72.44.48.91 - - [31/Mar/2009:08:21:22 -0400] "GET /junebug/config/?N=D HTTP/1.0" 500 2349 "-" "SimilarPages/Nutch-1.0-dev (SimilarPages Nutch Crawler; http://www.similarpages.com; info@similarpages.com)"
72.44.48.91 - - [31/Mar/2009:08:21:42 -0400] "GET /myiog/script/performance/ HTTP/1.0" 500 2349 "-" "SimilarPages/Nutch-1.0-dev (SimilarPages Nutch Crawler; http://www.similarpages.com; info@similarpages.com)"
72.44.48.91 - - [31/Mar/2009:08:22:14 -0400] "GET /myiog/log/development.log HTTP/1.0" 500 2349 "-" "SimilarPages/Nutch-1.0-dev (SimilarPages Nutch Crawler; http://www.similarpages.com; info@similarpages.com)"
72.44.48.91 - - [31/Mar/2009:08:22:35 -0400] "GET /junebug/test/test_helper.rb HTTP/1.0" 500 2349 "-" "SimilarPages/Nutch-1.0-dev (SimilarPages Nutch Crawler; http://www.similarpages.com; info@similarpages.com)"
72.44.48.91 - - [31/Mar/2009:08:22:48 -0400] "GET /myiog/doc/?D=D HTTP/1.0" 500 2349 "-" "SimilarPages/Nutch-1.0-dev (SimilarPages Nutch Crawler; http://www.similarpages.com; info@similarpages.com)"
72.44.48.91 - - [31/Mar/2009:08:22:54 -0400] "GET /myiog/script/?S=A HTTP/1.0" 500 2349 "-" "SimilarPages/Nutch-1.0-dev (SimilarPages Nutch Crawler; http://www.similarpages.com; info@similarpages.com)"
72.44.48.91 - - [31/Mar/2009:08:22:56 -0400] "GET /junebug/components/?M=D HTTP/1.0" 500 2349 "-" "SimilarPages/Nutch-1.0-dev (SimilarPages Nutch Crawler; http://www.similarpages.com; info@similarpages.com)"
72.44.48.91 - - [31/Mar/2009:08:23:02 -0400] "GET /junebug/log/production.log.15 HTTP/1.0" 500 2349 "-" "SimilarPages/Nutch-1.0-dev (SimilarPages Nutch Crawler; http://www.similarpages.com; info@similarpages.com)"
198.103.61.2 - - [31/Mar/2009:08:23:33 -0400] "GET / HTTP/1.1" 200 12202 "-" "Mozilla/5.0 (Windows; U; Windows NT 5.0; en-GB; rv:1.9.0.8) Gecko/2009032609 Firefox/3.0.8"
198.103.61.2 - - [31/Mar/2009:08:23:36 -0400] "GET /topics/show/6 HTTP/1.1" 200 13652 "http://isppractices.econsultation.ca/" "Mozilla/5.0 (Windows; U; Windows NT 5.0; en-GB; rv:1.9.0.8) Gecko/2009032609 Firefox/3.0.8"
72.44.48.91 - - [31/Mar/2009:08:23:58 -0400] "GET /junebug/app/specifications/ HTTP/1.0" 500 2349 "-" "SimilarPages/Nutch-1.0-dev (SimilarPages Nutch Crawler; http://www.similarpages.com; info@similarpages.com)"
72.44.48.91 - - [31/Mar/2009:08:24:03 -0400] "GET /junebug/config/?D=A HTTP/1.0" 500 2349 "-" "SimilarPages/Nutch-1.0-dev (SimilarPages Nutch Crawler; http://www.similarpages.com; info@similarpages.com)"
198.103.61.2 - - [31/Mar/2009:08:24:03 -0400] "GET /topics/show/7 HTTP/1.1" 200 13628 "http://isppractices.econsultation.ca/topics/show/6" "Mozilla/5.0 (Windows; U; Windows NT 5.0; en-GB; rv:1.9.0.8) Gecko/2009032609 Firefox/3.0.8"
198.103.61.2 - - [31/Mar/2009:08:24:05 -0400] "GET /topics/show/8 HTTP/1.1" 200 13161 "http://isppractices.econsultation.ca/topics/show/7" "Mozilla/5.0 (Windows; U; Windows NT 5.0; en-GB; rv:1.9.0.8) Gecko/2009032609 Firefox/3.0.8"
198.103.61.2 - - [31/Mar/2009:08:24:07 -0400] "GET /topics/show/9 HTTP/1.1" 200 15423 "http://isppractices.econsultation.ca/topics/show/8" "Mozilla/5.0 (Windows; U; Windows NT 5.0; en-GB; rv:1.9.0.8) Gecko/2009032609 Firefox/3.0.8"
72.44.48.91 - - [31/Mar/2009:08:24:16 -0400] "GET /myiog/db/?M=A HTTP/1.0" 500 2349 "-" "SimilarPages/Nutch-1.0-dev (SimilarPages Nutch Crawler; http://www.similarpages.com; info@similarpages.com)"
72.44.48.91 - - [31/Mar/2009:08:24:18 -0400] "GET /junebug/log/development.log.0 HTTP/1.0" 500 2349 "-" "SimilarPages/Nutch-1.0-dev (SimilarPages Nutch Crawler; http://www.similarpages.com; info@similarpages.com)"
72.44.48.91 - - [31/Mar/2009:08:24:40 -0400] "GET /myiog/config/lighttpd.conf HTTP/1.0" 500 2349 "-" "SimilarPages/Nutch-1.0-dev (SimilarPages Nutch Crawler; http://www.similarpages.com; info@similarpages.com)"
72.44.48.91 - - [31/Mar/2009:08:24:45 -0400] "GET /junebug/log/production.log.17 HTTP/1.0" 500 2349 "-" "SimilarPages/Nutch-1.0-dev (SimilarPages Nutch Crawler; http://www.similarpages.com; info@similarpages.com)"
198.103.61.2 - - [31/Mar/2009:08:24:50 -0400] "GET /topics/show/10 HTTP/1.1" 200 14676 "http://isppractices.econsultation.ca/topics/show/9" "Mozilla/5.0 (Windows; U; Windows NT 5.0; en-GB; rv:1.9.0.8) Gecko/2009032609 Firefox/3.0.8"
198.103.61.2 - - [31/Mar/2009:08:24:55 -0400] "GET /topics/show/11 HTTP/1.1" 200 13262 "http://isppractices.econsultation.ca/topics/show/10" "Mozilla/5.0 (Windows; U; Windows NT 5.0; en-GB; rv:1.9.0.8) Gecko/2009032609 Firefox/3.0.8"
198.103.61.2 - - [31/Mar/2009:08:24:59 -0400] "GET /topics/show/10 HTTP/1.1" 200 14676 "http://isppractices.econsultation.ca/topics/show/11" "Mozilla/5.0 (Windows; U; Windows NT 5.0; en-GB; rv:1.9.0.8) Gecko/2009032609 Firefox/3.0.8"
198.103.61.2 - - [31/Mar/2009:08:25:13 -0400] "GET /topics/show/11 HTTP/1.1" 200 13262 "http://isppractices.econsultation.ca/topics/show/10" "Mozilla/5.0 (Windows; U; Windows NT 5.0; en-GB; rv:1.9.0.8) Gecko/2009032609 Firefox/3.0.8"
198.103.61.2 - - [31/Mar/2009:08:25:16 -0400] "GET /topics/show/6 HTTP/1.1" 200 13652 "http://isppractices.econsultation.ca/topics/show/11" "Mozilla/5.0 (Windows; U; Windows NT 5.0; en-GB; rv:1.9.0.8) Gecko/2009032609 Firefox/3.0.8"
198.103.61.2 - - [31/Mar/2009:08:25:18 -0400] "GET /topics/show/7 HTTP/1.1" 200 13628 "http://isppractices.econsultation.ca/topics/show/6" "Mozilla/5.0 (Windows; U; Windows NT 5.0; en-GB; rv:1.9.0.8) Gecko/2009032609 Firefox/3.0.8"
198.103.61.2 - - [31/Mar/2009:08:25:19 -0400] "GET /topics/show/8 HTTP/1.1" 200 13161 "http://isppractices.econsultation.ca/topics/show/7" "Mozilla/5.0 (Windows; U; Windows NT 5.0; en-GB; rv:1.9.0.8) Gecko/2009032609 Firefox/3.0.8"
198.103.61.2 - - [31/Mar/2009:08:25:20 -0400] "GET /topics/show/9 HTTP/1.1" 200 15423 "http://isppractices.econsultation.ca/topics/show/8" "Mozilla/5.0 (Windows; U; Windows NT 5.0; en-GB; rv:1.9.0.8) Gecko/2009032609 Firefox/3.0.8"
198.103.61.2 - - [31/Mar/2009:08:25:22 -0400] "GET /topics/show/10 HTTP/1.1" 200 14676 "http://isppractices.econsultation.ca/topics/show/9" "Mozilla/5.0 (Windows; U; Windows NT 5.0; en-GB; rv:1.9.0.8) Gecko/2009032609 Firefox/3.0.8"
198.103.61.2 - - [31/Mar/2009:08:25:23 -0400] "GET /topics/show/11 HTTP/1.1" 200 13262 "http://isppractices.econsultation.ca/topics/show/10" "Mozilla/5.0 (Windows; U; Windows NT 5.0; en-GB; rv:1.9.0.8) Gecko/2009032609 Firefox/3.0.8"
198.103.61.2 - - [31/Mar/2009:08:25:26 -0400] "GET /topics/show/11 HTTP/1.1" 200 13938 "http://isppractices.econsultation.ca/topics/show/11" "Mozilla/5.0 (Windows; U; Windows NT 5.0; en-GB; rv:1.9.0.8) Gecko/2009032609 Firefox/3.0.8"
198.103.61.2 - - [31/Mar/2009:08:25:31 -0400] "GET / HTTP/1.1" 200 12723 "http://pratiquesfsi.econsultation.ca/topics/show/11" "Mozilla/5.0 (Windows; U; Windows NT 5.0; en-GB; rv:1.9.0.8) Gecko/2009032609 Firefox/3.0.8"
72.44.48.91 - - [31/Mar/2009:08:25:40 -0400] "GET /junebug/lib/hodel_3000_compliant_logger.rb HTTP/1.0" 500 2349 "-" "SimilarPages/Nutch-1.0-dev (SimilarPages Nutch Crawler; http://www.similarpages.com; info@similarpages.com)"
198.103.61.2 - - [31/Mar/2009:08:25:46 -0400] "GET /topics/show/6 HTTP/1.1" 200 14212 "http://pratiquesfsi.econsultation.ca/" "Mozilla/5.0 (Windows; U; Windows NT 5.0; en-GB; rv:1.9.0.8) Gecko/2009032609 Firefox/3.0.8"
72.44.48.91 - - [31/Mar/2009:08:25:48 -0400] "GET /junebug/lib/rfc822.rb HTTP/1.0" 500 2349 "-" "SimilarPages/Nutch-1.0-dev (SimilarPages Nutch Crawler; http://www.similarpages.com; info@similarpages.com)"
198.103.61.2 - - [31/Mar/2009:08:25:55 -0400] "GET /topics/show/7 HTTP/1.1" 200 14409 "http://pratiquesfsi.econsultation.ca/topics/show/6" "Mozilla/5.0 (Windows; U; Windows NT 5.0; en-GB; rv:1.9.0.8) Gecko/2009032609 Firefox/3.0.8"
198.103.61.2 - - [31/Mar/2009:08:25:58 -0400] "GET /viewer/index/53 HTTP/1.1" 200 689 "http://pratiquesfsi.econsultation.ca/topics/show/7" "Mozilla/5.0 (Windows; U; Windows NT 5.0; en-GB; rv:1.9.0.8) Gecko/2009032609 Firefox/3.0.8"
198.103.61.2 - - [31/Mar/2009:08:25:58 -0400] "GET /viewer/header/53 HTTP/1.1" 200 1687 "http://pratiquesfsi.econsultation.ca/viewer/index/53" "Mozilla/5.0 (Windows; U; Windows NT 5.0; en-GB; rv:1.9.0.8) Gecko/2009032609 Firefox/3.0.8"
72.44.48.91 - - [31/Mar/2009:08:26:00 -0400] "GET /junebug/sphinx/?M=A HTTP/1.0" 500 2349 "-" "SimilarPages/Nutch-1.0-dev (SimilarPages Nutch Crawler; http://www.similarpages.com; info@similarpages.com)"
72.44.48.91 - - [31/Mar/2009:08:26:02 -0400] "GET /junebug/log/development.log.2 HTTP/1.0" 500 2349 "-" "SimilarPages/Nutch-1.0-dev (SimilarPages Nutch Crawler; http://www.similarpages.com; info@similarpages.com)"
198.103.61.2 - - [31/Mar/2009:08:26:04 -0400] "GET /topics/show/8 HTTP/1.1" 200 13670 "http://pratiquesfsi.econsultation.ca/topics/show/7" "Mozilla/5.0 (Windows; U; Windows NT 5.0; en-GB; rv:1.9.0.8) Gecko/2009032609 Firefox/3.0.8"
198.103.61.2 - - [31/Mar/2009:08:26:07 -0400] "GET /topics/show/9 HTTP/1.1" 200 16264 "http://pratiquesfsi.econsultation.ca/topics/show/8" "Mozilla/5.0 (Windows; U; Windows NT 5.0; en-GB; rv:1.9.0.8) Gecko/2009032609 Firefox/3.0.8"
72.44.48.91 - - [31/Mar/2009:08:26:30 -0400] "GET /junebug/log/production.log.19 HTTP/1.0" 500 2349 "-" "SimilarPages/Nutch-1.0-dev (SimilarPages Nutch Crawler; http://www.similarpages.com; info@similarpages.com)"
198.103.61.2 - - [31/Mar/2009:08:26:30 -0400] "GET /topics/show/10 HTTP/1.1" 200 15541 "http://pratiquesfsi.econsultation.ca/topics/show/9" "Mozilla/5.0 (Windows; U; Windows NT 5.0; en-GB; rv:1.9.0.8) Gecko/2009032609 Firefox/3.0.8"
198.103.61.2 - - [31/Mar/2009:08:26:35 -0400] "GET /topics/show/11 HTTP/1.1" 200 13938 "http://pratiquesfsi.econsultation.ca/topics/show/10" "Mozilla/5.0 (Windows; U; Windows NT 5.0; en-GB; rv:1.9.0.8) Gecko/2009032609 Firefox/3.0.8"
198.103.61.2 - - [31/Mar/2009:08:26:42 -0400] "GET /topics/show/11 HTTP/1.1" 200 13262 "http://pratiquesfsi.econsultation.ca/topics/show/11" "Mozilla/5.0 (Windows; U; Windows NT 5.0; en-GB; rv:1.9.0.8) Gecko/2009032609 Firefox/3.0.8"
72.44.48.91 - - [31/Mar/2009:08:26:57 -0400] "GET /junebug/script/runner HTTP/1.0" 500 2349 "-" "SimilarPages/Nutch-1.0-dev (SimilarPages Nutch Crawler; http://www.similarpages.com; info@similarpages.com)"
72.44.48.91 - - [31/Mar/2009:08:27:05 -0400] "GET /junebug/config/database.kendal.yml HTTP/1.0" 500 2349 "-" "SimilarPages/Nutch-1.0-dev (SimilarPages Nutch Crawler; http://www.similarpages.com; info@similarpages.com)"
72.44.48.91 - - [31/Mar/2009:08:27:12 -0400] "GET /junebug/tmp/sockets/ HTTP/1.0" 500 2349 "-" "SimilarPages/Nutch-1.0-dev (SimilarPages Nutch Crawler; http://www.similarpages.com; info@similarpages.com)"
72.44.48.91 - - [31/Mar/2009:08:27:34 -0400] "GET /myiog/script/server HTTP/1.0" 500 2349 "-" "SimilarPages/Nutch-1.0-dev (SimilarPages Nutch Crawler; http://www.similarpages.com; info@similarpages.com)"
74.15.86.151 - - [31/Mar/2009:08:27:46 -0400] "GET / HTTP/1.1" 200 12202 "-" "Mozilla/4.0 (compatible; MSIE 7.0; Windows NT 5.1; .NET CLR 1.1.4322; .NET CLR 2.0.50727; .NET CLR 3.0.04506.30; .NET CLR 3.0.4506.2152; .NET CLR 3.5.30729)"
74.15.86.151 - - [31/Mar/2009:08:27:46 -0400] "GET /stylesheets/base_1238427290.css HTTP/1.1" 304 - "http://isppractices.econsultation.ca/" "Mozilla/4.0 (compatible; MSIE 7.0; Windows NT 5.1; .NET CLR 1.1.4322; .NET CLR 2.0.50727; .NET CLR 3.0.04506.30; .NET CLR 3.0.4506.2152; .NET CLR 3.5.30729)"
74.15.86.151 - - [31/Mar/2009:08:27:46 -0400] "GET /stylesheets/redesign_IE.css HTTP/1.1" 304 - "http://isppractices.econsultation.ca/" "Mozilla/4.0 (compatible; MSIE 7.0; Windows NT 5.1; .NET CLR 1.1.4322; .NET CLR 2.0.50727; .NET CLR 3.0.04506.30; .NET CLR 3.0.4506.2152; .NET CLR 3.5.30729)"
74.15.86.151 - - [31/Mar/2009:08:27:46 -0400] "GET /stylesheets/print.css HTTP/1.1" 304 - "http://isppractices.econsultation.ca/" "Mozilla/4.0 (compatible; MSIE 7.0; Windows NT 5.1; .NET CLR 1.1.4322; .NET CLR 2.0.50727; .NET CLR 3.0.04506.30; .NET CLR 3.0.4506.2152; .NET CLR 3.5.30729)"
74.15.86.151 - - [31/Mar/2009:08:27:46 -0400] "GET /javascripts/base_1238187983.js HTTP/1.1" 304 - "http://isppractices.econsultation.ca/" "Mozilla/4.0 (compatible; MSIE 7.0; Windows NT 5.1; .NET CLR 1.1.4322; .NET CLR 2.0.50727; .NET CLR 3.0.04506.30; .NET CLR 3.0.4506.2152; .NET CLR 3.5.30729)"
74.15.86.151 - - [31/Mar/2009:08:27:46 -0400] "GET /images/CRTC_2_1300px.jpg HTTP/1.1" 304 - "http://isppractices.econsultation.ca/" "Mozilla/4.0 (compatible; MSIE 7.0; Windows NT 5.1; .NET CLR 1.1.4322; .NET CLR 2.0.50727; .NET CLR 3.0.04506.30; .NET CLR 3.0.4506.2152; .NET CLR 3.5.30729)"
74.15.86.151 - - [31/Mar/2009:08:27:46 -0400] "GET /images/search_go_1.jpg HTTP/1.1" 304 - "http://isppractices.econsultation.ca/" "Mozilla/4.0 (compatible; MSIE 7.0; Windows NT 5.1; .NET CLR 1.1.4322; .NET CLR 2.0.50727; .NET CLR 3.0.04506.30; .NET CLR 3.0.4506.2152; .NET CLR 3.5.30729)"
74.15.86.151 - - [31/Mar/2009:08:27:46 -0400] "GET /images/feed-icon-14x14.png HTTP/1.1" 304 - "http://isppractices.econsultation.ca/" "Mozilla/4.0 (compatible; MSIE 7.0; Windows NT 5.1; .NET CLR 1.1.4322; .NET CLR 2.0.50727; .NET CLR 3.0.04506.30; .NET CLR 3.0.4506.2152; .NET CLR 3.5.30729)"
74.15.86.151 - - [31/Mar/2009:08:27:46 -0400] "GET /images/nanos_icon_23.png HTTP/1.1" 304 - "http://isppractices.econsultation.ca/" "Mozilla/4.0 (compatible; MSIE 7.0; Windows NT 5.1; .NET CLR 1.1.4322; .NET CLR 2.0.50727; .NET CLR 3.0.04506.30; .NET CLR 3.0.4506.2152; .NET CLR 3.5.30729)"
74.15.86.151 - - [31/Mar/2009:08:27:46 -0400] "GET /images/topNav_endCurve.png HTTP/1.1" 304 - "http://isppractices.econsultation.ca/" "Mozilla/4.0 (compatible; MSIE 7.0; Windows NT 5.1; .NET CLR 1.1.4322; .NET CLR 2.0.50727; .NET CLR 3.0.04506.30; .NET CLR 3.0.4506.2152; .NET CLR 3.5.30729)"
72.44.48.91 - - [31/Mar/2009:08:28:01 -0400] "GET /junebug/log/mongrel.log HTTP/1.0" 500 2349 "-" "SimilarPages/Nutch-1.0-dev (SimilarPages Nutch Crawler; http://www.similarpages.com; info@similarpages.com)"
72.44.48.91 - - [31/Mar/2009:08:28:11 -0400] "GET /junebug/log/sphinx/ HTTP/1.0" 500 2349 "-" "SimilarPages/Nutch-1.0-dev (SimilarPages Nutch Crawler; http://www.similarpages.com; info@similarpages.com)"
72.44.48.91 - - [31/Mar/2009:08:28:31 -0400] "GET /logs/error_log HTTP/1.0" 500 2349 "-" "SimilarPages/Nutch-1.0-dev (SimilarPages Nutch Crawler; http://www.similarpages.com; info@similarpages.com)"
72.44.48.91 - - [31/Mar/2009:08:28:42 -0400] "GET /junebug/private/0000/ HTTP/1.0" 500 2349 "-" "SimilarPages/Nutch-1.0-dev (SimilarPages Nutch Crawler; http://www.similarpages.com; info@similarpages.com)"
72.44.48.91 - - [31/Mar/2009:08:29:00 -0400] "GET /junebug/script/?N=D HTTP/1.0" 500 2349 "-" "SimilarPages/Nutch-1.0-dev (SimilarPages Nutch Crawler; http://www.similarpages.com; info@similarpages.com)"
72.44.48.91 - - [31/Mar/2009:08:29:03 -0400] "GET /junebug/lib/permission_system.rb HTTP/1.0" 500 2349 "-" "SimilarPages/Nutch-1.0-dev (SimilarPages Nutch Crawler; http://www.similarpages.com; info@similarpages.com)"
72.44.48.91 - - [31/Mar/2009:08:30:03 -0400] "GET /myiog/script/about HTTP/1.0" 500 2349 "-" "SimilarPages/Nutch-1.0-dev (SimilarPages Nutch Crawler; http://www.similarpages.com; info@similarpages.com)"
72.44.48.91 - - [31/Mar/2009:08:30:27 -0400] "GET /junebug/db/development_structure.sql HTTP/1.0" 500 2349 "-" "SimilarPages/Nutch-1.0-dev (SimilarPages Nutch Crawler; http://www.similarpages.com; info@similarpages.com)"
72.44.48.91 - - [31/Mar/2009:08:30:37 -0400] "GET /junebug/private/?M=D HTTP/1.0" 500 2349 "-" "SimilarPages/Nutch-1.0-dev (SimilarPages Nutch Crawler; http://www.similarpages.com; info@similarpages.com)"
72.44.48.91 - - [31/Mar/2009:08:30:58 -0400] "GET /junebug/log/production.log.7 HTTP/1.0" 500 2349 "-" "SimilarPages/Nutch-1.0-dev (SimilarPages Nutch Crawler; http://www.similarpages.com; info@similarpages.com)"
72.44.48.91 - - [31/Mar/2009:08:31:07 -0400] "GET /myiog/test/fixtures/ HTTP/1.0" 500 2349 "-" "SimilarPages/Nutch-1.0-dev (SimilarPages Nutch Crawler; http://www.similarpages.com; info@similarpages.com)"
72.14.199.124 - - [31/Mar/2009:08:31:43 -0400] "GET /rss?lang=en HTTP/1.1" 302 104 "-" "Feedfetcher-Google; (+http://www.google.com/feedfetcher.html; 2 subscribers; feed-id=518107557527150018)"
