72.14.199.124 - - [31/Mar/2009:12:33:54 -0400] "GET / HTTP/1.1" 200 11569 "-" "Feedfetcher-Google; (+http://www.google.com/feedfetcher.html; 2 subscribers; feed-id=518107557527150018)"
207.6.240.28 - - [31/Mar/2009:12:34:04 -0400] "GET /topics/show/10 HTTP/1.1" 200 14802 "http://isppractices.econsultation.ca/topics/show/8" "Mozilla/4.0 (compatible; MSIE 7.0; Windows NT 5.1; .NET CLR 1.1.4322; .NET CLR 2.0.50727)"
76.10.148.56 - - [31/Mar/2009:12:34:06 -0400] "GET /topics/show/7?root=303 HTTP/1.1" 200 23489 "http://isppractices.econsultation.ca/" "Mozilla/4.0 (compatible; MSIE 7.0; Windows NT 6.0; SLCC1; .NET CLR 2.0.50727; Media Center PC 5.0; .NET CLR 3.0.04506; InfoPath.2)"
76.10.148.56 - - [31/Mar/2009:12:34:08 -0400] "GET /images/comment_bw.png HTTP/1.1" 200 384 "http://isppractices.econsultation.ca/topics/show/7?root=303" "Mozilla/4.0 (compatible; MSIE 7.0; Windows NT 6.0; SLCC1; .NET CLR 2.0.50727; Media Center PC 5.0; .NET CLR 3.0.04506; InfoPath.2)"
76.10.148.56 - - [31/Mar/2009:12:34:08 -0400] "GET /images/BOX-BACK.jpg HTTP/1.1" 200 1025 "http://isppractices.econsultation.ca/topics/show/7?root=303" "Mozilla/4.0 (compatible; MSIE 7.0; Windows NT 6.0; SLCC1; .NET CLR 2.0.50727; Media Center PC 5.0; .NET CLR 3.0.04506; InfoPath.2)"
76.10.148.56 - - [31/Mar/2009:12:34:08 -0400] "GET /avatars/0000/0001/pic_nik_thumb.jpg?1237573168 HTTP/1.1" 200 5862 "http://isppractices.econsultation.ca/topics/show/7?root=303" "Mozilla/4.0 (compatible; MSIE 7.0; Windows NT 6.0; SLCC1; .NET CLR 2.0.50727; Media Center PC 5.0; .NET CLR 3.0.04506; InfoPath.2)"
76.10.148.56 - - [31/Mar/2009:12:34:08 -0400] "GET /images/arrows.png HTTP/1.1" 200 216 "http://isppractices.econsultation.ca/topics/show/7?root=303" "Mozilla/4.0 (compatible; MSIE 7.0; Windows NT 6.0; SLCC1; .NET CLR 2.0.50727; Media Center PC 5.0; .NET CLR 3.0.04506; InfoPath.2)"
76.10.148.56 - - [31/Mar/2009:12:34:08 -0400] "POST /talk/mark/303 HTTP/1.1" 201 1 "http://isppractices.econsultation.ca/topics/show/7?root=303#comment_303" "Mozilla/4.0 (compatible; MSIE 7.0; Windows NT 6.0; SLCC1; .NET CLR 2.0.50727; Media Center PC 5.0; .NET CLR 3.0.04506; InfoPath.2)"
207.6.240.28 - - [31/Mar/2009:12:34:11 -0400] "POST /talk/mark/306 HTTP/1.1" 201 1 "http://isppractices.econsultation.ca/topics/show/10" "Mozilla/4.0 (compatible; MSIE 7.0; Windows NT 5.1; .NET CLR 1.1.4322; .NET CLR 2.0.50727)"
142.177.129.100 - - [31/Mar/2009:12:34:18 -0400] "GET /topics/show/11 HTTP/1.1" 200 18125 "http://isppractices.econsultation.ca/topics/show/9" "Mozilla/4.0 (compatible; MSIE 6.0; Windows NT 5.1; SV1; .NET CLR 2.0.50727)"
142.177.129.100 - - [31/Mar/2009:12:34:27 -0400] "POST /talk/mark/305 HTTP/1.1" 201 1 "http://isppractices.econsultation.ca/topics/show/11" "Mozilla/4.0 (compatible; MSIE 6.0; Windows NT 5.1; SV1; .NET CLR 2.0.50727)"
66.46.209.114 - - [31/Mar/2009:12:34:37 -0400] "GET /images/topNav_endCurve_black.png HTTP/1.1" 200 447 "http://isppractices.econsultation.ca/stylesheets/base_1238427290.css" "Mozilla/5.0 (Windows; U; Windows NT 6.0; en-US; rv:1.9.0.8) Gecko/2009032609 Firefox/3.0.8"
76.10.148.56 - - [31/Mar/2009:12:34:40 -0400] "POST /rater/create/comment_rating/303 HTTP/1.1" 200 225 "http://isppractices.econsultation.ca/topics/show/7?root=303#comment_303" "Mozilla/4.0 (compatible; MSIE 7.0; Windows NT 6.0; SLCC1; .NET CLR 2.0.50727; Media Center PC 5.0; .NET CLR 3.0.04506; InfoPath.2)"
66.46.209.114 - - [31/Mar/2009:12:34:41 -0400] "GET / HTTP/1.1" 200 16211 "http://isppractices.econsultation.ca/topics/show/7" "Mozilla/5.0 (Windows; U; Windows NT 6.0; en-US; rv:1.9.0.8) Gecko/2009032609 Firefox/3.0.8"
66.46.209.114 - - [31/Mar/2009:12:34:43 -0400] "GET /archives HTTP/1.1" 200 11149 "http://isppractices.econsultation.ca/" "Mozilla/5.0 (Windows; U; Windows NT 6.0; en-US; rv:1.9.0.8) Gecko/2009032609 Firefox/3.0.8"
66.46.209.114 - - [31/Mar/2009:12:34:46 -0400] "GET /topics/show/11 HTTP/1.1" 200 18125 "http://isppractices.econsultation.ca/archives" "Mozilla/5.0 (Windows; U; Windows NT 6.0; en-US; rv:1.9.0.8) Gecko/2009032609 Firefox/3.0.8"
66.46.209.114 - - [31/Mar/2009:12:34:49 -0400] "GET / HTTP/1.1" 200 16211 "http://isppractices.econsultation.ca/topics/show/11" "Mozilla/5.0 (Windows; U; Windows NT 6.0; en-US; rv:1.9.0.8) Gecko/2009032609 Firefox/3.0.8"
99.226.220.39 - - [31/Mar/2009:12:34:49 -0400] "GET / HTTP/1.1" 200 16211 "-" "Mozilla/5.0 (X11; U; Linux i686; en-US; rv:1.8.1.14) Gecko/20080612 Fedora/2.0.0.14-20080612.fc8.acer Firefox/2.0.0.14"
99.226.220.39 - - [31/Mar/2009:12:34:50 -0400] "GET /stylesheets/base_1238427290.css HTTP/1.1" 200 30105 "http://isppractices.econsultation.ca/" "Mozilla/5.0 (X11; U; Linux i686; en-US; rv:1.8.1.14) Gecko/20080612 Fedora/2.0.0.14-20080612.fc8.acer Firefox/2.0.0.14"
99.226.220.39 - - [31/Mar/2009:12:34:50 -0400] "GET /stylesheets/print.css HTTP/1.1" 200 321 "http://isppractices.econsultation.ca/" "Mozilla/5.0 (X11; U; Linux i686; en-US; rv:1.8.1.14) Gecko/20080612 Fedora/2.0.0.14-20080612.fc8.acer Firefox/2.0.0.14"
99.226.220.39 - - [31/Mar/2009:12:34:50 -0400] "GET /javascripts/base_1238187983.js HTTP/1.1" 200 97264 "http://isppractices.econsultation.ca/" "Mozilla/5.0 (X11; U; Linux i686; en-US; rv:1.8.1.14) Gecko/20080612 Fedora/2.0.0.14-20080612.fc8.acer Firefox/2.0.0.14"
99.226.220.39 - - [31/Mar/2009:12:34:50 -0400] "GET /favicon.ico HTTP/1.1" 200 - "-" "Mozilla/5.0 (X11; U; Linux i686; en-US; rv:1.8.1.14) Gecko/20080612 Fedora/2.0.0.14-20080612.fc8.acer Firefox/2.0.0.14"
99.226.220.39 - - [31/Mar/2009:12:34:50 -0400] "GET /images/search_go_1.jpg HTTP/1.1" 200 665 "http://isppractices.econsultation.ca/" "Mozilla/5.0 (X11; U; Linux i686; en-US; rv:1.8.1.14) Gecko/20080612 Fedora/2.0.0.14-20080612.fc8.acer Firefox/2.0.0.14"
99.226.220.39 - - [31/Mar/2009:12:34:50 -0400] "GET /images/feed-icon-14x14.png HTTP/1.1" 200 689 "http://isppractices.econsultation.ca/" "Mozilla/5.0 (X11; U; Linux i686; en-US; rv:1.8.1.14) Gecko/20080612 Fedora/2.0.0.14-20080612.fc8.acer Firefox/2.0.0.14"
99.226.220.39 - - [31/Mar/2009:12:34:50 -0400] "GET /images/nanos_icon_23.png HTTP/1.1" 200 4797 "http://isppractices.econsultation.ca/" "Mozilla/5.0 (X11; U; Linux i686; en-US; rv:1.8.1.14) Gecko/20080612 Fedora/2.0.0.14-20080612.fc8.acer Firefox/2.0.0.14"
99.226.220.39 - - [31/Mar/2009:12:34:50 -0400] "GET /images/topNav_endCurve.png HTTP/1.1" 200 433 "http://isppractices.econsultation.ca/stylesheets/base_1238427290.css" "Mozilla/5.0 (X11; U; Linux i686; en-US; rv:1.8.1.14) Gecko/20080612 Fedora/2.0.0.14-20080612.fc8.acer Firefox/2.0.0.14"
99.226.220.39 - - [31/Mar/2009:12:34:50 -0400] "GET /images/CRTC_2_1300px.jpg HTTP/1.1" 200 72085 "http://isppractices.econsultation.ca/stylesheets/base_1238427290.css" "Mozilla/5.0 (X11; U; Linux i686; en-US; rv:1.8.1.14) Gecko/20080612 Fedora/2.0.0.14-20080612.fc8.acer Firefox/2.0.0.14"
142.229.81.64 - - [31/Mar/2009:12:34:54 -0400] "GET /images/topNav_endCurve_black.png HTTP/1.1" 200 447 "-" "Mozilla/4.0 (compatible; MSIE 6.0; Windows NT 5.1; SV1; .NET CLR 1.1.4322; .NET CLR 2.0.50727; .NET CLR 3.0.04506.30; InfoPath.1; MS-RTC LM 8)"
142.229.81.64 - - [31/Mar/2009:12:34:54 -0400] "GET /images/topNav_endCurve.png HTTP/1.1" 304 - "-" "Mozilla/4.0 (compatible; MSIE 6.0; Windows NT 5.1; SV1; .NET CLR 1.1.4322; .NET CLR 2.0.50727; .NET CLR 3.0.04506.30; InfoPath.1; MS-RTC LM 8)"
76.10.148.56 - - [31/Mar/2009:12:34:55 -0400] "POST /talk/mark/302 HTTP/1.1" 201 1 "http://isppractices.econsultation.ca/topics/show/7?root=303#comment_303" "Mozilla/4.0 (compatible; MSIE 7.0; Windows NT 6.0; SLCC1; .NET CLR 2.0.50727; Media Center PC 5.0; .NET CLR 3.0.04506; InfoPath.2)"
72.137.12.18 - - [31/Mar/2009:12:34:57 -0400] "GET / HTTP/1.1" 200 16211 "http://www.michaelgeist.ca/" "Mozilla/5.0 (Macintosh; U; Intel Mac OS X 10_5_6; en-us) AppleWebKit/528.16 (KHTML, like Gecko) Version/4.0 Safari/528.16"
72.137.12.18 - - [31/Mar/2009:12:34:58 -0400] "GET /stylesheets/print.css HTTP/1.1" 200 321 "http://isppractices.econsultation.ca/" "Mozilla/5.0 (Macintosh; U; Intel Mac OS X 10_5_6; en-us) AppleWebKit/528.16 (KHTML, like Gecko) Version/4.0 Safari/528.16"
72.137.12.18 - - [31/Mar/2009:12:34:58 -0400] "GET /stylesheets/base_1238427290.css HTTP/1.1" 200 30105 "http://isppractices.econsultation.ca/" "Mozilla/5.0 (Macintosh; U; Intel Mac OS X 10_5_6; en-us) AppleWebKit/528.16 (KHTML, like Gecko) Version/4.0 Safari/528.16"
72.137.12.18 - - [31/Mar/2009:12:34:58 -0400] "GET /javascripts/base_1238187983.js HTTP/1.1" 200 97264 "http://isppractices.econsultation.ca/" "Mozilla/5.0 (Macintosh; U; Intel Mac OS X 10_5_6; en-us) AppleWebKit/528.16 (KHTML, like Gecko) Version/4.0 Safari/528.16"
72.137.12.18 - - [31/Mar/2009:12:34:58 -0400] "GET /images/search_go_1.jpg HTTP/1.1" 200 665 "http://isppractices.econsultation.ca/" "Mozilla/5.0 (Macintosh; U; Intel Mac OS X 10_5_6; en-us) AppleWebKit/528.16 (KHTML, like Gecko) Version/4.0 Safari/528.16"
72.137.12.18 - - [31/Mar/2009:12:34:58 -0400] "GET /images/feed-icon-14x14.png HTTP/1.1" 200 689 "http://isppractices.econsultation.ca/" "Mozilla/5.0 (Macintosh; U; Intel Mac OS X 10_5_6; en-us) AppleWebKit/528.16 (KHTML, like Gecko) Version/4.0 Safari/528.16"
72.137.12.18 - - [31/Mar/2009:12:34:58 -0400] "GET /images/nanos_icon_23.png HTTP/1.1" 200 4797 "http://isppractices.econsultation.ca/" "Mozilla/5.0 (Macintosh; U; Intel Mac OS X 10_5_6; en-us) AppleWebKit/528.16 (KHTML, like Gecko) Version/4.0 Safari/528.16"
72.137.12.18 - - [31/Mar/2009:12:34:58 -0400] "GET /images/topNav_endCurve.png HTTP/1.1" 200 433 "http://isppractices.econsultation.ca/" "Mozilla/5.0 (Macintosh; U; Intel Mac OS X 10_5_6; en-us) AppleWebKit/528.16 (KHTML, like Gecko) Version/4.0 Safari/528.16"
72.137.12.18 - - [31/Mar/2009:12:34:58 -0400] "GET /images/CRTC_2_1300px.jpg HTTP/1.1" 200 72085 "http://isppractices.econsultation.ca/" "Mozilla/5.0 (Macintosh; U; Intel Mac OS X 10_5_6; en-us) AppleWebKit/528.16 (KHTML, like Gecko) Version/4.0 Safari/528.16"
72.137.12.18 - - [31/Mar/2009:12:34:58 -0400] "GET /favicon.ico HTTP/1.1" 200 - "http://isppractices.econsultation.ca/" "Mozilla/5.0 (Macintosh; U; Intel Mac OS X 10_5_6; en-us) AppleWebKit/528.16 (KHTML, like Gecko) Version/4.0 Safari/528.16"
76.10.148.56 - - [31/Mar/2009:12:34:59 -0400] "POST /rater/create/comment_rating/302 HTTP/1.1" 200 228 "http://isppractices.econsultation.ca/topics/show/7?root=303#comment_303" "Mozilla/4.0 (compatible; MSIE 7.0; Windows NT 6.0; SLCC1; .NET CLR 2.0.50727; Media Center PC 5.0; .NET CLR 3.0.04506; InfoPath.2)"
66.46.209.114 - - [31/Mar/2009:12:34:59 -0400] "GET /topics/show/11?root=305 HTTP/1.1" 200 18125 "http://isppractices.econsultation.ca/" "Mozilla/5.0 (Windows; U; Windows NT 6.0; en-US; rv:1.9.0.8) Gecko/2009032609 Firefox/3.0.8"
66.46.209.114 - - [31/Mar/2009:12:35:00 -0400] "POST /talk/mark/305 HTTP/1.1" 201 1 "http://isppractices.econsultation.ca/topics/show/11?root=305" "Mozilla/5.0 (Windows; U; Windows NT 6.0; en-US; rv:1.9.0.8) Gecko/2009032609 Firefox/3.0.8"
72.136.69.228 - - [31/Mar/2009:12:35:03 -0400] "GET / HTTP/1.1" 200 16211 "-" "Mozilla/4.0 (compatible; MSIE 7.0; Windows NT 5.1; GTB5)"
72.136.69.228 - - [31/Mar/2009:12:35:04 -0400] "GET /stylesheets/base_1238427290.css HTTP/1.1" 200 30105 "http://isppractices.econsultation.ca/" "Mozilla/4.0 (compatible; MSIE 7.0; Windows NT 5.1; GTB5)"
72.136.69.228 - - [31/Mar/2009:12:35:04 -0400] "GET /stylesheets/redesign_IE.css HTTP/1.1" 200 4221 "http://isppractices.econsultation.ca/" "Mozilla/4.0 (compatible; MSIE 7.0; Windows NT 5.1; GTB5)"
72.136.69.228 - - [31/Mar/2009:12:35:04 -0400] "GET /stylesheets/print.css HTTP/1.1" 200 321 "http://isppractices.econsultation.ca/" "Mozilla/4.0 (compatible; MSIE 7.0; Windows NT 5.1; GTB5)"
72.136.69.228 - - [31/Mar/2009:12:35:04 -0400] "GET /javascripts/base_1238187983.js HTTP/1.1" 200 97264 "http://isppractices.econsultation.ca/" "Mozilla/4.0 (compatible; MSIE 7.0; Windows NT 5.1; GTB5)"
72.136.69.228 - - [31/Mar/2009:12:35:05 -0400] "GET /images/search_go_1.jpg HTTP/1.1" 200 665 "http://isppractices.econsultation.ca/" "Mozilla/4.0 (compatible; MSIE 7.0; Windows NT 5.1; GTB5)"
72.136.69.228 - - [31/Mar/2009:12:35:05 -0400] "GET /images/feed-icon-14x14.png HTTP/1.1" 200 689 "http://isppractices.econsultation.ca/" "Mozilla/4.0 (compatible; MSIE 7.0; Windows NT 5.1; GTB5)"
72.136.69.228 - - [31/Mar/2009:12:35:05 -0400] "GET /images/CRTC_2_1300px.jpg HTTP/1.1" 200 72085 "http://isppractices.econsultation.ca/" "Mozilla/4.0 (compatible; MSIE 7.0; Windows NT 5.1; GTB5)"
72.136.69.228 - - [31/Mar/2009:12:35:05 -0400] "GET /images/nanos_icon_23.png HTTP/1.1" 200 4797 "http://isppractices.econsultation.ca/" "Mozilla/4.0 (compatible; MSIE 7.0; Windows NT 5.1; GTB5)"
72.136.69.228 - - [31/Mar/2009:12:35:05 -0400] "GET /images/topNav_endCurve.png HTTP/1.1" 200 433 "http://isppractices.econsultation.ca/" "Mozilla/4.0 (compatible; MSIE 7.0; Windows NT 5.1; GTB5)"
72.136.69.228 - - [31/Mar/2009:12:35:09 -0400] "GET /favicon.ico HTTP/1.1" 200 - "-" "Mozilla/4.0 (compatible; MSIE 7.0; Windows NT 5.1; GTB5)"
96.54.14.193 - - [31/Mar/2009:12:35:10 -0400] "POST /talk/mark/307 HTTP/1.1" 201 1 "http://isppractices.econsultation.ca/topics/show/9" "Mozilla/5.0 (X11; U; Linux i686; en-US; rv:1.9.0.8) Gecko/2009032711 Ubuntu/8.04 (hardy) Firefox/3.0.8 FirePHP/0.2.4"
76.10.148.56 - - [31/Mar/2009:12:35:17 -0400] "GET /topics/show/6 HTTP/1.1" 200 13799 "http://isppractices.econsultation.ca/topics/show/7?root=303" "Mozilla/4.0 (compatible; MSIE 7.0; Windows NT 6.0; SLCC1; .NET CLR 2.0.50727; Media Center PC 5.0; .NET CLR 3.0.04506; InfoPath.2)"
207.6.240.28 - - [31/Mar/2009:12:35:18 -0400] "GET /topics/show/11 HTTP/1.1" 200 13081 "http://isppractices.econsultation.ca/topics/show/10" "Mozilla/4.0 (compatible; MSIE 7.0; Windows NT 5.1; .NET CLR 1.1.4322; .NET CLR 2.0.50727)"
72.137.12.18 - - [31/Mar/2009:12:35:19 -0400] "GET /topics/show/8 HTTP/1.1" 200 18882 "http://isppractices.econsultation.ca/" "Mozilla/5.0 (Macintosh; U; Intel Mac OS X 10_5_6; en-us) AppleWebKit/528.16 (KHTML, like Gecko) Version/4.0 Safari/528.16"
72.137.12.18 - - [31/Mar/2009:12:35:20 -0400] "GET /images/comment_bw.png HTTP/1.1" 200 384 "http://isppractices.econsultation.ca/topics/show/8" "Mozilla/5.0 (Macintosh; U; Intel Mac OS X 10_5_6; en-us) AppleWebKit/528.16 (KHTML, like Gecko) Version/4.0 Safari/528.16"
72.137.12.18 - - [31/Mar/2009:12:35:20 -0400] "GET /images/BOX-BACK.jpg HTTP/1.1" 200 1025 "http://isppractices.econsultation.ca/topics/show/8" "Mozilla/5.0 (Macintosh; U; Intel Mac OS X 10_5_6; en-us) AppleWebKit/528.16 (KHTML, like Gecko) Version/4.0 Safari/528.16"
72.137.12.18 - - [31/Mar/2009:12:35:20 -0400] "GET /avatars/0000/0001/pic_nik_thumb.jpg?1237573168 HTTP/1.1" 200 5862 "http://isppractices.econsultation.ca/topics/show/8" "Mozilla/5.0 (Macintosh; U; Intel Mac OS X 10_5_6; en-us) AppleWebKit/528.16 (KHTML, like Gecko) Version/4.0 Safari/528.16"
69.196.165.130 - - [31/Mar/2009:12:35:20 -0400] "GET / HTTP/1.1" 200 16211 "-" "Mozilla/5.0 (Windows; U; Windows NT 6.1; en-US) AppleWebKit/530.4 (KHTML, like Gecko) Chrome/2.0.171.0 Safari/530.4"
69.196.165.130 - - [31/Mar/2009:12:35:22 -0400] "GET /stylesheets/print.css HTTP/1.1" 200 321 "http://isppractices.econsultation.ca/" "Mozilla/5.0 (Windows; U; Windows NT 6.1; en-US) AppleWebKit/530.4 (KHTML, like Gecko) Chrome/2.0.171.0 Safari/530.4"
69.196.165.130 - - [31/Mar/2009:12:35:21 -0400] "GET /stylesheets/base_1238427290.css HTTP/1.1" 200 30105 "http://isppractices.econsultation.ca/" "Mozilla/5.0 (Windows; U; Windows NT 6.1; en-US) AppleWebKit/530.4 (KHTML, like Gecko) Chrome/2.0.171.0 Safari/530.4"
69.196.165.130 - - [31/Mar/2009:12:35:22 -0400] "GET /javascripts/base_1238187983.js HTTP/1.1" 200 97264 "http://isppractices.econsultation.ca/" "Mozilla/5.0 (Windows; U; Windows NT 6.1; en-US) AppleWebKit/530.4 (KHTML, like Gecko) Chrome/2.0.171.0 Safari/530.4"
69.196.165.130 - - [31/Mar/2009:12:35:22 -0400] "GET /images/topNav_endCurve.png HTTP/1.1" 200 433 "http://isppractices.econsultation.ca/" "Mozilla/5.0 (Windows; U; Windows NT 6.1; en-US) AppleWebKit/530.4 (KHTML, like Gecko) Chrome/2.0.171.0 Safari/530.4"
69.196.165.130 - - [31/Mar/2009:12:35:22 -0400] "GET /images/feed-icon-14x14.png HTTP/1.1" 200 689 "http://isppractices.econsultation.ca/" "Mozilla/5.0 (Windows; U; Windows NT 6.1; en-US) AppleWebKit/530.4 (KHTML, like Gecko) Chrome/2.0.171.0 Safari/530.4"
69.196.165.130 - - [31/Mar/2009:12:35:22 -0400] "GET /images/search_go_1.jpg HTTP/1.1" 200 665 "http://isppractices.econsultation.ca/" "Mozilla/5.0 (Windows; U; Windows NT 6.1; en-US) AppleWebKit/530.4 (KHTML, like Gecko) Chrome/2.0.171.0 Safari/530.4"
69.196.165.130 - - [31/Mar/2009:12:35:22 -0400] "GET /images/CRTC_2_1300px.jpg HTTP/1.1" 200 72085 "http://isppractices.econsultation.ca/" "Mozilla/5.0 (Windows; U; Windows NT 6.1; en-US) AppleWebKit/530.4 (KHTML, like Gecko) Chrome/2.0.171.0 Safari/530.4"
69.196.165.130 - - [31/Mar/2009:12:35:22 -0400] "GET /images/nanos_icon_23.png HTTP/1.1" 200 4797 "http://isppractices.econsultation.ca/" "Mozilla/5.0 (Windows; U; Windows NT 6.1; en-US) AppleWebKit/530.4 (KHTML, like Gecko) Chrome/2.0.171.0 Safari/530.4"
69.196.165.130 - - [31/Mar/2009:12:35:22 -0400] "GET /favicon.ico HTTP/1.1" 200 - "-" "Mozilla/5.0 (Windows; U; Windows NT 6.1; en-US) AppleWebKit/530.4 (KHTML, like Gecko) Chrome/2.0.171.0 Safari/530.4"
96.54.14.193 - - [31/Mar/2009:12:35:22 -0400] "GET /profile/65026 HTTP/1.1" 200 13730 "http://isppractices.econsultation.ca/topics/show/9" "Mozilla/5.0 (X11; U; Linux i686; en-US; rv:1.9.0.8) Gecko/2009032711 Ubuntu/8.04 (hardy) Firefox/3.0.8 FirePHP/0.2.4"
207.6.240.28 - - [31/Mar/2009:12:35:24 -0400] "POST /talk/mark/305 HTTP/1.1" 201 1 "http://isppractices.econsultation.ca/topics/show/11" "Mozilla/4.0 (compatible; MSIE 7.0; Windows NT 5.1; .NET CLR 1.1.4322; .NET CLR 2.0.50727)"
76.10.148.56 - - [31/Mar/2009:12:35:25 -0400] "GET /topics/show/7 HTTP/1.1" 200 22296 "http://isppractices.econsultation.ca/topics/show/6" "Mozilla/4.0 (compatible; MSIE 7.0; Windows NT 6.0; SLCC1; .NET CLR 2.0.50727; Media Center PC 5.0; .NET CLR 3.0.04506; InfoPath.2)"
132.205.243.82 - - [31/Mar/2009:12:35:28 -0400] "GET / HTTP/1.1" 200 16211 "http://www.dslreports.com/forum/r22157825-CRTC-opens-online-consultation-on-throttling" "Mozilla/5.0 (Windows; U; Windows NT 6.0; en-US) AppleWebKit/530.1 (KHTML, like Gecko) Chrome/2.0.169.1 Safari/530.1"
132.205.243.82 - - [31/Mar/2009:12:35:30 -0400] "GET /stylesheets/print.css HTTP/1.1" 200 321 "http://isppractices.econsultation.ca/" "Mozilla/5.0 (Windows; U; Windows NT 6.0; en-US) AppleWebKit/530.1 (KHTML, like Gecko) Chrome/2.0.169.1 Safari/530.1"
132.205.243.82 - - [31/Mar/2009:12:35:30 -0400] "GET /stylesheets/base_1238427290.css HTTP/1.1" 200 30105 "http://isppractices.econsultation.ca/" "Mozilla/5.0 (Windows; U; Windows NT 6.0; en-US) AppleWebKit/530.1 (KHTML, like Gecko) Chrome/2.0.169.1 Safari/530.1"
72.137.12.18 - - [31/Mar/2009:12:35:32 -0400] "GET /topics/show/9 HTTP/1.1" 200 20563 "http://isppractices.econsultation.ca/topics/show/8" "Mozilla/5.0 (Macintosh; U; Intel Mac OS X 10_5_6; en-us) AppleWebKit/528.16 (KHTML, like Gecko) Version/4.0 Safari/528.16"
72.137.12.18 - - [31/Mar/2009:12:35:33 -0400] "GET /images/arrows.png HTTP/1.1" 200 216 "http://isppractices.econsultation.ca/topics/show/9" "Mozilla/5.0 (Macintosh; U; Intel Mac OS X 10_5_6; en-us) AppleWebKit/528.16 (KHTML, like Gecko) Version/4.0 Safari/528.16"
76.10.148.56 - - [31/Mar/2009:12:35:32 -0400] "GET /topics/show/8 HTTP/1.1" 200 18882 "http://isppractices.econsultation.ca/topics/show/7" "Mozilla/4.0 (compatible; MSIE 7.0; Windows NT 6.0; SLCC1; .NET CLR 2.0.50727; Media Center PC 5.0; .NET CLR 3.0.04506; InfoPath.2)"
72.137.12.18 - - [31/Mar/2009:12:35:36 -0400] "GET /topics/show/7 HTTP/1.1" 200 23865 "http://isppractices.econsultation.ca/topics/show/9" "Mozilla/5.0 (Macintosh; U; Intel Mac OS X 10_5_6; en-us) AppleWebKit/528.16 (KHTML, like Gecko) Version/4.0 Safari/528.16"
132.205.243.82 - - [31/Mar/2009:12:35:30 -0400] "GET /javascripts/base_1238187983.js HTTP/1.1" 200 97264 "http://isppractices.econsultation.ca/" "Mozilla/5.0 (Windows; U; Windows NT 6.0; en-US) AppleWebKit/530.1 (KHTML, like Gecko) Chrome/2.0.169.1 Safari/530.1"
96.54.14.193 - - [31/Mar/2009:12:35:37 -0400] "GET /topics/show/7 HTTP/1.1" 200 23865 "http://isppractices.econsultation.ca/profile/65026" "Mozilla/5.0 (X11; U; Linux i686; en-US; rv:1.9.0.8) Gecko/2009032711 Ubuntu/8.04 (hardy) Firefox/3.0.8 FirePHP/0.2.4"
132.205.243.82 - - [31/Mar/2009:12:35:40 -0400] "GET /images/topNav_endCurve.png HTTP/1.1" 200 433 "http://isppractices.econsultation.ca/" "Mozilla/5.0 (Windows; U; Windows NT 6.0; en-US) AppleWebKit/530.1 (KHTML, like Gecko) Chrome/2.0.169.1 Safari/530.1"
132.205.243.82 - - [31/Mar/2009:12:35:40 -0400] "GET /images/search_go_1.jpg HTTP/1.1" 200 665 "http://isppractices.econsultation.ca/" "Mozilla/5.0 (Windows; U; Windows NT 6.0; en-US) AppleWebKit/530.1 (KHTML, like Gecko) Chrome/2.0.169.1 Safari/530.1"
132.205.243.82 - - [31/Mar/2009:12:35:40 -0400] "GET /images/feed-icon-14x14.png HTTP/1.1" 200 689 "http://isppractices.econsultation.ca/" "Mozilla/5.0 (Windows; U; Windows NT 6.0; en-US) AppleWebKit/530.1 (KHTML, like Gecko) Chrome/2.0.169.1 Safari/530.1"
132.205.243.82 - - [31/Mar/2009:12:35:40 -0400] "GET /images/nanos_icon_23.png HTTP/1.1" 200 4797 "http://isppractices.econsultation.ca/" "Mozilla/5.0 (Windows; U; Windows NT 6.0; en-US) AppleWebKit/530.1 (KHTML, like Gecko) Chrome/2.0.169.1 Safari/530.1"
76.10.148.56 - - [31/Mar/2009:12:35:43 -0400] "POST /talk/mark/304 HTTP/1.1" 201 1 "http://isppractices.econsultation.ca/topics/show/8" "Mozilla/4.0 (compatible; MSIE 7.0; Windows NT 6.0; SLCC1; .NET CLR 2.0.50727; Media Center PC 5.0; .NET CLR 3.0.04506; InfoPath.2)"
132.205.243.82 - - [31/Mar/2009:12:35:38 -0400] "GET /images/CRTC_2_1300px.jpg HTTP/1.1" 200 72085 "http://isppractices.econsultation.ca/" "Mozilla/5.0 (Windows; U; Windows NT 6.0; en-US) AppleWebKit/530.1 (KHTML, like Gecko) Chrome/2.0.169.1 Safari/530.1"
72.137.12.18 - - [31/Mar/2009:12:35:47 -0400] "GET /images/busy.gif HTTP/1.1" 200 2209 "http://isppractices.econsultation.ca/topics/show/7" "Mozilla/5.0 (Macintosh; U; Intel Mac OS X 10_5_6; en-us) AppleWebKit/528.16 (KHTML, like Gecko) Version/4.0 Safari/528.16"
72.137.12.18 - - [31/Mar/2009:12:35:47 -0400] "POST /topics/show_comments/7/303 HTTP/1.1" 200 251 "http://isppractices.econsultation.ca/topics/show/7" "Mozilla/5.0 (Macintosh; U; Intel Mac OS X 10_5_6; en-us) AppleWebKit/528.16 (KHTML, like Gecko) Version/4.0 Safari/528.16"
72.137.12.18 - - [31/Mar/2009:12:35:53 -0400] "POST /talk/mark/303 HTTP/1.1" 201 1 "http://isppractices.econsultation.ca/topics/show/7" "Mozilla/5.0 (Macintosh; U; Intel Mac OS X 10_5_6; en-us) AppleWebKit/528.16 (KHTML, like Gecko) Version/4.0 Safari/528.16"
132.205.243.82 - - [31/Mar/2009:12:35:55 -0400] "GET /favicon.ico HTTP/1.1" 200 - "-" "Mozilla/5.0 (Windows; U; Windows NT 6.0; en-US) AppleWebKit/530.1 (KHTML, like Gecko) Chrome/2.0.169.1 Safari/530.1"
96.54.14.193 - - [31/Mar/2009:12:35:57 -0400] "POST /talk/mark/303 HTTP/1.1" 201 1 "http://isppractices.econsultation.ca/topics/show/7" "Mozilla/5.0 (X11; U; Linux i686; en-US; rv:1.9.0.8) Gecko/2009032711 Ubuntu/8.04 (hardy) Firefox/3.0.8 FirePHP/0.2.4"
69.196.165.130 - - [31/Mar/2009:12:35:58 -0400] "GET /topics/show/7?root=303 HTTP/1.1" 200 23865 "http://isppractices.econsultation.ca/" "Mozilla/5.0 (Windows; U; Windows NT 6.1; en-US) AppleWebKit/530.4 (KHTML, like Gecko) Chrome/2.0.171.0 Safari/530.4"
69.196.165.130 - - [31/Mar/2009:12:35:58 -0400] "GET /images/comment_bw.png HTTP/1.1" 200 384 "http://isppractices.econsultation.ca/topics/show/7?root=303#comment_303" "Mozilla/5.0 (Windows; U; Windows NT 6.1; en-US) AppleWebKit/530.4 (KHTML, like Gecko) Chrome/2.0.171.0 Safari/530.4"
69.196.165.130 - - [31/Mar/2009:12:35:58 -0400] "GET /images/BOX-BACK.jpg HTTP/1.1" 200 1025 "http://isppractices.econsultation.ca/topics/show/7?root=303#comment_303" "Mozilla/5.0 (Windows; U; Windows NT 6.1; en-US) AppleWebKit/530.4 (KHTML, like Gecko) Chrome/2.0.171.0 Safari/530.4"
69.196.165.130 - - [31/Mar/2009:12:35:58 -0400] "GET /images/arrows.png HTTP/1.1" 200 216 "http://isppractices.econsultation.ca/topics/show/7?root=303#comment_303" "Mozilla/5.0 (Windows; U; Windows NT 6.1; en-US) AppleWebKit/530.4 (KHTML, like Gecko) Chrome/2.0.171.0 Safari/530.4"
69.196.165.130 - - [31/Mar/2009:12:35:58 -0400] "GET /avatars/0000/0001/pic_nik_thumb.jpg?1237573168 HTTP/1.1" 200 5862 "http://isppractices.econsultation.ca/topics/show/7?root=303#comment_303" "Mozilla/5.0 (Windows; U; Windows NT 6.1; en-US) AppleWebKit/530.4 (KHTML, like Gecko) Chrome/2.0.171.0 Safari/530.4"
69.196.165.130 - - [31/Mar/2009:12:35:58 -0400] "POST /talk/mark/303 HTTP/1.1" 201 1 "http://isppractices.econsultation.ca/topics/show/7?root=303" "Mozilla/5.0 (Windows; U; Windows NT 6.1; en-US) AppleWebKit/530.4 (KHTML, like Gecko) Chrome/2.0.171.0 Safari/530.4"
96.54.14.193 - - [31/Mar/2009:12:36:02 -0400] "POST /talk/mark/303 HTTP/1.1" 201 1 "http://isppractices.econsultation.ca/topics/show/7" "Mozilla/5.0 (X11; U; Linux i686; en-US; rv:1.9.0.8) Gecko/2009032711 Ubuntu/8.04 (hardy) Firefox/3.0.8 FirePHP/0.2.4"
207.6.240.28 - - [31/Mar/2009:12:36:04 -0400] "GET /archives HTTP/1.1" 200 6079 "http://isppractices.econsultation.ca/topics/show/11" "Mozilla/4.0 (compatible; MSIE 7.0; Windows NT 5.1; .NET CLR 1.1.4322; .NET CLR 2.0.50727)"
72.137.12.18 - - [31/Mar/2009:12:36:08 -0400] "GET /topics/show/6 HTTP/1.1" 200 13799 "http://isppractices.econsultation.ca/topics/show/7" "Mozilla/5.0 (Macintosh; U; Intel Mac OS X 10_5_6; en-us) AppleWebKit/528.16 (KHTML, like Gecko) Version/4.0 Safari/528.16"
72.137.12.18 - - [31/Mar/2009:12:36:11 -0400] "GET /topics/show/11 HTTP/1.1" 200 18125 "http://isppractices.econsultation.ca/topics/show/6" "Mozilla/5.0 (Macintosh; U; Intel Mac OS X 10_5_6; en-us) AppleWebKit/528.16 (KHTML, like Gecko) Version/4.0 Safari/528.16"
96.54.14.193 - - [31/Mar/2009:12:36:12 -0400] "GET /archives HTTP/1.1" 200 11149 "http://isppractices.econsultation.ca/topics/show/7" "Mozilla/5.0 (X11; U; Linux i686; en-US; rv:1.9.0.8) Gecko/2009032711 Ubuntu/8.04 (hardy) Firefox/3.0.8 FirePHP/0.2.4"
96.54.14.193 - - [31/Mar/2009:12:36:17 -0400] "GET /topics/show/7 HTTP/1.1" 200 23865 "http://isppractices.econsultation.ca/archives" "Mozilla/5.0 (X11; U; Linux i686; en-US; rv:1.9.0.8) Gecko/2009032711 Ubuntu/8.04 (hardy) Firefox/3.0.8 FirePHP/0.2.4"
72.137.12.18 - - [31/Mar/2009:12:36:20 -0400] "POST /talk/mark/305 HTTP/1.1" 201 1 "http://isppractices.econsultation.ca/topics/show/11" "Mozilla/5.0 (Macintosh; U; Intel Mac OS X 10_5_6; en-us) AppleWebKit/528.16 (KHTML, like Gecko) Version/4.0 Safari/528.16"
76.10.148.56 - - [31/Mar/2009:12:36:27 -0400] "POST /rater/create/comment_rating/304 HTTP/1.1" 200 225 "http://isppractices.econsultation.ca/topics/show/8" "Mozilla/4.0 (compatible; MSIE 7.0; Windows NT 6.0; SLCC1; .NET CLR 2.0.50727; Media Center PC 5.0; .NET CLR 3.0.04506; InfoPath.2)"
76.10.148.56 - - [31/Mar/2009:12:36:35 -0400] "GET /topics/show/9 HTTP/1.1" 200 20563 "http://isppractices.econsultation.ca/topics/show/8" "Mozilla/4.0 (compatible; MSIE 7.0; Windows NT 6.0; SLCC1; .NET CLR 2.0.50727; Media Center PC 5.0; .NET CLR 3.0.04506; InfoPath.2)"
68.148.122.85 - - [31/Mar/2009:12:36:40 -0400] "GET /topics/show/6 HTTP/1.1" 200 13799 "http://isppractices.econsultation.ca/" "Mozilla/5.0 (X11; U; Linux i686 (x86_64); en-US; rv:1.9.1b3) Gecko/20090305 Firefox/3.1b3"
68.148.122.85 - - [31/Mar/2009:12:36:41 -0400] "GET /images/comment_bw.png HTTP/1.1" 200 384 "http://isppractices.econsultation.ca/stylesheets/base_1238427290.css" "Mozilla/5.0 (X11; U; Linux i686 (x86_64); en-US; rv:1.9.1b3) Gecko/20090305 Firefox/3.1b3"
68.148.122.85 - - [31/Mar/2009:12:36:41 -0400] "GET /avatars/0000/0001/pic_nik_thumb.jpg?1237573168 HTTP/1.1" 200 5862 "http://isppractices.econsultation.ca/topics/show/6" "Mozilla/5.0 (X11; U; Linux i686 (x86_64); en-US; rv:1.9.1b3) Gecko/20090305 Firefox/3.1b3"
68.148.122.85 - - [31/Mar/2009:12:36:41 -0400] "GET /images/arrows.png HTTP/1.1" 200 216 "http://isppractices.econsultation.ca/stylesheets/base_1238427290.css" "Mozilla/5.0 (X11; U; Linux i686 (x86_64); en-US; rv:1.9.1b3) Gecko/20090305 Firefox/3.1b3"
204.209.209.129 - - [31/Mar/2009:12:36:42 -0400] "GET /archives HTTP/1.1" 200 11149 "-" "Mozilla/4.0 (compatible; MSIE 7.0; Windows NT 5.1; GTB5; .NET CLR 1.1.4322; InfoPath.1; .NET CLR 2.0.50727)"
68.148.122.85 - - [31/Mar/2009:12:36:42 -0400] "GET /topics/show/7 HTTP/1.1" 200 23865 "http://isppractices.econsultation.ca/topics/show/6" "Mozilla/5.0 (X11; U; Linux i686 (x86_64); en-US; rv:1.9.1b3) Gecko/20090305 Firefox/3.1b3"
68.148.122.85 - - [31/Mar/2009:12:36:43 -0400] "GET /images/BOX-BACK.jpg HTTP/1.1" 200 1025 "http://isppractices.econsultation.ca/stylesheets/base_1238427290.css" "Mozilla/5.0 (X11; U; Linux i686 (x86_64); en-US; rv:1.9.1b3) Gecko/20090305 Firefox/3.1b3"
76.10.148.56 - - [31/Mar/2009:12:36:51 -0400] "POST /talk/mark/307 HTTP/1.1" 201 1 "http://isppractices.econsultation.ca/topics/show/9" "Mozilla/4.0 (compatible; MSIE 7.0; Windows NT 6.0; SLCC1; .NET CLR 2.0.50727; Media Center PC 5.0; .NET CLR 3.0.04506; InfoPath.2)"
72.136.69.228 - - [31/Mar/2009:12:36:58 -0400] "GET /images/topNav_endCurve_black.png HTTP/1.1" 200 447 "http://isppractices.econsultation.ca/" "Mozilla/4.0 (compatible; MSIE 7.0; Windows NT 5.1; GTB5)"
204.209.209.129 - - [31/Mar/2009:12:37:06 -0400] "GET /topics/show/9?lang=en HTTP/1.1" 200 20563 "-" "Mozilla/4.0 (compatible; MSIE 7.0; Windows NT 5.1; GTB5; .NET CLR 1.1.4322; InfoPath.1; .NET CLR 2.0.50727)"
204.209.209.129 - - [31/Mar/2009:12:37:07 -0400] "GET /images/BOX-BACK.jpg HTTP/1.1" 200 1025 "http://isppractices.econsultation.ca/topics/show/9?lang=en" "Mozilla/4.0 (compatible; MSIE 7.0; Windows NT 5.1; GTB5; .NET CLR 1.1.4322; InfoPath.1; .NET CLR 2.0.50727)"
72.136.69.228 - - [31/Mar/2009:12:37:07 -0400] "GET /favicon.ico HTTP/1.1" 200 - "-" "Mozilla/4.0 (compatible; GoogleToolbar 5.0.2124.6042; Windows XP 5.1; MSIE 7.0.5730.11)"
72.136.69.228 - - [31/Mar/2009:12:37:07 -0400] "GET /favicon.gif HTTP/1.1" 500 2349 "-" "Mozilla/4.0 (compatible; GoogleToolbar 5.0.2124.6042; Windows XP 5.1; MSIE 7.0.5730.11)"
76.10.148.56 - - [31/Mar/2009:12:37:09 -0400] "POST /rater/create/comment_rating/307 HTTP/1.1" 200 225 "http://isppractices.econsultation.ca/topics/show/9" "Mozilla/4.0 (compatible; MSIE 7.0; Windows NT 6.0; SLCC1; .NET CLR 2.0.50727; Media Center PC 5.0; .NET CLR 3.0.04506; InfoPath.2)"
76.10.148.56 - - [31/Mar/2009:12:37:14 -0400] "GET /topics/show/10 HTTP/1.1" 200 19846 "http://isppractices.econsultation.ca/topics/show/9" "Mozilla/4.0 (compatible; MSIE 7.0; Windows NT 6.0; SLCC1; .NET CLR 2.0.50727; Media Center PC 5.0; .NET CLR 3.0.04506; InfoPath.2)"
204.209.209.129 - - [31/Mar/2009:12:37:23 -0400] "POST /login HTTP/1.1" 200 10221 "http://isppractices.econsultation.ca/topics/show/9?lang=en" "Mozilla/4.0 (compatible; MSIE 7.0; Windows NT 5.1; GTB5; .NET CLR 1.1.4322; InfoPath.1; .NET CLR 2.0.50727)"
69.196.168.100 - - [31/Mar/2009:12:37:46 -0400] "GET / HTTP/1.1" 200 16527 "http://www.dslreports.com/forum/r22157825-CRTC-opens-online-consultation-on-throttling" "Mozilla/5.0 (Macintosh; U; PPC Mac OS X 10_4_11; en) AppleWebKit/525.27.1 (KHTML, like Gecko) Version/3.2.1 Safari/525.27.1"
69.196.168.100 - - [31/Mar/2009:12:37:47 -0400] "GET /stylesheets/print.css HTTP/1.1" 200 321 "http://isppractices.econsultation.ca/" "Mozilla/5.0 (Macintosh; U; PPC Mac OS X 10_4_11; en) AppleWebKit/525.27.1 (KHTML, like Gecko) Version/3.2.1 Safari/525.27.1"
69.196.168.100 - - [31/Mar/2009:12:37:47 -0400] "GET /favicon.ico HTTP/1.1" 200 - "http://isppractices.econsultation.ca/" "Mozilla/5.0 (Macintosh; U; PPC Mac OS X 10_4_11; en) AppleWebKit/525.27.1 (KHTML, like Gecko) Version/3.2.1 Safari/525.27.1"
69.196.168.100 - - [31/Mar/2009:12:37:47 -0400] "GET /stylesheets/base_1238427290.css HTTP/1.1" 200 30105 "http://isppractices.econsultation.ca/" "Mozilla/5.0 (Macintosh; U; PPC Mac OS X 10_4_11; en) AppleWebKit/525.27.1 (KHTML, like Gecko) Version/3.2.1 Safari/525.27.1"
69.196.168.100 - - [31/Mar/2009:12:37:47 -0400] "GET /javascripts/base_1238187983.js HTTP/1.1" 200 97264 "http://isppractices.econsultation.ca/" "Mozilla/5.0 (Macintosh; U; PPC Mac OS X 10_4_11; en) AppleWebKit/525.27.1 (KHTML, like Gecko) Version/3.2.1 Safari/525.27.1"
69.196.168.100 - - [31/Mar/2009:12:37:48 -0400] "GET /images/topNav_endCurve.png HTTP/1.1" 200 433 "http://isppractices.econsultation.ca/" "Mozilla/5.0 (Macintosh; U; PPC Mac OS X 10_4_11; en) AppleWebKit/525.27.1 (KHTML, like Gecko) Version/3.2.1 Safari/525.27.1"
69.196.168.100 - - [31/Mar/2009:12:37:48 -0400] "GET /images/search_go_1.jpg HTTP/1.1" 200 665 "http://isppractices.econsultation.ca/" "Mozilla/5.0 (Macintosh; U; PPC Mac OS X 10_4_11; en) AppleWebKit/525.27.1 (KHTML, like Gecko) Version/3.2.1 Safari/525.27.1"
69.196.168.100 - - [31/Mar/2009:12:37:48 -0400] "GET /images/feed-icon-14x14.png HTTP/1.1" 200 689 "http://isppractices.econsultation.ca/" "Mozilla/5.0 (Macintosh; U; PPC Mac OS X 10_4_11; en) AppleWebKit/525.27.1 (KHTML, like Gecko) Version/3.2.1 Safari/525.27.1"
69.196.168.100 - - [31/Mar/2009:12:37:48 -0400] "GET /images/CRTC_2_1300px.jpg HTTP/1.1" 200 72085 "http://isppractices.econsultation.ca/" "Mozilla/5.0 (Macintosh; U; PPC Mac OS X 10_4_11; en) AppleWebKit/525.27.1 (KHTML, like Gecko) Version/3.2.1 Safari/525.27.1"
69.196.168.100 - - [31/Mar/2009:12:37:48 -0400] "GET /images/nanos_icon_23.png HTTP/1.1" 200 4797 "http://isppractices.econsultation.ca/" "Mozilla/5.0 (Macintosh; U; PPC Mac OS X 10_4_11; en) AppleWebKit/525.27.1 (KHTML, like Gecko) Version/3.2.1 Safari/525.27.1"
69.196.168.100 - - [31/Mar/2009:12:37:51 -0400] "GET / HTTP/1.1" 200 16527 "-" "Mozilla/5.0 (Macintosh; U; PPC Mac OS X 10_4_11; en) AppleWebKit/525.27.1 (KHTML, like Gecko) Version/3.2.1 Safari/525.27.1"
76.10.148.56 - - [31/Mar/2009:12:38:04 -0400] "POST /talk/mark/306 HTTP/1.1" 201 1 "http://isppractices.econsultation.ca/topics/show/10" "Mozilla/4.0 (compatible; MSIE 7.0; Windows NT 6.0; SLCC1; .NET CLR 2.0.50727; Media Center PC 5.0; .NET CLR 3.0.04506; InfoPath.2)"
206.248.135.8 - - [31/Mar/2009:12:38:08 -0400] "GET / HTTP/1.1" 200 16527 "-" "Mozilla/5.0 (Windows; U; Windows NT 5.1; en-US; rv:1.9.0.8) Gecko/2009032609 Firefox/3.0.8"
206.248.135.8 - - [31/Mar/2009:12:38:09 -0400] "GET /stylesheets/print.css HTTP/1.1" 200 321 "http://isppractices.econsultation.ca/" "Mozilla/5.0 (Windows; U; Windows NT 5.1; en-US; rv:1.9.0.8) Gecko/2009032609 Firefox/3.0.8"
206.248.135.8 - - [31/Mar/2009:12:38:09 -0400] "GET /favicon.ico HTTP/1.1" 200 - "-" "Mozilla/5.0 (compatible; Google Desktop)"
206.248.135.8 - - [31/Mar/2009:12:38:09 -0400] "GET /stylesheets/base_1238427290.css HTTP/1.1" 200 30105 "http://isppractices.econsultation.ca/" "Mozilla/5.0 (Windows; U; Windows NT 5.1; en-US; rv:1.9.0.8) Gecko/2009032609 Firefox/3.0.8"
206.248.135.8 - - [31/Mar/2009:12:38:09 -0400] "GET /javascripts/base_1238187983.js HTTP/1.1" 200 97264 "http://isppractices.econsultation.ca/" "Mozilla/5.0 (Windows; U; Windows NT 5.1; en-US; rv:1.9.0.8) Gecko/2009032609 Firefox/3.0.8"
206.248.135.8 - - [31/Mar/2009:12:38:09 -0400] "GET /favicon.ico HTTP/1.1" 200 - "-" "Mozilla/5.0 (Windows; U; Windows NT 5.1; en-US; rv:1.9.0.8) Gecko/2009032609 Firefox/3.0.8"
206.248.135.8 - - [31/Mar/2009:12:38:09 -0400] "GET /images/search_go_1.jpg HTTP/1.1" 200 665 "http://isppractices.econsultation.ca/" "Mozilla/5.0 (Windows; U; Windows NT 5.1; en-US; rv:1.9.0.8) Gecko/2009032609 Firefox/3.0.8"
206.248.135.8 - - [31/Mar/2009:12:38:09 -0400] "GET /images/feed-icon-14x14.png HTTP/1.1" 200 689 "http://isppractices.econsultation.ca/" "Mozilla/5.0 (Windows; U; Windows NT 5.1; en-US; rv:1.9.0.8) Gecko/2009032609 Firefox/3.0.8"
206.248.135.8 - - [31/Mar/2009:12:38:09 -0400] "GET /images/nanos_icon_23.png HTTP/1.1" 200 4797 "http://isppractices.econsultation.ca/" "Mozilla/5.0 (Windows; U; Windows NT 5.1; en-US; rv:1.9.0.8) Gecko/2009032609 Firefox/3.0.8"
206.248.135.8 - - [31/Mar/2009:12:38:09 -0400] "GET /images/topNav_endCurve.png HTTP/1.1" 200 433 "http://isppractices.econsultation.ca/stylesheets/base_1238427290.css" "Mozilla/5.0 (Windows; U; Windows NT 5.1; en-US; rv:1.9.0.8) Gecko/2009032609 Firefox/3.0.8"
206.248.135.8 - - [31/Mar/2009:12:38:09 -0400] "GET /images/CRTC_2_1300px.jpg HTTP/1.1" 200 72085 "http://isppractices.econsultation.ca/stylesheets/base_1238427290.css" "Mozilla/5.0 (Windows; U; Windows NT 5.1; en-US; rv:1.9.0.8) Gecko/2009032609 Firefox/3.0.8"
70.24.176.238 - - [31/Mar/2009:12:38:10 -0400] "POST /topic/7/talk/preview HTTP/1.1" 200 4967 "http://isppractices.econsultation.ca/topics/show/7" "Mozilla/5.0 (Windows; U; Windows NT 5.1; en-US) AppleWebKit/530.1 (KHTML, like Gecko) Chrome/2.0.169.1 Safari/530.1"
76.10.148.56 - - [31/Mar/2009:12:38:19 -0400] "POST /rater/create/comment_rating/306 HTTP/1.1" 200 225 "http://isppractices.econsultation.ca/topics/show/10" "Mozilla/4.0 (compatible; MSIE 7.0; Windows NT 6.0; SLCC1; .NET CLR 2.0.50727; Media Center PC 5.0; .NET CLR 3.0.04506; InfoPath.2)"
76.10.148.56 - - [31/Mar/2009:12:38:24 -0400] "GET /topics/show/11 HTTP/1.1" 200 18125 "http://isppractices.econsultation.ca/topics/show/10" "Mozilla/4.0 (compatible; MSIE 7.0; Windows NT 6.0; SLCC1; .NET CLR 2.0.50727; Media Center PC 5.0; .NET CLR 3.0.04506; InfoPath.2)"
198.103.61.2 - - [31/Mar/2009:12:38:29 -0400] "GET /topics/show/7 HTTP/1.1" 200 23865 "http://isppractices.econsultation.ca/topics/show/6" "Mozilla/5.0 (Windows; U; Windows NT 5.0; en-GB; rv:1.9.0.8) Gecko/2009032609 Firefox/3.0.8"
70.24.176.238 - - [31/Mar/2009:12:38:32 -0400] "POST /register HTTP/1.1" 200 605 "http://isppractices.econsultation.ca/topics/show/7" "Mozilla/5.0 (Windows; U; Windows NT 5.1; en-US) AppleWebKit/530.1 (KHTML, like Gecko) Chrome/2.0.169.1 Safari/530.1"
70.24.176.238 - - [31/Mar/2009:12:38:32 -0400] "POST /topic/7/talk/preview HTTP/1.1" 200 4815 "http://isppractices.econsultation.ca/topics/show/7" "Mozilla/5.0 (Windows; U; Windows NT 5.1; en-US) AppleWebKit/530.1 (KHTML, like Gecko) Chrome/2.0.169.1 Safari/530.1"
204.209.209.129 - - [31/Mar/2009:12:38:34 -0400] "GET /verify/df87eb585b79ff6a56674ce4e7b73758ef33f4b0?lang=en HTTP/1.1" 302 104 "http://ca.mc558.mail.yahoo.com/mc/welcome?.rand=bor4o6obsk0tj" "Mozilla/4.0 (compatible; MSIE 7.0; Windows NT 5.1; GTB5; .NET CLR 1.1.4322; InfoPath.1; .NET CLR 2.0.50727)"
204.209.209.129 - - [31/Mar/2009:12:38:34 -0400] "GET / HTTP/1.1" 200 11569 "http://ca.mc558.mail.yahoo.com/mc/welcome?.rand=bor4o6obsk0tj" "Mozilla/4.0 (compatible; MSIE 7.0; Windows NT 5.1; GTB5; .NET CLR 1.1.4322; InfoPath.1; .NET CLR 2.0.50727)"
204.209.209.129 - - [31/Mar/2009:12:38:35 -0400] "GET /stylesheets/base_110.css HTTP/1.1" 304 - "http://newmedia.crtc.econsultation.ca/" "Mozilla/4.0 (compatible; MSIE 7.0; Windows NT 5.1; GTB5; .NET CLR 1.1.4322; InfoPath.1; .NET CLR 2.0.50727)"
204.209.209.129 - - [31/Mar/2009:12:38:35 -0400] "GET /stylesheets/print.css HTTP/1.1" 304 - "http://newmedia.crtc.econsultation.ca/" "Mozilla/4.0 (compatible; MSIE 7.0; Windows NT 5.1; GTB5; .NET CLR 1.1.4322; InfoPath.1; .NET CLR 2.0.50727)"
204.209.209.129 - - [31/Mar/2009:12:38:35 -0400] "GET /stylesheets/redesign_IE.css HTTP/1.1" 304 - "http://newmedia.crtc.econsultation.ca/" "Mozilla/4.0 (compatible; MSIE 7.0; Windows NT 5.1; GTB5; .NET CLR 1.1.4322; InfoPath.1; .NET CLR 2.0.50727)"
204.209.209.129 - - [31/Mar/2009:12:38:35 -0400] "GET /javascripts/base_53.js HTTP/1.1" 304 - "http://newmedia.crtc.econsultation.ca/" "Mozilla/4.0 (compatible; MSIE 7.0; Windows NT 5.1; GTB5; .NET CLR 1.1.4322; InfoPath.1; .NET CLR 2.0.50727)"
204.209.209.129 - - [31/Mar/2009:12:38:36 -0400] "GET /images/CRTC_2_1300px.jpg HTTP/1.1" 304 - "http://newmedia.crtc.econsultation.ca/" "Mozilla/4.0 (compatible; MSIE 7.0; Windows NT 5.1; GTB5; .NET CLR 1.1.4322; InfoPath.1; .NET CLR 2.0.50727)"
204.209.209.129 - - [31/Mar/2009:12:38:36 -0400] "GET /images/search_go_1.jpg HTTP/1.1" 304 - "http://newmedia.crtc.econsultation.ca/" "Mozilla/4.0 (compatible; MSIE 7.0; Windows NT 5.1; GTB5; .NET CLR 1.1.4322; InfoPath.1; .NET CLR 2.0.50727)"
204.209.209.129 - - [31/Mar/2009:12:38:36 -0400] "GET /images/feed-icon-14x14.png HTTP/1.1" 304 - "http://newmedia.crtc.econsultation.ca/" "Mozilla/4.0 (compatible; MSIE 7.0; Windows NT 5.1; GTB5; .NET CLR 1.1.4322; InfoPath.1; .NET CLR 2.0.50727)"
204.209.209.129 - - [31/Mar/2009:12:38:36 -0400] "GET /images/nanos_icon_23.png HTTP/1.1" 304 - "http://newmedia.crtc.econsultation.ca/" "Mozilla/4.0 (compatible; MSIE 7.0; Windows NT 5.1; GTB5; .NET CLR 1.1.4322; InfoPath.1; .NET CLR 2.0.50727)"
204.209.209.129 - - [31/Mar/2009:12:38:36 -0400] "GET /images/topNav_endCurve.png HTTP/1.1" 304 - "http://newmedia.crtc.econsultation.ca/" "Mozilla/4.0 (compatible; MSIE 7.0; Windows NT 5.1; GTB5; .NET CLR 1.1.4322; InfoPath.1; .NET CLR 2.0.50727)"
204.209.209.129 - - [31/Mar/2009:12:38:36 -0400] "GET /images/error.png HTTP/1.1" 304 - "http://newmedia.crtc.econsultation.ca/" "Mozilla/4.0 (compatible; MSIE 7.0; Windows NT 5.1; GTB5; .NET CLR 1.1.4322; InfoPath.1; .NET CLR 2.0.50727)"
76.10.148.56 - - [31/Mar/2009:12:38:36 -0400] "POST /talk/mark/305 HTTP/1.1" 201 1 "http://isppractices.econsultation.ca/topics/show/11" "Mozilla/4.0 (compatible; MSIE 7.0; Windows NT 6.0; SLCC1; .NET CLR 2.0.50727; Media Center PC 5.0; .NET CLR 3.0.04506; InfoPath.2)"
24.69.160.246 - - [31/Mar/2009:12:38:37 -0400] "GET / HTTP/1.1" 200 16527 "http://www.crtc.gc.ca/eng/redirect.asp?URL=http://isppractices.econsultation.ca/" "Mozilla/5.0 (Windows; U; Windows NT 5.1; en-US; rv:1.9.0.8) Gecko/2009032609 Firefox/3.0.8 (.NET CLR 3.5.30729)"
24.69.160.246 - - [31/Mar/2009:12:38:38 -0400] "GET /stylesheets/print.css HTTP/1.1" 200 321 "http://isppractices.econsultation.ca/" "Mozilla/5.0 (Windows; U; Windows NT 5.1; en-US; rv:1.9.0.8) Gecko/2009032609 Firefox/3.0.8 (.NET CLR 3.5.30729)"
24.69.160.246 - - [31/Mar/2009:12:38:38 -0400] "GET /stylesheets/base_1238427290.css HTTP/1.1" 200 30105 "http://isppractices.econsultation.ca/" "Mozilla/5.0 (Windows; U; Windows NT 5.1; en-US; rv:1.9.0.8) Gecko/2009032609 Firefox/3.0.8 (.NET CLR 3.5.30729)"
24.69.160.246 - - [31/Mar/2009:12:38:38 -0400] "GET /javascripts/base_1238187983.js HTTP/1.1" 200 97264 "http://isppractices.econsultation.ca/" "Mozilla/5.0 (Windows; U; Windows NT 5.1; en-US; rv:1.9.0.8) Gecko/2009032609 Firefox/3.0.8 (.NET CLR 3.5.30729)"
24.69.160.246 - - [31/Mar/2009:12:38:39 -0400] "GET /favicon.ico HTTP/1.1" 200 - "-" "Mozilla/5.0 (Windows; U; Windows NT 5.1; en-US; rv:1.9.0.8) Gecko/2009032609 Firefox/3.0.8 (.NET CLR 3.5.30729)"
24.69.160.246 - - [31/Mar/2009:12:38:39 -0400] "GET /images/search_go_1.jpg HTTP/1.1" 200 665 "http://isppractices.econsultation.ca/" "Mozilla/5.0 (Windows; U; Windows NT 5.1; en-US; rv:1.9.0.8) Gecko/2009032609 Firefox/3.0.8 (.NET CLR 3.5.30729)"
24.69.160.246 - - [31/Mar/2009:12:38:39 -0400] "GET /images/nanos_icon_23.png HTTP/1.1" 200 4797 "http://isppractices.econsultation.ca/" "Mozilla/5.0 (Windows; U; Windows NT 5.1; en-US; rv:1.9.0.8) Gecko/2009032609 Firefox/3.0.8 (.NET CLR 3.5.30729)"
24.69.160.246 - - [31/Mar/2009:12:38:39 -0400] "GET /images/feed-icon-14x14.png HTTP/1.1" 200 689 "http://isppractices.econsultation.ca/" "Mozilla/5.0 (Windows; U; Windows NT 5.1; en-US; rv:1.9.0.8) Gecko/2009032609 Firefox/3.0.8 (.NET CLR 3.5.30729)"
24.69.160.246 - - [31/Mar/2009:12:38:39 -0400] "GET /images/topNav_endCurve.png HTTP/1.1" 200 433 "http://isppractices.econsultation.ca/stylesheets/base_1238427290.css" "Mozilla/5.0 (Windows; U; Windows NT 5.1; en-US; rv:1.9.0.8) Gecko/2009032609 Firefox/3.0.8 (.NET CLR 3.5.30729)"
24.69.160.246 - - [31/Mar/2009:12:38:39 -0400] "GET /images/CRTC_2_1300px.jpg HTTP/1.1" 200 72085 "http://isppractices.econsultation.ca/stylesheets/base_1238427290.css" "Mozilla/5.0 (Windows; U; Windows NT 5.1; en-US; rv:1.9.0.8) Gecko/2009032609 Firefox/3.0.8 (.NET CLR 3.5.30729)"
76.10.148.56 - - [31/Mar/2009:12:38:48 -0400] "POST /rater/create/comment_rating/305 HTTP/1.1" 200 225 "http://isppractices.econsultation.ca/topics/show/11" "Mozilla/4.0 (compatible; MSIE 7.0; Windows NT 6.0; SLCC1; .NET CLR 2.0.50727; Media Center PC 5.0; .NET CLR 3.0.04506; InfoPath.2)"
70.24.176.238 - - [31/Mar/2009:12:38:49 -0400] "GET /verify/58c1fdb614802ea891b4e345ca1d194719fa57a6?lang=en HTTP/1.1" 302 104 "-" "Mozilla/5.0 (Windows; U; Windows NT 5.1; en-US) AppleWebKit/530.1 (KHTML, like Gecko) Chrome/2.0.169.1 Safari/530.1"
70.24.176.238 - - [31/Mar/2009:12:38:49 -0400] "GET / HTTP/1.1" 200 11569 "-" "Mozilla/5.0 (Windows; U; Windows NT 5.1; en-US) AppleWebKit/530.1 (KHTML, like Gecko) Chrome/2.0.169.1 Safari/530.1"
70.24.176.238 - - [31/Mar/2009:12:38:53 -0400] "GET /stylesheets/print.css HTTP/1.1" 200 321 "http://newmedia.crtc.econsultation.ca/" "Mozilla/5.0 (Windows; U; Windows NT 5.1; en-US) AppleWebKit/530.1 (KHTML, like Gecko) Chrome/2.0.169.1 Safari/530.1"
70.24.176.238 - - [31/Mar/2009:12:38:53 -0400] "GET /stylesheets/base_110.css HTTP/1.1" 200 30108 "http://newmedia.crtc.econsultation.ca/" "Mozilla/5.0 (Windows; U; Windows NT 5.1; en-US) AppleWebKit/530.1 (KHTML, like Gecko) Chrome/2.0.169.1 Safari/530.1"
150.70.84.44 - - [31/Mar/2009:12:38:53 -0400] "GET /javascripts/base_1238187983.js HTTP/1.0" 200 97264 "-" "Mozilla/4.0 (compatible; MSIE 6.0; Windows NT 5.1)"
70.24.176.238 - - [31/Mar/2009:12:38:53 -0400] "GET /javascripts/base_53.js HTTP/1.1" 200 97264 "http://newmedia.crtc.econsultation.ca/" "Mozilla/5.0 (Windows; U; Windows NT 5.1; en-US) AppleWebKit/530.1 (KHTML, like Gecko) Chrome/2.0.169.1 Safari/530.1"
70.24.176.238 - - [31/Mar/2009:12:38:55 -0400] "GET /images/topNav_endCurve.png HTTP/1.1" 200 433 "http://newmedia.crtc.econsultation.ca/" "Mozilla/5.0 (Windows; U; Windows NT 5.1; en-US) AppleWebKit/530.1 (KHTML, like Gecko) Chrome/2.0.169.1 Safari/530.1"
70.24.176.238 - - [31/Mar/2009:12:38:55 -0400] "GET /images/search_go_1.jpg HTTP/1.1" 200 665 "http://newmedia.crtc.econsultation.ca/" "Mozilla/5.0 (Windows; U; Windows NT 5.1; en-US) AppleWebKit/530.1 (KHTML, like Gecko) Chrome/2.0.169.1 Safari/530.1"
70.24.176.238 - - [31/Mar/2009:12:38:56 -0400] "GET /images/error.png HTTP/1.1" 200 737 "http://newmedia.crtc.econsultation.ca/" "Mozilla/5.0 (Windows; U; Windows NT 5.1; en-US) AppleWebKit/530.1 (KHTML, like Gecko) Chrome/2.0.169.1 Safari/530.1"
70.24.176.238 - - [31/Mar/2009:12:38:56 -0400] "GET /images/feed-icon-14x14.png HTTP/1.1" 200 689 "http://newmedia.crtc.econsultation.ca/" "Mozilla/5.0 (Windows; U; Windows NT 5.1; en-US) AppleWebKit/530.1 (KHTML, like Gecko) Chrome/2.0.169.1 Safari/530.1"
70.24.176.238 - - [31/Mar/2009:12:38:56 -0400] "GET /images/nanos_icon_23.png HTTP/1.1" 200 4797 "http://newmedia.crtc.econsultation.ca/" "Mozilla/5.0 (Windows; U; Windows NT 5.1; en-US) AppleWebKit/530.1 (KHTML, like Gecko) Chrome/2.0.169.1 Safari/530.1"
70.24.176.238 - - [31/Mar/2009:12:38:55 -0400] "GET /images/CRTC_2_1300px.jpg HTTP/1.1" 200 72085 "http://newmedia.crtc.econsultation.ca/" "Mozilla/5.0 (Windows; U; Windows NT 5.1; en-US) AppleWebKit/530.1 (KHTML, like Gecko) Chrome/2.0.169.1 Safari/530.1"
70.24.176.238 - - [31/Mar/2009:12:38:57 -0400] "GET /favicon.ico HTTP/1.1" 200 - "-" "Mozilla/5.0 (Windows; U; Windows NT 5.1; en-US) AppleWebKit/530.1 (KHTML, like Gecko) Chrome/2.0.169.1 Safari/530.1"
204.209.209.129 - - [31/Mar/2009:12:38:58 -0400] "GET /account/remind_password HTTP/1.1" 302 104 "http://newmedia.crtc.econsultation.ca/" "Mozilla/4.0 (compatible; MSIE 7.0; Windows NT 5.1; GTB5; .NET CLR 1.1.4322; InfoPath.1; .NET CLR 2.0.50727)"
204.209.209.129 - - [31/Mar/2009:12:38:59 -0400] "GET / HTTP/1.1" 200 11532 "http://newmedia.crtc.econsultation.ca/" "Mozilla/4.0 (compatible; MSIE 7.0; Windows NT 5.1; GTB5; .NET CLR 1.1.4322; InfoPath.1; .NET CLR 2.0.50727)"
204.209.209.129 - - [31/Mar/2009:12:38:59 -0400] "POST /login HTTP/1.1" 200 10075 "http://newmedia.crtc.econsultation.ca/" "Mozilla/4.0 (compatible; MSIE 7.0; Windows NT 5.1; GTB5; .NET CLR 1.1.4322; InfoPath.1; .NET CLR 2.0.50727)"
204.209.209.129 - - [31/Mar/2009:12:39:04 -0400] "GET /images/information.png HTTP/1.1" 200 918 "http://newmedia.crtc.econsultation.ca/login" "Mozilla/4.0 (compatible; MSIE 7.0; Windows NT 5.1; GTB5; .NET CLR 1.1.4322; InfoPath.1; .NET CLR 2.0.50727)"
76.10.148.56 - - [31/Mar/2009:12:39:13 -0400] "GET /archives HTTP/1.1" 200 11149 "http://isppractices.econsultation.ca/topics/show/11" "Mozilla/4.0 (compatible; MSIE 7.0; Windows NT 6.0; SLCC1; .NET CLR 2.0.50727; Media Center PC 5.0; .NET CLR 3.0.04506; InfoPath.2)"
76.10.148.56 - - [31/Mar/2009:12:39:17 -0400] "GET / HTTP/1.1" 200 16527 "http://isppractices.econsultation.ca/archives" "Mozilla/4.0 (compatible; MSIE 7.0; Windows NT 6.0; SLCC1; .NET CLR 2.0.50727; Media Center PC 5.0; .NET CLR 3.0.04506; InfoPath.2)"
70.24.176.238 - - [31/Mar/2009:12:39:21 -0400] "POST /topic/7/talk/create HTTP/1.1" 200 4676 "http://isppractices.econsultation.ca/topics/show/7" "Mozilla/5.0 (Windows; U; Windows NT 5.1; en-US) AppleWebKit/530.1 (KHTML, like Gecko) Chrome/2.0.169.1 Safari/530.1"
96.54.14.193 - - [31/Mar/2009:12:39:23 -0400] "GET /images/topNav_endCurve_black.png HTTP/1.1" 200 447 "http://isppractices.econsultation.ca/stylesheets/base_1238427290.css" "Mozilla/5.0 (X11; U; Linux i686; en-US; rv:1.9.0.8) Gecko/2009032711 Ubuntu/8.04 (hardy) Firefox/3.0.8 FirePHP/0.2.4"
70.24.176.238 - - [31/Mar/2009:12:39:23 -0400] "GET /profile/65154 HTTP/1.1" 200 6334 "http://isppractices.econsultation.ca/topics/show/7" "Mozilla/5.0 (Windows; U; Windows NT 5.1; en-US) AppleWebKit/530.1 (KHTML, like Gecko) Chrome/2.0.169.1 Safari/530.1"
207.164.181.7 - - [31/Mar/2009:12:39:33 -0400] "GET / HTTP/1.1" 200 16529 "http://www.dslreports.com/forum/r22157825-CRTC-opens-online-consultation-on-throttling" "Mozilla/5.0 (Windows; U; Windows NT 5.1; en-US; rv:1.9.0.8) Gecko/2009032609 Firefox/3.0.8 (.NET CLR 3.5.30729)"
