70.24.176.238 - - [31/Mar/2009:12:26:31 -0400] "POST /talk/mark/306 HTTP/1.1" 201 1 "http://isppractices.econsultation.ca/topics/show/10" "Mozilla/5.0 (Windows; U; Windows NT 5.1; en-US) AppleWebKit/530.1 (KHTML, like Gecko) Chrome/2.0.169.1 Safari/530.1"
70.24.176.238 - - [31/Mar/2009:12:26:38 -0400] "GET /topics/show/7 HTTP/1.1" 200 23489 "http://isppractices.econsultation.ca/topics/show/10" "Mozilla/5.0 (Windows; U; Windows NT 5.1; en-US) AppleWebKit/530.1 (KHTML, like Gecko) Chrome/2.0.169.1 Safari/530.1"
192.210.10.253 - - [31/Mar/2009:12:26:55 -0400] "GET / HTTP/1.0" 200 15895 "http://www.google.com/reader/view/" "Mozilla/4.0 (compatible; MSIE 6.0; Windows NT 5.1; SV1; .NET CLR 2.0.50727; .NET CLR 1.0.3705; .NET CLR 1.1.4322; .NET CLR 3.0.04506.30; .NET CLR 3.0.04506.648; MS-RTC LM 8)"
192.210.10.253 - - [31/Mar/2009:12:26:55 -0400] "GET /stylesheets/print.css HTTP/1.0" 200 321 "http://isppractices.econsultation.ca/" "Mozilla/4.0 (compatible; MSIE 6.0; Windows NT 5.1; SV1; .NET CLR 2.0.50727; .NET CLR 1.0.3705; .NET CLR 1.1.4322; .NET CLR 3.0.04506.30; .NET CLR 3.0.04506.648; MS-RTC LM 8)"
192.210.10.253 - - [31/Mar/2009:12:26:55 -0400] "GET /stylesheets/base_1238427290.css HTTP/1.0" 200 30105 "http://isppractices.econsultation.ca/" "Mozilla/4.0 (compatible; MSIE 6.0; Windows NT 5.1; SV1; .NET CLR 2.0.50727; .NET CLR 1.0.3705; .NET CLR 1.1.4322; .NET CLR 3.0.04506.30; .NET CLR 3.0.04506.648; MS-RTC LM 8)"
192.210.10.253 - - [31/Mar/2009:12:26:55 -0400] "GET /javascripts/base_1238187983.js HTTP/1.0" 200 97264 "http://isppractices.econsultation.ca/" "Mozilla/4.0 (compatible; MSIE 6.0; Windows NT 5.1; SV1; .NET CLR 2.0.50727; .NET CLR 1.0.3705; .NET CLR 1.1.4322; .NET CLR 3.0.04506.30; .NET CLR 3.0.04506.648; MS-RTC LM 8)"
192.210.10.253 - - [31/Mar/2009:12:26:56 -0400] "GET /stylesheets/redesign_IE.css HTTP/1.0" 200 4221 "http://isppractices.econsultation.ca/" "Mozilla/4.0 (compatible; MSIE 6.0; Windows NT 5.1; SV1; .NET CLR 2.0.50727; .NET CLR 1.0.3705; .NET CLR 1.1.4322; .NET CLR 3.0.04506.30; .NET CLR 3.0.04506.648; MS-RTC LM 8)"
192.210.10.253 - - [31/Mar/2009:12:26:56 -0400] "GET /images/search_go_1.jpg HTTP/1.0" 200 665 "http://isppractices.econsultation.ca/" "Mozilla/4.0 (compatible; MSIE 6.0; Windows NT 5.1; SV1; .NET CLR 2.0.50727; .NET CLR 1.0.3705; .NET CLR 1.1.4322; .NET CLR 3.0.04506.30; .NET CLR 3.0.04506.648; MS-RTC LM 8)"
192.210.10.253 - - [31/Mar/2009:12:26:56 -0400] "GET /images/nanos_icon_23.png HTTP/1.0" 200 4797 "http://isppractices.econsultation.ca/" "Mozilla/4.0 (compatible; MSIE 6.0; Windows NT 5.1; SV1; .NET CLR 2.0.50727; .NET CLR 1.0.3705; .NET CLR 1.1.4322; .NET CLR 3.0.04506.30; .NET CLR 3.0.04506.648; MS-RTC LM 8)"
192.210.10.253 - - [31/Mar/2009:12:26:57 -0400] "GET /images/topNav_endCurve.png HTTP/1.0" 200 433 "-" "Mozilla/4.0 (compatible; MSIE 6.0; Windows NT 5.1; SV1; .NET CLR 2.0.50727; .NET CLR 1.0.3705; .NET CLR 1.1.4322; .NET CLR 3.0.04506.30; .NET CLR 3.0.04506.648; MS-RTC LM 8)"
192.210.10.253 - - [31/Mar/2009:12:26:57 -0400] "GET /images/feed-icon-14x14.png HTTP/1.0" 200 689 "http://isppractices.econsultation.ca/" "Mozilla/4.0 (compatible; MSIE 6.0; Windows NT 5.1; SV1; .NET CLR 2.0.50727; .NET CLR 1.0.3705; .NET CLR 1.1.4322; .NET CLR 3.0.04506.30; .NET CLR 3.0.04506.648; MS-RTC LM 8)"
192.210.10.253 - - [31/Mar/2009:12:26:57 -0400] "GET /images/CRTC_2_1300px.jpg HTTP/1.0" 200 72085 "http://isppractices.econsultation.ca/" "Mozilla/4.0 (compatible; MSIE 6.0; Windows NT 5.1; SV1; .NET CLR 2.0.50727; .NET CLR 1.0.3705; .NET CLR 1.1.4322; .NET CLR 3.0.04506.30; .NET CLR 3.0.04506.648; MS-RTC LM 8)"
68.148.122.85 - - [31/Mar/2009:12:26:57 -0400] "GET / HTTP/1.1" 200 15895 "http://www.michaelgeist.ca/" "Mozilla/5.0 (X11; U; Linux i686 (x86_64); en-US; rv:1.9.1b3) Gecko/20090305 Firefox/3.1b3"
68.148.122.85 - - [31/Mar/2009:12:26:57 -0400] "GET /stylesheets/print.css HTTP/1.1" 200 321 "http://isppractices.econsultation.ca/" "Mozilla/5.0 (X11; U; Linux i686 (x86_64); en-US; rv:1.9.1b3) Gecko/20090305 Firefox/3.1b3"
68.148.122.85 - - [31/Mar/2009:12:26:57 -0400] "GET /stylesheets/base_1238427290.css HTTP/1.1" 200 30105 "http://isppractices.econsultation.ca/" "Mozilla/5.0 (X11; U; Linux i686 (x86_64); en-US; rv:1.9.1b3) Gecko/20090305 Firefox/3.1b3"
68.148.122.85 - - [31/Mar/2009:12:26:57 -0400] "GET /javascripts/base_1238187983.js HTTP/1.1" 200 97264 "http://isppractices.econsultation.ca/" "Mozilla/5.0 (X11; U; Linux i686 (x86_64); en-US; rv:1.9.1b3) Gecko/20090305 Firefox/3.1b3"
68.148.122.85 - - [31/Mar/2009:12:26:58 -0400] "GET /images/nanos_icon_23.png HTTP/1.1" 200 4797 "http://isppractices.econsultation.ca/" "Mozilla/5.0 (X11; U; Linux i686 (x86_64); en-US; rv:1.9.1b3) Gecko/20090305 Firefox/3.1b3"
68.148.122.85 - - [31/Mar/2009:12:26:58 -0400] "GET /images/search_go_1.jpg HTTP/1.1" 200 665 "http://isppractices.econsultation.ca/" "Mozilla/5.0 (X11; U; Linux i686 (x86_64); en-US; rv:1.9.1b3) Gecko/20090305 Firefox/3.1b3"
68.148.122.85 - - [31/Mar/2009:12:26:58 -0400] "GET /images/topNav_endCurve.png HTTP/1.1" 200 433 "http://isppractices.econsultation.ca/stylesheets/base_1238427290.css" "Mozilla/5.0 (X11; U; Linux i686 (x86_64); en-US; rv:1.9.1b3) Gecko/20090305 Firefox/3.1b3"
68.148.122.85 - - [31/Mar/2009:12:26:58 -0400] "GET /images/CRTC_2_1300px.jpg HTTP/1.1" 200 72085 "http://isppractices.econsultation.ca/stylesheets/base_1238427290.css" "Mozilla/5.0 (X11; U; Linux i686 (x86_64); en-US; rv:1.9.1b3) Gecko/20090305 Firefox/3.1b3"
68.148.122.85 - - [31/Mar/2009:12:27:00 -0400] "GET /images/feed-icon-14x14.png HTTP/1.1" 200 689 "http://isppractices.econsultation.ca/" "Mozilla/5.0 (X11; U; Linux i686 (x86_64); en-US; rv:1.9.1b3) Gecko/20090305 Firefox/3.1b3"
68.148.122.85 - - [31/Mar/2009:12:27:00 -0400] "GET /favicon.ico HTTP/1.1" 200 - "-" "Mozilla/5.0 (X11; U; Linux i686 (x86_64); en-US; rv:1.9.1b3) Gecko/20090305 Firefox/3.1b3"
70.24.176.238 - - [31/Mar/2009:12:27:03 -0400] "GET /images/busy.gif HTTP/1.1" 200 2209 "http://isppractices.econsultation.ca/topics/show/7" "Mozilla/5.0 (Windows; U; Windows NT 5.1; en-US) AppleWebKit/530.1 (KHTML, like Gecko) Chrome/2.0.169.1 Safari/530.1"
70.24.176.238 - - [31/Mar/2009:12:27:03 -0400] "POST /topic/7/talk/new?parent_id=0 HTTP/1.1" 200 1208 "http://isppractices.econsultation.ca/topics/show/7" "Mozilla/5.0 (Windows; U; Windows NT 5.1; en-US) AppleWebKit/530.1 (KHTML, like Gecko) Chrome/2.0.169.1 Safari/530.1"
206.248.129.216 - - [31/Mar/2009:12:27:09 -0400] "GET / HTTP/1.1" 200 15895 "http://www.crtc.gc.ca/eng/redirect.asp?URL=http://isppractices.econsultation.ca/" "Opera/9.64 (Windows NT 5.2; U; en) Presto/2.1.1"
206.248.129.216 - - [31/Mar/2009:12:27:09 -0400] "GET /stylesheets/print.css HTTP/1.1" 200 321 "http://isppractices.econsultation.ca/" "Opera/9.64 (Windows NT 5.2; U; en) Presto/2.1.1"
206.248.129.216 - - [31/Mar/2009:12:27:09 -0400] "GET /javascripts/base_1238187983.js HTTP/1.1" 200 97264 "http://isppractices.econsultation.ca/" "Opera/9.64 (Windows NT 5.2; U; en) Presto/2.1.1"
206.248.129.216 - - [31/Mar/2009:12:27:10 -0400] "GET /favicon.ico HTTP/1.1" 200 - "http://isppractices.econsultation.ca/" "Opera/9.64 (Windows NT 5.2; U; en) Presto/2.1.1"
206.248.129.216 - - [31/Mar/2009:12:27:09 -0400] "GET /stylesheets/base_1238427290.css HTTP/1.1" 200 30105 "http://isppractices.econsultation.ca/" "Opera/9.64 (Windows NT 5.2; U; en) Presto/2.1.1"
206.248.129.216 - - [31/Mar/2009:12:27:10 -0400] "GET /images/topNav_endCurve.png HTTP/1.1" 200 433 "http://isppractices.econsultation.ca/" "Opera/9.64 (Windows NT 5.2; U; en) Presto/2.1.1"
206.248.129.216 - - [31/Mar/2009:12:27:10 -0400] "GET /images/search_go_1.jpg HTTP/1.1" 200 665 "http://isppractices.econsultation.ca/" "Opera/9.64 (Windows NT 5.2; U; en) Presto/2.1.1"
206.248.129.216 - - [31/Mar/2009:12:27:10 -0400] "GET /images/nanos_icon_23.png HTTP/1.1" 200 4797 "http://isppractices.econsultation.ca/" "Opera/9.64 (Windows NT 5.2; U; en) Presto/2.1.1"
206.248.129.216 - - [31/Mar/2009:12:27:10 -0400] "GET /images/feed-icon-14x14.png HTTP/1.1" 200 689 "http://isppractices.econsultation.ca/" "Opera/9.64 (Windows NT 5.2; U; en) Presto/2.1.1"
206.248.129.216 - - [31/Mar/2009:12:27:10 -0400] "GET /images/CRTC_2_1300px.jpg HTTP/1.1" 200 72085 "http://isppractices.econsultation.ca/" "Opera/9.64 (Windows NT 5.2; U; en) Presto/2.1.1"
206.248.129.216 - - [31/Mar/2009:12:27:10 -0400] "GET /images/nanos_icon_23.png HTTP/1.1" 200 4797 "http://isppractices.econsultation.ca/" "Opera/9.64 (Windows NT 5.2; U; en) Presto/2.1.1"
216.254.157.9 - - [31/Mar/2009:12:27:27 -0400] "GET /topics/show/7?root=302 HTTP/1.1" 200 23489 "http://isppractices.econsultation.ca/" "Mozilla/5.0 (Macintosh; U; PPC Mac OS X Mach-O; en-US; rv:1.7.2) Gecko/20040804 Netscape/7.2"
216.254.157.9 - - [31/Mar/2009:12:27:30 -0400] "GET /images/comment_bw.png HTTP/1.1" 200 384 "http://isppractices.econsultation.ca/topics/show/7?root=302" "Mozilla/5.0 (Macintosh; U; PPC Mac OS X Mach-O; en-US; rv:1.7.2) Gecko/20040804 Netscape/7.2"
216.254.157.9 - - [31/Mar/2009:12:27:31 -0400] "GET /images/BOX-BACK.jpg HTTP/1.1" 200 1025 "http://isppractices.econsultation.ca/topics/show/7?root=302" "Mozilla/5.0 (Macintosh; U; PPC Mac OS X Mach-O; en-US; rv:1.7.2) Gecko/20040804 Netscape/7.2"
216.254.157.9 - - [31/Mar/2009:12:27:31 -0400] "GET /avatars/0000/0001/pic_nik_thumb.jpg?1237573168 HTTP/1.1" 200 5862 "http://isppractices.econsultation.ca/topics/show/7?root=302" "Mozilla/5.0 (Macintosh; U; PPC Mac OS X Mach-O; en-US; rv:1.7.2) Gecko/20040804 Netscape/7.2"
216.254.157.9 - - [31/Mar/2009:12:27:32 -0400] "GET /images/arrows.png HTTP/1.1" 200 216 "http://isppractices.econsultation.ca/topics/show/7?root=302" "Mozilla/5.0 (Macintosh; U; PPC Mac OS X Mach-O; en-US; rv:1.7.2) Gecko/20040804 Netscape/7.2"
67.70.187.138 - - [31/Mar/2009:12:27:34 -0400] "GET /topics/show/11 HTTP/1.1" 200 18125 "http://isppractices.econsultation.ca/" "Mozilla/5.0 (Windows; U; Windows NT 5.1; en-US; rv:1.9.0.8) Gecko/2009032609 Firefox/3.0.8 (.NET CLR 3.5.30729)"
67.70.187.138 - - [31/Mar/2009:12:27:35 -0400] "GET /images/comment_bw.png HTTP/1.1" 200 384 "http://isppractices.econsultation.ca/stylesheets/base_1238427290.css" "Mozilla/5.0 (Windows; U; Windows NT 5.1; en-US; rv:1.9.0.8) Gecko/2009032609 Firefox/3.0.8 (.NET CLR 3.5.30729)"
67.70.187.138 - - [31/Mar/2009:12:27:35 -0400] "GET /images/BOX-BACK.jpg HTTP/1.1" 200 1025 "http://isppractices.econsultation.ca/stylesheets/base_1238427290.css" "Mozilla/5.0 (Windows; U; Windows NT 5.1; en-US; rv:1.9.0.8) Gecko/2009032609 Firefox/3.0.8 (.NET CLR 3.5.30729)"
67.70.187.138 - - [31/Mar/2009:12:27:35 -0400] "GET /images/arrows.png HTTP/1.1" 200 216 "http://isppractices.econsultation.ca/stylesheets/base_1238427290.css" "Mozilla/5.0 (Windows; U; Windows NT 5.1; en-US; rv:1.9.0.8) Gecko/2009032609 Firefox/3.0.8 (.NET CLR 3.5.30729)"
216.254.157.9 - - [31/Mar/2009:12:27:34 -0400] "POST /talk/mark/302 HTTP/1.1" 201 1 "-" "Mozilla/5.0 (Macintosh; U; PPC Mac OS X Mach-O; en-US; rv:1.7.2) Gecko/20040804 Netscape/7.2"
67.70.187.138 - - [31/Mar/2009:12:27:35 -0400] "GET /avatars/0000/0001/pic_nik_thumb.jpg?1237573168 HTTP/1.1" 200 5862 "http://isppractices.econsultation.ca/topics/show/11" "Mozilla/5.0 (Windows; U; Windows NT 5.1; en-US; rv:1.9.0.8) Gecko/2009032609 Firefox/3.0.8 (.NET CLR 3.5.30729)"
96.54.14.193 - - [31/Mar/2009:12:27:35 -0400] "GET /topics/show/7?root=302 HTTP/1.1" 200 23489 "http://isppractices.econsultation.ca/" "Mozilla/5.0 (X11; U; Linux i686; en-US; rv:1.9.0.8) Gecko/2009032711 Ubuntu/8.04 (hardy) Firefox/3.0.8 FirePHP/0.2.4"
96.54.14.193 - - [31/Mar/2009:12:27:35 -0400] "GET /images/comment_bw.png HTTP/1.1" 200 384 "http://isppractices.econsultation.ca/stylesheets/base_1238427290.css" "Mozilla/5.0 (X11; U; Linux i686; en-US; rv:1.9.0.8) Gecko/2009032711 Ubuntu/8.04 (hardy) Firefox/3.0.8 FirePHP/0.2.4"
96.54.14.193 - - [31/Mar/2009:12:27:35 -0400] "GET /images/BOX-BACK.jpg HTTP/1.1" 200 1025 "http://isppractices.econsultation.ca/stylesheets/base_1238427290.css" "Mozilla/5.0 (X11; U; Linux i686; en-US; rv:1.9.0.8) Gecko/2009032711 Ubuntu/8.04 (hardy) Firefox/3.0.8 FirePHP/0.2.4"
96.54.14.193 - - [31/Mar/2009:12:27:35 -0400] "GET /images/arrows.png HTTP/1.1" 200 216 "http://isppractices.econsultation.ca/stylesheets/base_1238427290.css" "Mozilla/5.0 (X11; U; Linux i686; en-US; rv:1.9.0.8) Gecko/2009032711 Ubuntu/8.04 (hardy) Firefox/3.0.8 FirePHP/0.2.4"
96.54.14.193 - - [31/Mar/2009:12:27:35 -0400] "GET /avatars/0000/0001/pic_nik_thumb.jpg?1237573168 HTTP/1.1" 200 5862 "http://isppractices.econsultation.ca/topics/show/7?root=302" "Mozilla/5.0 (X11; U; Linux i686; en-US; rv:1.9.0.8) Gecko/2009032711 Ubuntu/8.04 (hardy) Firefox/3.0.8 FirePHP/0.2.4"
96.54.14.193 - - [31/Mar/2009:12:27:36 -0400] "POST /talk/mark/302 HTTP/1.1" 201 1 "http://isppractices.econsultation.ca/topics/show/7?root=302" "Mozilla/5.0 (X11; U; Linux i686; en-US; rv:1.9.0.8) Gecko/2009032711 Ubuntu/8.04 (hardy) Firefox/3.0.8 FirePHP/0.2.4"
207.6.240.28 - - [31/Mar/2009:12:27:41 -0400] "GET /register HTTP/1.1" 200 11101 "http://isppractices.econsultation.ca/" "Mozilla/4.0 (compatible; MSIE 7.0; Windows NT 5.1; .NET CLR 1.1.4322; .NET CLR 2.0.50727)"
96.54.14.193 - - [31/Mar/2009:12:27:45 -0400] "POST /talk/mark/303 HTTP/1.1" 201 1 "http://isppractices.econsultation.ca/topics/show/7?root=302" "Mozilla/5.0 (X11; U; Linux i686; en-US; rv:1.9.0.8) Gecko/2009032711 Ubuntu/8.04 (hardy) Firefox/3.0.8 FirePHP/0.2.4"
67.70.187.138 - - [31/Mar/2009:12:27:50 -0400] "GET /topics/show/7 HTTP/1.1" 200 23489 "http://isppractices.econsultation.ca/topics/show/11" "Mozilla/5.0 (Windows; U; Windows NT 5.1; en-US; rv:1.9.0.8) Gecko/2009032609 Firefox/3.0.8 (.NET CLR 3.5.30729)"
216.254.157.9 - - [31/Mar/2009:12:28:14 -0400] "GET /topics/show/6 HTTP/1.1" 200 13799 "http://isppractices.econsultation.ca/" "Mozilla/5.0 (Macintosh; U; PPC Mac OS X Mach-O; en-US; rv:1.7.2) Gecko/20040804 Netscape/7.2"
91.101.26.153 - - [31/Mar/2009:12:28:17 -0400] "GET /topics/show/7?root=302 HTTP/1.1" 200 23489 "http://isppractices.econsultation.ca/" "Mozilla/5.0 (Macintosh; U; Intel Mac OS X 10.5; en-US; rv:1.9.0.7) Gecko/2009021906 Firefox/3.0.7"
91.101.26.153 - - [31/Mar/2009:12:28:18 -0400] "GET /images/comment_bw.png HTTP/1.1" 200 384 "http://isppractices.econsultation.ca/stylesheets/base_1238427290.css" "Mozilla/5.0 (Macintosh; U; Intel Mac OS X 10.5; en-US; rv:1.9.0.7) Gecko/2009021906 Firefox/3.0.7"
91.101.26.153 - - [31/Mar/2009:12:28:18 -0400] "GET /images/BOX-BACK.jpg HTTP/1.1" 200 1025 "http://isppractices.econsultation.ca/stylesheets/base_1238427290.css" "Mozilla/5.0 (Macintosh; U; Intel Mac OS X 10.5; en-US; rv:1.9.0.7) Gecko/2009021906 Firefox/3.0.7"
91.101.26.153 - - [31/Mar/2009:12:28:18 -0400] "GET /avatars/0000/0001/pic_nik_thumb.jpg?1237573168 HTTP/1.1" 200 5862 "http://isppractices.econsultation.ca/topics/show/7?root=302" "Mozilla/5.0 (Macintosh; U; Intel Mac OS X 10.5; en-US; rv:1.9.0.7) Gecko/2009021906 Firefox/3.0.7"
91.101.26.153 - - [31/Mar/2009:12:28:18 -0400] "GET /images/arrows.png HTTP/1.1" 200 216 "http://isppractices.econsultation.ca/stylesheets/base_1238427290.css" "Mozilla/5.0 (Macintosh; U; Intel Mac OS X 10.5; en-US; rv:1.9.0.7) Gecko/2009021906 Firefox/3.0.7"
91.101.26.153 - - [31/Mar/2009:12:28:18 -0400] "POST /talk/mark/302 HTTP/1.1" 201 1 "http://isppractices.econsultation.ca/topics/show/7?root=302" "Mozilla/5.0 (Macintosh; U; Intel Mac OS X 10.5; en-US; rv:1.9.0.7) Gecko/2009021906 Firefox/3.0.7"
142.177.129.100 - - [31/Mar/2009:12:28:34 -0400] "GET / HTTP/1.1" 200 15895 "-" "Mozilla/4.0 (compatible; MSIE 6.0; Windows NT 5.1; SV1; .NET CLR 2.0.50727)"
142.177.129.100 - - [31/Mar/2009:12:28:34 -0400] "GET / HTTP/1.1" 200 15895 "http://www.crtc.gc.ca/eng/redirect.asp?URL=http://isppractices.econsultation.ca/" "Mozilla/4.0 (compatible; MSIE 6.0; Windows NT 5.1; SV1; .NET CLR 2.0.50727)"
142.177.129.100 - - [31/Mar/2009:12:28:35 -0400] "GET /stylesheets/print.css HTTP/1.1" 200 321 "http://isppractices.econsultation.ca/" "Mozilla/4.0 (compatible; MSIE 6.0; Windows NT 5.1; SV1; .NET CLR 2.0.50727)"
142.177.129.100 - - [31/Mar/2009:12:28:35 -0400] "GET /stylesheets/base_1238427290.css HTTP/1.1" 200 30105 "http://isppractices.econsultation.ca/" "Mozilla/4.0 (compatible; MSIE 6.0; Windows NT 5.1; SV1; .NET CLR 2.0.50727)"
142.177.129.100 - - [31/Mar/2009:12:28:35 -0400] "GET /javascripts/base_1238187983.js HTTP/1.1" 200 97264 "http://isppractices.econsultation.ca/" "Mozilla/4.0 (compatible; MSIE 6.0; Windows NT 5.1; SV1; .NET CLR 2.0.50727)"
142.177.129.100 - - [31/Mar/2009:12:28:35 -0400] "GET /stylesheets/redesign_IE.css HTTP/1.1" 200 4221 "http://isppractices.econsultation.ca/" "Mozilla/4.0 (compatible; MSIE 6.0; Windows NT 5.1; SV1; .NET CLR 2.0.50727)"
142.177.129.100 - - [31/Mar/2009:12:28:36 -0400] "GET /images/feed-icon-14x14.png HTTP/1.1" 200 689 "http://isppractices.econsultation.ca/" "Mozilla/4.0 (compatible; MSIE 6.0; Windows NT 5.1; SV1; .NET CLR 2.0.50727)"
142.177.129.100 - - [31/Mar/2009:12:28:36 -0400] "GET /images/search_go_1.jpg HTTP/1.1" 200 665 "http://isppractices.econsultation.ca/" "Mozilla/4.0 (compatible; MSIE 6.0; Windows NT 5.1; SV1; .NET CLR 2.0.50727)"
142.177.129.100 - - [31/Mar/2009:12:28:36 -0400] "GET /images/nanos_icon_23.png HTTP/1.1" 200 4797 "http://isppractices.econsultation.ca/" "Mozilla/4.0 (compatible; MSIE 6.0; Windows NT 5.1; SV1; .NET CLR 2.0.50727)"
142.177.129.100 - - [31/Mar/2009:12:28:36 -0400] "GET /images/CRTC_2_1300px.jpg HTTP/1.1" 200 72085 "http://isppractices.econsultation.ca/" "Mozilla/4.0 (compatible; MSIE 6.0; Windows NT 5.1; SV1; .NET CLR 2.0.50727)"
142.177.129.100 - - [31/Mar/2009:12:28:37 -0400] "GET /images/topNav_endCurve.png HTTP/1.1" 200 433 "-" "Mozilla/4.0 (compatible; MSIE 6.0; Windows NT 5.1; SV1; .NET CLR 2.0.50727)"
209.87.224.104 - - [31/Mar/2009:12:28:39 -0400] "GET / HTTP/1.1" 200 15895 "http://www.crtc.gc.ca/eng/redirect.asp?URL=http://isppractices.econsultation.ca/" "Mozilla/5.0 (Windows; U; Windows NT 5.1; en-US; rv:1.9.0.8) Gecko/2009032609 Firefox/3.0.8"
76.68.74.52 - - [31/Mar/2009:12:28:39 -0400] "GET /topics/show/7?root=303 HTTP/1.1" 200 23489 "http://isppractices.econsultation.ca/" "Mozilla/5.0 (Windows; U; Windows NT 6.0; en-GB; rv:1.9.0.8) Gecko/2009032609 Firefox/3.0.8"
76.68.74.52 - - [31/Mar/2009:12:28:40 -0400] "GET /images/comment_bw.png HTTP/1.1" 200 384 "http://isppractices.econsultation.ca/stylesheets/base_1238427290.css" "Mozilla/5.0 (Windows; U; Windows NT 6.0; en-GB; rv:1.9.0.8) Gecko/2009032609 Firefox/3.0.8"
76.68.74.52 - - [31/Mar/2009:12:28:40 -0400] "GET /images/BOX-BACK.jpg HTTP/1.1" 200 1025 "http://isppractices.econsultation.ca/stylesheets/base_1238427290.css" "Mozilla/5.0 (Windows; U; Windows NT 6.0; en-GB; rv:1.9.0.8) Gecko/2009032609 Firefox/3.0.8"
76.68.74.52 - - [31/Mar/2009:12:28:40 -0400] "GET /avatars/0000/0001/pic_nik_thumb.jpg?1237573168 HTTP/1.1" 200 5862 "http://isppractices.econsultation.ca/topics/show/7?root=303" "Mozilla/5.0 (Windows; U; Windows NT 6.0; en-GB; rv:1.9.0.8) Gecko/2009032609 Firefox/3.0.8"
76.68.74.52 - - [31/Mar/2009:12:28:40 -0400] "GET /images/arrows.png HTTP/1.1" 200 216 "http://isppractices.econsultation.ca/stylesheets/base_1238427290.css" "Mozilla/5.0 (Windows; U; Windows NT 6.0; en-GB; rv:1.9.0.8) Gecko/2009032609 Firefox/3.0.8"
76.68.74.52 - - [31/Mar/2009:12:28:40 -0400] "POST /talk/mark/303 HTTP/1.1" 201 1 "http://isppractices.econsultation.ca/topics/show/7?root=303" "Mozilla/5.0 (Windows; U; Windows NT 6.0; en-GB; rv:1.9.0.8) Gecko/2009032609 Firefox/3.0.8"
207.6.240.28 - - [31/Mar/2009:12:28:47 -0400] "POST /register HTTP/1.1" 302 103 "http://isppractices.econsultation.ca/register" "Mozilla/4.0 (compatible; MSIE 7.0; Windows NT 5.1; .NET CLR 1.1.4322; .NET CLR 2.0.50727)"
207.6.240.28 - - [31/Mar/2009:12:28:47 -0400] "GET / HTTP/1.1" 200 10872 "http://isppractices.econsultation.ca/register" "Mozilla/4.0 (compatible; MSIE 7.0; Windows NT 5.1; .NET CLR 1.1.4322; .NET CLR 2.0.50727)"
207.6.240.28 - - [31/Mar/2009:12:28:48 -0400] "GET /images/information.png HTTP/1.1" 200 918 "http://isppractices.econsultation.ca/" "Mozilla/4.0 (compatible; MSIE 7.0; Windows NT 5.1; .NET CLR 1.1.4322; .NET CLR 2.0.50727)"
216.254.157.9 - - [31/Mar/2009:12:28:49 -0400] "GET /viewer/index/45 HTTP/1.1" 200 663 "http://isppractices.econsultation.ca/topics/show/6" "Mozilla/5.0 (Macintosh; U; PPC Mac OS X Mach-O; en-US; rv:1.7.2) Gecko/20040804 Netscape/7.2"
216.254.157.9 - - [31/Mar/2009:12:28:50 -0400] "GET /viewer/header/45 HTTP/1.1" 200 1685 "http://isppractices.econsultation.ca/viewer/index/45" "Mozilla/5.0 (Macintosh; U; PPC Mac OS X Mach-O; en-US; rv:1.7.2) Gecko/20040804 Netscape/7.2"
216.254.157.9 - - [31/Mar/2009:12:28:51 -0400] "GET /stylesheets/yahoo/fonts.css HTTP/1.1" 200 864 "http://isppractices.econsultation.ca/viewer/header/45" "Mozilla/5.0 (Macintosh; U; PPC Mac OS X Mach-O; en-US; rv:1.7.2) Gecko/20040804 Netscape/7.2"
216.254.157.9 - - [31/Mar/2009:12:28:52 -0400] "GET /stylesheets/yahoo/reset.css HTTP/1.1" 200 556 "http://isppractices.econsultation.ca/viewer/header/45" "Mozilla/5.0 (Macintosh; U; PPC Mac OS X Mach-O; en-US; rv:1.7.2) Gecko/20040804 Netscape/7.2"
198.103.61.2 - - [31/Mar/2009:12:28:52 -0400] "GET /stylesheets/base_1238427290.css HTTP/1.1" 304 - "http://isppractices.econsultation.ca/topics/show/7" "Mozilla/5.0 (Windows; U; Windows NT 5.0; en-GB; rv:1.9.0.8) Gecko/2009032609 Firefox/3.0.8"
198.103.61.2 - - [31/Mar/2009:12:28:52 -0400] "GET /javascripts/base_1238187983.js HTTP/1.1" 304 - "http://isppractices.econsultation.ca/topics/show/7" "Mozilla/5.0 (Windows; U; Windows NT 5.0; en-GB; rv:1.9.0.8) Gecko/2009032609 Firefox/3.0.8"
198.103.61.2 - - [31/Mar/2009:12:28:51 -0400] "GET /topics/show/7 HTTP/1.1" 200 23489 "http://isppractices.econsultation.ca/" "Mozilla/5.0 (Windows; U; Windows NT 5.0; en-GB; rv:1.9.0.8) Gecko/2009032609 Firefox/3.0.8"
216.254.157.9 - - [31/Mar/2009:12:28:52 -0400] "GET /stylesheets/ses.css HTTP/1.1" 200 12442 "http://isppractices.econsultation.ca/viewer/header/45" "Mozilla/5.0 (Macintosh; U; PPC Mac OS X Mach-O; en-US; rv:1.7.2) Gecko/20040804 Netscape/7.2"
216.254.157.9 - - [31/Mar/2009:12:28:56 -0400] "GET /stylesheets/rating.css HTTP/1.1" 200 456 "http://isppractices.econsultation.ca/viewer/header/45" "Mozilla/5.0 (Macintosh; U; PPC Mac OS X Mach-O; en-US; rv:1.7.2) Gecko/20040804 Netscape/7.2"
91.101.26.153 - - [31/Mar/2009:12:29:06 -0400] "POST /talk/mark/303 HTTP/1.1" 201 1 "http://isppractices.econsultation.ca/topics/show/7?root=302" "Mozilla/5.0 (Macintosh; U; Intel Mac OS X 10.5; en-US; rv:1.9.0.7) Gecko/2009021906 Firefox/3.0.7"
207.6.240.28 - - [31/Mar/2009:12:29:09 -0400] "GET /topics/show/7 HTTP/1.1" 200 18445 "http://isppractices.econsultation.ca/" "Mozilla/4.0 (compatible; MSIE 7.0; Windows NT 5.1; .NET CLR 1.1.4322; .NET CLR 2.0.50727)"
207.6.240.28 - - [31/Mar/2009:12:29:10 -0400] "GET /images/BOX-BACK.jpg HTTP/1.1" 200 1025 "http://isppractices.econsultation.ca/topics/show/7" "Mozilla/4.0 (compatible; MSIE 7.0; Windows NT 5.1; .NET CLR 1.1.4322; .NET CLR 2.0.50727)"
207.6.240.28 - - [31/Mar/2009:12:29:10 -0400] "GET /images/comment_bw.png HTTP/1.1" 200 384 "http://isppractices.econsultation.ca/topics/show/7" "Mozilla/4.0 (compatible; MSIE 7.0; Windows NT 5.1; .NET CLR 1.1.4322; .NET CLR 2.0.50727)"
207.6.240.28 - - [31/Mar/2009:12:29:10 -0400] "GET /avatars/0000/0001/pic_nik_thumb.jpg?1237573168 HTTP/1.1" 200 5862 "http://isppractices.econsultation.ca/topics/show/7" "Mozilla/4.0 (compatible; MSIE 7.0; Windows NT 5.1; .NET CLR 1.1.4322; .NET CLR 2.0.50727)"
207.6.240.28 - - [31/Mar/2009:12:29:10 -0400] "GET /images/arrows.png HTTP/1.1" 200 216 "http://isppractices.econsultation.ca/topics/show/7" "Mozilla/4.0 (compatible; MSIE 7.0; Windows NT 5.1; .NET CLR 1.1.4322; .NET CLR 2.0.50727)"
216.254.157.9 - - [31/Mar/2009:12:28:59 -0400] "GET /javascripts/prototype.js HTTP/1.1" 200 71263 "http://isppractices.econsultation.ca/viewer/header/45" "Mozilla/5.0 (Macintosh; U; PPC Mac OS X Mach-O; en-US; rv:1.7.2) Gecko/20040804 Netscape/7.2"
199.246.2.10 - - [31/Mar/2009:12:29:29 -0400] "GET / HTTP/1.0" 200 15895 "http://www.michaelgeist.ca/" "Mozilla/5.0 (Windows; U; Windows NT 5.0; en-US; rv:1.9.0.8) Gecko/2009032609 Firefox/3.0.8"
199.246.2.10 - - [31/Mar/2009:12:29:30 -0400] "GET /stylesheets/base_1238427290.css HTTP/1.0" 200 30105 "http://isppractices.econsultation.ca/" "Mozilla/5.0 (Windows; U; Windows NT 5.0; en-US; rv:1.9.0.8) Gecko/2009032609 Firefox/3.0.8"
199.246.2.10 - - [31/Mar/2009:12:29:30 -0400] "GET /stylesheets/print.css HTTP/1.0" 200 321 "http://isppractices.econsultation.ca/" "Mozilla/5.0 (Windows; U; Windows NT 5.0; en-US; rv:1.9.0.8) Gecko/2009032609 Firefox/3.0.8"
199.246.2.10 - - [31/Mar/2009:12:29:30 -0400] "GET /javascripts/base_1238187983.js HTTP/1.0" 200 97264 "http://isppractices.econsultation.ca/" "Mozilla/5.0 (Windows; U; Windows NT 5.0; en-US; rv:1.9.0.8) Gecko/2009032609 Firefox/3.0.8"
199.246.2.10 - - [31/Mar/2009:12:29:30 -0400] "GET /images/search_go_1.jpg HTTP/1.0" 200 665 "http://isppractices.econsultation.ca/" "Mozilla/5.0 (Windows; U; Windows NT 5.0; en-US; rv:1.9.0.8) Gecko/2009032609 Firefox/3.0.8"
199.246.2.10 - - [31/Mar/2009:12:29:30 -0400] "GET /images/feed-icon-14x14.png HTTP/1.0" 200 689 "http://isppractices.econsultation.ca/" "Mozilla/5.0 (Windows; U; Windows NT 5.0; en-US; rv:1.9.0.8) Gecko/2009032609 Firefox/3.0.8"
199.246.2.10 - - [31/Mar/2009:12:29:30 -0400] "GET /images/nanos_icon_23.png HTTP/1.0" 200 4797 "http://isppractices.econsultation.ca/" "Mozilla/5.0 (Windows; U; Windows NT 5.0; en-US; rv:1.9.0.8) Gecko/2009032609 Firefox/3.0.8"
199.246.2.10 - - [31/Mar/2009:12:29:30 -0400] "GET /images/topNav_endCurve.png HTTP/1.0" 200 433 "http://isppractices.econsultation.ca/stylesheets/base_1238427290.css" "Mozilla/5.0 (Windows; U; Windows NT 5.0; en-US; rv:1.9.0.8) Gecko/2009032609 Firefox/3.0.8"
199.246.2.10 - - [31/Mar/2009:12:29:30 -0400] "GET /images/CRTC_2_1300px.jpg HTTP/1.0" 200 72085 "http://isppractices.econsultation.ca/stylesheets/base_1238427290.css" "Mozilla/5.0 (Windows; U; Windows NT 5.0; en-US; rv:1.9.0.8) Gecko/2009032609 Firefox/3.0.8"
199.246.2.10 - - [31/Mar/2009:12:29:31 -0400] "GET /favicon.ico HTTP/1.0" 200 - "-" "Mozilla/5.0 (Windows; U; Windows NT 5.0; en-US; rv:1.9.0.8) Gecko/2009032609 Firefox/3.0.8"
216.254.157.9 - - [31/Mar/2009:12:29:25 -0400] "GET /javascripts/effects.js HTTP/1.1" 200 38200 "http://isppractices.econsultation.ca/viewer/header/45" "Mozilla/5.0 (Macintosh; U; PPC Mac OS X Mach-O; en-US; rv:1.7.2) Gecko/20040804 Netscape/7.2"
216.254.157.9 - - [31/Mar/2009:12:29:42 -0400] "GET /javascripts/builder.js HTTP/1.1" 200 4330 "http://isppractices.econsultation.ca/viewer/header/45" "Mozilla/5.0 (Macintosh; U; PPC Mac OS X Mach-O; en-US; rv:1.7.2) Gecko/20040804 Netscape/7.2"
216.254.157.9 - - [31/Mar/2009:12:29:43 -0400] "GET /javascripts/dialog.js HTTP/1.1" 200 4788 "http://isppractices.econsultation.ca/viewer/header/45" "Mozilla/5.0 (Macintosh; U; PPC Mac OS X Mach-O; en-US; rv:1.7.2) Gecko/20040804 Netscape/7.2"
216.254.157.9 - - [31/Mar/2009:12:29:45 -0400] "GET /javascripts/application.js HTTP/1.1" 200 9262 "http://isppractices.econsultation.ca/viewer/header/45" "Mozilla/5.0 (Macintosh; U; PPC Mac OS X Mach-O; en-US; rv:1.7.2) Gecko/20040804 Netscape/7.2"
142.177.129.100 - - [31/Mar/2009:12:30:18 -0400] "GET /topics/show/7 HTTP/1.1" 200 23489 "http://isppractices.econsultation.ca/" "Mozilla/4.0 (compatible; MSIE 6.0; Windows NT 5.1; SV1; .NET CLR 2.0.50727)"
142.177.129.100 - - [31/Mar/2009:12:30:19 -0400] "GET /images/comment_bw.png HTTP/1.1" 200 384 "http://isppractices.econsultation.ca/topics/show/7" "Mozilla/4.0 (compatible; MSIE 6.0; Windows NT 5.1; SV1; .NET CLR 2.0.50727)"
142.177.129.100 - - [31/Mar/2009:12:30:19 -0400] "GET /avatars/0000/0001/pic_nik_thumb.jpg?1237573168 HTTP/1.1" 200 5862 "http://isppractices.econsultation.ca/topics/show/7" "Mozilla/4.0 (compatible; MSIE 6.0; Windows NT 5.1; SV1; .NET CLR 2.0.50727)"
142.177.129.100 - - [31/Mar/2009:12:30:19 -0400] "GET /images/arrows.png HTTP/1.1" 200 216 "http://isppractices.econsultation.ca/topics/show/7" "Mozilla/4.0 (compatible; MSIE 6.0; Windows NT 5.1; SV1; .NET CLR 2.0.50727)"
96.54.14.193 - - [31/Mar/2009:12:30:46 -0400] "GET / HTTP/1.1" 200 15895 "-" "Mozilla/5.0 (X11; U; Linux i686; en-US; rv:1.9.0.8) Gecko/2009032711 Ubuntu/8.04 (hardy) Firefox/3.0.8 FirePHP/0.2.4"
207.6.240.28 - - [31/Mar/2009:12:31:00 -0400] "POST /talk/mark/302 HTTP/1.1" 201 1 "http://isppractices.econsultation.ca/topics/show/7" "Mozilla/4.0 (compatible; MSIE 7.0; Windows NT 5.1; .NET CLR 1.1.4322; .NET CLR 2.0.50727)"
207.6.240.28 - - [31/Mar/2009:12:31:08 -0400] "POST /talk/mark/303 HTTP/1.1" 201 1 "http://isppractices.econsultation.ca/topics/show/7" "Mozilla/4.0 (compatible; MSIE 7.0; Windows NT 5.1; .NET CLR 1.1.4322; .NET CLR 2.0.50727)"
142.177.129.100 - - [31/Mar/2009:12:31:15 -0400] "GET /topics/show/8 HTTP/1.1" 200 18882 "http://isppractices.econsultation.ca/topics/show/7" "Mozilla/4.0 (compatible; MSIE 6.0; Windows NT 5.1; SV1; .NET CLR 2.0.50727)"
198.103.223.51 - - [31/Mar/2009:12:31:16 -0400] "GET / HTTP/1.1" 200 15895 "http://isppractices.econsultation.ca/" "Mozilla/5.0 (Windows; U; Windows NT 5.1; en-US; rv:1.9.0.8) Gecko/2009032609 Firefox/3.0.8"
198.103.152.51 - - [31/Mar/2009:12:31:20 -0400] "GET /stylesheets/print.css HTTP/1.1" 200 321 "http://isppractices.econsultation.ca/" "Mozilla/5.0 (Windows; U; Windows NT 5.1; en-US; rv:1.9.0.8) Gecko/2009032609 Firefox/3.0.8"
198.103.223.51 - - [31/Mar/2009:12:31:20 -0400] "GET /favicon.ico HTTP/1.1" 200 - "-" "Mozilla/5.0 (Windows; U; Windows NT 5.1; en-US; rv:1.9.0.8) Gecko/2009032609 Firefox/3.0.8"
198.103.223.51 - - [31/Mar/2009:12:31:20 -0400] "GET /images/nanos_icon_23.png HTTP/1.1" 200 4797 "http://isppractices.econsultation.ca/" "Mozilla/5.0 (Windows; U; Windows NT 5.1; en-US; rv:1.9.0.8) Gecko/2009032609 Firefox/3.0.8"
198.103.152.51 - - [31/Mar/2009:12:31:20 -0400] "GET /images/feed-icon-14x14.png HTTP/1.1" 200 689 "http://isppractices.econsultation.ca/" "Mozilla/5.0 (Windows; U; Windows NT 5.1; en-US; rv:1.9.0.8) Gecko/2009032609 Firefox/3.0.8"
198.103.221.51 - - [31/Mar/2009:12:31:20 -0400] "GET /images/search_go_1.jpg HTTP/1.1" 200 665 "http://isppractices.econsultation.ca/" "Mozilla/5.0 (Windows; U; Windows NT 5.1; en-US; rv:1.9.0.8) Gecko/2009032609 Firefox/3.0.8"
198.103.221.51 - - [31/Mar/2009:12:31:20 -0400] "GET /stylesheets/base_1238427290.css HTTP/1.1" 200 30105 "http://isppractices.econsultation.ca/" "Mozilla/5.0 (Windows; U; Windows NT 5.1; en-US; rv:1.9.0.8) Gecko/2009032609 Firefox/3.0.8"
198.103.221.51 - - [31/Mar/2009:12:31:21 -0400] "GET /images/topNav_endCurve.png HTTP/1.1" 200 433 "http://isppractices.econsultation.ca/" "Mozilla/5.0 (Windows; U; Windows NT 5.1; en-US; rv:1.9.0.8) Gecko/2009032609 Firefox/3.0.8"
198.103.223.51 - - [31/Mar/2009:12:31:21 -0400] "GET /images/CRTC_2_1300px.jpg HTTP/1.1" 200 72085 "http://isppractices.econsultation.ca/" "Mozilla/5.0 (Windows; U; Windows NT 5.1; en-US; rv:1.9.0.8) Gecko/2009032609 Firefox/3.0.8"
99.241.208.246 - - [31/Mar/2009:12:31:26 -0400] "GET / HTTP/1.1" 200 15895 "http://www.dslreports.com/forum/r22157825-CRTC-opens-online-consultation-on-throttling" "Mozilla/5.0 (X11; U; Linux i686; en-US; rv:1.9.1b3) Gecko/20090305 Firefox/3.1b3"
99.241.208.246 - - [31/Mar/2009:12:31:26 -0400] "GET /stylesheets/base_1238427290.css HTTP/1.1" 200 30105 "http://isppractices.econsultation.ca/" "Mozilla/5.0 (X11; U; Linux i686; en-US; rv:1.9.1b3) Gecko/20090305 Firefox/3.1b3"
99.241.208.246 - - [31/Mar/2009:12:31:26 -0400] "GET /stylesheets/print.css HTTP/1.1" 200 321 "http://isppractices.econsultation.ca/" "Mozilla/5.0 (X11; U; Linux i686; en-US; rv:1.9.1b3) Gecko/20090305 Firefox/3.1b3"
99.241.208.246 - - [31/Mar/2009:12:31:26 -0400] "GET /favicon.ico HTTP/1.1" 200 - "-" "Mozilla/5.0 (X11; U; Linux i686; en-US; rv:1.9.1b3) Gecko/20090305 Firefox/3.1b3"
99.241.208.246 - - [31/Mar/2009:12:31:26 -0400] "GET /images/search_go_1.jpg HTTP/1.1" 200 665 "http://isppractices.econsultation.ca/" "Mozilla/5.0 (X11; U; Linux i686; en-US; rv:1.9.1b3) Gecko/20090305 Firefox/3.1b3"
99.241.208.246 - - [31/Mar/2009:12:31:26 -0400] "GET /images/feed-icon-14x14.png HTTP/1.1" 200 689 "http://isppractices.econsultation.ca/" "Mozilla/5.0 (X11; U; Linux i686; en-US; rv:1.9.1b3) Gecko/20090305 Firefox/3.1b3"
99.241.208.246 - - [31/Mar/2009:12:31:26 -0400] "GET /images/nanos_icon_23.png HTTP/1.1" 200 4797 "http://isppractices.econsultation.ca/" "Mozilla/5.0 (X11; U; Linux i686; en-US; rv:1.9.1b3) Gecko/20090305 Firefox/3.1b3"
99.241.208.246 - - [31/Mar/2009:12:31:26 -0400] "GET /images/topNav_endCurve.png HTTP/1.1" 200 433 "http://isppractices.econsultation.ca/stylesheets/base_1238427290.css" "Mozilla/5.0 (X11; U; Linux i686; en-US; rv:1.9.1b3) Gecko/20090305 Firefox/3.1b3"
99.241.208.246 - - [31/Mar/2009:12:31:26 -0400] "GET /images/CRTC_2_1300px.jpg HTTP/1.1" 200 72085 "http://isppractices.econsultation.ca/stylesheets/base_1238427290.css" "Mozilla/5.0 (X11; U; Linux i686; en-US; rv:1.9.1b3) Gecko/20090305 Firefox/3.1b3"
64.251.81.66 - - [31/Mar/2009:12:31:30 -0400] "GET / HTTP/1.0" 200 15895 "http://mobilesyrup.com/" "Mozilla/5.0 (Windows; U; Windows NT 5.1; en-US; rv:1.9.0.6) Gecko/2009011913 Firefox/3.0.6 (.NET CLR 3.5.30729)"
64.251.81.66 - - [31/Mar/2009:12:31:30 -0400] "GET /stylesheets/print.css HTTP/1.0" 200 321 "http://isppractices.econsultation.ca/" "Mozilla/5.0 (Windows; U; Windows NT 5.1; en-US; rv:1.9.0.6) Gecko/2009011913 Firefox/3.0.6 (.NET CLR 3.5.30729)"
64.251.81.66 - - [31/Mar/2009:12:31:30 -0400] "GET /stylesheets/base_1238427290.css HTTP/1.0" 200 30105 "http://isppractices.econsultation.ca/" "Mozilla/5.0 (Windows; U; Windows NT 5.1; en-US; rv:1.9.0.6) Gecko/2009011913 Firefox/3.0.6 (.NET CLR 3.5.30729)"
64.251.81.66 - - [31/Mar/2009:12:31:30 -0400] "GET /javascripts/base_1238187983.js HTTP/1.0" 200 97264 "http://isppractices.econsultation.ca/" "Mozilla/5.0 (Windows; U; Windows NT 5.1; en-US; rv:1.9.0.6) Gecko/2009011913 Firefox/3.0.6 (.NET CLR 3.5.30729)"
64.251.81.66 - - [31/Mar/2009:12:31:31 -0400] "GET /images/search_go_1.jpg HTTP/1.0" 200 665 "http://isppractices.econsultation.ca/" "Mozilla/5.0 (Windows; U; Windows NT 5.1; en-US; rv:1.9.0.6) Gecko/2009011913 Firefox/3.0.6 (.NET CLR 3.5.30729)"
64.251.81.66 - - [31/Mar/2009:12:31:31 -0400] "GET /images/feed-icon-14x14.png HTTP/1.0" 200 689 "http://isppractices.econsultation.ca/" "Mozilla/5.0 (Windows; U; Windows NT 5.1; en-US; rv:1.9.0.6) Gecko/2009011913 Firefox/3.0.6 (.NET CLR 3.5.30729)"
64.251.81.66 - - [31/Mar/2009:12:31:31 -0400] "GET /images/topNav_endCurve.png HTTP/1.0" 200 433 "http://isppractices.econsultation.ca/stylesheets/base_1238427290.css" "Mozilla/5.0 (Windows; U; Windows NT 5.1; en-US; rv:1.9.0.6) Gecko/2009011913 Firefox/3.0.6 (.NET CLR 3.5.30729)"
64.251.81.66 - - [31/Mar/2009:12:31:31 -0400] "GET /images/nanos_icon_23.png HTTP/1.0" 200 4797 "http://isppractices.econsultation.ca/" "Mozilla/5.0 (Windows; U; Windows NT 5.1; en-US; rv:1.9.0.6) Gecko/2009011913 Firefox/3.0.6 (.NET CLR 3.5.30729)"
64.251.81.66 - - [31/Mar/2009:12:31:31 -0400] "GET /images/CRTC_2_1300px.jpg HTTP/1.0" 200 72085 "http://isppractices.econsultation.ca/stylesheets/base_1238427290.css" "Mozilla/5.0 (Windows; U; Windows NT 5.1; en-US; rv:1.9.0.6) Gecko/2009011913 Firefox/3.0.6 (.NET CLR 3.5.30729)"
64.251.81.66 - - [31/Mar/2009:12:31:31 -0400] "GET /favicon.ico HTTP/1.0" 200 - "-" "Mozilla/5.0 (Windows; U; Windows NT 5.1; en-US; rv:1.9.0.6) Gecko/2009011913 Firefox/3.0.6 (.NET CLR 3.5.30729)"
99.241.208.246 - - [31/Mar/2009:12:31:33 -0400] "GET /topics/show/7 HTTP/1.1" 200 23489 "http://isppractices.econsultation.ca/" "Mozilla/5.0 (X11; U; Linux i686; en-US; rv:1.9.1b3) Gecko/20090305 Firefox/3.1b3"
99.241.208.246 - - [31/Mar/2009:12:31:34 -0400] "GET /avatars/0000/0001/pic_nik_thumb.jpg?1237573168 HTTP/1.1" 200 5862 "http://isppractices.econsultation.ca/topics/show/7" "Mozilla/5.0 (X11; U; Linux i686; en-US; rv:1.9.1b3) Gecko/20090305 Firefox/3.1b3"
99.241.208.246 - - [31/Mar/2009:12:31:34 -0400] "GET /images/comment_bw.png HTTP/1.1" 200 384 "http://isppractices.econsultation.ca/stylesheets/base_1238427290.css" "Mozilla/5.0 (X11; U; Linux i686; en-US; rv:1.9.1b3) Gecko/20090305 Firefox/3.1b3"
99.241.208.246 - - [31/Mar/2009:12:31:34 -0400] "GET /images/BOX-BACK.jpg HTTP/1.1" 200 1025 "http://isppractices.econsultation.ca/stylesheets/base_1238427290.css" "Mozilla/5.0 (X11; U; Linux i686; en-US; rv:1.9.1b3) Gecko/20090305 Firefox/3.1b3"
99.241.208.246 - - [31/Mar/2009:12:31:34 -0400] "GET /images/arrows.png HTTP/1.1" 200 216 "http://isppractices.econsultation.ca/stylesheets/base_1238427290.css" "Mozilla/5.0 (X11; U; Linux i686; en-US; rv:1.9.1b3) Gecko/20090305 Firefox/3.1b3"
142.177.129.100 - - [31/Mar/2009:12:31:35 -0400] "POST /talk/mark/304 HTTP/1.1" 201 1 "http://isppractices.econsultation.ca/topics/show/8" "Mozilla/4.0 (compatible; MSIE 6.0; Windows NT 5.1; SV1; .NET CLR 2.0.50727)"
216.254.157.9 - - [31/Mar/2009:12:31:45 -0400] "GET /topics/show/11 HTTP/1.1" 200 18125 "http://isppractices.econsultation.ca/topics/show/6" "Mozilla/5.0 (Macintosh; U; PPC Mac OS X Mach-O; en-US; rv:1.7.2) Gecko/20040804 Netscape/7.2"
99.241.208.246 - - [31/Mar/2009:12:31:48 -0400] "GET /topics/show/9 HTTP/1.1" 200 20563 "http://isppractices.econsultation.ca/topics/show/7" "Mozilla/5.0 (X11; U; Linux i686; en-US; rv:1.9.1b3) Gecko/20090305 Firefox/3.1b3"
76.10.148.56 - - [31/Mar/2009:12:31:56 -0400] "GET / HTTP/1.1" 200 15895 "http://www.dslreports.com/forum/r22157825-CRTC-opens-online-consultation-on-throttling" "Mozilla/4.0 (compatible; MSIE 7.0; Windows NT 6.0; SLCC1; .NET CLR 2.0.50727; Media Center PC 5.0; .NET CLR 3.0.04506; InfoPath.2)"
76.10.148.56 - - [31/Mar/2009:12:31:57 -0400] "GET /stylesheets/print.css HTTP/1.1" 200 321 "http://isppractices.econsultation.ca/" "Mozilla/4.0 (compatible; MSIE 7.0; Windows NT 6.0; SLCC1; .NET CLR 2.0.50727; Media Center PC 5.0; .NET CLR 3.0.04506; InfoPath.2)"
76.10.148.56 - - [31/Mar/2009:12:31:57 -0400] "GET /stylesheets/base_1238427290.css HTTP/1.1" 200 30105 "http://isppractices.econsultation.ca/" "Mozilla/4.0 (compatible; MSIE 7.0; Windows NT 6.0; SLCC1; .NET CLR 2.0.50727; Media Center PC 5.0; .NET CLR 3.0.04506; InfoPath.2)"
76.10.148.56 - - [31/Mar/2009:12:31:57 -0400] "GET /stylesheets/redesign_IE.css HTTP/1.1" 200 4221 "http://isppractices.econsultation.ca/" "Mozilla/4.0 (compatible; MSIE 7.0; Windows NT 6.0; SLCC1; .NET CLR 2.0.50727; Media Center PC 5.0; .NET CLR 3.0.04506; InfoPath.2)"
76.10.148.56 - - [31/Mar/2009:12:31:57 -0400] "GET /javascripts/base_1238187983.js HTTP/1.1" 200 97264 "http://isppractices.econsultation.ca/" "Mozilla/4.0 (compatible; MSIE 7.0; Windows NT 6.0; SLCC1; .NET CLR 2.0.50727; Media Center PC 5.0; .NET CLR 3.0.04506; InfoPath.2)"
76.10.148.56 - - [31/Mar/2009:12:31:57 -0400] "GET /images/search_go_1.jpg HTTP/1.1" 200 665 "http://isppractices.econsultation.ca/" "Mozilla/4.0 (compatible; MSIE 7.0; Windows NT 6.0; SLCC1; .NET CLR 2.0.50727; Media Center PC 5.0; .NET CLR 3.0.04506; InfoPath.2)"
76.10.148.56 - - [31/Mar/2009:12:31:57 -0400] "GET /images/feed-icon-14x14.png HTTP/1.1" 200 689 "http://isppractices.econsultation.ca/" "Mozilla/4.0 (compatible; MSIE 7.0; Windows NT 6.0; SLCC1; .NET CLR 2.0.50727; Media Center PC 5.0; .NET CLR 3.0.04506; InfoPath.2)"
76.10.148.56 - - [31/Mar/2009:12:31:58 -0400] "GET /images/nanos_icon_23.png HTTP/1.1" 200 4797 "http://isppractices.econsultation.ca/" "Mozilla/4.0 (compatible; MSIE 7.0; Windows NT 6.0; SLCC1; .NET CLR 2.0.50727; Media Center PC 5.0; .NET CLR 3.0.04506; InfoPath.2)"
76.10.148.56 - - [31/Mar/2009:12:31:58 -0400] "GET /images/topNav_endCurve.png HTTP/1.1" 200 433 "http://isppractices.econsultation.ca/" "Mozilla/4.0 (compatible; MSIE 7.0; Windows NT 6.0; SLCC1; .NET CLR 2.0.50727; Media Center PC 5.0; .NET CLR 3.0.04506; InfoPath.2)"
76.10.148.56 - - [31/Mar/2009:12:31:58 -0400] "GET /images/CRTC_2_1300px.jpg HTTP/1.1" 200 72085 "http://isppractices.econsultation.ca/" "Mozilla/4.0 (compatible; MSIE 7.0; Windows NT 6.0; SLCC1; .NET CLR 2.0.50727; Media Center PC 5.0; .NET CLR 3.0.04506; InfoPath.2)"
76.10.148.56 - - [31/Mar/2009:12:31:58 -0400] "GET /favicon.ico HTTP/1.1" 200 - "-" "Mozilla/4.0 (compatible; MSIE 7.0; Windows NT 6.0; SLCC1; .NET CLR 2.0.50727; Media Center PC 5.0; .NET CLR 3.0.04506; InfoPath.2)"
96.54.14.193 - - [31/Mar/2009:12:32:09 -0400] "GET /topics/show/10 HTTP/1.1" 200 19846 "http://isppractices.econsultation.ca/" "Mozilla/5.0 (X11; U; Linux i686; en-US; rv:1.9.0.8) Gecko/2009032711 Ubuntu/8.04 (hardy) Firefox/3.0.8 FirePHP/0.2.4"
142.164.180.50 - - [31/Mar/2009:12:32:19 -0400] "GET / HTTP/1.1" 200 15895 "http://www.crtc.gc.ca/eng/redirect.asp?URL=http://isppractices.econsultation.ca/" "Mozilla/4.0 (compatible; MSIE 7.0; Windows NT 5.1; .NET CLR 1.1.4322)"
142.164.180.50 - - [31/Mar/2009:12:32:21 -0400] "GET /stylesheets/print.css HTTP/1.1" 200 321 "http://isppractices.econsultation.ca/" "Mozilla/4.0 (compatible; MSIE 7.0; Windows NT 5.1; .NET CLR 1.1.4322)"
142.164.180.50 - - [31/Mar/2009:12:32:21 -0400] "GET /stylesheets/base_1238427290.css HTTP/1.1" 200 30105 "http://isppractices.econsultation.ca/" "Mozilla/4.0 (compatible; MSIE 7.0; Windows NT 5.1; .NET CLR 1.1.4322)"
142.164.180.50 - - [31/Mar/2009:12:32:21 -0400] "GET /stylesheets/redesign_IE.css HTTP/1.1" 200 4221 "http://isppractices.econsultation.ca/" "Mozilla/4.0 (compatible; MSIE 7.0; Windows NT 5.1; .NET CLR 1.1.4322)"
142.164.180.50 - - [31/Mar/2009:12:32:21 -0400] "GET /javascripts/base_1238187983.js HTTP/1.1" 200 97264 "http://isppractices.econsultation.ca/" "Mozilla/4.0 (compatible; MSIE 7.0; Windows NT 5.1; .NET CLR 1.1.4322)"
142.164.180.50 - - [31/Mar/2009:12:32:22 -0400] "GET /images/feed-icon-14x14.png HTTP/1.1" 200 689 "http://isppractices.econsultation.ca/" "Mozilla/4.0 (compatible; MSIE 7.0; Windows NT 5.1; .NET CLR 1.1.4322)"
142.164.180.50 - - [31/Mar/2009:12:32:22 -0400] "GET /images/search_go_1.jpg HTTP/1.1" 200 665 "http://isppractices.econsultation.ca/" "Mozilla/4.0 (compatible; MSIE 7.0; Windows NT 5.1; .NET CLR 1.1.4322)"
142.164.180.50 - - [31/Mar/2009:12:32:22 -0400] "GET /images/nanos_icon_23.png HTTP/1.1" 200 4797 "http://isppractices.econsultation.ca/" "Mozilla/4.0 (compatible; MSIE 7.0; Windows NT 5.1; .NET CLR 1.1.4322)"
142.164.180.50 - - [31/Mar/2009:12:32:23 -0400] "GET /images/topNav_endCurve.png HTTP/1.1" 200 433 "http://isppractices.econsultation.ca/" "Mozilla/4.0 (compatible; MSIE 7.0; Windows NT 5.1; .NET CLR 1.1.4322)"
142.164.180.50 - - [31/Mar/2009:12:32:22 -0400] "GET /images/CRTC_2_1300px.jpg HTTP/1.1" 200 72085 "http://isppractices.econsultation.ca/" "Mozilla/4.0 (compatible; MSIE 7.0; Windows NT 5.1; .NET CLR 1.1.4322)"
142.164.180.50 - - [31/Mar/2009:12:32:23 -0400] "GET /favicon.ico HTTP/1.1" 200 - "-" "Mozilla/4.0 (compatible; MSIE 7.0; Windows NT 5.1; .NET CLR 1.1.4322)"
207.6.240.28 - - [31/Mar/2009:12:32:26 -0400] "GET /topics/show/8 HTTP/1.1" 200 13838 "http://isppractices.econsultation.ca/topics/show/7" "Mozilla/4.0 (compatible; MSIE 7.0; Windows NT 5.1; .NET CLR 1.1.4322; .NET CLR 2.0.50727)"
142.177.129.100 - - [31/Mar/2009:12:32:34 -0400] "GET /topics/show/9 HTTP/1.1" 200 20563 "http://isppractices.econsultation.ca/topics/show/8" "Mozilla/4.0 (compatible; MSIE 6.0; Windows NT 5.1; SV1; .NET CLR 2.0.50727)"
99.241.208.246 - - [31/Mar/2009:12:32:38 -0400] "GET /topics/show/10 HTTP/1.1" 200 19846 "http://isppractices.econsultation.ca/topics/show/9" "Mozilla/5.0 (X11; U; Linux i686; en-US; rv:1.9.1b3) Gecko/20090305 Firefox/3.1b3"
207.6.240.28 - - [31/Mar/2009:12:32:40 -0400] "POST /talk/mark/304 HTTP/1.1" 201 1 "http://isppractices.econsultation.ca/topics/show/8" "Mozilla/4.0 (compatible; MSIE 7.0; Windows NT 5.1; .NET CLR 1.1.4322; .NET CLR 2.0.50727)"
142.177.129.100 - - [31/Mar/2009:12:32:44 -0400] "GET /images/busy.gif HTTP/1.1" 200 2209 "http://isppractices.econsultation.ca/topics/show/9" "Mozilla/4.0 (compatible; MSIE 6.0; Windows NT 5.1; SV1; .NET CLR 2.0.50727)"
142.177.129.100 - - [31/Mar/2009:12:32:44 -0400] "POST /topics/show_comments/9/307 HTTP/1.1" 200 251 "http://isppractices.econsultation.ca/topics/show/9" "Mozilla/4.0 (compatible; MSIE 6.0; Windows NT 5.1; SV1; .NET CLR 2.0.50727)"
142.177.129.100 - - [31/Mar/2009:12:32:47 -0400] "POST /talk/mark/307 HTTP/1.1" 201 1 "http://isppractices.econsultation.ca/topics/show/9" "Mozilla/4.0 (compatible; MSIE 6.0; Windows NT 5.1; SV1; .NET CLR 2.0.50727)"
67.70.187.138 - - [31/Mar/2009:12:32:53 -0400] "GET /topics/show/8 HTTP/1.1" 200 18882 "http://isppractices.econsultation.ca/topics/show/7" "Mozilla/5.0 (Windows; U; Windows NT 5.1; en-US; rv:1.9.0.8) Gecko/2009032609 Firefox/3.0.8 (.NET CLR 3.5.30729)"
99.241.208.246 - - [31/Mar/2009:12:32:55 -0400] "GET /topics/show/11 HTTP/1.1" 200 18125 "http://isppractices.econsultation.ca/topics/show/10" "Mozilla/5.0 (X11; U; Linux i686; en-US; rv:1.9.1b3) Gecko/20090305 Firefox/3.1b3"
72.14.199.124 - - [31/Mar/2009:12:32:56 -0400] "GET /rss?lang=en HTTP/1.1" 302 104 "-" "Feedfetcher-Google; (+http://www.google.com/feedfetcher.html; 2 subscribers; feed-id=518107557527150018)"
142.177.129.100 - - [31/Mar/2009:12:32:57 -0400] "GET /topics/show/10 HTTP/1.1" 200 19846 "http://isppractices.econsultation.ca/topics/show/9" "Mozilla/4.0 (compatible; MSIE 6.0; Windows NT 5.1; SV1; .NET CLR 2.0.50727)"
67.70.187.138 - - [31/Mar/2009:12:33:03 -0400] "GET /topics/show/7 HTTP/1.1" 200 23489 "http://isppractices.econsultation.ca/topics/show/8" "Mozilla/5.0 (Windows; U; Windows NT 5.1; en-US; rv:1.9.0.8) Gecko/2009032609 Firefox/3.0.8 (.NET CLR 3.5.30729)"
67.70.187.138 - - [31/Mar/2009:12:33:04 -0400] "GET /images/topNav_endCurve_black.png HTTP/1.1" 200 447 "http://isppractices.econsultation.ca/stylesheets/base_1238427290.css" "Mozilla/5.0 (Windows; U; Windows NT 5.1; en-US; rv:1.9.0.8) Gecko/2009032609 Firefox/3.0.8 (.NET CLR 3.5.30729)"
142.177.129.100 - - [31/Mar/2009:12:33:14 -0400] "POST /talk/mark/306 HTTP/1.1" 201 1 "http://isppractices.econsultation.ca/topics/show/10" "Mozilla/4.0 (compatible; MSIE 6.0; Windows NT 5.1; SV1; .NET CLR 2.0.50727)"
198.103.61.2 - - [31/Mar/2009:12:33:26 -0400] "GET /topics/show/11 HTTP/1.1" 200 18125 "http://isppractices.econsultation.ca/topics/show/7" "Mozilla/5.0 (Windows; U; Windows NT 5.0; en-GB; rv:1.9.0.8) Gecko/2009032609 Firefox/3.0.8"
198.103.61.2 - - [31/Mar/2009:12:33:29 -0400] "GET /topics/show/6 HTTP/1.1" 200 13799 "http://isppractices.econsultation.ca/topics/show/11" "Mozilla/5.0 (Windows; U; Windows NT 5.0; en-GB; rv:1.9.0.8) Gecko/2009032609 Firefox/3.0.8"
209.217.114.195 - - [31/Mar/2009:12:33:30 -0400] "GET / HTTP/1.1" 200 15895 "http://www.crtc.gc.ca/eng/redirect.asp?URL=http://isppractices.econsultation.ca/" "Mozilla/4.0 (compatible; MSIE 7.0; Windows NT 5.1; .NET CLR 1.1.4322; .NET CLR 2.0.50727)"
209.217.114.195 - - [31/Mar/2009:12:33:30 -0400] "GET /stylesheets/base_1238427290.css HTTP/1.1" 200 30105 "http://isppractices.econsultation.ca/" "Mozilla/4.0 (compatible; MSIE 7.0; Windows NT 5.1; .NET CLR 1.1.4322; .NET CLR 2.0.50727)"
209.217.114.195 - - [31/Mar/2009:12:33:30 -0400] "GET /stylesheets/redesign_IE.css HTTP/1.1" 200 4221 "http://isppractices.econsultation.ca/" "Mozilla/4.0 (compatible; MSIE 7.0; Windows NT 5.1; .NET CLR 1.1.4322; .NET CLR 2.0.50727)"
209.217.114.195 - - [31/Mar/2009:12:33:31 -0400] "GET /stylesheets/print.css HTTP/1.1" 200 321 "http://isppractices.econsultation.ca/" "Mozilla/4.0 (compatible; MSIE 7.0; Windows NT 5.1; .NET CLR 1.1.4322; .NET CLR 2.0.50727)"
209.217.114.195 - - [31/Mar/2009:12:33:31 -0400] "GET /javascripts/base_1238187983.js HTTP/1.1" 200 97264 "http://isppractices.econsultation.ca/" "Mozilla/4.0 (compatible; MSIE 7.0; Windows NT 5.1; .NET CLR 1.1.4322; .NET CLR 2.0.50727)"
209.217.114.195 - - [31/Mar/2009:12:33:31 -0400] "GET /images/search_go_1.jpg HTTP/1.1" 200 665 "http://isppractices.econsultation.ca/" "Mozilla/4.0 (compatible; MSIE 7.0; Windows NT 5.1; .NET CLR 1.1.4322; .NET CLR 2.0.50727)"
209.217.114.195 - - [31/Mar/2009:12:33:31 -0400] "GET /images/feed-icon-14x14.png HTTP/1.1" 200 689 "http://isppractices.econsultation.ca/" "Mozilla/4.0 (compatible; MSIE 7.0; Windows NT 5.1; .NET CLR 1.1.4322; .NET CLR 2.0.50727)"
209.217.114.195 - - [31/Mar/2009:12:33:31 -0400] "GET /images/nanos_icon_23.png HTTP/1.1" 200 4797 "http://isppractices.econsultation.ca/" "Mozilla/4.0 (compatible; MSIE 7.0; Windows NT 5.1; .NET CLR 1.1.4322; .NET CLR 2.0.50727)"
209.217.114.195 - - [31/Mar/2009:12:33:31 -0400] "GET /images/topNav_endCurve.png HTTP/1.1" 200 433 "http://isppractices.econsultation.ca/" "Mozilla/4.0 (compatible; MSIE 7.0; Windows NT 5.1; .NET CLR 1.1.4322; .NET CLR 2.0.50727)"
209.217.114.195 - - [31/Mar/2009:12:33:31 -0400] "GET /images/CRTC_2_1300px.jpg HTTP/1.1" 200 72085 "http://isppractices.econsultation.ca/" "Mozilla/4.0 (compatible; MSIE 7.0; Windows NT 5.1; .NET CLR 1.1.4322; .NET CLR 2.0.50727)"
209.217.114.195 - - [31/Mar/2009:12:33:32 -0400] "GET /favicon.ico HTTP/1.1" 200 - "-" "Mozilla/4.0 (compatible; MSIE 7.0; Windows NT 5.1; .NET CLR 1.1.4322; .NET CLR 2.0.50727)"
96.54.14.193 - - [31/Mar/2009:12:33:35 -0400] "GET /topics/show/9 HTTP/1.1" 200 20563 "http://isppractices.econsultation.ca/topics/show/10" "Mozilla/5.0 (X11; U; Linux i686; en-US; rv:1.9.0.8) Gecko/2009032711 Ubuntu/8.04 (hardy) Firefox/3.0.8 FirePHP/0.2.4"
142.177.129.100 - - [31/Mar/2009:12:33:42 -0400] "GET /topics/show/9 HTTP/1.1" 200 20563 "http://isppractices.econsultation.ca/topics/show/10" "Mozilla/4.0 (compatible; MSIE 6.0; Windows NT 5.1; SV1; .NET CLR 2.0.50727)"
142.177.129.100 - - [31/Mar/2009:12:33:50 -0400] "POST /talk/mark/307 HTTP/1.1" 201 1 "http://isppractices.econsultation.ca/topics/show/9" "Mozilla/4.0 (compatible; MSIE 6.0; Windows NT 5.1; SV1; .NET CLR 2.0.50727)"
