207.134.169.80 - - [31/Mar/2009:11:10:33 -0400] "GET /images/feed-icon-14x14.png HTTP/1.1" 200 689 "http://pratiquesfsi.econsultation.ca/" "Mozilla/4.0 (compatible; MSIE 7.0; Windows NT 5.1; .NET CLR 1.1.4322; InfoPath.2; .NET CLR 2.0.50727; .NET CLR 3.0.04506.30; .NET CLR 3.0.04506.648; .NET CLR 3.0.4506.2152; .NET CLR 3.5.30729)"
207.134.169.80 - - [31/Mar/2009:11:10:33 -0400] "GET /images/nanos_icon_23.png HTTP/1.1" 200 4797 "http://pratiquesfsi.econsultation.ca/" "Mozilla/4.0 (compatible; MSIE 7.0; Windows NT 5.1; .NET CLR 1.1.4322; InfoPath.2; .NET CLR 2.0.50727; .NET CLR 3.0.04506.30; .NET CLR 3.0.04506.648; .NET CLR 3.0.4506.2152; .NET CLR 3.5.30729)"
207.134.169.80 - - [31/Mar/2009:11:10:33 -0400] "GET /images/topNav_endCurve.png HTTP/1.1" 200 433 "http://pratiquesfsi.econsultation.ca/" "Mozilla/4.0 (compatible; MSIE 7.0; Windows NT 5.1; .NET CLR 1.1.4322; InfoPath.2; .NET CLR 2.0.50727; .NET CLR 3.0.04506.30; .NET CLR 3.0.04506.648; .NET CLR 3.0.4506.2152; .NET CLR 3.5.30729)"
207.134.169.80 - - [31/Mar/2009:11:10:33 -0400] "GET /images/CRTC_2_1300px.jpg HTTP/1.1" 200 72085 "http://pratiquesfsi.econsultation.ca/" "Mozilla/4.0 (compatible; MSIE 7.0; Windows NT 5.1; .NET CLR 1.1.4322; InfoPath.2; .NET CLR 2.0.50727; .NET CLR 3.0.04506.30; .NET CLR 3.0.04506.648; .NET CLR 3.0.4506.2152; .NET CLR 3.5.30729)"
209.202.119.246 - - [31/Mar/2009:11:10:33 -0400] "GET /favicon.ico HTTP/1.1" 200 - "-" "Mozilla/4.0 (compatible; MSIE 7.0; Windows NT 5.1; .NET CLR 2.0.50727; .NET CLR 1.1.4322; .NET CLR 3.0.04506.30; MS-RTC LM 8)"
207.134.169.80 - - [31/Mar/2009:11:10:34 -0400] "GET /favicon.ico HTTP/1.1" 200 - "-" "Mozilla/4.0 (compatible; MSIE 7.0; Windows NT 5.1; .NET CLR 1.1.4322; InfoPath.2; .NET CLR 2.0.50727; .NET CLR 3.0.04506.30; .NET CLR 3.0.04506.648; .NET CLR 3.0.4506.2152; .NET CLR 3.5.30729)"
204.209.209.129 - - [31/Mar/2009:11:10:38 -0400] "GET /topics/show/11 HTTP/1.1" 200 8353 "http://isppractices.econsultation.ca/topics/show/10" "Mozilla/4.0 (compatible; MSIE 7.0; Windows NT 5.1; GTB5; .NET CLR 1.1.4322; InfoPath.1; .NET CLR 2.0.50727)"
204.209.209.129 - - [31/Mar/2009:11:10:45 -0400] "GET /topics/show/10 HTTP/1.1" 200 9775 "http://isppractices.econsultation.ca/topics/show/11" "Mozilla/4.0 (compatible; MSIE 7.0; Windows NT 5.1; GTB5; .NET CLR 1.1.4322; InfoPath.1; .NET CLR 2.0.50727)"
204.209.209.129 - - [31/Mar/2009:11:10:47 -0400] "GET /topics/show/9 HTTP/1.1" 200 10522 "http://isppractices.econsultation.ca/topics/show/10" "Mozilla/4.0 (compatible; MSIE 7.0; Windows NT 5.1; GTB5; .NET CLR 1.1.4322; InfoPath.1; .NET CLR 2.0.50727)"
204.209.209.129 - - [31/Mar/2009:11:10:49 -0400] "GET /topics/show/8 HTTP/1.1" 200 8113 "http://isppractices.econsultation.ca/topics/show/9" "Mozilla/4.0 (compatible; MSIE 7.0; Windows NT 5.1; GTB5; .NET CLR 1.1.4322; InfoPath.1; .NET CLR 2.0.50727)"
204.209.209.129 - - [31/Mar/2009:11:10:51 -0400] "GET /topics/show/7 HTTP/1.1" 200 8891 "http://isppractices.econsultation.ca/topics/show/8" "Mozilla/4.0 (compatible; MSIE 7.0; Windows NT 5.1; GTB5; .NET CLR 1.1.4322; InfoPath.1; .NET CLR 2.0.50727)"
70.54.232.2 - - [31/Mar/2009:11:10:52 -0400] "GET /archives HTTP/1.1" 200 11149 "http://isppractices.econsultation.ca/topics/show/6" "Mozilla/4.0 (compatible; MSIE 6.0; Windows NT 5.1; SV1; .NET CLR 1.0.3705; .NET CLR 1.1.4322; InfoPath.1; .NET CLR 2.0.50727; .NET CLR 3.0.04506.30; .NET CLR 3.0.04506.648; .NET CLR 3.5.21022)"
204.209.209.129 - - [31/Mar/2009:11:10:53 -0400] "GET /topics/show/6 HTTP/1.1" 200 8751 "http://isppractices.econsultation.ca/topics/show/7" "Mozilla/4.0 (compatible; MSIE 7.0; Windows NT 5.1; GTB5; .NET CLR 1.1.4322; InfoPath.1; .NET CLR 2.0.50727)"
70.54.232.2 - - [31/Mar/2009:11:10:55 -0400] "GET /topics/show/6 HTTP/1.1" 200 13799 "http://isppractices.econsultation.ca/archives" "Mozilla/4.0 (compatible; MSIE 6.0; Windows NT 5.1; SV1; .NET CLR 1.0.3705; .NET CLR 1.1.4322; InfoPath.1; .NET CLR 2.0.50727; .NET CLR 3.0.04506.30; .NET CLR 3.0.04506.648; .NET CLR 3.5.21022)"
70.54.232.2 - - [31/Mar/2009:11:10:58 -0400] "GET /images/topNav_endCurve_black.png HTTP/1.1" 200 447 "-" "Mozilla/4.0 (compatible; MSIE 6.0; Windows NT 5.1; SV1; .NET CLR 1.0.3705; .NET CLR 1.1.4322; InfoPath.1; .NET CLR 2.0.50727; .NET CLR 3.0.04506.30; .NET CLR 3.0.04506.648; .NET CLR 3.5.21022)"
204.209.209.129 - - [31/Mar/2009:11:11:00 -0400] "GET /topics/show/7 HTTP/1.1" 200 8891 "http://isppractices.econsultation.ca/topics/show/6" "Mozilla/4.0 (compatible; MSIE 7.0; Windows NT 5.1; GTB5; .NET CLR 1.1.4322; InfoPath.1; .NET CLR 2.0.50727)"
198.103.61.2 - - [31/Mar/2009:11:11:03 -0400] "GET / HTTP/1.1" 200 12202 "http://www.crtc.gc.ca/eng/redirect.asp?URL=http://isppractices.econsultation.ca/" "Mozilla/4.0 (compatible; MSIE 7.0; Windows NT 5.1; .NET CLR 1.1.4322; .NET CLR 2.0.50727)"
198.103.61.2 - - [31/Mar/2009:11:11:04 -0400] "GET /stylesheets/base_1238427290.css HTTP/1.1" 304 - "http://isppractices.econsultation.ca/" "Mozilla/4.0 (compatible; MSIE 7.0; Windows NT 5.1; .NET CLR 1.1.4322; .NET CLR 2.0.50727)"
198.103.61.2 - - [31/Mar/2009:11:11:04 -0400] "GET /stylesheets/print.css HTTP/1.1" 304 - "http://isppractices.econsultation.ca/" "Mozilla/4.0 (compatible; MSIE 7.0; Windows NT 5.1; .NET CLR 1.1.4322; .NET CLR 2.0.50727)"
198.103.61.2 - - [31/Mar/2009:11:11:04 -0400] "GET /javascripts/base_1238187983.js HTTP/1.1" 304 - "http://isppractices.econsultation.ca/" "Mozilla/4.0 (compatible; MSIE 7.0; Windows NT 5.1; .NET CLR 1.1.4322; .NET CLR 2.0.50727)"
198.103.61.2 - - [31/Mar/2009:11:11:04 -0400] "GET /stylesheets/redesign_IE.css HTTP/1.1" 304 - "http://isppractices.econsultation.ca/" "Mozilla/4.0 (compatible; MSIE 7.0; Windows NT 5.1; .NET CLR 1.1.4322; .NET CLR 2.0.50727)"
198.103.61.2 - - [31/Mar/2009:11:11:04 -0400] "GET /images/search_go_1.jpg HTTP/1.1" 304 - "http://isppractices.econsultation.ca/" "Mozilla/4.0 (compatible; MSIE 7.0; Windows NT 5.1; .NET CLR 1.1.4322; .NET CLR 2.0.50727)"
198.103.61.2 - - [31/Mar/2009:11:11:04 -0400] "GET /images/feed-icon-14x14.png HTTP/1.1" 304 - "http://isppractices.econsultation.ca/" "Mozilla/4.0 (compatible; MSIE 7.0; Windows NT 5.1; .NET CLR 1.1.4322; .NET CLR 2.0.50727)"
198.103.61.2 - - [31/Mar/2009:11:11:04 -0400] "GET /images/nanos_icon_23.png HTTP/1.1" 304 - "http://isppractices.econsultation.ca/" "Mozilla/4.0 (compatible; MSIE 7.0; Windows NT 5.1; .NET CLR 1.1.4322; .NET CLR 2.0.50727)"
198.103.61.2 - - [31/Mar/2009:11:11:04 -0400] "GET /images/CRTC_2_1300px.jpg HTTP/1.1" 304 - "http://isppractices.econsultation.ca/" "Mozilla/4.0 (compatible; MSIE 7.0; Windows NT 5.1; .NET CLR 1.1.4322; .NET CLR 2.0.50727)"
198.103.61.2 - - [31/Mar/2009:11:11:04 -0400] "GET /images/topNav_endCurve.png HTTP/1.1" 304 - "http://isppractices.econsultation.ca/" "Mozilla/4.0 (compatible; MSIE 7.0; Windows NT 5.1; .NET CLR 1.1.4322; .NET CLR 2.0.50727)"
204.209.209.129 - - [31/Mar/2009:11:11:05 -0400] "GET / HTTP/1.1" 200 7128 "http://isppractices.econsultation.ca/topics/show/7" "Mozilla/4.0 (compatible; MSIE 7.0; Windows NT 5.1; GTB5; .NET CLR 1.1.4322; InfoPath.1; .NET CLR 2.0.50727)"
204.209.209.129 - - [31/Mar/2009:11:11:07 -0400] "GET /archives HTTP/1.1" 200 6075 "http://isppractices.econsultation.ca/" "Mozilla/4.0 (compatible; MSIE 7.0; Windows NT 5.1; GTB5; .NET CLR 1.1.4322; InfoPath.1; .NET CLR 2.0.50727)"
204.209.209.129 - - [31/Mar/2009:11:11:11 -0400] "GET /rss?lang=en HTTP/1.1" 200 3912 "http://isppractices.econsultation.ca/archives" "Mozilla/4.0 (compatible; MSIE 7.0; Windows NT 5.1; GTB5; .NET CLR 1.1.4322; InfoPath.1; .NET CLR 2.0.50727)"
205.151.69.245 - - [31/Mar/2009:11:11:12 -0400] "GET /topics/show/10 HTTP/1.1" 200 14823 "http://isppractices.econsultation.ca/" "Mozilla/4.0 (compatible; MSIE 6.0; Windows NT 5.1; SV1; .NET CLR 2.0.50727; .NET CLR 1.1.4322)"
205.151.69.245 - - [31/Mar/2009:11:11:13 -0400] "GET /images/comment_bw.png HTTP/1.1" 200 384 "http://isppractices.econsultation.ca/topics/show/10" "Mozilla/4.0 (compatible; MSIE 6.0; Windows NT 5.1; SV1; .NET CLR 2.0.50727; .NET CLR 1.1.4322)"
205.151.69.245 - - [31/Mar/2009:11:11:13 -0400] "GET /images/arrows.png HTTP/1.1" 200 216 "http://isppractices.econsultation.ca/topics/show/10" "Mozilla/4.0 (compatible; MSIE 6.0; Windows NT 5.1; SV1; .NET CLR 2.0.50727; .NET CLR 1.1.4322)"
70.54.232.2 - - [31/Mar/2009:11:11:12 -0400] "GET /topics/show/10 HTTP/1.1" 200 14823 "http://isppractices.econsultation.ca/topics/show/6" "Mozilla/4.0 (compatible; MSIE 6.0; Windows NT 5.1; SV1; .NET CLR 1.0.3705; .NET CLR 1.1.4322; InfoPath.1; .NET CLR 2.0.50727; .NET CLR 3.0.04506.30; .NET CLR 3.0.04506.648; .NET CLR 3.5.21022)"
205.151.69.245 - - [31/Mar/2009:11:11:13 -0400] "GET /avatars/0000/0001/pic_nik_thumb.jpg?1237573168 HTTP/1.1" 200 5862 "http://isppractices.econsultation.ca/topics/show/10" "Mozilla/4.0 (compatible; MSIE 6.0; Windows NT 5.1; SV1; .NET CLR 2.0.50727; .NET CLR 1.1.4322)"
198.103.61.2 - - [31/Mar/2009:11:11:14 -0400] "GET /topics/show/7 HTTP/1.1" 200 13939 "http://isppractices.econsultation.ca/" "Mozilla/4.0 (compatible; MSIE 7.0; Windows NT 5.1; .NET CLR 1.1.4322; .NET CLR 2.0.50727)"
198.103.61.2 - - [31/Mar/2009:11:11:14 -0400] "GET /images/comment_bw.png HTTP/1.1" 304 - "http://isppractices.econsultation.ca/topics/show/7" "Mozilla/4.0 (compatible; MSIE 7.0; Windows NT 5.1; .NET CLR 1.1.4322; .NET CLR 2.0.50727)"
198.103.61.2 - - [31/Mar/2009:11:11:15 -0400] "GET /images/arrows.png HTTP/1.1" 304 - "http://isppractices.econsultation.ca/topics/show/7" "Mozilla/4.0 (compatible; MSIE 7.0; Windows NT 5.1; .NET CLR 1.1.4322; .NET CLR 2.0.50727)"
198.103.61.2 - - [31/Mar/2009:11:11:15 -0400] "GET /avatars/0000/0001/pic_nik_thumb.jpg?1237573168 HTTP/1.1" 304 - "http://isppractices.econsultation.ca/topics/show/7" "Mozilla/4.0 (compatible; MSIE 7.0; Windows NT 5.1; .NET CLR 1.1.4322; .NET CLR 2.0.50727)"
205.151.69.245 - - [31/Mar/2009:11:11:15 -0400] "GET /images/topNav_endCurve_black.png HTTP/1.1" 200 447 "-" "Mozilla/4.0 (compatible; MSIE 6.0; Windows NT 5.1; SV1; .NET CLR 2.0.50727; .NET CLR 1.1.4322)"
209.202.119.246 - - [31/Mar/2009:11:11:17 -0400] "GET /topics/show/9 HTTP/1.1" 200 15570 "http://isppractices.econsultation.ca/" "Mozilla/4.0 (compatible; MSIE 7.0; Windows NT 5.1; .NET CLR 2.0.50727; .NET CLR 1.1.4322; .NET CLR 3.0.04506.30; MS-RTC LM 8)"
209.202.119.246 - - [31/Mar/2009:11:11:18 -0400] "GET /images/comment_bw.png HTTP/1.1" 200 384 "http://isppractices.econsultation.ca/topics/show/9" "Mozilla/4.0 (compatible; MSIE 7.0; Windows NT 5.1; .NET CLR 2.0.50727; .NET CLR 1.1.4322; .NET CLR 3.0.04506.30; MS-RTC LM 8)"
209.202.119.246 - - [31/Mar/2009:11:11:18 -0400] "GET /avatars/0000/0001/pic_nik_thumb.jpg?1237573168 HTTP/1.1" 200 5862 "http://isppractices.econsultation.ca/topics/show/9" "Mozilla/4.0 (compatible; MSIE 7.0; Windows NT 5.1; .NET CLR 2.0.50727; .NET CLR 1.1.4322; .NET CLR 3.0.04506.30; MS-RTC LM 8)"
209.202.119.246 - - [31/Mar/2009:11:11:18 -0400] "GET /images/arrows.png HTTP/1.1" 200 216 "http://isppractices.econsultation.ca/topics/show/9" "Mozilla/4.0 (compatible; MSIE 7.0; Windows NT 5.1; .NET CLR 2.0.50727; .NET CLR 1.1.4322; .NET CLR 3.0.04506.30; MS-RTC LM 8)"
198.103.61.2 - - [31/Mar/2009:11:11:21 -0400] "GET /topics/show/8 HTTP/1.1" 200 13161 "http://isppractices.econsultation.ca/topics/show/7" "Mozilla/4.0 (compatible; MSIE 7.0; Windows NT 5.1; .NET CLR 1.1.4322; .NET CLR 2.0.50727)"
198.103.61.2 - - [31/Mar/2009:11:11:28 -0400] "GET /topics/show/11 HTTP/1.1" 200 13401 "http://isppractices.econsultation.ca/topics/show/8" "Mozilla/4.0 (compatible; MSIE 7.0; Windows NT 5.1; .NET CLR 1.1.4322; .NET CLR 2.0.50727)"
209.202.119.246 - - [31/Mar/2009:11:11:34 -0400] "GET /topics/show/10 HTTP/1.1" 200 14823 "http://isppractices.econsultation.ca/topics/show/9" "Mozilla/4.0 (compatible; MSIE 7.0; Windows NT 5.1; .NET CLR 2.0.50727; .NET CLR 1.1.4322; .NET CLR 3.0.04506.30; MS-RTC LM 8)"
70.54.232.2 - - [31/Mar/2009:11:11:39 -0400] "GET /topics/show/7 HTTP/1.1" 200 13939 "http://isppractices.econsultation.ca/topics/show/10" "Mozilla/4.0 (compatible; MSIE 6.0; Windows NT 5.1; SV1; .NET CLR 1.0.3705; .NET CLR 1.1.4322; InfoPath.1; .NET CLR 2.0.50727; .NET CLR 3.0.04506.30; .NET CLR 3.0.04506.648; .NET CLR 3.5.21022)"
209.202.119.246 - - [31/Mar/2009:11:11:38 -0400] "GET /topics/show/7 HTTP/1.1" 200 13939 "http://isppractices.econsultation.ca/topics/show/10" "Mozilla/4.0 (compatible; MSIE 7.0; Windows NT 5.1; .NET CLR 2.0.50727; .NET CLR 1.1.4322; .NET CLR 3.0.04506.30; MS-RTC LM 8)"
64.26.169.202 - - [31/Mar/2009:11:11:45 -0400] "GET / HTTP/1.1" 200 12202 "-" "Mozilla/4.0 (compatible; MSIE 7.0; Windows NT 5.1; .NET CLR 1.0.3705; .NET CLR 1.1.4322; Media Center PC 2.8; InfoPath.2)"
64.26.169.202 - - [31/Mar/2009:11:11:45 -0400] "GET /stylesheets/print.css HTTP/1.1" 200 321 "http://isppractices.econsultation.ca/" "Mozilla/4.0 (compatible; MSIE 7.0; Windows NT 5.1; .NET CLR 1.0.3705; .NET CLR 1.1.4322; Media Center PC 2.8; InfoPath.2)"
64.26.169.202 - - [31/Mar/2009:11:11:45 -0400] "GET /stylesheets/base_1238427290.css HTTP/1.1" 200 30105 "http://isppractices.econsultation.ca/" "Mozilla/4.0 (compatible; MSIE 7.0; Windows NT 5.1; .NET CLR 1.0.3705; .NET CLR 1.1.4322; Media Center PC 2.8; InfoPath.2)"
64.26.169.202 - - [31/Mar/2009:11:11:45 -0400] "GET /stylesheets/redesign_IE.css HTTP/1.1" 200 4221 "http://isppractices.econsultation.ca/" "Mozilla/4.0 (compatible; MSIE 7.0; Windows NT 5.1; .NET CLR 1.0.3705; .NET CLR 1.1.4322; Media Center PC 2.8; InfoPath.2)"
64.26.169.202 - - [31/Mar/2009:11:11:45 -0400] "GET /javascripts/base_1238187983.js HTTP/1.1" 200 97264 "http://isppractices.econsultation.ca/" "Mozilla/4.0 (compatible; MSIE 7.0; Windows NT 5.1; .NET CLR 1.0.3705; .NET CLR 1.1.4322; Media Center PC 2.8; InfoPath.2)"
64.26.169.202 - - [31/Mar/2009:11:11:46 -0400] "GET /images/search_go_1.jpg HTTP/1.1" 200 665 "http://isppractices.econsultation.ca/" "Mozilla/4.0 (compatible; MSIE 7.0; Windows NT 5.1; .NET CLR 1.0.3705; .NET CLR 1.1.4322; Media Center PC 2.8; InfoPath.2)"
64.26.169.202 - - [31/Mar/2009:11:11:46 -0400] "GET /images/feed-icon-14x14.png HTTP/1.1" 200 689 "http://isppractices.econsultation.ca/" "Mozilla/4.0 (compatible; MSIE 7.0; Windows NT 5.1; .NET CLR 1.0.3705; .NET CLR 1.1.4322; Media Center PC 2.8; InfoPath.2)"
64.26.169.202 - - [31/Mar/2009:11:11:46 -0400] "GET /images/nanos_icon_23.png HTTP/1.1" 200 4797 "http://isppractices.econsultation.ca/" "Mozilla/4.0 (compatible; MSIE 7.0; Windows NT 5.1; .NET CLR 1.0.3705; .NET CLR 1.1.4322; Media Center PC 2.8; InfoPath.2)"
64.26.169.202 - - [31/Mar/2009:11:11:46 -0400] "GET /images/topNav_endCurve.png HTTP/1.1" 200 433 "http://isppractices.econsultation.ca/" "Mozilla/4.0 (compatible; MSIE 7.0; Windows NT 5.1; .NET CLR 1.0.3705; .NET CLR 1.1.4322; Media Center PC 2.8; InfoPath.2)"
64.26.169.202 - - [31/Mar/2009:11:11:46 -0400] "GET /images/CRTC_2_1300px.jpg HTTP/1.1" 200 72085 "http://isppractices.econsultation.ca/" "Mozilla/4.0 (compatible; MSIE 7.0; Windows NT 5.1; .NET CLR 1.0.3705; .NET CLR 1.1.4322; Media Center PC 2.8; InfoPath.2)"
64.26.169.202 - - [31/Mar/2009:11:11:48 -0400] "GET /favicon.ico HTTP/1.1" 200 - "-" "Mozilla/4.0 (compatible; MSIE 7.0; Windows NT 5.1; .NET CLR 1.0.3705; .NET CLR 1.1.4322; Media Center PC 2.8; InfoPath.2)"
207.134.169.80 - - [31/Mar/2009:11:11:57 -0400] "POST /login HTTP/1.1" 200 10337 "http://pratiquesfsi.econsultation.ca/" "Mozilla/4.0 (compatible; MSIE 7.0; Windows NT 5.1; .NET CLR 1.1.4322; InfoPath.2; .NET CLR 2.0.50727; .NET CLR 3.0.04506.30; .NET CLR 3.0.04506.648; .NET CLR 3.0.4506.2152; .NET CLR 3.5.30729)"
207.134.169.80 - - [31/Mar/2009:11:11:57 -0400] "GET /stylesheets/base_1238427290.css HTTP/1.1" 304 - "http://pratiquesfsi.econsultation.ca/login" "Mozilla/4.0 (compatible; MSIE 7.0; Windows NT 5.1; .NET CLR 1.1.4322; InfoPath.2; .NET CLR 2.0.50727; .NET CLR 3.0.04506.30; .NET CLR 3.0.04506.648; .NET CLR 3.0.4506.2152; .NET CLR 3.5.30729)"
207.134.169.80 - - [31/Mar/2009:11:11:57 -0400] "GET /stylesheets/print.css HTTP/1.1" 304 - "http://pratiquesfsi.econsultation.ca/login" "Mozilla/4.0 (compatible; MSIE 7.0; Windows NT 5.1; .NET CLR 1.1.4322; InfoPath.2; .NET CLR 2.0.50727; .NET CLR 3.0.04506.30; .NET CLR 3.0.04506.648; .NET CLR 3.0.4506.2152; .NET CLR 3.5.30729)"
207.134.169.80 - - [31/Mar/2009:11:11:57 -0400] "GET /javascripts/base_1238187983.js HTTP/1.1" 304 - "http://pratiquesfsi.econsultation.ca/login" "Mozilla/4.0 (compatible; MSIE 7.0; Windows NT 5.1; .NET CLR 1.1.4322; InfoPath.2; .NET CLR 2.0.50727; .NET CLR 3.0.04506.30; .NET CLR 3.0.04506.648; .NET CLR 3.0.4506.2152; .NET CLR 3.5.30729)"
207.134.169.80 - - [31/Mar/2009:11:11:57 -0400] "GET /stylesheets/redesign_IE.css HTTP/1.1" 304 - "http://pratiquesfsi.econsultation.ca/login" "Mozilla/4.0 (compatible; MSIE 7.0; Windows NT 5.1; .NET CLR 1.1.4322; InfoPath.2; .NET CLR 2.0.50727; .NET CLR 3.0.04506.30; .NET CLR 3.0.04506.648; .NET CLR 3.0.4506.2152; .NET CLR 3.5.30729)"
207.134.169.80 - - [31/Mar/2009:11:11:57 -0400] "GET /images/search_go_1.jpg HTTP/1.1" 304 - "http://pratiquesfsi.econsultation.ca/login" "Mozilla/4.0 (compatible; MSIE 7.0; Windows NT 5.1; .NET CLR 1.1.4322; InfoPath.2; .NET CLR 2.0.50727; .NET CLR 3.0.04506.30; .NET CLR 3.0.04506.648; .NET CLR 3.0.4506.2152; .NET CLR 3.5.30729)"
207.134.169.80 - - [31/Mar/2009:11:11:57 -0400] "GET /images/feed-icon-14x14.png HTTP/1.1" 304 - "http://pratiquesfsi.econsultation.ca/login" "Mozilla/4.0 (compatible; MSIE 7.0; Windows NT 5.1; .NET CLR 1.1.4322; InfoPath.2; .NET CLR 2.0.50727; .NET CLR 3.0.04506.30; .NET CLR 3.0.04506.648; .NET CLR 3.0.4506.2152; .NET CLR 3.5.30729)"
207.134.169.80 - - [31/Mar/2009:11:11:57 -0400] "GET /images/nanos_icon_23.png HTTP/1.1" 304 - "http://pratiquesfsi.econsultation.ca/login" "Mozilla/4.0 (compatible; MSIE 7.0; Windows NT 5.1; .NET CLR 1.1.4322; InfoPath.2; .NET CLR 2.0.50727; .NET CLR 3.0.04506.30; .NET CLR 3.0.04506.648; .NET CLR 3.0.4506.2152; .NET CLR 3.5.30729)"
207.134.169.80 - - [31/Mar/2009:11:11:57 -0400] "GET /images/CRTC_2_1300px.jpg HTTP/1.1" 304 - "http://pratiquesfsi.econsultation.ca/login" "Mozilla/4.0 (compatible; MSIE 7.0; Windows NT 5.1; .NET CLR 1.1.4322; InfoPath.2; .NET CLR 2.0.50727; .NET CLR 3.0.04506.30; .NET CLR 3.0.04506.648; .NET CLR 3.0.4506.2152; .NET CLR 3.5.30729)"
207.134.169.80 - - [31/Mar/2009:11:11:57 -0400] "GET /images/topNav_endCurve.png HTTP/1.1" 304 - "http://pratiquesfsi.econsultation.ca/login" "Mozilla/4.0 (compatible; MSIE 7.0; Windows NT 5.1; .NET CLR 1.1.4322; InfoPath.2; .NET CLR 2.0.50727; .NET CLR 3.0.04506.30; .NET CLR 3.0.04506.648; .NET CLR 3.0.4506.2152; .NET CLR 3.5.30729)"
207.134.169.80 - - [31/Mar/2009:11:11:57 -0400] "GET /images/information.png HTTP/1.1" 200 918 "http://pratiquesfsi.econsultation.ca/login" "Mozilla/4.0 (compatible; MSIE 7.0; Windows NT 5.1; .NET CLR 1.1.4322; InfoPath.2; .NET CLR 2.0.50727; .NET CLR 3.0.04506.30; .NET CLR 3.0.04506.648; .NET CLR 3.0.4506.2152; .NET CLR 3.5.30729)"
204.209.209.129 - - [31/Mar/2009:11:12:00 -0400] "GET / HTTP/1.1" 200 11569 "-" "Mozilla/4.0 (compatible; MSIE 7.0; Windows NT 5.1; GTB5; .NET CLR 1.1.4322; InfoPath.1; .NET CLR 2.0.50727)"
204.209.209.129 - - [31/Mar/2009:11:12:01 -0400] "GET /stylesheets/base_110.css HTTP/1.1" 304 - "http://newmedia.crtc.econsultation.ca/" "Mozilla/4.0 (compatible; MSIE 7.0; Windows NT 5.1; GTB5; .NET CLR 1.1.4322; InfoPath.1; .NET CLR 2.0.50727)"
204.209.209.129 - - [31/Mar/2009:11:12:01 -0400] "GET /stylesheets/print.css HTTP/1.1" 304 - "http://newmedia.crtc.econsultation.ca/" "Mozilla/4.0 (compatible; MSIE 7.0; Windows NT 5.1; GTB5; .NET CLR 1.1.4322; InfoPath.1; .NET CLR 2.0.50727)"
204.209.209.129 - - [31/Mar/2009:11:12:01 -0400] "GET /stylesheets/redesign_IE.css HTTP/1.1" 304 - "http://newmedia.crtc.econsultation.ca/" "Mozilla/4.0 (compatible; MSIE 7.0; Windows NT 5.1; GTB5; .NET CLR 1.1.4322; InfoPath.1; .NET CLR 2.0.50727)"
204.209.209.129 - - [31/Mar/2009:11:12:01 -0400] "GET /javascripts/base_53.js HTTP/1.1" 304 - "http://newmedia.crtc.econsultation.ca/" "Mozilla/4.0 (compatible; MSIE 7.0; Windows NT 5.1; GTB5; .NET CLR 1.1.4322; InfoPath.1; .NET CLR 2.0.50727)"
204.209.209.129 - - [31/Mar/2009:11:12:02 -0400] "GET /images/CRTC_2_1300px.jpg HTTP/1.1" 304 - "http://newmedia.crtc.econsultation.ca/" "Mozilla/4.0 (compatible; MSIE 7.0; Windows NT 5.1; GTB5; .NET CLR 1.1.4322; InfoPath.1; .NET CLR 2.0.50727)"
204.209.209.129 - - [31/Mar/2009:11:12:02 -0400] "GET /images/search_go_1.jpg HTTP/1.1" 304 - "http://newmedia.crtc.econsultation.ca/" "Mozilla/4.0 (compatible; MSIE 7.0; Windows NT 5.1; GTB5; .NET CLR 1.1.4322; InfoPath.1; .NET CLR 2.0.50727)"
204.209.209.129 - - [31/Mar/2009:11:12:02 -0400] "GET /images/feed-icon-14x14.png HTTP/1.1" 304 - "http://newmedia.crtc.econsultation.ca/" "Mozilla/4.0 (compatible; MSIE 7.0; Windows NT 5.1; GTB5; .NET CLR 1.1.4322; InfoPath.1; .NET CLR 2.0.50727)"
204.209.209.129 - - [31/Mar/2009:11:12:02 -0400] "GET /images/nanos_icon_23.png HTTP/1.1" 304 - "http://newmedia.crtc.econsultation.ca/" "Mozilla/4.0 (compatible; MSIE 7.0; Windows NT 5.1; GTB5; .NET CLR 1.1.4322; InfoPath.1; .NET CLR 2.0.50727)"
204.209.209.129 - - [31/Mar/2009:11:12:02 -0400] "GET /images/topNav_endCurve.png HTTP/1.1" 304 - "http://newmedia.crtc.econsultation.ca/" "Mozilla/4.0 (compatible; MSIE 7.0; Windows NT 5.1; GTB5; .NET CLR 1.1.4322; InfoPath.1; .NET CLR 2.0.50727)"
204.209.209.129 - - [31/Mar/2009:11:12:02 -0400] "GET /images/error.png HTTP/1.1" 304 - "http://newmedia.crtc.econsultation.ca/" "Mozilla/4.0 (compatible; MSIE 7.0; Windows NT 5.1; GTB5; .NET CLR 1.1.4322; InfoPath.1; .NET CLR 2.0.50727)"
64.26.169.202 - - [31/Mar/2009:11:12:02 -0400] "GET /topics/show/6 HTTP/1.1" 200 13799 "http://isppractices.econsultation.ca/" "Mozilla/4.0 (compatible; MSIE 7.0; Windows NT 5.1; .NET CLR 1.0.3705; .NET CLR 1.1.4322; Media Center PC 2.8; InfoPath.2)"
64.26.169.202 - - [31/Mar/2009:11:12:03 -0400] "GET /images/comment_bw.png HTTP/1.1" 200 384 "http://isppractices.econsultation.ca/topics/show/6" "Mozilla/4.0 (compatible; MSIE 7.0; Windows NT 5.1; .NET CLR 1.0.3705; .NET CLR 1.1.4322; Media Center PC 2.8; InfoPath.2)"
64.26.169.202 - - [31/Mar/2009:11:12:03 -0400] "GET /avatars/0000/0001/pic_nik_thumb.jpg?1237573168 HTTP/1.1" 200 5862 "http://isppractices.econsultation.ca/topics/show/6" "Mozilla/4.0 (compatible; MSIE 7.0; Windows NT 5.1; .NET CLR 1.0.3705; .NET CLR 1.1.4322; Media Center PC 2.8; InfoPath.2)"
64.26.169.202 - - [31/Mar/2009:11:12:03 -0400] "GET /images/arrows.png HTTP/1.1" 200 216 "http://isppractices.econsultation.ca/topics/show/6" "Mozilla/4.0 (compatible; MSIE 7.0; Windows NT 5.1; .NET CLR 1.0.3705; .NET CLR 1.1.4322; Media Center PC 2.8; InfoPath.2)"
70.54.232.2 - - [31/Mar/2009:11:12:08 -0400] "GET /topics/show/8 HTTP/1.1" 200 13161 "http://isppractices.econsultation.ca/topics/show/7" "Mozilla/4.0 (compatible; MSIE 6.0; Windows NT 5.1; SV1; .NET CLR 1.0.3705; .NET CLR 1.1.4322; InfoPath.1; .NET CLR 2.0.50727; .NET CLR 3.0.04506.30; .NET CLR 3.0.04506.648; .NET CLR 3.5.21022)"
64.26.169.202 - - [31/Mar/2009:11:12:11 -0400] "GET /topics/show/7 HTTP/1.1" 200 13939 "http://isppractices.econsultation.ca/topics/show/6" "Mozilla/4.0 (compatible; MSIE 7.0; Windows NT 5.1; .NET CLR 1.0.3705; .NET CLR 1.1.4322; Media Center PC 2.8; InfoPath.2)"
207.134.169.80 - - [31/Mar/2009:11:12:13 -0400] "POST /login HTTP/1.1" 200 10337 "http://pratiquesfsi.econsultation.ca/login" "Mozilla/4.0 (compatible; MSIE 7.0; Windows NT 5.1; .NET CLR 1.1.4322; InfoPath.2; .NET CLR 2.0.50727; .NET CLR 3.0.04506.30; .NET CLR 3.0.04506.648; .NET CLR 3.0.4506.2152; .NET CLR 3.5.30729)"
207.134.169.80 - - [31/Mar/2009:11:12:14 -0400] "GET /stylesheets/base_1238427290.css HTTP/1.1" 304 - "http://pratiquesfsi.econsultation.ca/login" "Mozilla/4.0 (compatible; MSIE 7.0; Windows NT 5.1; .NET CLR 1.1.4322; InfoPath.2; .NET CLR 2.0.50727; .NET CLR 3.0.04506.30; .NET CLR 3.0.04506.648; .NET CLR 3.0.4506.2152; .NET CLR 3.5.30729)"
207.134.169.80 - - [31/Mar/2009:11:12:14 -0400] "GET /stylesheets/print.css HTTP/1.1" 304 - "http://pratiquesfsi.econsultation.ca/login" "Mozilla/4.0 (compatible; MSIE 7.0; Windows NT 5.1; .NET CLR 1.1.4322; InfoPath.2; .NET CLR 2.0.50727; .NET CLR 3.0.04506.30; .NET CLR 3.0.04506.648; .NET CLR 3.0.4506.2152; .NET CLR 3.5.30729)"
207.134.169.80 - - [31/Mar/2009:11:12:14 -0400] "GET /javascripts/base_1238187983.js HTTP/1.1" 304 - "http://pratiquesfsi.econsultation.ca/login" "Mozilla/4.0 (compatible; MSIE 7.0; Windows NT 5.1; .NET CLR 1.1.4322; InfoPath.2; .NET CLR 2.0.50727; .NET CLR 3.0.04506.30; .NET CLR 3.0.04506.648; .NET CLR 3.0.4506.2152; .NET CLR 3.5.30729)"
207.134.169.80 - - [31/Mar/2009:11:12:14 -0400] "GET /stylesheets/redesign_IE.css HTTP/1.1" 304 - "http://pratiquesfsi.econsultation.ca/login" "Mozilla/4.0 (compatible; MSIE 7.0; Windows NT 5.1; .NET CLR 1.1.4322; InfoPath.2; .NET CLR 2.0.50727; .NET CLR 3.0.04506.30; .NET CLR 3.0.04506.648; .NET CLR 3.0.4506.2152; .NET CLR 3.5.30729)"
207.134.169.80 - - [31/Mar/2009:11:12:14 -0400] "GET /images/search_go_1.jpg HTTP/1.1" 304 - "http://pratiquesfsi.econsultation.ca/login" "Mozilla/4.0 (compatible; MSIE 7.0; Windows NT 5.1; .NET CLR 1.1.4322; InfoPath.2; .NET CLR 2.0.50727; .NET CLR 3.0.04506.30; .NET CLR 3.0.04506.648; .NET CLR 3.0.4506.2152; .NET CLR 3.5.30729)"
207.134.169.80 - - [31/Mar/2009:11:12:14 -0400] "GET /images/feed-icon-14x14.png HTTP/1.1" 304 - "http://pratiquesfsi.econsultation.ca/login" "Mozilla/4.0 (compatible; MSIE 7.0; Windows NT 5.1; .NET CLR 1.1.4322; InfoPath.2; .NET CLR 2.0.50727; .NET CLR 3.0.04506.30; .NET CLR 3.0.04506.648; .NET CLR 3.0.4506.2152; .NET CLR 3.5.30729)"
207.134.169.80 - - [31/Mar/2009:11:12:14 -0400] "GET /images/nanos_icon_23.png HTTP/1.1" 304 - "http://pratiquesfsi.econsultation.ca/login" "Mozilla/4.0 (compatible; MSIE 7.0; Windows NT 5.1; .NET CLR 1.1.4322; InfoPath.2; .NET CLR 2.0.50727; .NET CLR 3.0.04506.30; .NET CLR 3.0.04506.648; .NET CLR 3.0.4506.2152; .NET CLR 3.5.30729)"
207.134.169.80 - - [31/Mar/2009:11:12:14 -0400] "GET /images/CRTC_2_1300px.jpg HTTP/1.1" 304 - "http://pratiquesfsi.econsultation.ca/login" "Mozilla/4.0 (compatible; MSIE 7.0; Windows NT 5.1; .NET CLR 1.1.4322; InfoPath.2; .NET CLR 2.0.50727; .NET CLR 3.0.04506.30; .NET CLR 3.0.04506.648; .NET CLR 3.0.4506.2152; .NET CLR 3.5.30729)"
207.134.169.80 - - [31/Mar/2009:11:12:14 -0400] "GET /images/topNav_endCurve.png HTTP/1.1" 304 - "http://pratiquesfsi.econsultation.ca/login" "Mozilla/4.0 (compatible; MSIE 7.0; Windows NT 5.1; .NET CLR 1.1.4322; InfoPath.2; .NET CLR 2.0.50727; .NET CLR 3.0.04506.30; .NET CLR 3.0.04506.648; .NET CLR 3.0.4506.2152; .NET CLR 3.5.30729)"
207.134.169.80 - - [31/Mar/2009:11:12:14 -0400] "GET /images/information.png HTTP/1.1" 304 - "http://pratiquesfsi.econsultation.ca/login" "Mozilla/4.0 (compatible; MSIE 7.0; Windows NT 5.1; .NET CLR 1.1.4322; InfoPath.2; .NET CLR 2.0.50727; .NET CLR 3.0.04506.30; .NET CLR 3.0.04506.648; .NET CLR 3.0.4506.2152; .NET CLR 3.5.30729)"
207.134.169.80 - - [31/Mar/2009:11:12:15 -0400] "GET /register HTTP/1.1" 200 11375 "http://pratiquesfsi.econsultation.ca/login" "Mozilla/4.0 (compatible; MSIE 7.0; Windows NT 5.1; .NET CLR 1.1.4322; InfoPath.2; .NET CLR 2.0.50727; .NET CLR 3.0.04506.30; .NET CLR 3.0.04506.648; .NET CLR 3.0.4506.2152; .NET CLR 3.5.30729)"
207.134.169.80 - - [31/Mar/2009:11:12:15 -0400] "GET /stylesheets/base_1238427290.css HTTP/1.1" 304 - "http://pratiquesfsi.econsultation.ca/register" "Mozilla/4.0 (compatible; MSIE 7.0; Windows NT 5.1; .NET CLR 1.1.4322; InfoPath.2; .NET CLR 2.0.50727; .NET CLR 3.0.04506.30; .NET CLR 3.0.04506.648; .NET CLR 3.0.4506.2152; .NET CLR 3.5.30729)"
207.134.169.80 - - [31/Mar/2009:11:12:16 -0400] "GET /stylesheets/print.css HTTP/1.1" 304 - "http://pratiquesfsi.econsultation.ca/register" "Mozilla/4.0 (compatible; MSIE 7.0; Windows NT 5.1; .NET CLR 1.1.4322; InfoPath.2; .NET CLR 2.0.50727; .NET CLR 3.0.04506.30; .NET CLR 3.0.04506.648; .NET CLR 3.0.4506.2152; .NET CLR 3.5.30729)"
207.134.169.80 - - [31/Mar/2009:11:12:16 -0400] "GET /javascripts/base_1238187983.js HTTP/1.1" 304 - "http://pratiquesfsi.econsultation.ca/register" "Mozilla/4.0 (compatible; MSIE 7.0; Windows NT 5.1; .NET CLR 1.1.4322; InfoPath.2; .NET CLR 2.0.50727; .NET CLR 3.0.04506.30; .NET CLR 3.0.04506.648; .NET CLR 3.0.4506.2152; .NET CLR 3.5.30729)"
207.134.169.80 - - [31/Mar/2009:11:12:16 -0400] "GET /stylesheets/redesign_IE.css HTTP/1.1" 304 - "http://pratiquesfsi.econsultation.ca/register" "Mozilla/4.0 (compatible; MSIE 7.0; Windows NT 5.1; .NET CLR 1.1.4322; InfoPath.2; .NET CLR 2.0.50727; .NET CLR 3.0.04506.30; .NET CLR 3.0.04506.648; .NET CLR 3.0.4506.2152; .NET CLR 3.5.30729)"
207.134.169.80 - - [31/Mar/2009:11:12:16 -0400] "GET /images/search_go_1.jpg HTTP/1.1" 304 - "http://pratiquesfsi.econsultation.ca/register" "Mozilla/4.0 (compatible; MSIE 7.0; Windows NT 5.1; .NET CLR 1.1.4322; InfoPath.2; .NET CLR 2.0.50727; .NET CLR 3.0.04506.30; .NET CLR 3.0.04506.648; .NET CLR 3.0.4506.2152; .NET CLR 3.5.30729)"
207.134.169.80 - - [31/Mar/2009:11:12:16 -0400] "GET /images/feed-icon-14x14.png HTTP/1.1" 304 - "http://pratiquesfsi.econsultation.ca/register" "Mozilla/4.0 (compatible; MSIE 7.0; Windows NT 5.1; .NET CLR 1.1.4322; InfoPath.2; .NET CLR 2.0.50727; .NET CLR 3.0.04506.30; .NET CLR 3.0.04506.648; .NET CLR 3.0.4506.2152; .NET CLR 3.5.30729)"
207.134.169.80 - - [31/Mar/2009:11:12:16 -0400] "GET /images/nanos_icon_23.png HTTP/1.1" 304 - "http://pratiquesfsi.econsultation.ca/register" "Mozilla/4.0 (compatible; MSIE 7.0; Windows NT 5.1; .NET CLR 1.1.4322; InfoPath.2; .NET CLR 2.0.50727; .NET CLR 3.0.04506.30; .NET CLR 3.0.04506.648; .NET CLR 3.0.4506.2152; .NET CLR 3.5.30729)"
207.134.169.80 - - [31/Mar/2009:11:12:16 -0400] "GET /images/CRTC_2_1300px.jpg HTTP/1.1" 304 - "http://pratiquesfsi.econsultation.ca/register" "Mozilla/4.0 (compatible; MSIE 7.0; Windows NT 5.1; .NET CLR 1.1.4322; InfoPath.2; .NET CLR 2.0.50727; .NET CLR 3.0.04506.30; .NET CLR 3.0.04506.648; .NET CLR 3.0.4506.2152; .NET CLR 3.5.30729)"
207.134.169.80 - - [31/Mar/2009:11:12:16 -0400] "GET /images/topNav_endCurve.png HTTP/1.1" 304 - "http://pratiquesfsi.econsultation.ca/register" "Mozilla/4.0 (compatible; MSIE 7.0; Windows NT 5.1; .NET CLR 1.1.4322; InfoPath.2; .NET CLR 2.0.50727; .NET CLR 3.0.04506.30; .NET CLR 3.0.04506.648; .NET CLR 3.0.4506.2152; .NET CLR 3.5.30729)"
207.134.169.80 - - [31/Mar/2009:11:12:16 -0400] "GET /images/information.png HTTP/1.1" 304 - "http://pratiquesfsi.econsultation.ca/register" "Mozilla/4.0 (compatible; MSIE 7.0; Windows NT 5.1; .NET CLR 1.1.4322; InfoPath.2; .NET CLR 2.0.50727; .NET CLR 3.0.04506.30; .NET CLR 3.0.04506.648; .NET CLR 3.0.4506.2152; .NET CLR 3.5.30729)"
216.168.115.179 - - [31/Mar/2009:11:12:31 -0400] "GET / HTTP/1.1" 200 12202 "http://www.crtc.gc.ca/eng/redirect.asp?URL=http://isppractices.econsultation.ca/" "Mozilla/4.0 (compatible; MSIE 7.0; Windows NT 5.1; .NET CLR 1.1.4322; .NET CLR 2.0.50727; .NET CLR 3.0.04506.30; .NET CLR 3.0.04506.648)"
216.168.115.179 - - [31/Mar/2009:11:12:31 -0400] "GET /stylesheets/print.css HTTP/1.1" 200 321 "http://isppractices.econsultation.ca/" "Mozilla/4.0 (compatible; MSIE 7.0; Windows NT 5.1; .NET CLR 1.1.4322; .NET CLR 2.0.50727; .NET CLR 3.0.04506.30; .NET CLR 3.0.04506.648)"
216.168.115.179 - - [31/Mar/2009:11:12:31 -0400] "GET /stylesheets/base_1238427290.css HTTP/1.1" 200 30105 "http://isppractices.econsultation.ca/" "Mozilla/4.0 (compatible; MSIE 7.0; Windows NT 5.1; .NET CLR 1.1.4322; .NET CLR 2.0.50727; .NET CLR 3.0.04506.30; .NET CLR 3.0.04506.648)"
216.168.115.179 - - [31/Mar/2009:11:12:31 -0400] "GET /stylesheets/redesign_IE.css HTTP/1.1" 200 4221 "http://isppractices.econsultation.ca/" "Mozilla/4.0 (compatible; MSIE 7.0; Windows NT 5.1; .NET CLR 1.1.4322; .NET CLR 2.0.50727; .NET CLR 3.0.04506.30; .NET CLR 3.0.04506.648)"
216.168.115.179 - - [31/Mar/2009:11:12:31 -0400] "GET /javascripts/base_1238187983.js HTTP/1.1" 200 97264 "http://isppractices.econsultation.ca/" "Mozilla/4.0 (compatible; MSIE 7.0; Windows NT 5.1; .NET CLR 1.1.4322; .NET CLR 2.0.50727; .NET CLR 3.0.04506.30; .NET CLR 3.0.04506.648)"
216.168.115.179 - - [31/Mar/2009:11:12:31 -0400] "GET /images/feed-icon-14x14.png HTTP/1.1" 200 689 "http://isppractices.econsultation.ca/" "Mozilla/4.0 (compatible; MSIE 7.0; Windows NT 5.1; .NET CLR 1.1.4322; .NET CLR 2.0.50727; .NET CLR 3.0.04506.30; .NET CLR 3.0.04506.648)"
216.168.115.179 - - [31/Mar/2009:11:12:31 -0400] "GET /images/search_go_1.jpg HTTP/1.1" 200 665 "http://isppractices.econsultation.ca/" "Mozilla/4.0 (compatible; MSIE 7.0; Windows NT 5.1; .NET CLR 1.1.4322; .NET CLR 2.0.50727; .NET CLR 3.0.04506.30; .NET CLR 3.0.04506.648)"
216.168.115.179 - - [31/Mar/2009:11:12:31 -0400] "GET /images/nanos_icon_23.png HTTP/1.1" 200 4797 "http://isppractices.econsultation.ca/" "Mozilla/4.0 (compatible; MSIE 7.0; Windows NT 5.1; .NET CLR 1.1.4322; .NET CLR 2.0.50727; .NET CLR 3.0.04506.30; .NET CLR 3.0.04506.648)"
216.168.115.179 - - [31/Mar/2009:11:12:31 -0400] "GET /images/CRTC_2_1300px.jpg HTTP/1.1" 200 72085 "http://isppractices.econsultation.ca/" "Mozilla/4.0 (compatible; MSIE 7.0; Windows NT 5.1; .NET CLR 1.1.4322; .NET CLR 2.0.50727; .NET CLR 3.0.04506.30; .NET CLR 3.0.04506.648)"
216.168.115.179 - - [31/Mar/2009:11:12:31 -0400] "GET /images/topNav_endCurve.png HTTP/1.1" 200 433 "http://isppractices.econsultation.ca/" "Mozilla/4.0 (compatible; MSIE 7.0; Windows NT 5.1; .NET CLR 1.1.4322; .NET CLR 2.0.50727; .NET CLR 3.0.04506.30; .NET CLR 3.0.04506.648)"
216.168.115.179 - - [31/Mar/2009:11:12:33 -0400] "GET /favicon.ico HTTP/1.1" 200 - "-" "Mozilla/4.0 (compatible; MSIE 7.0; Windows NT 5.1; .NET CLR 1.1.4322; .NET CLR 2.0.50727; .NET CLR 3.0.04506.30; .NET CLR 3.0.04506.648)"
70.54.232.2 - - [31/Mar/2009:11:12:36 -0400] "GET /topics/show/9 HTTP/1.1" 200 15570 "http://isppractices.econsultation.ca/topics/show/8" "Mozilla/4.0 (compatible; MSIE 6.0; Windows NT 5.1; SV1; .NET CLR 1.0.3705; .NET CLR 1.1.4322; InfoPath.1; .NET CLR 2.0.50727; .NET CLR 3.0.04506.30; .NET CLR 3.0.04506.648; .NET CLR 3.5.21022)"
216.168.115.179 - - [31/Mar/2009:11:12:49 -0400] "GET /topics/show/7 HTTP/1.1" 200 13939 "http://isppractices.econsultation.ca/" "Mozilla/4.0 (compatible; MSIE 7.0; Windows NT 5.1; .NET CLR 1.1.4322; .NET CLR 2.0.50727; .NET CLR 3.0.04506.30; .NET CLR 3.0.04506.648)"
216.168.115.179 - - [31/Mar/2009:11:12:50 -0400] "GET /images/comment_bw.png HTTP/1.1" 200 384 "http://isppractices.econsultation.ca/topics/show/7" "Mozilla/4.0 (compatible; MSIE 7.0; Windows NT 5.1; .NET CLR 1.1.4322; .NET CLR 2.0.50727; .NET CLR 3.0.04506.30; .NET CLR 3.0.04506.648)"
216.168.115.179 - - [31/Mar/2009:11:12:50 -0400] "GET /images/arrows.png HTTP/1.1" 200 216 "http://isppractices.econsultation.ca/topics/show/7" "Mozilla/4.0 (compatible; MSIE 7.0; Windows NT 5.1; .NET CLR 1.1.4322; .NET CLR 2.0.50727; .NET CLR 3.0.04506.30; .NET CLR 3.0.04506.648)"
216.168.115.179 - - [31/Mar/2009:11:12:50 -0400] "GET /avatars/0000/0001/pic_nik_thumb.jpg?1237573168 HTTP/1.1" 200 5862 "http://isppractices.econsultation.ca/topics/show/7" "Mozilla/4.0 (compatible; MSIE 7.0; Windows NT 5.1; .NET CLR 1.1.4322; .NET CLR 2.0.50727; .NET CLR 3.0.04506.30; .NET CLR 3.0.04506.648)"
199.247.55.183 - - [31/Mar/2009:11:12:55 -0400] "GET / HTTP/1.1" 200 12202 "-" "Mozilla/4.0 (compatible; MSIE 7.0; Windows NT 5.1; .NET CLR 1.1.4322; InfoPath.2)"
199.247.55.183 - - [31/Mar/2009:11:12:56 -0400] "GET /stylesheets/print.css HTTP/1.1" 200 321 "http://isppractices.econsultation.ca/" "Mozilla/4.0 (compatible; MSIE 7.0; Windows NT 5.1; .NET CLR 1.1.4322; InfoPath.2)"
199.247.55.183 - - [31/Mar/2009:11:12:56 -0400] "GET /stylesheets/base_1238427290.css HTTP/1.1" 200 30105 "http://isppractices.econsultation.ca/" "Mozilla/4.0 (compatible; MSIE 7.0; Windows NT 5.1; .NET CLR 1.1.4322; InfoPath.2)"
199.247.55.183 - - [31/Mar/2009:11:12:57 -0400] "GET /stylesheets/redesign_IE.css HTTP/1.1" 200 4221 "http://isppractices.econsultation.ca/" "Mozilla/4.0 (compatible; MSIE 7.0; Windows NT 5.1; .NET CLR 1.1.4322; InfoPath.2)"
199.247.55.183 - - [31/Mar/2009:11:12:56 -0400] "GET /javascripts/base_1238187983.js HTTP/1.1" 200 97264 "http://isppractices.econsultation.ca/" "Mozilla/4.0 (compatible; MSIE 7.0; Windows NT 5.1; .NET CLR 1.1.4322; InfoPath.2)"
207.134.169.80 - - [31/Mar/2009:11:12:56 -0400] "POST /register HTTP/1.1" 302 103 "http://pratiquesfsi.econsultation.ca/register" "Mozilla/4.0 (compatible; MSIE 7.0; Windows NT 5.1; .NET CLR 1.1.4322; InfoPath.2; .NET CLR 2.0.50727; .NET CLR 3.0.04506.30; .NET CLR 3.0.04506.648; .NET CLR 3.0.4506.2152; .NET CLR 3.5.30729)"
199.247.55.183 - - [31/Mar/2009:11:12:57 -0400] "GET /images/search_go_1.jpg HTTP/1.1" 200 665 "http://isppractices.econsultation.ca/" "Mozilla/4.0 (compatible; MSIE 7.0; Windows NT 5.1; .NET CLR 1.1.4322; InfoPath.2)"
199.247.55.183 - - [31/Mar/2009:11:12:57 -0400] "GET /images/feed-icon-14x14.png HTTP/1.1" 200 689 "http://isppractices.econsultation.ca/" "Mozilla/4.0 (compatible; MSIE 7.0; Windows NT 5.1; .NET CLR 1.1.4322; InfoPath.2)"
199.247.55.183 - - [31/Mar/2009:11:12:57 -0400] "GET /images/nanos_icon_23.png HTTP/1.1" 200 4797 "http://isppractices.econsultation.ca/" "Mozilla/4.0 (compatible; MSIE 7.0; Windows NT 5.1; .NET CLR 1.1.4322; InfoPath.2)"
199.247.55.183 - - [31/Mar/2009:11:12:58 -0400] "GET /images/topNav_endCurve.png HTTP/1.1" 200 433 "http://isppractices.econsultation.ca/" "Mozilla/4.0 (compatible; MSIE 7.0; Windows NT 5.1; .NET CLR 1.1.4322; InfoPath.2)"
207.134.169.80 - - [31/Mar/2009:11:12:57 -0400] "GET / HTTP/1.1" 200 7585 "http://pratiquesfsi.econsultation.ca/register" "Mozilla/4.0 (compatible; MSIE 7.0; Windows NT 5.1; .NET CLR 1.1.4322; InfoPath.2; .NET CLR 2.0.50727; .NET CLR 3.0.04506.30; .NET CLR 3.0.04506.648; .NET CLR 3.0.4506.2152; .NET CLR 3.5.30729)"
207.134.169.80 - - [31/Mar/2009:11:12:58 -0400] "GET /stylesheets/base_1238427290.css HTTP/1.1" 304 - "http://pratiquesfsi.econsultation.ca/" "Mozilla/4.0 (compatible; MSIE 7.0; Windows NT 5.1; .NET CLR 1.1.4322; InfoPath.2; .NET CLR 2.0.50727; .NET CLR 3.0.04506.30; .NET CLR 3.0.04506.648; .NET CLR 3.0.4506.2152; .NET CLR 3.5.30729)"
207.134.169.80 - - [31/Mar/2009:11:12:58 -0400] "GET /stylesheets/print.css HTTP/1.1" 304 - "http://pratiquesfsi.econsultation.ca/" "Mozilla/4.0 (compatible; MSIE 7.0; Windows NT 5.1; .NET CLR 1.1.4322; InfoPath.2; .NET CLR 2.0.50727; .NET CLR 3.0.04506.30; .NET CLR 3.0.04506.648; .NET CLR 3.0.4506.2152; .NET CLR 3.5.30729)"
207.134.169.80 - - [31/Mar/2009:11:12:58 -0400] "GET /javascripts/base_1238187983.js HTTP/1.1" 304 - "http://pratiquesfsi.econsultation.ca/" "Mozilla/4.0 (compatible; MSIE 7.0; Windows NT 5.1; .NET CLR 1.1.4322; InfoPath.2; .NET CLR 2.0.50727; .NET CLR 3.0.04506.30; .NET CLR 3.0.04506.648; .NET CLR 3.0.4506.2152; .NET CLR 3.5.30729)"
207.134.169.80 - - [31/Mar/2009:11:12:58 -0400] "GET /stylesheets/redesign_IE.css HTTP/1.1" 304 - "http://pratiquesfsi.econsultation.ca/" "Mozilla/4.0 (compatible; MSIE 7.0; Windows NT 5.1; .NET CLR 1.1.4322; InfoPath.2; .NET CLR 2.0.50727; .NET CLR 3.0.04506.30; .NET CLR 3.0.04506.648; .NET CLR 3.0.4506.2152; .NET CLR 3.5.30729)"
207.134.169.80 - - [31/Mar/2009:11:12:58 -0400] "GET /images/search_go_1.jpg HTTP/1.1" 304 - "http://pratiquesfsi.econsultation.ca/" "Mozilla/4.0 (compatible; MSIE 7.0; Windows NT 5.1; .NET CLR 1.1.4322; InfoPath.2; .NET CLR 2.0.50727; .NET CLR 3.0.04506.30; .NET CLR 3.0.04506.648; .NET CLR 3.0.4506.2152; .NET CLR 3.5.30729)"
207.134.169.80 - - [31/Mar/2009:11:12:58 -0400] "GET /images/feed-icon-14x14.png HTTP/1.1" 304 - "http://pratiquesfsi.econsultation.ca/" "Mozilla/4.0 (compatible; MSIE 7.0; Windows NT 5.1; .NET CLR 1.1.4322; InfoPath.2; .NET CLR 2.0.50727; .NET CLR 3.0.04506.30; .NET CLR 3.0.04506.648; .NET CLR 3.0.4506.2152; .NET CLR 3.5.30729)"
207.134.169.80 - - [31/Mar/2009:11:12:58 -0400] "GET /images/nanos_icon_23.png HTTP/1.1" 304 - "http://pratiquesfsi.econsultation.ca/" "Mozilla/4.0 (compatible; MSIE 7.0; Windows NT 5.1; .NET CLR 1.1.4322; InfoPath.2; .NET CLR 2.0.50727; .NET CLR 3.0.04506.30; .NET CLR 3.0.04506.648; .NET CLR 3.0.4506.2152; .NET CLR 3.5.30729)"
207.134.169.80 - - [31/Mar/2009:11:12:58 -0400] "GET /images/CRTC_2_1300px.jpg HTTP/1.1" 304 - "http://pratiquesfsi.econsultation.ca/" "Mozilla/4.0 (compatible; MSIE 7.0; Windows NT 5.1; .NET CLR 1.1.4322; InfoPath.2; .NET CLR 2.0.50727; .NET CLR 3.0.04506.30; .NET CLR 3.0.04506.648; .NET CLR 3.0.4506.2152; .NET CLR 3.5.30729)"
207.134.169.80 - - [31/Mar/2009:11:12:58 -0400] "GET /images/topNav_endCurve.png HTTP/1.1" 304 - "http://pratiquesfsi.econsultation.ca/" "Mozilla/4.0 (compatible; MSIE 7.0; Windows NT 5.1; .NET CLR 1.1.4322; InfoPath.2; .NET CLR 2.0.50727; .NET CLR 3.0.04506.30; .NET CLR 3.0.04506.648; .NET CLR 3.0.4506.2152; .NET CLR 3.5.30729)"
207.134.169.80 - - [31/Mar/2009:11:12:58 -0400] "GET /images/information.png HTTP/1.1" 304 - "http://pratiquesfsi.econsultation.ca/" "Mozilla/4.0 (compatible; MSIE 7.0; Windows NT 5.1; .NET CLR 1.1.4322; InfoPath.2; .NET CLR 2.0.50727; .NET CLR 3.0.04506.30; .NET CLR 3.0.04506.648; .NET CLR 3.0.4506.2152; .NET CLR 3.5.30729)"
199.247.55.183 - - [31/Mar/2009:11:12:57 -0400] "GET /images/CRTC_2_1300px.jpg HTTP/1.1" 200 72085 "http://isppractices.econsultation.ca/" "Mozilla/4.0 (compatible; MSIE 7.0; Windows NT 5.1; .NET CLR 1.1.4322; InfoPath.2)"
199.247.55.183 - - [31/Mar/2009:11:12:59 -0400] "GET /favicon.ico HTTP/1.1" 200 - "-" "Mozilla/4.0 (compatible; MSIE 7.0; Windows NT 5.1; .NET CLR 1.1.4322; InfoPath.2)"
216.168.115.179 - - [31/Mar/2009:11:12:59 -0400] "GET /topics/show/8 HTTP/1.1" 200 13161 "http://isppractices.econsultation.ca/topics/show/7" "Mozilla/4.0 (compatible; MSIE 7.0; Windows NT 5.1; .NET CLR 1.1.4322; .NET CLR 2.0.50727; .NET CLR 3.0.04506.30; .NET CLR 3.0.04506.648)"
216.168.115.179 - - [31/Mar/2009:11:13:02 -0400] "GET /topics/show/9 HTTP/1.1" 200 15570 "http://isppractices.econsultation.ca/topics/show/8" "Mozilla/4.0 (compatible; MSIE 7.0; Windows NT 5.1; .NET CLR 1.1.4322; .NET CLR 2.0.50727; .NET CLR 3.0.04506.30; .NET CLR 3.0.04506.648)"
216.168.115.179 - - [31/Mar/2009:11:13:06 -0400] "GET /topics/show/10 HTTP/1.1" 200 14823 "http://isppractices.econsultation.ca/topics/show/9" "Mozilla/4.0 (compatible; MSIE 7.0; Windows NT 5.1; .NET CLR 1.1.4322; .NET CLR 2.0.50727; .NET CLR 3.0.04506.30; .NET CLR 3.0.04506.648)"
207.134.169.80 - - [31/Mar/2009:11:13:09 -0400] "GET /profile/64987 HTTP/1.1" 200 5995 "http://pratiquesfsi.econsultation.ca/" "Mozilla/4.0 (compatible; MSIE 7.0; Windows NT 5.1; .NET CLR 1.1.4322; InfoPath.2; .NET CLR 2.0.50727; .NET CLR 3.0.04506.30; .NET CLR 3.0.04506.648; .NET CLR 3.0.4506.2152; .NET CLR 3.5.30729)"
207.134.169.80 - - [31/Mar/2009:11:13:09 -0400] "GET /stylesheets/base_1238427290.css HTTP/1.1" 304 - "http://pratiquesfsi.econsultation.ca/profile/64987" "Mozilla/4.0 (compatible; MSIE 7.0; Windows NT 5.1; .NET CLR 1.1.4322; InfoPath.2; .NET CLR 2.0.50727; .NET CLR 3.0.04506.30; .NET CLR 3.0.04506.648; .NET CLR 3.0.4506.2152; .NET CLR 3.5.30729)"
207.134.169.80 - - [31/Mar/2009:11:13:09 -0400] "GET /stylesheets/print.css HTTP/1.1" 304 - "http://pratiquesfsi.econsultation.ca/profile/64987" "Mozilla/4.0 (compatible; MSIE 7.0; Windows NT 5.1; .NET CLR 1.1.4322; InfoPath.2; .NET CLR 2.0.50727; .NET CLR 3.0.04506.30; .NET CLR 3.0.04506.648; .NET CLR 3.0.4506.2152; .NET CLR 3.5.30729)"
207.134.169.80 - - [31/Mar/2009:11:13:09 -0400] "GET /javascripts/base_1238187983.js HTTP/1.1" 304 - "http://pratiquesfsi.econsultation.ca/profile/64987" "Mozilla/4.0 (compatible; MSIE 7.0; Windows NT 5.1; .NET CLR 1.1.4322; InfoPath.2; .NET CLR 2.0.50727; .NET CLR 3.0.04506.30; .NET CLR 3.0.04506.648; .NET CLR 3.0.4506.2152; .NET CLR 3.5.30729)"
207.134.169.80 - - [31/Mar/2009:11:13:09 -0400] "GET /stylesheets/redesign_IE.css HTTP/1.1" 304 - "http://pratiquesfsi.econsultation.ca/profile/64987" "Mozilla/4.0 (compatible; MSIE 7.0; Windows NT 5.1; .NET CLR 1.1.4322; InfoPath.2; .NET CLR 2.0.50727; .NET CLR 3.0.04506.30; .NET CLR 3.0.04506.648; .NET CLR 3.0.4506.2152; .NET CLR 3.5.30729)"
207.134.169.80 - - [31/Mar/2009:11:13:09 -0400] "GET /images/search_go_1.jpg HTTP/1.1" 304 - "http://pratiquesfsi.econsultation.ca/profile/64987" "Mozilla/4.0 (compatible; MSIE 7.0; Windows NT 5.1; .NET CLR 1.1.4322; InfoPath.2; .NET CLR 2.0.50727; .NET CLR 3.0.04506.30; .NET CLR 3.0.04506.648; .NET CLR 3.0.4506.2152; .NET CLR 3.5.30729)"
207.134.169.80 - - [31/Mar/2009:11:13:09 -0400] "GET /images/feed-icon-14x14.png HTTP/1.1" 304 - "http://pratiquesfsi.econsultation.ca/profile/64987" "Mozilla/4.0 (compatible; MSIE 7.0; Windows NT 5.1; .NET CLR 1.1.4322; InfoPath.2; .NET CLR 2.0.50727; .NET CLR 3.0.04506.30; .NET CLR 3.0.04506.648; .NET CLR 3.0.4506.2152; .NET CLR 3.5.30729)"
207.134.169.80 - - [31/Mar/2009:11:13:10 -0400] "GET /images/nanos_icon_23.png HTTP/1.1" 304 - "http://pratiquesfsi.econsultation.ca/profile/64987" "Mozilla/4.0 (compatible; MSIE 7.0; Windows NT 5.1; .NET CLR 1.1.4322; InfoPath.2; .NET CLR 2.0.50727; .NET CLR 3.0.04506.30; .NET CLR 3.0.04506.648; .NET CLR 3.0.4506.2152; .NET CLR 3.5.30729)"
207.134.169.80 - - [31/Mar/2009:11:13:10 -0400] "GET /images/CRTC_2_1300px.jpg HTTP/1.1" 304 - "http://pratiquesfsi.econsultation.ca/profile/64987" "Mozilla/4.0 (compatible; MSIE 7.0; Windows NT 5.1; .NET CLR 1.1.4322; InfoPath.2; .NET CLR 2.0.50727; .NET CLR 3.0.04506.30; .NET CLR 3.0.04506.648; .NET CLR 3.0.4506.2152; .NET CLR 3.5.30729)"
207.134.169.80 - - [31/Mar/2009:11:13:10 -0400] "GET /images/topNav_endCurve.png HTTP/1.1" 304 - "http://pratiquesfsi.econsultation.ca/profile/64987" "Mozilla/4.0 (compatible; MSIE 7.0; Windows NT 5.1; .NET CLR 1.1.4322; InfoPath.2; .NET CLR 2.0.50727; .NET CLR 3.0.04506.30; .NET CLR 3.0.04506.648; .NET CLR 3.0.4506.2152; .NET CLR 3.5.30729)"
216.168.115.179 - - [31/Mar/2009:11:13:10 -0400] "GET /topics/show/11 HTTP/1.1" 200 13401 "http://isppractices.econsultation.ca/topics/show/10" "Mozilla/4.0 (compatible; MSIE 7.0; Windows NT 5.1; .NET CLR 1.1.4322; .NET CLR 2.0.50727; .NET CLR 3.0.04506.30; .NET CLR 3.0.04506.648)"
216.168.115.179 - - [31/Mar/2009:11:13:18 -0400] "GET /topics/show/6 HTTP/1.1" 200 13799 "http://isppractices.econsultation.ca/topics/show/11" "Mozilla/4.0 (compatible; MSIE 7.0; Windows NT 5.1; .NET CLR 1.1.4322; .NET CLR 2.0.50727; .NET CLR 3.0.04506.30; .NET CLR 3.0.04506.648)"
207.134.169.80 - - [31/Mar/2009:11:13:23 -0400] "GET /topics/show/6 HTTP/1.1" 200 9209 "http://pratiquesfsi.econsultation.ca/profile/64987" "Mozilla/4.0 (compatible; MSIE 7.0; Windows NT 5.1; .NET CLR 1.1.4322; InfoPath.2; .NET CLR 2.0.50727; .NET CLR 3.0.04506.30; .NET CLR 3.0.04506.648; .NET CLR 3.0.4506.2152; .NET CLR 3.5.30729)"
207.134.169.80 - - [31/Mar/2009:11:13:23 -0400] "GET /stylesheets/base_1238427290.css HTTP/1.1" 304 - "http://pratiquesfsi.econsultation.ca/topics/show/6" "Mozilla/4.0 (compatible; MSIE 7.0; Windows NT 5.1; .NET CLR 1.1.4322; InfoPath.2; .NET CLR 2.0.50727; .NET CLR 3.0.04506.30; .NET CLR 3.0.04506.648; .NET CLR 3.0.4506.2152; .NET CLR 3.5.30729)"
207.134.169.80 - - [31/Mar/2009:11:13:23 -0400] "GET /stylesheets/print.css HTTP/1.1" 304 - "http://pratiquesfsi.econsultation.ca/topics/show/6" "Mozilla/4.0 (compatible; MSIE 7.0; Windows NT 5.1; .NET CLR 1.1.4322; InfoPath.2; .NET CLR 2.0.50727; .NET CLR 3.0.04506.30; .NET CLR 3.0.04506.648; .NET CLR 3.0.4506.2152; .NET CLR 3.5.30729)"
207.134.169.80 - - [31/Mar/2009:11:13:23 -0400] "GET /javascripts/base_1238187983.js HTTP/1.1" 304 - "http://pratiquesfsi.econsultation.ca/topics/show/6" "Mozilla/4.0 (compatible; MSIE 7.0; Windows NT 5.1; .NET CLR 1.1.4322; InfoPath.2; .NET CLR 2.0.50727; .NET CLR 3.0.04506.30; .NET CLR 3.0.04506.648; .NET CLR 3.0.4506.2152; .NET CLR 3.5.30729)"
207.134.169.80 - - [31/Mar/2009:11:13:23 -0400] "GET /stylesheets/redesign_IE.css HTTP/1.1" 304 - "http://pratiquesfsi.econsultation.ca/topics/show/6" "Mozilla/4.0 (compatible; MSIE 7.0; Windows NT 5.1; .NET CLR 1.1.4322; InfoPath.2; .NET CLR 2.0.50727; .NET CLR 3.0.04506.30; .NET CLR 3.0.04506.648; .NET CLR 3.0.4506.2152; .NET CLR 3.5.30729)"
207.134.169.80 - - [31/Mar/2009:11:13:23 -0400] "GET /images/CRTC_2_1300px.jpg HTTP/1.1" 304 - "http://pratiquesfsi.econsultation.ca/topics/show/6" "Mozilla/4.0 (compatible; MSIE 7.0; Windows NT 5.1; .NET CLR 1.1.4322; InfoPath.2; .NET CLR 2.0.50727; .NET CLR 3.0.04506.30; .NET CLR 3.0.04506.648; .NET CLR 3.0.4506.2152; .NET CLR 3.5.30729)"
207.134.169.80 - - [31/Mar/2009:11:13:23 -0400] "GET /images/topNav_endCurve.png HTTP/1.1" 304 - "http://pratiquesfsi.econsultation.ca/topics/show/6" "Mozilla/4.0 (compatible; MSIE 7.0; Windows NT 5.1; .NET CLR 1.1.4322; InfoPath.2; .NET CLR 2.0.50727; .NET CLR 3.0.04506.30; .NET CLR 3.0.04506.648; .NET CLR 3.0.4506.2152; .NET CLR 3.5.30729)"
207.134.169.80 - - [31/Mar/2009:11:13:23 -0400] "GET /images/search_go_1.jpg HTTP/1.1" 304 - "http://pratiquesfsi.econsultation.ca/topics/show/6" "Mozilla/4.0 (compatible; MSIE 7.0; Windows NT 5.1; .NET CLR 1.1.4322; InfoPath.2; .NET CLR 2.0.50727; .NET CLR 3.0.04506.30; .NET CLR 3.0.04506.648; .NET CLR 3.0.4506.2152; .NET CLR 3.5.30729)"
207.134.169.80 - - [31/Mar/2009:11:13:23 -0400] "GET /images/feed-icon-14x14.png HTTP/1.1" 304 - "http://pratiquesfsi.econsultation.ca/topics/show/6" "Mozilla/4.0 (compatible; MSIE 7.0; Windows NT 5.1; .NET CLR 1.1.4322; InfoPath.2; .NET CLR 2.0.50727; .NET CLR 3.0.04506.30; .NET CLR 3.0.04506.648; .NET CLR 3.0.4506.2152; .NET CLR 3.5.30729)"
207.134.169.80 - - [31/Mar/2009:11:13:23 -0400] "GET /images/comment_bw.png HTTP/1.1" 200 384 "http://pratiquesfsi.econsultation.ca/topics/show/6" "Mozilla/4.0 (compatible; MSIE 7.0; Windows NT 5.1; .NET CLR 1.1.4322; InfoPath.2; .NET CLR 2.0.50727; .NET CLR 3.0.04506.30; .NET CLR 3.0.04506.648; .NET CLR 3.0.4506.2152; .NET CLR 3.5.30729)"
