71.17.10.94 - - [31/Mar/2009:13:03:30 -0400] "GET /images/arrows.png HTTP/1.1" 200 216 "http://isppractices.econsultation.ca/stylesheets/base_1238427290.css" "Mozilla/5.0 (Windows; U; Windows NT 5.1; en-US; rv:1.9.0.8) Gecko/2009032609 Firefox/3.0.8"
71.17.10.94 - - [31/Mar/2009:13:03:31 -0400] "GET /avatars/0000/0001/pic_nik_thumb.jpg?1237573168 HTTP/1.1" 200 5862 "http://isppractices.econsultation.ca/topics/show/10" "Mozilla/5.0 (Windows; U; Windows NT 5.1; en-US; rv:1.9.0.8) Gecko/2009032609 Firefox/3.0.8"
71.17.10.94 - - [31/Mar/2009:13:03:31 -0400] "GET /favicon.ico HTTP/1.1" 304 - "-" "Mozilla/5.0 (compatible; Google Desktop)"
206.248.154.94 - - [31/Mar/2009:13:03:31 -0400] "POST /talk/mark/306 HTTP/1.1" 201 1 "http://isppractices.econsultation.ca/topics/show/10" "Mozilla/5.0 (Windows; U; Windows NT 5.1; en-US; rv:1.9.0.8) Gecko/2009032609 Firefox/3.0.8 (.NET CLR 3.5.30729)"
192.75.48.150 - - [31/Mar/2009:13:03:32 -0400] "GET / HTTP/1.1" 200 16844 "http://www.crtc.gc.ca/eng/redirect.asp?URL=http://isppractices.econsultation.ca/" "Mozilla/5.0 (Windows; U; Windows NT 5.1; en-US; rv:1.9.1b2) Gecko/20081201 Firefox/3.1b2"
192.75.48.150 - - [31/Mar/2009:13:03:33 -0400] "GET /stylesheets/print.css HTTP/1.1" 200 321 "http://isppractices.econsultation.ca/" "Mozilla/5.0 (Windows; U; Windows NT 5.1; en-US; rv:1.9.1b2) Gecko/20081201 Firefox/3.1b2"
192.75.48.150 - - [31/Mar/2009:13:03:33 -0400] "GET /favicon.ico HTTP/1.1" 200 - "-" "Mozilla/5.0 (Windows; U; Windows NT 5.1; en-US; rv:1.9.1b2) Gecko/20081201 Firefox/3.1b2"
192.75.48.150 - - [31/Mar/2009:13:03:33 -0400] "GET /images/search_go_1.jpg HTTP/1.1" 200 665 "http://isppractices.econsultation.ca/" "Mozilla/5.0 (Windows; U; Windows NT 5.1; en-US; rv:1.9.1b2) Gecko/20081201 Firefox/3.1b2"
192.75.48.150 - - [31/Mar/2009:13:03:33 -0400] "GET /images/feed-icon-14x14.png HTTP/1.1" 200 689 "http://isppractices.econsultation.ca/" "Mozilla/5.0 (Windows; U; Windows NT 5.1; en-US; rv:1.9.1b2) Gecko/20081201 Firefox/3.1b2"
192.75.48.150 - - [31/Mar/2009:13:03:33 -0400] "GET /stylesheets/base_1238427290.css HTTP/1.1" 200 30105 "http://isppractices.econsultation.ca/" "Mozilla/5.0 (Windows; U; Windows NT 5.1; en-US; rv:1.9.1b2) Gecko/20081201 Firefox/3.1b2"
192.75.48.150 - - [31/Mar/2009:13:03:33 -0400] "GET /images/topNav_endCurve.png HTTP/1.1" 200 433 "http://isppractices.econsultation.ca/stylesheets/base_1238427290.css" "Mozilla/5.0 (Windows; U; Windows NT 5.1; en-US; rv:1.9.1b2) Gecko/20081201 Firefox/3.1b2"
192.75.48.150 - - [31/Mar/2009:13:03:34 -0400] "GET /images/CRTC_2_1300px.jpg HTTP/1.1" 200 72085 "http://isppractices.econsultation.ca/stylesheets/base_1238427290.css" "Mozilla/5.0 (Windows; U; Windows NT 5.1; en-US; rv:1.9.1b2) Gecko/20081201 Firefox/3.1b2"
192.75.48.150 - - [31/Mar/2009:13:03:36 -0400] "GET /images/nanos_icon_23.png HTTP/1.1" 200 4797 "http://isppractices.econsultation.ca/" "Mozilla/5.0 (Windows; U; Windows NT 5.1; en-US; rv:1.9.1b2) Gecko/20081201 Firefox/3.1b2"
192.75.48.150 - - [31/Mar/2009:13:03:38 -0400] "GET /javascripts/base_1238187983.js HTTP/1.1" 200 97264 "http://isppractices.econsultation.ca/" "Mozilla/5.0 (Windows; U; Windows NT 5.1; en-US; rv:1.9.1b2) Gecko/20081201 Firefox/3.1b2"
198.73.193.2 - - [31/Mar/2009:13:03:38 -0400] "GET / HTTP/1.1" 200 16844 "http://www.crtc.gc.ca/eng/redirect.asp?URL=http://isppractices.econsultation.ca/" "Mozilla/5.0 (Windows; U; Windows NT 5.1; en-GB; rv:1.9.0.7) Gecko/2009021910 Firefox/3.0.7"
198.73.193.2 - - [31/Mar/2009:13:03:39 -0400] "GET /stylesheets/print.css HTTP/1.1" 200 321 "http://isppractices.econsultation.ca/" "Mozilla/5.0 (Windows; U; Windows NT 5.1; en-GB; rv:1.9.0.7) Gecko/2009021910 Firefox/3.0.7"
198.73.193.2 - - [31/Mar/2009:13:03:39 -0400] "GET /stylesheets/base_1238427290.css HTTP/1.1" 200 30105 "http://isppractices.econsultation.ca/" "Mozilla/5.0 (Windows; U; Windows NT 5.1; en-GB; rv:1.9.0.7) Gecko/2009021910 Firefox/3.0.7"
198.73.193.2 - - [31/Mar/2009:13:03:39 -0400] "GET /javascripts/base_1238187983.js HTTP/1.1" 200 97264 "http://isppractices.econsultation.ca/" "Mozilla/5.0 (Windows; U; Windows NT 5.1; en-GB; rv:1.9.0.7) Gecko/2009021910 Firefox/3.0.7"
198.73.193.2 - - [31/Mar/2009:13:03:39 -0400] "GET /favicon.ico HTTP/1.1" 200 - "-" "Mozilla/5.0 (Windows; U; Windows NT 5.1; en-GB; rv:1.9.0.7) Gecko/2009021910 Firefox/3.0.7"
198.73.193.2 - - [31/Mar/2009:13:03:39 -0400] "GET /images/search_go_1.jpg HTTP/1.1" 200 665 "http://isppractices.econsultation.ca/" "Mozilla/5.0 (Windows; U; Windows NT 5.1; en-GB; rv:1.9.0.7) Gecko/2009021910 Firefox/3.0.7"
198.73.193.2 - - [31/Mar/2009:13:03:39 -0400] "GET /images/feed-icon-14x14.png HTTP/1.1" 200 689 "http://isppractices.econsultation.ca/" "Mozilla/5.0 (Windows; U; Windows NT 5.1; en-GB; rv:1.9.0.7) Gecko/2009021910 Firefox/3.0.7"
198.73.193.2 - - [31/Mar/2009:13:03:39 -0400] "GET /images/nanos_icon_23.png HTTP/1.1" 200 4797 "http://isppractices.econsultation.ca/" "Mozilla/5.0 (Windows; U; Windows NT 5.1; en-GB; rv:1.9.0.7) Gecko/2009021910 Firefox/3.0.7"
198.73.193.2 - - [31/Mar/2009:13:03:39 -0400] "GET /images/topNav_endCurve.png HTTP/1.1" 200 433 "http://isppractices.econsultation.ca/stylesheets/base_1238427290.css" "Mozilla/5.0 (Windows; U; Windows NT 5.1; en-GB; rv:1.9.0.7) Gecko/2009021910 Firefox/3.0.7"
198.73.193.2 - - [31/Mar/2009:13:03:39 -0400] "GET /images/CRTC_2_1300px.jpg HTTP/1.1" 200 72085 "http://isppractices.econsultation.ca/stylesheets/base_1238427290.css" "Mozilla/5.0 (Windows; U; Windows NT 5.1; en-GB; rv:1.9.0.7) Gecko/2009021910 Firefox/3.0.7"
24.80.232.231 - - [31/Mar/2009:13:03:46 -0400] "GET / HTTP/1.1" 200 16844 "-" "Mozilla/5.0 (Macintosh; U; Intel Mac OS X 10_4_11; en) AppleWebKit/530.1+ (KHTML, like Gecko) Version/3.2.1 Safari/525.27.1"
24.80.232.231 - - [31/Mar/2009:13:03:47 -0400] "GET /stylesheets/print.css HTTP/1.1" 200 321 "http://isppractices.econsultation.ca/" "Mozilla/5.0 (Macintosh; U; Intel Mac OS X 10_4_11; en) AppleWebKit/530.1+ (KHTML, like Gecko) Version/3.2.1 Safari/525.27.1"
24.80.232.231 - - [31/Mar/2009:13:03:47 -0400] "GET /stylesheets/base_1238427290.css HTTP/1.1" 200 30105 "http://isppractices.econsultation.ca/" "Mozilla/5.0 (Macintosh; U; Intel Mac OS X 10_4_11; en) AppleWebKit/530.1+ (KHTML, like Gecko) Version/3.2.1 Safari/525.27.1"
24.80.232.231 - - [31/Mar/2009:13:03:47 -0400] "GET /javascripts/base_1238187983.js HTTP/1.1" 200 97264 "http://isppractices.econsultation.ca/" "Mozilla/5.0 (Macintosh; U; Intel Mac OS X 10_4_11; en) AppleWebKit/530.1+ (KHTML, like Gecko) Version/3.2.1 Safari/525.27.1"
24.80.232.231 - - [31/Mar/2009:13:03:48 -0400] "GET /images/topNav_endCurve.png HTTP/1.1" 200 433 "http://isppractices.econsultation.ca/" "Mozilla/5.0 (Macintosh; U; Intel Mac OS X 10_4_11; en) AppleWebKit/530.1+ (KHTML, like Gecko) Version/3.2.1 Safari/525.27.1"
24.80.232.231 - - [31/Mar/2009:13:03:48 -0400] "GET /images/search_go_1.jpg HTTP/1.1" 200 665 "http://isppractices.econsultation.ca/" "Mozilla/5.0 (Macintosh; U; Intel Mac OS X 10_4_11; en) AppleWebKit/530.1+ (KHTML, like Gecko) Version/3.2.1 Safari/525.27.1"
24.80.232.231 - - [31/Mar/2009:13:03:48 -0400] "GET /images/feed-icon-14x14.png HTTP/1.1" 200 689 "http://isppractices.econsultation.ca/" "Mozilla/5.0 (Macintosh; U; Intel Mac OS X 10_4_11; en) AppleWebKit/530.1+ (KHTML, like Gecko) Version/3.2.1 Safari/525.27.1"
24.80.232.231 - - [31/Mar/2009:13:03:48 -0400] "GET /images/CRTC_2_1300px.jpg HTTP/1.1" 200 72085 "http://isppractices.econsultation.ca/" "Mozilla/5.0 (Macintosh; U; Intel Mac OS X 10_4_11; en) AppleWebKit/530.1+ (KHTML, like Gecko) Version/3.2.1 Safari/525.27.1"
24.80.232.231 - - [31/Mar/2009:13:03:49 -0400] "GET /images/nanos_icon_23.png HTTP/1.1" 200 4797 "http://isppractices.econsultation.ca/" "Mozilla/5.0 (Macintosh; U; Intel Mac OS X 10_4_11; en) AppleWebKit/530.1+ (KHTML, like Gecko) Version/3.2.1 Safari/525.27.1"
24.80.232.231 - - [31/Mar/2009:13:03:49 -0400] "GET /favicon.ico HTTP/1.1" 200 - "http://isppractices.econsultation.ca/" "Mozilla/5.0 (Macintosh; U; Intel Mac OS X 10_4_11; en) AppleWebKit/530.1+ (KHTML, like Gecko) Version/3.2.1 Safari/525.27.1"
69.196.147.210 - - [31/Mar/2009:13:03:51 -0400] "GET /register HTTP/1.1" 200 11101 "http://isppractices.econsultation.ca/topics/show/7" "Mozilla/5.0 (Windows; U; Windows NT 5.1; en-GB; rv:1.9.0.8) Gecko/2009032609 Firefox/3.0.8 (.NET CLR 3.5.30729)"
150.70.84.44 - - [31/Mar/2009:13:03:54 -0400] "GET /account/remind_password HTTP/1.0" 302 104 "-" "Mozilla/4.0 (compatible; MSIE 6.0; Windows NT 5.1)"
206.248.154.94 - - [31/Mar/2009:13:04:07 -0400] "POST /talk/mark/309 HTTP/1.1" 201 1 "http://isppractices.econsultation.ca/topics/show/10" "Mozilla/5.0 (Windows; U; Windows NT 5.1; en-US; rv:1.9.0.8) Gecko/2009032609 Firefox/3.0.8 (.NET CLR 3.5.30729)"
192.75.48.150 - - [31/Mar/2009:13:04:08 -0400] "GET /topics/show/10?root=309 HTTP/1.1" 200 25501 "http://isppractices.econsultation.ca/" "Mozilla/5.0 (Windows; U; Windows NT 5.1; en-US; rv:1.9.1b2) Gecko/20081201 Firefox/3.1b2"
192.75.48.150 - - [31/Mar/2009:13:04:09 -0400] "GET /images/comment_bw.png HTTP/1.1" 200 384 "http://isppractices.econsultation.ca/stylesheets/base_1238427290.css" "Mozilla/5.0 (Windows; U; Windows NT 5.1; en-US; rv:1.9.1b2) Gecko/20081201 Firefox/3.1b2"
192.75.48.150 - - [31/Mar/2009:13:04:09 -0400] "GET /images/BOX-BACK.jpg HTTP/1.1" 200 1025 "http://isppractices.econsultation.ca/stylesheets/base_1238427290.css" "Mozilla/5.0 (Windows; U; Windows NT 5.1; en-US; rv:1.9.1b2) Gecko/20081201 Firefox/3.1b2"
192.75.48.150 - - [31/Mar/2009:13:04:09 -0400] "POST /talk/mark/309 HTTP/1.1" 201 1 "http://isppractices.econsultation.ca/topics/show/10?root=309" "Mozilla/5.0 (Windows; U; Windows NT 5.1; en-US; rv:1.9.1b2) Gecko/20081201 Firefox/3.1b2"
69.63.178.249 - - [31/Mar/2009:13:04:11 -0400] "GET / HTTP/1.1" 200 16844 "-" "facebookexternalhit/1.0 (+http://www.facebook.com/externalhit_uatext.php)"
192.75.48.150 - - [31/Mar/2009:13:04:12 -0400] "GET /images/arrows.png HTTP/1.1" 200 216 "http://isppractices.econsultation.ca/stylesheets/base_1238427290.css" "Mozilla/5.0 (Windows; U; Windows NT 5.1; en-US; rv:1.9.1b2) Gecko/20081201 Firefox/3.1b2"
192.75.48.150 - - [31/Mar/2009:13:04:12 -0400] "GET /avatars/0000/0001/pic_nik_thumb.jpg?1237573168 HTTP/1.1" 200 5862 "http://isppractices.econsultation.ca/topics/show/10?root=309" "Mozilla/5.0 (Windows; U; Windows NT 5.1; en-US; rv:1.9.1b2) Gecko/20081201 Firefox/3.1b2"
64.228.222.246 - - [31/Mar/2009:13:04:12 -0400] "GET / HTTP/1.1" 200 16844 "http://www.dslreports.com/forum/r22157825-CRTC-opens-online-consultation-on-throttling" "Mozilla/5.0 (Windows; U; Windows NT 5.1; en-US; rv:1.8.1.21) Gecko/20090303 SeaMonkey/1.1.15"
64.228.222.246 - - [31/Mar/2009:13:04:13 -0400] "GET /stylesheets/base_1238427290.css HTTP/1.1" 200 30105 "http://isppractices.econsultation.ca/" "Mozilla/5.0 (Windows; U; Windows NT 5.1; en-US; rv:1.8.1.21) Gecko/20090303 SeaMonkey/1.1.15"
64.228.222.246 - - [31/Mar/2009:13:04:13 -0400] "GET /stylesheets/print.css HTTP/1.1" 200 321 "http://isppractices.econsultation.ca/" "Mozilla/5.0 (Windows; U; Windows NT 5.1; en-US; rv:1.8.1.21) Gecko/20090303 SeaMonkey/1.1.15"
64.228.222.246 - - [31/Mar/2009:13:04:13 -0400] "GET /favicon.ico HTTP/1.1" 200 - "-" "Mozilla/5.0 (Windows; U; Windows NT 5.1; en-US; rv:1.8.1.21) Gecko/20090303 SeaMonkey/1.1.15"
64.228.222.246 - - [31/Mar/2009:13:04:13 -0400] "GET /images/search_go_1.jpg HTTP/1.1" 200 665 "http://isppractices.econsultation.ca/" "Mozilla/5.0 (Windows; U; Windows NT 5.1; en-US; rv:1.8.1.21) Gecko/20090303 SeaMonkey/1.1.15"
64.228.222.246 - - [31/Mar/2009:13:04:13 -0400] "GET /images/feed-icon-14x14.png HTTP/1.1" 200 689 "http://isppractices.econsultation.ca/" "Mozilla/5.0 (Windows; U; Windows NT 5.1; en-US; rv:1.8.1.21) Gecko/20090303 SeaMonkey/1.1.15"
64.228.222.246 - - [31/Mar/2009:13:04:13 -0400] "GET /images/nanos_icon_23.png HTTP/1.1" 200 4797 "http://isppractices.econsultation.ca/" "Mozilla/5.0 (Windows; U; Windows NT 5.1; en-US; rv:1.8.1.21) Gecko/20090303 SeaMonkey/1.1.15"
64.228.222.246 - - [31/Mar/2009:13:04:13 -0400] "GET /images/CRTC_2_1300px.jpg HTTP/1.1" 200 72085 "http://isppractices.econsultation.ca/stylesheets/base_1238427290.css" "Mozilla/5.0 (Windows; U; Windows NT 5.1; en-US; rv:1.8.1.21) Gecko/20090303 SeaMonkey/1.1.15"
64.228.222.246 - - [31/Mar/2009:13:04:13 -0400] "GET /images/topNav_endCurve.png HTTP/1.1" 200 433 "http://isppractices.econsultation.ca/stylesheets/base_1238427290.css" "Mozilla/5.0 (Windows; U; Windows NT 5.1; en-US; rv:1.8.1.21) Gecko/20090303 SeaMonkey/1.1.15"
192.75.48.150 - - [31/Mar/2009:13:04:18 -0400] "GET /rss?lang=en HTTP/1.1" 200 3912 "http://isppractices.econsultation.ca/topics/show/10?root=309" "Mozilla/5.0 (Windows; U; Windows NT 5.1; en-US; rv:1.9.1b2) Gecko/20081201 Firefox/3.1b2"
69.196.147.210 - - [31/Mar/2009:13:04:20 -0400] "POST /register HTTP/1.1" 200 11702 "http://isppractices.econsultation.ca/register" "Mozilla/5.0 (Windows; U; Windows NT 5.1; en-GB; rv:1.9.0.8) Gecko/2009032609 Firefox/3.0.8 (.NET CLR 3.5.30729)"
192.75.48.150 - - [31/Mar/2009:13:04:25 -0400] "GET /topics/show/7 HTTP/1.1" 200 29712 "http://isppractices.econsultation.ca/topics/show/10?root=309" "Mozilla/5.0 (Windows; U; Windows NT 5.1; en-US; rv:1.9.1b2) Gecko/20081201 Firefox/3.1b2"
198.103.223.51 - - [31/Mar/2009:13:04:32 -0400] "GET /topics/show/10?root=309 HTTP/1.1" 200 25501 "http://isppractices.econsultation.ca/" "Mozilla/4.0 (compatible; MSIE 6.0; Windows NT 5.0; .NET CLR 1.1.4322; .NET CLR 2.0.50727)"
198.103.223.51 - - [31/Mar/2009:13:04:32 -0400] "GET /images/comment_bw.png HTTP/1.1" 200 384 "http://isppractices.econsultation.ca/topics/show/10?root=309" "Mozilla/4.0 (compatible; MSIE 6.0; Windows NT 5.0; .NET CLR 1.1.4322; .NET CLR 2.0.50727)"
198.103.223.51 - - [31/Mar/2009:13:04:32 -0400] "GET /avatars/0000/0001/pic_nik_thumb.jpg?1237573168 HTTP/1.1" 200 5862 "http://isppractices.econsultation.ca/topics/show/10?root=309" "Mozilla/4.0 (compatible; MSIE 6.0; Windows NT 5.0; .NET CLR 1.1.4322; .NET CLR 2.0.50727)"
198.103.223.51 - - [31/Mar/2009:13:04:32 -0400] "GET /images/arrows.png HTTP/1.1" 200 216 "http://isppractices.econsultation.ca/topics/show/10?root=309" "Mozilla/4.0 (compatible; MSIE 6.0; Windows NT 5.0; .NET CLR 1.1.4322; .NET CLR 2.0.50727)"
198.103.223.51 - - [31/Mar/2009:13:04:33 -0400] "POST /talk/mark/309 HTTP/1.1" 201 1 "http://isppractices.econsultation.ca/topics/show/10?root=309#comment_309" "Mozilla/4.0 (compatible; MSIE 6.0; Windows NT 5.0; .NET CLR 1.1.4322; .NET CLR 2.0.50727)"
99.199.95.64 - - [31/Mar/2009:13:04:34 -0400] "GET / HTTP/1.1" 200 16844 "-" "Mozilla/5.0 (X11; U; Linux i686; en-US; rv:1.8.1.19) Gecko/20090129 SeaMonkey/1.1.14"
99.199.95.64 - - [31/Mar/2009:13:04:35 -0400] "GET /stylesheets/base_1238427290.css HTTP/1.1" 200 30105 "http://isppractices.econsultation.ca/" "Mozilla/5.0 (X11; U; Linux i686; en-US; rv:1.8.1.19) Gecko/20090129 SeaMonkey/1.1.14"
99.199.95.64 - - [31/Mar/2009:13:04:36 -0400] "GET /stylesheets/print.css HTTP/1.1" 200 321 "http://isppractices.econsultation.ca/" "Mozilla/5.0 (X11; U; Linux i686; en-US; rv:1.8.1.19) Gecko/20090129 SeaMonkey/1.1.14"
99.199.95.64 - - [31/Mar/2009:13:04:36 -0400] "GET /javascripts/base_1238187983.js HTTP/1.1" 200 97264 "http://isppractices.econsultation.ca/" "Mozilla/5.0 (X11; U; Linux i686; en-US; rv:1.8.1.19) Gecko/20090129 SeaMonkey/1.1.14"
99.241.113.190 - - [31/Mar/2009:13:04:38 -0400] "POST /topic/7/talk/create HTTP/1.1" 200 3134 "http://isppractices.econsultation.ca/topics/show/7" "Mozilla/5.0 (Windows; U; Windows NT 5.1; en-US) AppleWebKit/530.1 (KHTML, like Gecko) Chrome/2.0.169.1 Safari/530.1"
198.103.223.51 - - [31/Mar/2009:13:04:38 -0400] "GET / HTTP/1.1" 200 16844 "http://www.cbc.ca/technology/story/2009/03/31/crtc-consultation.html" "Mozilla/4.0 (compatible; MSIE 6.0; Windows NT 5.0; .NET CLR 1.1.4322; .NET CLR 2.0.50727)"
99.199.95.64 - - [31/Mar/2009:13:04:39 -0400] "GET /images/search_go_1.jpg HTTP/1.1" 200 665 "http://isppractices.econsultation.ca/" "Mozilla/5.0 (X11; U; Linux i686; en-US; rv:1.8.1.19) Gecko/20090129 SeaMonkey/1.1.14"
99.199.95.64 - - [31/Mar/2009:13:04:39 -0400] "GET /images/feed-icon-14x14.png HTTP/1.1" 200 689 "http://isppractices.econsultation.ca/" "Mozilla/5.0 (X11; U; Linux i686; en-US; rv:1.8.1.19) Gecko/20090129 SeaMonkey/1.1.14"
99.199.95.64 - - [31/Mar/2009:13:04:39 -0400] "GET /images/topNav_endCurve.png HTTP/1.1" 200 433 "http://isppractices.econsultation.ca/stylesheets/base_1238427290.css" "Mozilla/5.0 (X11; U; Linux i686; en-US; rv:1.8.1.19) Gecko/20090129 SeaMonkey/1.1.14"
99.199.95.64 - - [31/Mar/2009:13:04:39 -0400] "GET /images/nanos_icon_23.png HTTP/1.1" 200 4797 "http://isppractices.econsultation.ca/" "Mozilla/5.0 (X11; U; Linux i686; en-US; rv:1.8.1.19) Gecko/20090129 SeaMonkey/1.1.14"
99.199.95.64 - - [31/Mar/2009:13:04:39 -0400] "GET /images/CRTC_2_1300px.jpg HTTP/1.1" 200 72085 "http://isppractices.econsultation.ca/stylesheets/base_1238427290.css" "Mozilla/5.0 (X11; U; Linux i686; en-US; rv:1.8.1.19) Gecko/20090129 SeaMonkey/1.1.14"
137.122.48.11 - - [31/Mar/2009:13:04:42 -0400] "GET /topics/show/7 HTTP/1.1" 200 29712 "http://isppractices.econsultation.ca/" "Mozilla/4.0 (compatible; MSIE 7.0; Windows NT 5.1; InfoPath.2; .NET CLR 2.0.50727; .NET CLR 1.1.4322; .NET CLR 3.0.04506.30; .NET CLR 3.0.04506.648)"
137.122.48.11 - - [31/Mar/2009:13:04:43 -0400] "GET /images/BOX-BACK.jpg HTTP/1.1" 200 1025 "http://isppractices.econsultation.ca/topics/show/7" "Mozilla/4.0 (compatible; MSIE 7.0; Windows NT 5.1; InfoPath.2; .NET CLR 2.0.50727; .NET CLR 1.1.4322; .NET CLR 3.0.04506.30; .NET CLR 3.0.04506.648)"
137.122.48.11 - - [31/Mar/2009:13:04:43 -0400] "GET /images/comment_bw.png HTTP/1.1" 200 384 "http://isppractices.econsultation.ca/topics/show/7" "Mozilla/4.0 (compatible; MSIE 7.0; Windows NT 5.1; InfoPath.2; .NET CLR 2.0.50727; .NET CLR 1.1.4322; .NET CLR 3.0.04506.30; .NET CLR 3.0.04506.648)"
137.122.48.11 - - [31/Mar/2009:13:04:43 -0400] "GET /avatars/0000/0001/pic_nik_thumb.jpg?1237573168 HTTP/1.1" 200 5862 "http://isppractices.econsultation.ca/topics/show/7" "Mozilla/4.0 (compatible; MSIE 7.0; Windows NT 5.1; InfoPath.2; .NET CLR 2.0.50727; .NET CLR 1.1.4322; .NET CLR 3.0.04506.30; .NET CLR 3.0.04506.648)"
137.122.48.11 - - [31/Mar/2009:13:04:43 -0400] "GET /images/arrows.png HTTP/1.1" 200 216 "http://isppractices.econsultation.ca/topics/show/7" "Mozilla/4.0 (compatible; MSIE 7.0; Windows NT 5.1; InfoPath.2; .NET CLR 2.0.50727; .NET CLR 1.1.4322; .NET CLR 3.0.04506.30; .NET CLR 3.0.04506.648)"
99.241.113.190 - - [31/Mar/2009:13:04:44 -0400] "POST /topic/7/talk/create HTTP/1.1" 200 3820 "http://isppractices.econsultation.ca/topics/show/7" "Mozilla/5.0 (Windows; U; Windows NT 5.1; en-US) AppleWebKit/530.1 (KHTML, like Gecko) Chrome/2.0.169.1 Safari/530.1"
99.199.95.64 - - [31/Mar/2009:13:04:44 -0400] "GET /favicon.ico HTTP/1.1" 200 - "-" "Mozilla/5.0 (X11; U; Linux i686; en-US; rv:1.8.1.19) Gecko/20090129 SeaMonkey/1.1.14"
99.241.113.190 - - [31/Mar/2009:13:04:49 -0400] "GET /topics/show/8 HTTP/1.1" 200 14298 "http://isppractices.econsultation.ca/topics/show/7" "Mozilla/5.0 (Windows; U; Windows NT 5.1; en-US) AppleWebKit/530.1 (KHTML, like Gecko) Chrome/2.0.169.1 Safari/530.1"
198.103.223.51 - - [31/Mar/2009:13:04:52 -0400] "GET / HTTP/1.1" 200 16842 "http://isppractices.econsultation.ca/" "Mozilla/4.0 (compatible; MSIE 6.0; Windows NT 5.0; .NET CLR 1.1.4322; .NET CLR 2.0.50727)"
69.196.147.210 - - [31/Mar/2009:13:04:55 -0400] "POST /register HTTP/1.1" 302 103 "http://isppractices.econsultation.ca/register" "Mozilla/5.0 (Windows; U; Windows NT 5.1; en-GB; rv:1.9.0.8) Gecko/2009032609 Firefox/3.0.8 (.NET CLR 3.5.30729)"
69.196.147.210 - - [31/Mar/2009:13:04:56 -0400] "GET / HTTP/1.1" 200 11815 "http://isppractices.econsultation.ca/register" "Mozilla/5.0 (Windows; U; Windows NT 5.1; en-GB; rv:1.9.0.8) Gecko/2009032609 Firefox/3.0.8 (.NET CLR 3.5.30729)"
70.24.142.104 - - [31/Mar/2009:13:04:55 -0400] "GET / HTTP/1.1" 200 16842 "http://www.crtc.gc.ca/eng/redirect.asp?URL=http://isppractices.econsultation.ca/" "Mozilla/5.0 (Macintosh; U; Intel Mac OS X 10.4; en-US; rv:1.9.0.8) Gecko/2009032608 Firefox/3.0.8"
70.24.142.104 - - [31/Mar/2009:13:04:56 -0400] "GET /stylesheets/print.css HTTP/1.1" 200 321 "http://isppractices.econsultation.ca/" "Mozilla/5.0 (Macintosh; U; Intel Mac OS X 10.4; en-US; rv:1.9.0.8) Gecko/2009032608 Firefox/3.0.8"
70.24.142.104 - - [31/Mar/2009:13:04:56 -0400] "GET /stylesheets/base_1238427290.css HTTP/1.1" 200 30105 "http://isppractices.econsultation.ca/" "Mozilla/5.0 (Macintosh; U; Intel Mac OS X 10.4; en-US; rv:1.9.0.8) Gecko/2009032608 Firefox/3.0.8"
70.24.142.104 - - [31/Mar/2009:13:04:56 -0400] "GET /javascripts/base_1238187983.js HTTP/1.1" 200 97264 "http://isppractices.econsultation.ca/" "Mozilla/5.0 (Macintosh; U; Intel Mac OS X 10.4; en-US; rv:1.9.0.8) Gecko/2009032608 Firefox/3.0.8"
69.196.147.210 - - [31/Mar/2009:13:04:57 -0400] "GET /images/information.png HTTP/1.1" 200 918 "http://isppractices.econsultation.ca/stylesheets/base_1238427290.css" "Mozilla/5.0 (Windows; U; Windows NT 5.1; en-GB; rv:1.9.0.8) Gecko/2009032609 Firefox/3.0.8 (.NET CLR 3.5.30729)"
70.24.142.104 - - [31/Mar/2009:13:04:57 -0400] "GET /images/search_go_1.jpg HTTP/1.1" 200 665 "http://isppractices.econsultation.ca/" "Mozilla/5.0 (Macintosh; U; Intel Mac OS X 10.4; en-US; rv:1.9.0.8) Gecko/2009032608 Firefox/3.0.8"
70.24.142.104 - - [31/Mar/2009:13:04:57 -0400] "GET /images/feed-icon-14x14.png HTTP/1.1" 200 689 "http://isppractices.econsultation.ca/" "Mozilla/5.0 (Macintosh; U; Intel Mac OS X 10.4; en-US; rv:1.9.0.8) Gecko/2009032608 Firefox/3.0.8"
70.24.142.104 - - [31/Mar/2009:13:04:57 -0400] "GET /images/topNav_endCurve.png HTTP/1.1" 200 433 "http://isppractices.econsultation.ca/stylesheets/base_1238427290.css" "Mozilla/5.0 (Macintosh; U; Intel Mac OS X 10.4; en-US; rv:1.9.0.8) Gecko/2009032608 Firefox/3.0.8"
70.24.142.104 - - [31/Mar/2009:13:04:57 -0400] "GET /images/nanos_icon_23.png HTTP/1.1" 200 4797 "http://isppractices.econsultation.ca/" "Mozilla/5.0 (Macintosh; U; Intel Mac OS X 10.4; en-US; rv:1.9.0.8) Gecko/2009032608 Firefox/3.0.8"
70.24.142.104 - - [31/Mar/2009:13:04:57 -0400] "GET /favicon.ico HTTP/1.1" 200 - "-" "Mozilla/5.0 (Macintosh; U; Intel Mac OS X 10.4; en-US; rv:1.9.0.8) Gecko/2009032608 Firefox/3.0.8"
70.24.142.104 - - [31/Mar/2009:13:04:57 -0400] "GET /images/CRTC_2_1300px.jpg HTTP/1.1" 200 72085 "http://isppractices.econsultation.ca/stylesheets/base_1238427290.css" "Mozilla/5.0 (Macintosh; U; Intel Mac OS X 10.4; en-US; rv:1.9.0.8) Gecko/2009032608 Firefox/3.0.8"
70.24.142.104 - - [31/Mar/2009:13:04:57 -0400] "GET /rss?lang=en HTTP/1.1" 200 3912 "-" "Mozilla/5.0 (Macintosh; U; Intel Mac OS X 10.4; en-US; rv:1.9.0.8) Gecko/2009032608 Firefox/3.0.8"
70.54.179.118 - - [31/Mar/2009:13:04:56 -0400] "GET / HTTP/1.1" 200 16842 "http://www.michaelgeist.ca/" "Mozilla/5.0 (Macintosh; U; Intel Mac OS X 10_5_6; en-us) AppleWebKit/525.27.1 (KHTML, like Gecko) Version/3.2.1 Safari/525.27.1"
70.54.179.118 - - [31/Mar/2009:13:04:57 -0400] "GET /stylesheets/print.css HTTP/1.1" 200 321 "http://isppractices.econsultation.ca/" "Mozilla/5.0 (Macintosh; U; Intel Mac OS X 10_5_6; en-us) AppleWebKit/525.27.1 (KHTML, like Gecko) Version/3.2.1 Safari/525.27.1"
70.54.179.118 - - [31/Mar/2009:13:04:57 -0400] "GET /favicon.ico HTTP/1.1" 200 - "http://isppractices.econsultation.ca/" "Mozilla/5.0 (Macintosh; U; Intel Mac OS X 10_5_6; en-us) AppleWebKit/525.27.1 (KHTML, like Gecko) Version/3.2.1 Safari/525.27.1"
70.54.179.118 - - [31/Mar/2009:13:04:57 -0400] "GET /stylesheets/base_1238427290.css HTTP/1.1" 200 30105 "http://isppractices.econsultation.ca/" "Mozilla/5.0 (Macintosh; U; Intel Mac OS X 10_5_6; en-us) AppleWebKit/525.27.1 (KHTML, like Gecko) Version/3.2.1 Safari/525.27.1"
70.54.179.118 - - [31/Mar/2009:13:04:57 -0400] "GET /javascripts/base_1238187983.js HTTP/1.1" 200 97264 "http://isppractices.econsultation.ca/" "Mozilla/5.0 (Macintosh; U; Intel Mac OS X 10_5_6; en-us) AppleWebKit/525.27.1 (KHTML, like Gecko) Version/3.2.1 Safari/525.27.1"
70.54.179.118 - - [31/Mar/2009:13:04:57 -0400] "GET /images/feed-icon-14x14.png HTTP/1.1" 200 689 "http://isppractices.econsultation.ca/" "Mozilla/5.0 (Macintosh; U; Intel Mac OS X 10_5_6; en-us) AppleWebKit/525.27.1 (KHTML, like Gecko) Version/3.2.1 Safari/525.27.1"
70.54.179.118 - - [31/Mar/2009:13:04:57 -0400] "GET /images/nanos_icon_23.png HTTP/1.1" 200 4797 "http://isppractices.econsultation.ca/" "Mozilla/5.0 (Macintosh; U; Intel Mac OS X 10_5_6; en-us) AppleWebKit/525.27.1 (KHTML, like Gecko) Version/3.2.1 Safari/525.27.1"
70.54.179.118 - - [31/Mar/2009:13:04:57 -0400] "GET /images/topNav_endCurve.png HTTP/1.1" 200 433 "http://isppractices.econsultation.ca/" "Mozilla/5.0 (Macintosh; U; Intel Mac OS X 10_5_6; en-us) AppleWebKit/525.27.1 (KHTML, like Gecko) Version/3.2.1 Safari/525.27.1"
70.54.179.118 - - [31/Mar/2009:13:04:57 -0400] "GET /images/CRTC_2_1300px.jpg HTTP/1.1" 200 72085 "http://isppractices.econsultation.ca/" "Mozilla/5.0 (Macintosh; U; Intel Mac OS X 10_5_6; en-us) AppleWebKit/525.27.1 (KHTML, like Gecko) Version/3.2.1 Safari/525.27.1"
70.54.179.118 - - [31/Mar/2009:13:04:58 -0400] "GET /images/search_go_1.jpg HTTP/1.1" 200 665 "http://isppractices.econsultation.ca/" "Mozilla/5.0 (Macintosh; U; Intel Mac OS X 10_5_6; en-us) AppleWebKit/525.27.1 (KHTML, like Gecko) Version/3.2.1 Safari/525.27.1"
99.241.113.190 - - [31/Mar/2009:13:04:58 -0400] "POST /talk/mark/304 HTTP/1.1" 201 1 "http://isppractices.econsultation.ca/topics/show/8" "Mozilla/5.0 (Windows; U; Windows NT 5.1; en-US) AppleWebKit/530.1 (KHTML, like Gecko) Chrome/2.0.169.1 Safari/530.1"
198.103.223.51 - - [31/Mar/2009:13:04:59 -0400] "GET /topics/show/6 HTTP/1.1" 200 13799 "http://isppractices.econsultation.ca/" "Mozilla/4.0 (compatible; MSIE 6.0; Windows NT 5.0; .NET CLR 1.1.4322; .NET CLR 2.0.50727)"
70.54.179.118 - - [31/Mar/2009:13:05:04 -0400] "GET / HTTP/1.1" 200 16842 "http://www.michaelgeist.ca/" "Mozilla/5.0 (Macintosh; U; Intel Mac OS X 10_5_6; en-us) AppleWebKit/525.27.1 (KHTML, like Gecko) Version/3.2.1 Safari/525.27.1"
208.65.73.116 - - [31/Mar/2009:13:05:06 -0400] "GET / HTTP/1.1" 200 16842 "http://www.dslreports.com/forum/r22157825-CRTC-opens-online-consultation-on-throttling" "Mozilla/5.0 (Windows; U; Windows NT 5.1; en-US; rv:1.9.0.7) Gecko/2009021910 Firefox/3.0.7"
208.65.73.116 - - [31/Mar/2009:13:05:06 -0400] "GET /stylesheets/print.css HTTP/1.1" 200 321 "http://isppractices.econsultation.ca/" "Mozilla/5.0 (Windows; U; Windows NT 5.1; en-US; rv:1.9.0.7) Gecko/2009021910 Firefox/3.0.7"
208.65.73.116 - - [31/Mar/2009:13:05:06 -0400] "GET /images/search_go_1.jpg HTTP/1.1" 200 665 "http://isppractices.econsultation.ca/" "Mozilla/5.0 (Windows; U; Windows NT 5.1; en-US; rv:1.9.0.7) Gecko/2009021910 Firefox/3.0.7"
208.65.73.116 - - [31/Mar/2009:13:05:06 -0400] "GET /images/feed-icon-14x14.png HTTP/1.1" 200 689 "http://isppractices.econsultation.ca/" "Mozilla/5.0 (Windows; U; Windows NT 5.1; en-US; rv:1.9.0.7) Gecko/2009021910 Firefox/3.0.7"
208.65.73.116 - - [31/Mar/2009:13:05:06 -0400] "GET /images/nanos_icon_23.png HTTP/1.1" 200 4797 "http://isppractices.econsultation.ca/" "Mozilla/5.0 (Windows; U; Windows NT 5.1; en-US; rv:1.9.0.7) Gecko/2009021910 Firefox/3.0.7"
208.65.73.116 - - [31/Mar/2009:13:05:06 -0400] "GET /stylesheets/base_1238427290.css HTTP/1.1" 200 30105 "http://isppractices.econsultation.ca/" "Mozilla/5.0 (Windows; U; Windows NT 5.1; en-US; rv:1.9.0.7) Gecko/2009021910 Firefox/3.0.7"
208.65.73.116 - - [31/Mar/2009:13:05:06 -0400] "GET /images/topNav_endCurve.png HTTP/1.1" 200 433 "http://isppractices.econsultation.ca/stylesheets/base_1238427290.css" "Mozilla/5.0 (Windows; U; Windows NT 5.1; en-US; rv:1.9.0.7) Gecko/2009021910 Firefox/3.0.7"
208.65.73.116 - - [31/Mar/2009:13:05:06 -0400] "GET /images/CRTC_2_1300px.jpg HTTP/1.1" 200 72085 "http://isppractices.econsultation.ca/stylesheets/base_1238427290.css" "Mozilla/5.0 (Windows; U; Windows NT 5.1; en-US; rv:1.9.0.7) Gecko/2009021910 Firefox/3.0.7"
208.65.73.116 - - [31/Mar/2009:13:05:06 -0400] "GET /favicon.ico HTTP/1.1" 200 - "-" "Mozilla/5.0 (Windows; U; Windows NT 5.1; en-US; rv:1.9.0.7) Gecko/2009021910 Firefox/3.0.7"
205.211.50.10 - - [31/Mar/2009:13:05:11 -0400] "GET / HTTP/1.1" 200 16842 "http://www.michaelgeist.ca/" "Mozilla/4.0 (compatible; MSIE 7.0; Windows NT 5.1; .NET CLR 1.1.4322; .NET CLR 2.0.50727; .NET CLR 3.0.04506.30; .NET CLR 3.0.04506.648; InfoPath.2)"
198.103.223.51 - - [31/Mar/2009:13:05:11 -0400] "GET /topics/show/7 HTTP/1.1" 200 34326 "http://isppractices.econsultation.ca/topics/show/6" "Mozilla/4.0 (compatible; MSIE 6.0; Windows NT 5.0; .NET CLR 1.1.4322; .NET CLR 2.0.50727)"
205.211.50.10 - - [31/Mar/2009:13:05:13 -0400] "GET /stylesheets/base_1238427290.css HTTP/1.1" 200 30105 "http://isppractices.econsultation.ca/" "Mozilla/4.0 (compatible; MSIE 7.0; Windows NT 5.1; .NET CLR 1.1.4322; .NET CLR 2.0.50727; .NET CLR 3.0.04506.30; .NET CLR 3.0.04506.648; InfoPath.2)"
205.211.50.10 - - [31/Mar/2009:13:05:13 -0400] "GET /stylesheets/print.css HTTP/1.1" 200 321 "http://isppractices.econsultation.ca/" "Mozilla/4.0 (compatible; MSIE 7.0; Windows NT 5.1; .NET CLR 1.1.4322; .NET CLR 2.0.50727; .NET CLR 3.0.04506.30; .NET CLR 3.0.04506.648; InfoPath.2)"
205.211.50.10 - - [31/Mar/2009:13:05:13 -0400] "GET /javascripts/base_1238187983.js HTTP/1.1" 200 97264 "http://isppractices.econsultation.ca/" "Mozilla/4.0 (compatible; MSIE 7.0; Windows NT 5.1; .NET CLR 1.1.4322; .NET CLR 2.0.50727; .NET CLR 3.0.04506.30; .NET CLR 3.0.04506.648; InfoPath.2)"
205.211.50.10 - - [31/Mar/2009:13:05:13 -0400] "GET /stylesheets/redesign_IE.css HTTP/1.1" 200 4221 "http://isppractices.econsultation.ca/" "Mozilla/4.0 (compatible; MSIE 7.0; Windows NT 5.1; .NET CLR 1.1.4322; .NET CLR 2.0.50727; .NET CLR 3.0.04506.30; .NET CLR 3.0.04506.648; InfoPath.2)"
205.211.50.10 - - [31/Mar/2009:13:05:13 -0400] "GET /images/search_go_1.jpg HTTP/1.1" 200 665 "http://isppractices.econsultation.ca/" "Mozilla/4.0 (compatible; MSIE 7.0; Windows NT 5.1; .NET CLR 1.1.4322; .NET CLR 2.0.50727; .NET CLR 3.0.04506.30; .NET CLR 3.0.04506.648; InfoPath.2)"
205.211.50.10 - - [31/Mar/2009:13:05:13 -0400] "GET /images/feed-icon-14x14.png HTTP/1.1" 200 689 "http://isppractices.econsultation.ca/" "Mozilla/4.0 (compatible; MSIE 7.0; Windows NT 5.1; .NET CLR 1.1.4322; .NET CLR 2.0.50727; .NET CLR 3.0.04506.30; .NET CLR 3.0.04506.648; InfoPath.2)"
205.211.50.10 - - [31/Mar/2009:13:05:13 -0400] "GET /images/nanos_icon_23.png HTTP/1.1" 200 4797 "http://isppractices.econsultation.ca/" "Mozilla/4.0 (compatible; MSIE 7.0; Windows NT 5.1; .NET CLR 1.1.4322; .NET CLR 2.0.50727; .NET CLR 3.0.04506.30; .NET CLR 3.0.04506.648; InfoPath.2)"
205.211.50.10 - - [31/Mar/2009:13:05:13 -0400] "GET /images/CRTC_2_1300px.jpg HTTP/1.1" 200 72085 "http://isppractices.econsultation.ca/" "Mozilla/4.0 (compatible; MSIE 7.0; Windows NT 5.1; .NET CLR 1.1.4322; .NET CLR 2.0.50727; .NET CLR 3.0.04506.30; .NET CLR 3.0.04506.648; InfoPath.2)"
205.211.50.10 - - [31/Mar/2009:13:05:14 -0400] "GET /images/topNav_endCurve.png HTTP/1.1" 200 433 "http://isppractices.econsultation.ca/" "Mozilla/4.0 (compatible; MSIE 7.0; Windows NT 5.1; .NET CLR 1.1.4322; .NET CLR 2.0.50727; .NET CLR 3.0.04506.30; .NET CLR 3.0.04506.648; InfoPath.2)"
205.211.50.10 - - [31/Mar/2009:13:05:15 -0400] "GET /favicon.ico HTTP/1.1" 200 - "-" "Mozilla/4.0 (compatible; MSIE 7.0; Windows NT 5.1; .NET CLR 1.1.4322; .NET CLR 2.0.50727; .NET CLR 3.0.04506.30; .NET CLR 3.0.04506.648; InfoPath.2)"
99.241.113.190 - - [31/Mar/2009:13:05:14 -0400] "POST /rater/create/comment_rating/304 HTTP/1.1" 200 234 "http://isppractices.econsultation.ca/topics/show/8" "Mozilla/5.0 (Windows; U; Windows NT 5.1; en-US) AppleWebKit/530.1 (KHTML, like Gecko) Chrome/2.0.169.1 Safari/530.1"
192.75.48.150 - - [31/Mar/2009:13:05:14 -0400] "GET /topics/show/8 HTTP/1.1" 200 19345 "http://isppractices.econsultation.ca/topics/show/7" "Mozilla/5.0 (Windows; U; Windows NT 5.1; en-US; rv:1.9.1b2) Gecko/20081201 Firefox/3.1b2"
65.92.51.167 - - [31/Mar/2009:13:05:17 -0400] "GET /images/busy.gif HTTP/1.1" 200 2209 "http://isppractices.econsultation.ca/topics/show/10?root=309" "Mozilla/4.0 (compatible; MSIE 7.0; Windows NT 5.1; GTB5; FunWebProducts; Mozilla/4.0 (compatible; MSIE 6.0; Windows NT 5.1; SV1) ; InfoPath.2; .NET CLR 2.0.50727)"
65.92.51.167 - - [31/Mar/2009:13:05:17 -0400] "POST /topic/10/talk/new?parent_id=0 HTTP/1.1" 200 1213 "http://isppractices.econsultation.ca/topics/show/10?root=309#comment_309" "Mozilla/4.0 (compatible; MSIE 7.0; Windows NT 5.1; GTB5; FunWebProducts; Mozilla/4.0 (compatible; MSIE 6.0; Windows NT 5.1; SV1) ; InfoPath.2; .NET CLR 2.0.50727)"
208.65.73.116 - - [31/Mar/2009:13:05:17 -0400] "GET /topics/show/7 HTTP/1.1" 200 34326 "http://isppractices.econsultation.ca/" "Mozilla/5.0 (Windows; U; Windows NT 5.1; en-US; rv:1.9.0.7) Gecko/2009021910 Firefox/3.0.7"
208.65.73.116 - - [31/Mar/2009:13:05:17 -0400] "GET /images/comment_bw.png HTTP/1.1" 200 384 "http://isppractices.econsultation.ca/stylesheets/base_1238427290.css" "Mozilla/5.0 (Windows; U; Windows NT 5.1; en-US; rv:1.9.0.7) Gecko/2009021910 Firefox/3.0.7"
208.65.73.116 - - [31/Mar/2009:13:05:17 -0400] "GET /images/BOX-BACK.jpg HTTP/1.1" 200 1025 "http://isppractices.econsultation.ca/stylesheets/base_1238427290.css" "Mozilla/5.0 (Windows; U; Windows NT 5.1; en-US; rv:1.9.0.7) Gecko/2009021910 Firefox/3.0.7"
208.65.73.116 - - [31/Mar/2009:13:05:17 -0400] "GET /avatars/0000/0001/pic_nik_thumb.jpg?1237573168 HTTP/1.1" 200 5862 "http://isppractices.econsultation.ca/topics/show/7" "Mozilla/5.0 (Windows; U; Windows NT 5.1; en-US; rv:1.9.0.7) Gecko/2009021910 Firefox/3.0.7"
208.65.73.116 - - [31/Mar/2009:13:05:17 -0400] "GET /images/arrows.png HTTP/1.1" 200 216 "http://isppractices.econsultation.ca/stylesheets/base_1238427290.css" "Mozilla/5.0 (Windows; U; Windows NT 5.1; en-US; rv:1.9.0.7) Gecko/2009021910 Firefox/3.0.7"
70.24.142.104 - - [31/Mar/2009:13:05:23 -0400] "GET /register HTTP/1.1" 200 11101 "http://isppractices.econsultation.ca/" "Mozilla/5.0 (Macintosh; U; Intel Mac OS X 10.4; en-US; rv:1.9.0.8) Gecko/2009032608 Firefox/3.0.8"
70.24.142.104 - - [31/Mar/2009:13:05:23 -0400] "GET /rss?lang=en HTTP/1.1" 200 3912 "-" "Mozilla/5.0 (Macintosh; U; Intel Mac OS X 10.4; en-US; rv:1.9.0.8) Gecko/2009032608 Firefox/3.0.8"
198.103.223.51 - - [31/Mar/2009:13:05:27 -0400] "GET /profile/65198 HTTP/1.1" 200 11242 "http://isppractices.econsultation.ca/topics/show/7" "Mozilla/4.0 (compatible; MSIE 6.0; Windows NT 5.0; .NET CLR 1.1.4322; .NET CLR 2.0.50727)"
198.73.193.2 - - [31/Mar/2009:13:05:30 -0400] "GET /topics/show/8 HTTP/1.1" 200 19345 "http://isppractices.econsultation.ca/" "Mozilla/5.0 (Windows; U; Windows NT 5.1; en-GB; rv:1.9.0.7) Gecko/2009021910 Firefox/3.0.7"
198.73.193.2 - - [31/Mar/2009:13:05:30 -0400] "GET /images/comment_bw.png HTTP/1.1" 200 384 "http://isppractices.econsultation.ca/stylesheets/base_1238427290.css" "Mozilla/5.0 (Windows; U; Windows NT 5.1; en-GB; rv:1.9.0.7) Gecko/2009021910 Firefox/3.0.7"
198.73.193.2 - - [31/Mar/2009:13:05:30 -0400] "GET /images/BOX-BACK.jpg HTTP/1.1" 200 1025 "http://isppractices.econsultation.ca/stylesheets/base_1238427290.css" "Mozilla/5.0 (Windows; U; Windows NT 5.1; en-GB; rv:1.9.0.7) Gecko/2009021910 Firefox/3.0.7"
198.73.193.2 - - [31/Mar/2009:13:05:30 -0400] "GET /avatars/0000/0001/pic_nik_thumb.jpg?1237573168 HTTP/1.1" 200 5862 "http://isppractices.econsultation.ca/topics/show/8" "Mozilla/5.0 (Windows; U; Windows NT 5.1; en-GB; rv:1.9.0.7) Gecko/2009021910 Firefox/3.0.7"
192.75.48.150 - - [31/Mar/2009:13:05:31 -0400] "POST /talk/mark/304 HTTP/1.1" 201 1 "http://isppractices.econsultation.ca/topics/show/8" "Mozilla/5.0 (Windows; U; Windows NT 5.1; en-US; rv:1.9.1b2) Gecko/20081201 Firefox/3.1b2"
99.241.113.190 - - [31/Mar/2009:13:05:33 -0400] "POST /topic/8/talk/new?parent_id=0 HTTP/1.1" 200 1208 "http://isppractices.econsultation.ca/topics/show/8" "Mozilla/5.0 (Windows; U; Windows NT 5.1; en-US) AppleWebKit/530.1 (KHTML, like Gecko) Chrome/2.0.169.1 Safari/530.1"
198.103.223.51 - - [31/Mar/2009:13:05:33 -0400] "GET /topics/show/7 HTTP/1.1" 200 34326 "http://isppractices.econsultation.ca/topics/show/6" "Mozilla/4.0 (compatible; MSIE 6.0; Windows NT 5.0; .NET CLR 1.1.4322; .NET CLR 2.0.50727)"
69.196.147.210 - - [31/Mar/2009:13:05:34 -0400] "GET /verify/7ce5744d6284ed5fbea2650a0eff5b178b55dbf5?lang=en HTTP/1.1" 302 104 "-" "Mozilla/5.0 (Windows; U; Windows NT 5.1; en-GB; rv:1.9.0.8) Gecko/2009032609 Firefox/3.0.8 (.NET CLR 3.5.30729)"
69.196.147.210 - - [31/Mar/2009:13:05:34 -0400] "GET / HTTP/1.1" 200 11569 "-" "Mozilla/5.0 (Windows; U; Windows NT 5.1; en-GB; rv:1.9.0.8) Gecko/2009032609 Firefox/3.0.8 (.NET CLR 3.5.30729)"
69.196.147.210 - - [31/Mar/2009:13:05:35 -0400] "GET /stylesheets/print.css HTTP/1.1" 200 321 "http://newmedia.crtc.econsultation.ca/" "Mozilla/5.0 (Windows; U; Windows NT 5.1; en-GB; rv:1.9.0.8) Gecko/2009032609 Firefox/3.0.8 (.NET CLR 3.5.30729)"
69.196.147.210 - - [31/Mar/2009:13:05:35 -0400] "GET /stylesheets/base_110.css HTTP/1.1" 200 30108 "http://newmedia.crtc.econsultation.ca/" "Mozilla/5.0 (Windows; U; Windows NT 5.1; en-GB; rv:1.9.0.8) Gecko/2009032609 Firefox/3.0.8 (.NET CLR 3.5.30729)"
69.196.147.210 - - [31/Mar/2009:13:05:35 -0400] "GET /javascripts/base_53.js HTTP/1.1" 200 97264 "http://newmedia.crtc.econsultation.ca/" "Mozilla/5.0 (Windows; U; Windows NT 5.1; en-GB; rv:1.9.0.8) Gecko/2009032609 Firefox/3.0.8 (.NET CLR 3.5.30729)"
69.196.147.210 - - [31/Mar/2009:13:05:36 -0400] "GET /favicon.ico HTTP/1.1" 200 - "-" "Mozilla/5.0 (Windows; U; Windows NT 5.1; en-GB; rv:1.9.0.8) Gecko/2009032609 Firefox/3.0.8 (.NET CLR 3.5.30729)"
69.196.147.210 - - [31/Mar/2009:13:05:36 -0400] "GET /images/search_go_1.jpg HTTP/1.1" 200 665 "http://newmedia.crtc.econsultation.ca/" "Mozilla/5.0 (Windows; U; Windows NT 5.1; en-GB; rv:1.9.0.8) Gecko/2009032609 Firefox/3.0.8 (.NET CLR 3.5.30729)"
69.196.147.210 - - [31/Mar/2009:13:05:36 -0400] "GET /images/feed-icon-14x14.png HTTP/1.1" 200 689 "http://newmedia.crtc.econsultation.ca/" "Mozilla/5.0 (Windows; U; Windows NT 5.1; en-GB; rv:1.9.0.8) Gecko/2009032609 Firefox/3.0.8 (.NET CLR 3.5.30729)"
69.196.147.210 - - [31/Mar/2009:13:05:36 -0400] "GET /images/nanos_icon_23.png HTTP/1.1" 200 4797 "http://newmedia.crtc.econsultation.ca/" "Mozilla/5.0 (Windows; U; Windows NT 5.1; en-GB; rv:1.9.0.8) Gecko/2009032609 Firefox/3.0.8 (.NET CLR 3.5.30729)"
69.196.147.210 - - [31/Mar/2009:13:05:36 -0400] "GET /images/error.png HTTP/1.1" 200 737 "http://newmedia.crtc.econsultation.ca/stylesheets/base_110.css" "Mozilla/5.0 (Windows; U; Windows NT 5.1; en-GB; rv:1.9.0.8) Gecko/2009032609 Firefox/3.0.8 (.NET CLR 3.5.30729)"
69.196.147.210 - - [31/Mar/2009:13:05:36 -0400] "GET /images/topNav_endCurve.png HTTP/1.1" 200 433 "http://newmedia.crtc.econsultation.ca/stylesheets/base_110.css" "Mozilla/5.0 (Windows; U; Windows NT 5.1; en-GB; rv:1.9.0.8) Gecko/2009032609 Firefox/3.0.8 (.NET CLR 3.5.30729)"
69.196.147.210 - - [31/Mar/2009:13:05:36 -0400] "GET /images/CRTC_2_1300px.jpg HTTP/1.1" 200 72085 "http://newmedia.crtc.econsultation.ca/stylesheets/base_110.css" "Mozilla/5.0 (Windows; U; Windows NT 5.1; en-GB; rv:1.9.0.8) Gecko/2009032609 Firefox/3.0.8 (.NET CLR 3.5.30729)"
198.103.223.51 - - [31/Mar/2009:13:05:39 -0400] "GET /topics/show/8 HTTP/1.1" 200 19345 "http://isppractices.econsultation.ca/topics/show/7" "Mozilla/4.0 (compatible; MSIE 6.0; Windows NT 5.0; .NET CLR 1.1.4322; .NET CLR 2.0.50727)"
198.103.223.51 - - [31/Mar/2009:13:05:45 -0400] "GET /topics/show/9 HTTP/1.1" 200 21026 "http://isppractices.econsultation.ca/topics/show/8" "Mozilla/4.0 (compatible; MSIE 6.0; Windows NT 5.0; .NET CLR 1.1.4322; .NET CLR 2.0.50727)"
132.205.55.39 - - [31/Mar/2009:13:05:46 -0400] "GET / HTTP/1.1" 200 16842 "-" "Mozilla/4.0 (compatible; MSIE 7.0; Windows NT 5.1; .NET CLR 1.1.4322; .NET CLR 2.0.50727; .NET CLR 3.0.04506.30; InfoPath.2; .NET CLR 3.0.04506.648)"
132.205.55.39 - - [31/Mar/2009:13:05:46 -0400] "GET /stylesheets/print.css HTTP/1.1" 200 321 "http://isppractices.econsultation.ca/" "Mozilla/4.0 (compatible; MSIE 7.0; Windows NT 5.1; .NET CLR 1.1.4322; .NET CLR 2.0.50727; .NET CLR 3.0.04506.30; InfoPath.2; .NET CLR 3.0.04506.648)"
132.205.55.39 - - [31/Mar/2009:13:05:46 -0400] "GET /stylesheets/base_1238427290.css HTTP/1.1" 200 30105 "http://isppractices.econsultation.ca/" "Mozilla/4.0 (compatible; MSIE 7.0; Windows NT 5.1; .NET CLR 1.1.4322; .NET CLR 2.0.50727; .NET CLR 3.0.04506.30; InfoPath.2; .NET CLR 3.0.04506.648)"
132.205.55.39 - - [31/Mar/2009:13:05:46 -0400] "GET /javascripts/base_1238187983.js HTTP/1.1" 200 97264 "http://isppractices.econsultation.ca/" "Mozilla/4.0 (compatible; MSIE 7.0; Windows NT 5.1; .NET CLR 1.1.4322; .NET CLR 2.0.50727; .NET CLR 3.0.04506.30; InfoPath.2; .NET CLR 3.0.04506.648)"
132.205.55.39 - - [31/Mar/2009:13:05:47 -0400] "GET /stylesheets/redesign_IE.css HTTP/1.1" 200 4221 "http://isppractices.econsultation.ca/" "Mozilla/4.0 (compatible; MSIE 7.0; Windows NT 5.1; .NET CLR 1.1.4322; .NET CLR 2.0.50727; .NET CLR 3.0.04506.30; InfoPath.2; .NET CLR 3.0.04506.648)"
132.205.55.39 - - [31/Mar/2009:13:05:47 -0400] "GET /images/search_go_1.jpg HTTP/1.1" 200 665 "http://isppractices.econsultation.ca/" "Mozilla/4.0 (compatible; MSIE 7.0; Windows NT 5.1; .NET CLR 1.1.4322; .NET CLR 2.0.50727; .NET CLR 3.0.04506.30; InfoPath.2; .NET CLR 3.0.04506.648)"
132.205.55.39 - - [31/Mar/2009:13:05:47 -0400] "GET /images/CRTC_2_1300px.jpg HTTP/1.1" 200 72085 "http://isppractices.econsultation.ca/" "Mozilla/4.0 (compatible; MSIE 7.0; Windows NT 5.1; .NET CLR 1.1.4322; .NET CLR 2.0.50727; .NET CLR 3.0.04506.30; InfoPath.2; .NET CLR 3.0.04506.648)"
132.205.55.39 - - [31/Mar/2009:13:05:47 -0400] "GET /images/feed-icon-14x14.png HTTP/1.1" 200 689 "http://isppractices.econsultation.ca/" "Mozilla/4.0 (compatible; MSIE 7.0; Windows NT 5.1; .NET CLR 1.1.4322; .NET CLR 2.0.50727; .NET CLR 3.0.04506.30; InfoPath.2; .NET CLR 3.0.04506.648)"
132.205.55.39 - - [31/Mar/2009:13:05:47 -0400] "GET /images/nanos_icon_23.png HTTP/1.1" 200 4797 "http://isppractices.econsultation.ca/" "Mozilla/4.0 (compatible; MSIE 7.0; Windows NT 5.1; .NET CLR 1.1.4322; .NET CLR 2.0.50727; .NET CLR 3.0.04506.30; InfoPath.2; .NET CLR 3.0.04506.648)"
132.205.55.39 - - [31/Mar/2009:13:05:47 -0400] "GET /images/topNav_endCurve.png HTTP/1.1" 200 433 "http://isppractices.econsultation.ca/" "Mozilla/4.0 (compatible; MSIE 7.0; Windows NT 5.1; .NET CLR 1.1.4322; .NET CLR 2.0.50727; .NET CLR 3.0.04506.30; InfoPath.2; .NET CLR 3.0.04506.648)"
132.205.55.39 - - [31/Mar/2009:13:05:48 -0400] "GET /favicon.ico HTTP/1.1" 200 - "-" "Mozilla/4.0 (compatible; MSIE 7.0; Windows NT 5.1; .NET CLR 1.1.4322; .NET CLR 2.0.50727; .NET CLR 3.0.04506.30; InfoPath.2; .NET CLR 3.0.04506.648)"
69.196.147.210 - - [31/Mar/2009:13:05:51 -0400] "POST /login HTTP/1.1" 200 10075 "http://newmedia.crtc.econsultation.ca/" "Mozilla/5.0 (Windows; U; Windows NT 5.1; en-GB; rv:1.9.0.8) Gecko/2009032609 Firefox/3.0.8 (.NET CLR 3.5.30729)"
69.196.147.210 - - [31/Mar/2009:13:05:52 -0400] "GET /images/information.png HTTP/1.1" 200 918 "http://newmedia.crtc.econsultation.ca/stylesheets/base_110.css" "Mozilla/5.0 (Windows; U; Windows NT 5.1; en-GB; rv:1.9.0.8) Gecko/2009032609 Firefox/3.0.8 (.NET CLR 3.5.30729)"
142.58.122.184 - - [31/Mar/2009:13:05:53 -0400] "GET / HTTP/1.1" 200 16842 "http://www.michaelgeist.ca/" "Mozilla/5.0 (Windows; U; Windows NT 5.1; en-GB; rv:1.9.0.7) Gecko/2009021910 Firefox/3.0.7 (.NET CLR 3.5.30729)"
142.58.122.184 - - [31/Mar/2009:13:05:55 -0400] "GET /stylesheets/print.css HTTP/1.1" 200 321 "http://isppractices.econsultation.ca/" "Mozilla/5.0 (Windows; U; Windows NT 5.1; en-GB; rv:1.9.0.7) Gecko/2009021910 Firefox/3.0.7 (.NET CLR 3.5.30729)"
142.58.122.184 - - [31/Mar/2009:13:05:55 -0400] "GET /stylesheets/base_1238427290.css HTTP/1.1" 200 30105 "http://isppractices.econsultation.ca/" "Mozilla/5.0 (Windows; U; Windows NT 5.1; en-GB; rv:1.9.0.7) Gecko/2009021910 Firefox/3.0.7 (.NET CLR 3.5.30729)"
142.58.122.184 - - [31/Mar/2009:13:05:55 -0400] "GET /javascripts/base_1238187983.js HTTP/1.1" 200 97264 "http://isppractices.econsultation.ca/" "Mozilla/5.0 (Windows; U; Windows NT 5.1; en-GB; rv:1.9.0.7) Gecko/2009021910 Firefox/3.0.7 (.NET CLR 3.5.30729)"
142.58.122.184 - - [31/Mar/2009:13:05:55 -0400] "GET /images/search_go_1.jpg HTTP/1.1" 200 665 "http://isppractices.econsultation.ca/" "Mozilla/5.0 (Windows; U; Windows NT 5.1; en-GB; rv:1.9.0.7) Gecko/2009021910 Firefox/3.0.7 (.NET CLR 3.5.30729)"
142.58.122.184 - - [31/Mar/2009:13:05:55 -0400] "GET /images/feed-icon-14x14.png HTTP/1.1" 200 689 "http://isppractices.econsultation.ca/" "Mozilla/5.0 (Windows; U; Windows NT 5.1; en-GB; rv:1.9.0.7) Gecko/2009021910 Firefox/3.0.7 (.NET CLR 3.5.30729)"
142.58.122.184 - - [31/Mar/2009:13:05:55 -0400] "GET /images/nanos_icon_23.png HTTP/1.1" 200 4797 "http://isppractices.econsultation.ca/" "Mozilla/5.0 (Windows; U; Windows NT 5.1; en-GB; rv:1.9.0.7) Gecko/2009021910 Firefox/3.0.7 (.NET CLR 3.5.30729)"
142.58.122.184 - - [31/Mar/2009:13:05:55 -0400] "GET /images/CRTC_2_1300px.jpg HTTP/1.1" 200 72085 "http://isppractices.econsultation.ca/stylesheets/base_1238427290.css" "Mozilla/5.0 (Windows; U; Windows NT 5.1; en-GB; rv:1.9.0.7) Gecko/2009021910 Firefox/3.0.7 (.NET CLR 3.5.30729)"
142.58.122.184 - - [31/Mar/2009:13:05:55 -0400] "GET /images/topNav_endCurve.png HTTP/1.1" 200 433 "http://isppractices.econsultation.ca/stylesheets/base_1238427290.css" "Mozilla/5.0 (Windows; U; Windows NT 5.1; en-GB; rv:1.9.0.7) Gecko/2009021910 Firefox/3.0.7 (.NET CLR 3.5.30729)"
142.58.122.184 - - [31/Mar/2009:13:05:56 -0400] "GET /favicon.ico HTTP/1.1" 200 - "-" "Mozilla/5.0 (Windows; U; Windows NT 5.1; en-GB; rv:1.9.0.7) Gecko/2009021910 Firefox/3.0.7 (.NET CLR 3.5.30729)"
70.24.142.104 - - [31/Mar/2009:13:05:58 -0400] "POST /register HTTP/1.1" 302 103 "http://isppractices.econsultation.ca/register" "Mozilla/5.0 (Macintosh; U; Intel Mac OS X 10.4; en-US; rv:1.9.0.8) Gecko/2009032608 Firefox/3.0.8"
192.75.48.150 - - [31/Mar/2009:13:05:57 -0400] "GET /topics/show/9 HTTP/1.1" 200 21026 "http://isppractices.econsultation.ca/topics/show/8" "Mozilla/5.0 (Windows; U; Windows NT 5.1; en-US; rv:1.9.1b2) Gecko/20081201 Firefox/3.1b2"
70.24.142.104 - - [31/Mar/2009:13:05:58 -0400] "GET /images/topNav_endCurve_black.png HTTP/1.1" 200 447 "http://isppractices.econsultation.ca/stylesheets/base_1238427290.css" "Mozilla/5.0 (Macintosh; U; Intel Mac OS X 10.4; en-US; rv:1.9.0.8) Gecko/2009032608 Firefox/3.0.8"
70.24.142.104 - - [31/Mar/2009:13:05:58 -0400] "GET / HTTP/1.1" 200 11812 "http://isppractices.econsultation.ca/register" "Mozilla/5.0 (Macintosh; U; Intel Mac OS X 10.4; en-US; rv:1.9.0.8) Gecko/2009032608 Firefox/3.0.8"
70.24.142.104 - - [31/Mar/2009:13:05:59 -0400] "GET /images/information.png HTTP/1.1" 200 918 "http://isppractices.econsultation.ca/stylesheets/base_1238427290.css" "Mozilla/5.0 (Macintosh; U; Intel Mac OS X 10.4; en-US; rv:1.9.0.8) Gecko/2009032608 Firefox/3.0.8"
70.24.142.104 - - [31/Mar/2009:13:05:59 -0400] "GET /rss?lang=en HTTP/1.1" 200 3912 "-" "Mozilla/5.0 (Macintosh; U; Intel Mac OS X 10.4; en-US; rv:1.9.0.8) Gecko/2009032608 Firefox/3.0.8"
208.96.53.84 - - [31/Mar/2009:13:06:01 -0400] "GET / HTTP/1.1" 200 16842 "-" "Mozilla/5.0 (compatible; redditbot/1.0; +http://www.reddit.com/feedback)"
208.96.53.84 - - [31/Mar/2009:13:06:03 -0400] "GET /images/feed-icon-14x14.png HTTP/1.1" 200 689 "http://isppractices.econsultation.ca/" "Mozilla/5.0 (compatible; redditbot/1.0; +http://www.reddit.com/feedback)"
208.96.53.84 - - [31/Mar/2009:13:06:04 -0400] "GET /images/nanos_icon_23.png HTTP/1.1" 200 4797 "http://isppractices.econsultation.ca/" "Mozilla/5.0 (compatible; redditbot/1.0; +http://www.reddit.com/feedback)"
198.103.223.51 - - [31/Mar/2009:13:06:04 -0400] "GET /topics/show/11 HTTP/1.1" 200 18125 "http://isppractices.econsultation.ca/topics/show/9" "Mozilla/4.0 (compatible; MSIE 6.0; Windows NT 5.0; .NET CLR 1.1.4322; .NET CLR 2.0.50727)"
192.75.48.150 - - [31/Mar/2009:13:06:08 -0400] "POST /talk/mark/307 HTTP/1.1" 201 1 "http://isppractices.econsultation.ca/topics/show/9" "Mozilla/5.0 (Windows; U; Windows NT 5.1; en-US; rv:1.9.1b2) Gecko/20081201 Firefox/3.1b2"
69.196.147.210 - - [31/Mar/2009:13:06:08 -0400] "POST /login HTTP/1.1" 200 10075 "http://newmedia.crtc.econsultation.ca/login" "Mozilla/5.0 (Windows; U; Windows NT 5.1; en-GB; rv:1.9.0.8) Gecko/2009032609 Firefox/3.0.8 (.NET CLR 3.5.30729)"
206.248.154.94 - - [31/Mar/2009:13:06:09 -0400] "GET / HTTP/1.1" 200 16842 "-" "Mozilla/5.0 (Macintosh; U; Intel Mac OS X 10_5_6; en-us) AppleWebKit/530.5+ (KHTML, like Gecko) Version/4 Public Beta Safari/528.16"
206.248.154.94 - - [31/Mar/2009:13:06:10 -0400] "GET /stylesheets/print.css HTTP/1.1" 200 321 "http://isppractices.econsultation.ca/" "Mozilla/5.0 (Macintosh; U; Intel Mac OS X 10_5_6; en-us) AppleWebKit/530.5+ (KHTML, like Gecko) Version/4 Public Beta Safari/528.16"
206.248.154.94 - - [31/Mar/2009:13:06:10 -0400] "GET /stylesheets/base_1238427290.css HTTP/1.1" 200 30105 "http://isppractices.econsultation.ca/" "Mozilla/5.0 (Macintosh; U; Intel Mac OS X 10_5_6; en-us) AppleWebKit/530.5+ (KHTML, like Gecko) Version/4 Public Beta Safari/528.16"
206.248.154.94 - - [31/Mar/2009:13:06:10 -0400] "GET /javascripts/base_1238187983.js HTTP/1.1" 200 97264 "http://isppractices.econsultation.ca/" "Mozilla/5.0 (Macintosh; U; Intel Mac OS X 10_5_6; en-us) AppleWebKit/530.5+ (KHTML, like Gecko) Version/4 Public Beta Safari/528.16"
206.248.154.94 - - [31/Mar/2009:13:06:10 -0400] "GET /images/feed-icon-14x14.png HTTP/1.1" 200 689 "http://isppractices.econsultation.ca/" "Mozilla/5.0 (Macintosh; U; Intel Mac OS X 10_5_6; en-us) AppleWebKit/530.5+ (KHTML, like Gecko) Version/4 Public Beta Safari/528.16"
