198.164.42.133 - - [31/Mar/2009:12:00:44 -0400] "GET /images/feed-icon-14x14.png HTTP/1.1" 200 689 "http://isppractices.econsultation.ca/" "Mozilla/5.0 (Windows; U; Windows NT 6.0; en-US; rv:1.9.0.7) Gecko/2009021910 Firefox/3.0.7 (.NET CLR 3.5.30729)"
198.164.42.133 - - [31/Mar/2009:12:00:44 -0400] "GET /images/nanos_icon_23.png HTTP/1.1" 200 4797 "http://isppractices.econsultation.ca/" "Mozilla/5.0 (Windows; U; Windows NT 6.0; en-US; rv:1.9.0.7) Gecko/2009021910 Firefox/3.0.7 (.NET CLR 3.5.30729)"
198.164.42.133 - - [31/Mar/2009:12:00:43 -0400] "GET /images/CRTC_2_1300px.jpg HTTP/1.1" 200 72085 "http://isppractices.econsultation.ca/stylesheets/base_1238427290.css" "Mozilla/5.0 (Windows; U; Windows NT 6.0; en-US; rv:1.9.0.7) Gecko/2009021910 Firefox/3.0.7 (.NET CLR 3.5.30729)"
216.252.76.42 - - [31/Mar/2009:12:00:54 -0400] "GET /topic/9/talk/new?parent_id=0 HTTP/1.1" 200 6369 "http://isppractices.econsultation.ca/topics/show/9" "Mozilla/5.0 (Windows; U; Windows NT 6.0; en-US; rv:1.9.1b4pre) Gecko/20090328 Shiretoko/3.5b4pre"
198.164.42.133 - - [31/Mar/2009:12:00:55 -0400] "GET /images/topNav_endCurve_black.png HTTP/1.1" 200 447 "http://isppractices.econsultation.ca/stylesheets/base_1238427290.css" "Mozilla/5.0 (Windows; U; Windows NT 6.0; en-US; rv:1.9.0.7) Gecko/2009021910 Firefox/3.0.7 (.NET CLR 3.5.30729)"
66.252.146.2 - - [31/Mar/2009:12:01:07 -0400] "GET /register HTTP/1.1" 200 11101 "http://isppractices.econsultation.ca/" "Mozilla/4.0 (compatible; MSIE 7.0; Windows NT 5.1; .NET CLR 1.1.4322; .NET CLR 2.0.50727; .NET CLR 3.0.04506.648; .NET CLR 3.5.21022)"
198.164.42.133 - - [31/Mar/2009:12:01:08 -0400] "GET /topics/show/10?root=306 HTTP/1.1" 200 19846 "http://isppractices.econsultation.ca/" "Mozilla/5.0 (Windows; U; Windows NT 6.0; en-US; rv:1.9.0.7) Gecko/2009021910 Firefox/3.0.7 (.NET CLR 3.5.30729)"
198.164.42.133 - - [31/Mar/2009:12:01:09 -0400] "GET /images/comment_bw.png HTTP/1.1" 200 384 "http://isppractices.econsultation.ca/stylesheets/base_1238427290.css" "Mozilla/5.0 (Windows; U; Windows NT 6.0; en-US; rv:1.9.0.7) Gecko/2009021910 Firefox/3.0.7 (.NET CLR 3.5.30729)"
198.164.42.133 - - [31/Mar/2009:12:01:09 -0400] "GET /images/BOX-BACK.jpg HTTP/1.1" 200 1025 "http://isppractices.econsultation.ca/stylesheets/base_1238427290.css" "Mozilla/5.0 (Windows; U; Windows NT 6.0; en-US; rv:1.9.0.7) Gecko/2009021910 Firefox/3.0.7 (.NET CLR 3.5.30729)"
198.164.42.133 - - [31/Mar/2009:12:01:09 -0400] "GET /avatars/0000/0001/pic_nik_thumb.jpg?1237573168 HTTP/1.1" 200 5862 "http://isppractices.econsultation.ca/topics/show/10?root=306" "Mozilla/5.0 (Windows; U; Windows NT 6.0; en-US; rv:1.9.0.7) Gecko/2009021910 Firefox/3.0.7 (.NET CLR 3.5.30729)"
198.164.42.133 - - [31/Mar/2009:12:01:09 -0400] "GET /images/arrows.png HTTP/1.1" 200 216 "http://isppractices.econsultation.ca/stylesheets/base_1238427290.css" "Mozilla/5.0 (Windows; U; Windows NT 6.0; en-US; rv:1.9.0.7) Gecko/2009021910 Firefox/3.0.7 (.NET CLR 3.5.30729)"
198.164.42.133 - - [31/Mar/2009:12:01:09 -0400] "POST /talk/mark/306 HTTP/1.1" 201 1 "http://isppractices.econsultation.ca/topics/show/10?root=306" "Mozilla/5.0 (Windows; U; Windows NT 6.0; en-US; rv:1.9.0.7) Gecko/2009021910 Firefox/3.0.7 (.NET CLR 3.5.30729)"
64.86.141.133 - - [31/Mar/2009:12:01:11 -0400] "GET / HTTP/1.1" 200 15838 "http://www.crtc.gc.ca/eng/redirect.asp?URL=http://isppractices.econsultation.ca/" "Mozilla/4.0 (compatible; MSIE 8.0; Windows NT 5.1; Trident/4.0; InfoPath.1; .NET CLR 2.0.50727; .NET CLR 1.1.4322; .NET CLR 3.0.04506.648; .NET CLR 3.5.21022; .NET CLR 3.0.4506.2152; .NET CLR 3.5.30729)"
64.86.141.133 - - [31/Mar/2009:12:01:11 -0400] "GET /stylesheets/base_1238427290.css HTTP/1.1" 304 - "http://isppractices.econsultation.ca/" "Mozilla/4.0 (compatible; MSIE 8.0; Windows NT 5.1; Trident/4.0; InfoPath.1; .NET CLR 2.0.50727; .NET CLR 1.1.4322; .NET CLR 3.0.04506.648; .NET CLR 3.5.21022; .NET CLR 3.0.4506.2152; .NET CLR 3.5.30729)"
64.86.141.133 - - [31/Mar/2009:12:01:11 -0400] "GET /stylesheets/redesign_IE.css HTTP/1.1" 304 - "http://isppractices.econsultation.ca/" "Mozilla/4.0 (compatible; MSIE 8.0; Windows NT 5.1; Trident/4.0; InfoPath.1; .NET CLR 2.0.50727; .NET CLR 1.1.4322; .NET CLR 3.0.04506.648; .NET CLR 3.5.21022; .NET CLR 3.0.4506.2152; .NET CLR 3.5.30729)"
64.86.141.133 - - [31/Mar/2009:12:01:11 -0400] "GET /stylesheets/print.css HTTP/1.1" 304 - "http://isppractices.econsultation.ca/" "Mozilla/4.0 (compatible; MSIE 8.0; Windows NT 5.1; Trident/4.0; InfoPath.1; .NET CLR 2.0.50727; .NET CLR 1.1.4322; .NET CLR 3.0.04506.648; .NET CLR 3.5.21022; .NET CLR 3.0.4506.2152; .NET CLR 3.5.30729)"
64.86.141.133 - - [31/Mar/2009:12:01:11 -0400] "GET /javascripts/base_1238187983.js HTTP/1.1" 304 - "http://isppractices.econsultation.ca/" "Mozilla/4.0 (compatible; MSIE 8.0; Windows NT 5.1; Trident/4.0; InfoPath.1; .NET CLR 2.0.50727; .NET CLR 1.1.4322; .NET CLR 3.0.04506.648; .NET CLR 3.5.21022; .NET CLR 3.0.4506.2152; .NET CLR 3.5.30729)"
64.86.141.133 - - [31/Mar/2009:12:01:11 -0400] "GET /images/search_go_1.jpg HTTP/1.1" 304 - "http://isppractices.econsultation.ca/" "Mozilla/4.0 (compatible; MSIE 8.0; Windows NT 5.1; Trident/4.0; InfoPath.1; .NET CLR 2.0.50727; .NET CLR 1.1.4322; .NET CLR 3.0.04506.648; .NET CLR 3.5.21022; .NET CLR 3.0.4506.2152; .NET CLR 3.5.30729)"
64.86.141.133 - - [31/Mar/2009:12:01:11 -0400] "GET /images/feed-icon-14x14.png HTTP/1.1" 304 - "http://isppractices.econsultation.ca/" "Mozilla/4.0 (compatible; MSIE 8.0; Windows NT 5.1; Trident/4.0; InfoPath.1; .NET CLR 2.0.50727; .NET CLR 1.1.4322; .NET CLR 3.0.04506.648; .NET CLR 3.5.21022; .NET CLR 3.0.4506.2152; .NET CLR 3.5.30729)"
64.86.141.133 - - [31/Mar/2009:12:01:11 -0400] "GET /images/CRTC_2_1300px.jpg HTTP/1.1" 304 - "http://isppractices.econsultation.ca/" "Mozilla/4.0 (compatible; MSIE 8.0; Windows NT 5.1; Trident/4.0; InfoPath.1; .NET CLR 2.0.50727; .NET CLR 1.1.4322; .NET CLR 3.0.04506.648; .NET CLR 3.5.21022; .NET CLR 3.0.4506.2152; .NET CLR 3.5.30729)"
64.86.141.133 - - [31/Mar/2009:12:01:11 -0400] "GET /images/topNav_endCurve.png HTTP/1.1" 304 - "http://isppractices.econsultation.ca/" "Mozilla/4.0 (compatible; MSIE 8.0; Windows NT 5.1; Trident/4.0; InfoPath.1; .NET CLR 2.0.50727; .NET CLR 1.1.4322; .NET CLR 3.0.04506.648; .NET CLR 3.5.21022; .NET CLR 3.0.4506.2152; .NET CLR 3.5.30729)"
64.86.141.133 - - [31/Mar/2009:12:01:11 -0400] "GET /images/nanos_icon_23.png HTTP/1.1" 304 - "http://isppractices.econsultation.ca/" "Mozilla/4.0 (compatible; MSIE 8.0; Windows NT 5.1; Trident/4.0; InfoPath.1; .NET CLR 2.0.50727; .NET CLR 1.1.4322; .NET CLR 3.0.04506.648; .NET CLR 3.5.21022; .NET CLR 3.0.4506.2152; .NET CLR 3.5.30729)"
76.10.182.48 - - [31/Mar/2009:12:01:15 -0400] "GET /topics/show/9 HTTP/1.1" 200 15570 "http://isppractices.econsultation.ca/topics/show/8" "Mozilla/5.0 (Windows; U; Windows NT 5.1; en-US; rv:1.9.0.7) Gecko/2009021910 Firefox/3.0.7 (.NET CLR 3.5.30729)"
76.10.182.48 - - [31/Mar/2009:12:01:20 -0400] "GET /topics/show/10 HTTP/1.1" 200 19846 "http://isppractices.econsultation.ca/topics/show/9" "Mozilla/5.0 (Windows; U; Windows NT 5.1; en-US; rv:1.9.0.7) Gecko/2009021910 Firefox/3.0.7 (.NET CLR 3.5.30729)"
76.10.182.48 - - [31/Mar/2009:12:01:23 -0400] "POST /talk/mark/306 HTTP/1.1" 201 1 "http://isppractices.econsultation.ca/topics/show/10" "Mozilla/5.0 (Windows; U; Windows NT 5.1; en-US; rv:1.9.0.7) Gecko/2009021910 Firefox/3.0.7 (.NET CLR 3.5.30729)"
198.103.61.2 - - [31/Mar/2009:12:01:29 -0400] "GET /images/topNav_endCurve_black.png HTTP/1.1" 200 447 "http://isppractices.econsultation.ca/stylesheets/base_1238427290.css" "Mozilla/5.0 (Windows; U; Windows NT 5.0; en-US; rv:1.9.0.8) Gecko/2009032609 Firefox/3.0.8"
66.252.146.2 - - [31/Mar/2009:12:01:31 -0400] "POST /register HTTP/1.1" 302 103 "http://isppractices.econsultation.ca/register" "Mozilla/4.0 (compatible; MSIE 7.0; Windows NT 5.1; .NET CLR 1.1.4322; .NET CLR 2.0.50727; .NET CLR 3.0.04506.648; .NET CLR 3.5.21022)"
66.252.146.2 - - [31/Mar/2009:12:01:34 -0400] "GET / HTTP/1.1" 200 10813 "http://isppractices.econsultation.ca/register" "Mozilla/4.0 (compatible; MSIE 7.0; Windows NT 5.1; .NET CLR 1.1.4322; .NET CLR 2.0.50727; .NET CLR 3.0.04506.648; .NET CLR 3.5.21022)"
66.252.146.2 - - [31/Mar/2009:12:01:34 -0400] "GET /images/information.png HTTP/1.1" 200 918 "http://isppractices.econsultation.ca/" "Mozilla/4.0 (compatible; MSIE 7.0; Windows NT 5.1; .NET CLR 1.1.4322; .NET CLR 2.0.50727; .NET CLR 3.0.04506.648; .NET CLR 3.5.21022)"
76.10.182.48 - - [31/Mar/2009:12:01:41 -0400] "GET /topics/show/11 HTTP/1.1" 200 18125 "http://isppractices.econsultation.ca/topics/show/10" "Mozilla/5.0 (Windows; U; Windows NT 5.1; en-US; rv:1.9.0.7) Gecko/2009021910 Firefox/3.0.7 (.NET CLR 3.5.30729)"
76.10.182.48 - - [31/Mar/2009:12:01:43 -0400] "POST /talk/mark/305 HTTP/1.1" 201 1 "http://isppractices.econsultation.ca/topics/show/11" "Mozilla/5.0 (Windows; U; Windows NT 5.1; en-US; rv:1.9.0.7) Gecko/2009021910 Firefox/3.0.7 (.NET CLR 3.5.30729)"
66.252.146.2 - - [31/Mar/2009:12:01:44 -0400] "GET /topics/show/6 HTTP/1.1" 200 8753 "http://isppractices.econsultation.ca/" "Mozilla/4.0 (compatible; MSIE 7.0; Windows NT 5.1; .NET CLR 1.1.4322; .NET CLR 2.0.50727; .NET CLR 3.0.04506.648; .NET CLR 3.5.21022)"
66.252.146.2 - - [31/Mar/2009:12:01:45 -0400] "GET /images/comment_bw.png HTTP/1.1" 200 384 "http://isppractices.econsultation.ca/topics/show/6" "Mozilla/4.0 (compatible; MSIE 7.0; Windows NT 5.1; .NET CLR 1.1.4322; .NET CLR 2.0.50727; .NET CLR 3.0.04506.648; .NET CLR 3.5.21022)"
66.252.146.2 - - [31/Mar/2009:12:01:45 -0400] "GET /avatars/0000/0001/pic_nik_thumb.jpg?1237573168 HTTP/1.1" 200 5862 "http://isppractices.econsultation.ca/topics/show/6" "Mozilla/4.0 (compatible; MSIE 7.0; Windows NT 5.1; .NET CLR 1.1.4322; .NET CLR 2.0.50727; .NET CLR 3.0.04506.648; .NET CLR 3.5.21022)"
66.252.146.2 - - [31/Mar/2009:12:01:45 -0400] "GET /images/arrows.png HTTP/1.1" 200 216 "http://isppractices.econsultation.ca/topics/show/6" "Mozilla/4.0 (compatible; MSIE 7.0; Windows NT 5.1; .NET CLR 1.1.4322; .NET CLR 2.0.50727; .NET CLR 3.0.04506.648; .NET CLR 3.5.21022)"
66.252.146.2 - - [31/Mar/2009:12:01:47 -0400] "GET /topics/show/7 HTTP/1.1" 200 18443 "http://isppractices.econsultation.ca/topics/show/6" "Mozilla/4.0 (compatible; MSIE 7.0; Windows NT 5.1; .NET CLR 1.1.4322; .NET CLR 2.0.50727; .NET CLR 3.0.04506.648; .NET CLR 3.5.21022)"
66.252.146.2 - - [31/Mar/2009:12:01:48 -0400] "GET /images/BOX-BACK.jpg HTTP/1.1" 200 1025 "http://isppractices.econsultation.ca/topics/show/7" "Mozilla/4.0 (compatible; MSIE 7.0; Windows NT 5.1; .NET CLR 1.1.4322; .NET CLR 2.0.50727; .NET CLR 3.0.04506.648; .NET CLR 3.5.21022)"
66.252.146.2 - - [31/Mar/2009:12:01:48 -0400] "GET /avatars/0000/0001/pic_nik_thumb.jpg?1237573168 HTTP/1.1" 200 5862 "http://isppractices.econsultation.ca/topics/show/7" "Mozilla/4.0 (compatible; MSIE 7.0; Windows NT 5.1; .NET CLR 1.1.4322; .NET CLR 2.0.50727; .NET CLR 3.0.04506.648; .NET CLR 3.5.21022)"
66.249.66.168 - - [31/Mar/2009:12:01:48 -0400] "GET / HTTP/1.1" 200 15838 "-" "Mozilla/5.0 (compatible; Googlebot/2.1; +http://www.google.com/bot.html)"
66.252.146.2 - - [31/Mar/2009:12:02:10 -0400] "POST /talk/mark/303 HTTP/1.1" 201 1 "http://isppractices.econsultation.ca/topics/show/7" "Mozilla/4.0 (compatible; MSIE 7.0; Windows NT 5.1; .NET CLR 1.1.4322; .NET CLR 2.0.50727; .NET CLR 3.0.04506.648; .NET CLR 3.5.21022)"
76.71.200.237 - - [31/Mar/2009:12:02:21 -0400] "GET / HTTP/1.1" 200 15838 "-" "Mozilla/5.0 (Macintosh; U; PPC Mac OS X 10.5; en-US; rv:1.9.0.8) Gecko/2009032608 Firefox/3.0.8"
76.71.200.237 - - [31/Mar/2009:12:02:28 -0400] "GET /stylesheets/print.css HTTP/1.1" 200 321 "http://isppractices.econsultation.ca/" "Mozilla/5.0 (Macintosh; U; PPC Mac OS X 10.5; en-US; rv:1.9.0.8) Gecko/2009032608 Firefox/3.0.8"
76.71.200.237 - - [31/Mar/2009:12:02:28 -0400] "GET /stylesheets/base_1238427290.css HTTP/1.1" 200 30105 "http://isppractices.econsultation.ca/" "Mozilla/5.0 (Macintosh; U; PPC Mac OS X 10.5; en-US; rv:1.9.0.8) Gecko/2009032608 Firefox/3.0.8"
76.71.200.237 - - [31/Mar/2009:12:02:28 -0400] "GET /javascripts/base_1238187983.js HTTP/1.1" 200 97264 "http://isppractices.econsultation.ca/" "Mozilla/5.0 (Macintosh; U; PPC Mac OS X 10.5; en-US; rv:1.9.0.8) Gecko/2009032608 Firefox/3.0.8"
64.38.154.199 - - [31/Mar/2009:12:02:28 -0400] "GET /register HTTP/1.1" 200 11101 "http://isppractices.econsultation.ca/topics/show/7?root=303" "Mozilla/5.0 (Macintosh; U; Intel Mac OS X 10.5; en-US; rv:1.9.0.8) Gecko/2009032608 Firefox/3.0.8"
76.71.200.237 - - [31/Mar/2009:12:02:31 -0400] "GET /favicon.ico HTTP/1.1" 200 - "-" "Mozilla/5.0 (Macintosh; U; PPC Mac OS X 10.5; en-US; rv:1.9.0.8) Gecko/2009032608 Firefox/3.0.8"
76.71.200.237 - - [31/Mar/2009:12:02:31 -0400] "GET /images/search_go_1.jpg HTTP/1.1" 200 665 "http://isppractices.econsultation.ca/" "Mozilla/5.0 (Macintosh; U; PPC Mac OS X 10.5; en-US; rv:1.9.0.8) Gecko/2009032608 Firefox/3.0.8"
76.71.200.237 - - [31/Mar/2009:12:02:31 -0400] "GET /images/feed-icon-14x14.png HTTP/1.1" 200 689 "http://isppractices.econsultation.ca/" "Mozilla/5.0 (Macintosh; U; PPC Mac OS X 10.5; en-US; rv:1.9.0.8) Gecko/2009032608 Firefox/3.0.8"
76.71.200.237 - - [31/Mar/2009:12:02:32 -0400] "GET /images/CRTC_2_1300px.jpg HTTP/1.1" 200 72085 "http://isppractices.econsultation.ca/stylesheets/base_1238427290.css" "Mozilla/5.0 (Macintosh; U; PPC Mac OS X 10.5; en-US; rv:1.9.0.8) Gecko/2009032608 Firefox/3.0.8"
76.71.200.237 - - [31/Mar/2009:12:02:32 -0400] "GET /images/topNav_endCurve.png HTTP/1.1" 200 433 "http://isppractices.econsultation.ca/stylesheets/base_1238427290.css" "Mozilla/5.0 (Macintosh; U; PPC Mac OS X 10.5; en-US; rv:1.9.0.8) Gecko/2009032608 Firefox/3.0.8"
76.71.200.237 - - [31/Mar/2009:12:02:35 -0400] "GET /images/nanos_icon_23.png HTTP/1.1" 200 4797 "http://isppractices.econsultation.ca/" "Mozilla/5.0 (Macintosh; U; PPC Mac OS X 10.5; en-US; rv:1.9.0.8) Gecko/2009032608 Firefox/3.0.8"
206.248.154.94 - - [31/Mar/2009:12:02:37 -0400] "GET /topics/show/11 HTTP/1.1" 200 18125 "http://isppractices.econsultation.ca/topics/show/8" "Mozilla/5.0 (Macintosh; U; Intel Mac OS X 10_5_6; en-us) AppleWebKit/528.16 (KHTML, like Gecko) Version/4.0 Safari/528.16"
206.248.154.94 - - [31/Mar/2009:12:02:37 -0400] "GET /javascripts/base_1238187983.js HTTP/1.1" 304 - "http://isppractices.econsultation.ca/topics/show/11" "Mozilla/5.0 (Macintosh; U; Intel Mac OS X 10_5_6; en-us) AppleWebKit/528.16 (KHTML, like Gecko) Version/4.0 Safari/528.16"
206.248.154.94 - - [31/Mar/2009:12:02:37 -0400] "GET /stylesheets/print.css HTTP/1.1" 304 - "http://isppractices.econsultation.ca/topics/show/11" "Mozilla/5.0 (Macintosh; U; Intel Mac OS X 10_5_6; en-us) AppleWebKit/528.16 (KHTML, like Gecko) Version/4.0 Safari/528.16"
206.248.154.94 - - [31/Mar/2009:12:02:37 -0400] "GET /stylesheets/base_1238427290.css HTTP/1.1" 304 - "http://isppractices.econsultation.ca/topics/show/11" "Mozilla/5.0 (Macintosh; U; Intel Mac OS X 10_5_6; en-us) AppleWebKit/528.16 (KHTML, like Gecko) Version/4.0 Safari/528.16"
206.248.154.94 - - [31/Mar/2009:12:02:38 -0400] "GET /images/search_go_1.jpg HTTP/1.1" 304 - "http://isppractices.econsultation.ca/topics/show/11" "Mozilla/5.0 (Macintosh; U; Intel Mac OS X 10_5_6; en-us) AppleWebKit/528.16 (KHTML, like Gecko) Version/4.0 Safari/528.16"
206.248.154.94 - - [31/Mar/2009:12:02:38 -0400] "GET /images/topNav_endCurve.png HTTP/1.1" 304 - "http://isppractices.econsultation.ca/topics/show/11" "Mozilla/5.0 (Macintosh; U; Intel Mac OS X 10_5_6; en-us) AppleWebKit/528.16 (KHTML, like Gecko) Version/4.0 Safari/528.16"
206.248.154.94 - - [31/Mar/2009:12:02:38 -0400] "GET /images/CRTC_2_1300px.jpg HTTP/1.1" 304 - "http://isppractices.econsultation.ca/topics/show/11" "Mozilla/5.0 (Macintosh; U; Intel Mac OS X 10_5_6; en-us) AppleWebKit/528.16 (KHTML, like Gecko) Version/4.0 Safari/528.16"
206.248.154.94 - - [31/Mar/2009:12:02:38 -0400] "GET /images/comment_bw.png HTTP/1.1" 304 - "http://isppractices.econsultation.ca/topics/show/11" "Mozilla/5.0 (Macintosh; U; Intel Mac OS X 10_5_6; en-us) AppleWebKit/528.16 (KHTML, like Gecko) Version/4.0 Safari/528.16"
206.248.154.94 - - [31/Mar/2009:12:02:38 -0400] "GET /images/feed-icon-14x14.png HTTP/1.1" 304 - "http://isppractices.econsultation.ca/topics/show/11" "Mozilla/5.0 (Macintosh; U; Intel Mac OS X 10_5_6; en-us) AppleWebKit/528.16 (KHTML, like Gecko) Version/4.0 Safari/528.16"
206.248.154.94 - - [31/Mar/2009:12:02:38 -0400] "GET /images/BOX-BACK.jpg HTTP/1.1" 200 1025 "http://isppractices.econsultation.ca/topics/show/11" "Mozilla/5.0 (Macintosh; U; Intel Mac OS X 10_5_6; en-us) AppleWebKit/528.16 (KHTML, like Gecko) Version/4.0 Safari/528.16"
206.248.154.94 - - [31/Mar/2009:12:02:38 -0400] "GET /avatars/0000/0001/pic_nik_thumb.jpg?1237573168 HTTP/1.1" 304 - "http://isppractices.econsultation.ca/topics/show/11" "Mozilla/5.0 (Macintosh; U; Intel Mac OS X 10_5_6; en-us) AppleWebKit/528.16 (KHTML, like Gecko) Version/4.0 Safari/528.16"
206.248.154.94 - - [31/Mar/2009:12:02:38 -0400] "GET /images/arrows.png HTTP/1.1" 304 - "http://isppractices.econsultation.ca/topics/show/11" "Mozilla/5.0 (Macintosh; U; Intel Mac OS X 10_5_6; en-us) AppleWebKit/528.16 (KHTML, like Gecko) Version/4.0 Safari/528.16"
206.248.154.94 - - [31/Mar/2009:12:02:38 -0400] "GET /images/nanos_icon_23.png HTTP/1.1" 304 - "http://isppractices.econsultation.ca/topics/show/11" "Mozilla/5.0 (Macintosh; U; Intel Mac OS X 10_5_6; en-us) AppleWebKit/528.16 (KHTML, like Gecko) Version/4.0 Safari/528.16"
206.248.154.94 - - [31/Mar/2009:12:02:38 -0400] "GET /favicon.ico HTTP/1.1" 200 - "http://isppractices.econsultation.ca/topics/show/11" "Mozilla/5.0 (Macintosh; U; Intel Mac OS X 10_5_6; en-us) AppleWebKit/528.16 (KHTML, like Gecko) Version/4.0 Safari/528.16"
66.252.146.2 - - [31/Mar/2009:12:02:44 -0400] "GET /topics/show/8 HTTP/1.1" 200 13836 "http://isppractices.econsultation.ca/topics/show/7" "Mozilla/4.0 (compatible; MSIE 7.0; Windows NT 5.1; .NET CLR 1.1.4322; .NET CLR 2.0.50727; .NET CLR 3.0.04506.648; .NET CLR 3.5.21022)"
206.47.249.251 - - [31/Mar/2009:12:02:48 -0400] "GET / HTTP/1.1" 200 15838 "http://www.crtc.gc.ca/eng/redirect.asp?URL=http://isppractices.econsultation.ca/" "Mozilla/4.0 (compatible; MSIE 6.0; Windows NT 5.1; SV1; .NET CLR 1.1.4322; .NET CLR 2.0.50727; .NET CLR 3.0.04506.30; .NET CLR 3.0.04506.648; MS-RTC LM 8; InfoPath.1)"
206.248.154.94 - - [31/Mar/2009:12:02:52 -0400] "POST /talk/mark/305 HTTP/1.1" 201 1 "http://isppractices.econsultation.ca/topics/show/11" "Mozilla/5.0 (Macintosh; U; Intel Mac OS X 10_5_6; en-us) AppleWebKit/528.16 (KHTML, like Gecko) Version/4.0 Safari/528.16"
66.252.146.2 - - [31/Mar/2009:12:02:53 -0400] "POST /talk/mark/304 HTTP/1.1" 201 1 "http://isppractices.econsultation.ca/topics/show/8" "Mozilla/4.0 (compatible; MSIE 7.0; Windows NT 5.1; .NET CLR 1.1.4322; .NET CLR 2.0.50727; .NET CLR 3.0.04506.648; .NET CLR 3.5.21022)"
207.195.51.230 - - [31/Mar/2009:12:02:55 -0400] "GET / HTTP/1.1" 200 15838 "http://www.google.ca/reader/view/?tab=my" "Mozilla/5.0 (Windows; U; Windows NT 5.1; en-US; rv:1.9.0.8) Gecko/2009032609 Firefox/3.0.8"
207.195.51.230 - - [31/Mar/2009:12:02:56 -0400] "GET /stylesheets/print.css HTTP/1.1" 200 321 "http://isppractices.econsultation.ca/" "Mozilla/5.0 (Windows; U; Windows NT 5.1; en-US; rv:1.9.0.8) Gecko/2009032609 Firefox/3.0.8"
207.195.51.230 - - [31/Mar/2009:12:02:56 -0400] "GET /stylesheets/base_1238427290.css HTTP/1.1" 200 30105 "http://isppractices.econsultation.ca/" "Mozilla/5.0 (Windows; U; Windows NT 5.1; en-US; rv:1.9.0.8) Gecko/2009032609 Firefox/3.0.8"
207.195.51.230 - - [31/Mar/2009:12:02:56 -0400] "GET /javascripts/base_1238187983.js HTTP/1.1" 200 97264 "http://isppractices.econsultation.ca/" "Mozilla/5.0 (Windows; U; Windows NT 5.1; en-US; rv:1.9.0.8) Gecko/2009032609 Firefox/3.0.8"
207.195.51.230 - - [31/Mar/2009:12:02:57 -0400] "GET /images/search_go_1.jpg HTTP/1.1" 200 665 "http://isppractices.econsultation.ca/" "Mozilla/5.0 (Windows; U; Windows NT 5.1; en-US; rv:1.9.0.8) Gecko/2009032609 Firefox/3.0.8"
207.195.51.230 - - [31/Mar/2009:12:02:57 -0400] "GET /images/feed-icon-14x14.png HTTP/1.1" 200 689 "http://isppractices.econsultation.ca/" "Mozilla/5.0 (Windows; U; Windows NT 5.1; en-US; rv:1.9.0.8) Gecko/2009032609 Firefox/3.0.8"
207.195.51.230 - - [31/Mar/2009:12:02:57 -0400] "GET /images/topNav_endCurve.png HTTP/1.1" 200 433 "http://isppractices.econsultation.ca/stylesheets/base_1238427290.css" "Mozilla/5.0 (Windows; U; Windows NT 5.1; en-US; rv:1.9.0.8) Gecko/2009032609 Firefox/3.0.8"
207.195.51.230 - - [31/Mar/2009:12:02:57 -0400] "GET /images/nanos_icon_23.png HTTP/1.1" 200 4797 "http://isppractices.econsultation.ca/" "Mozilla/5.0 (Windows; U; Windows NT 5.1; en-US; rv:1.9.0.8) Gecko/2009032609 Firefox/3.0.8"
206.248.154.94 - - [31/Mar/2009:12:02:57 -0400] "GET /topics/show/6 HTTP/1.1" 200 13799 "http://isppractices.econsultation.ca/topics/show/11" "Mozilla/5.0 (Macintosh; U; Intel Mac OS X 10_5_6; en-us) AppleWebKit/528.16 (KHTML, like Gecko) Version/4.0 Safari/528.16"
206.248.154.94 - - [31/Mar/2009:12:02:57 -0400] "GET /stylesheets/print.css HTTP/1.1" 304 - "http://isppractices.econsultation.ca/topics/show/6" "Mozilla/5.0 (Macintosh; U; Intel Mac OS X 10_5_6; en-us) AppleWebKit/528.16 (KHTML, like Gecko) Version/4.0 Safari/528.16"
206.248.154.94 - - [31/Mar/2009:12:02:57 -0400] "GET /stylesheets/base_1238427290.css HTTP/1.1" 304 - "http://isppractices.econsultation.ca/topics/show/6" "Mozilla/5.0 (Macintosh; U; Intel Mac OS X 10_5_6; en-us) AppleWebKit/528.16 (KHTML, like Gecko) Version/4.0 Safari/528.16"
206.248.154.94 - - [31/Mar/2009:12:02:57 -0400] "GET /javascripts/base_1238187983.js HTTP/1.1" 304 - "http://isppractices.econsultation.ca/topics/show/6" "Mozilla/5.0 (Macintosh; U; Intel Mac OS X 10_5_6; en-us) AppleWebKit/528.16 (KHTML, like Gecko) Version/4.0 Safari/528.16"
207.195.51.230 - - [31/Mar/2009:12:02:57 -0400] "GET /images/CRTC_2_1300px.jpg HTTP/1.1" 200 72085 "http://isppractices.econsultation.ca/stylesheets/base_1238427290.css" "Mozilla/5.0 (Windows; U; Windows NT 5.1; en-US; rv:1.9.0.8) Gecko/2009032609 Firefox/3.0.8"
206.248.154.94 - - [31/Mar/2009:12:02:57 -0400] "GET /avatars/0000/0001/pic_nik_thumb.jpg?1237573168 HTTP/1.1" 304 - "http://isppractices.econsultation.ca/topics/show/6" "Mozilla/5.0 (Macintosh; U; Intel Mac OS X 10_5_6; en-us) AppleWebKit/528.16 (KHTML, like Gecko) Version/4.0 Safari/528.16"
206.248.154.94 - - [31/Mar/2009:12:02:57 -0400] "GET /images/search_go_1.jpg HTTP/1.1" 304 - "http://isppractices.econsultation.ca/topics/show/6" "Mozilla/5.0 (Macintosh; U; Intel Mac OS X 10_5_6; en-us) AppleWebKit/528.16 (KHTML, like Gecko) Version/4.0 Safari/528.16"
206.248.154.94 - - [31/Mar/2009:12:02:57 -0400] "GET /images/feed-icon-14x14.png HTTP/1.1" 304 - "http://isppractices.econsultation.ca/topics/show/6" "Mozilla/5.0 (Macintosh; U; Intel Mac OS X 10_5_6; en-us) AppleWebKit/528.16 (KHTML, like Gecko) Version/4.0 Safari/528.16"
206.248.154.94 - - [31/Mar/2009:12:02:57 -0400] "GET /images/CRTC_2_1300px.jpg HTTP/1.1" 304 - "http://isppractices.econsultation.ca/topics/show/6" "Mozilla/5.0 (Macintosh; U; Intel Mac OS X 10_5_6; en-us) AppleWebKit/528.16 (KHTML, like Gecko) Version/4.0 Safari/528.16"
206.248.154.94 - - [31/Mar/2009:12:02:57 -0400] "GET /images/arrows.png HTTP/1.1" 304 - "http://isppractices.econsultation.ca/topics/show/6" "Mozilla/5.0 (Macintosh; U; Intel Mac OS X 10_5_6; en-us) AppleWebKit/528.16 (KHTML, like Gecko) Version/4.0 Safari/528.16"
206.248.154.94 - - [31/Mar/2009:12:02:57 -0400] "GET /images/topNav_endCurve.png HTTP/1.1" 304 - "http://isppractices.econsultation.ca/topics/show/6" "Mozilla/5.0 (Macintosh; U; Intel Mac OS X 10_5_6; en-us) AppleWebKit/528.16 (KHTML, like Gecko) Version/4.0 Safari/528.16"
206.248.154.94 - - [31/Mar/2009:12:02:57 -0400] "GET /images/comment_bw.png HTTP/1.1" 304 - "http://isppractices.econsultation.ca/topics/show/6" "Mozilla/5.0 (Macintosh; U; Intel Mac OS X 10_5_6; en-us) AppleWebKit/528.16 (KHTML, like Gecko) Version/4.0 Safari/528.16"
206.248.154.94 - - [31/Mar/2009:12:02:57 -0400] "GET /images/nanos_icon_23.png HTTP/1.1" 304 - "http://isppractices.econsultation.ca/topics/show/6" "Mozilla/5.0 (Macintosh; U; Intel Mac OS X 10_5_6; en-us) AppleWebKit/528.16 (KHTML, like Gecko) Version/4.0 Safari/528.16"
207.195.51.230 - - [31/Mar/2009:12:02:57 -0400] "GET /favicon.ico HTTP/1.1" 200 - "-" "Mozilla/5.0 (Windows; U; Windows NT 5.1; en-US; rv:1.9.0.8) Gecko/2009032609 Firefox/3.0.8"
206.47.249.251 - - [31/Mar/2009:12:02:58 -0400] "GET /topics/show/6 HTTP/1.1" 200 13799 "http://isppractices.econsultation.ca/" "Mozilla/4.0 (compatible; MSIE 6.0; Windows NT 5.1; SV1; .NET CLR 1.1.4322; .NET CLR 2.0.50727; .NET CLR 3.0.04506.30; .NET CLR 3.0.04506.648; MS-RTC LM 8; InfoPath.1)"
206.248.154.94 - - [31/Mar/2009:12:03:00 -0400] "GET /topics/show/7 HTTP/1.1" 200 23489 "http://isppractices.econsultation.ca/topics/show/6" "Mozilla/5.0 (Macintosh; U; Intel Mac OS X 10_5_6; en-us) AppleWebKit/528.16 (KHTML, like Gecko) Version/4.0 Safari/528.16"
206.248.154.94 - - [31/Mar/2009:12:03:00 -0400] "GET /stylesheets/print.css HTTP/1.1" 304 - "http://isppractices.econsultation.ca/topics/show/7" "Mozilla/5.0 (Macintosh; U; Intel Mac OS X 10_5_6; en-us) AppleWebKit/528.16 (KHTML, like Gecko) Version/4.0 Safari/528.16"
206.248.154.94 - - [31/Mar/2009:12:03:00 -0400] "GET /stylesheets/base_1238427290.css HTTP/1.1" 304 - "http://isppractices.econsultation.ca/topics/show/7" "Mozilla/5.0 (Macintosh; U; Intel Mac OS X 10_5_6; en-us) AppleWebKit/528.16 (KHTML, like Gecko) Version/4.0 Safari/528.16"
206.248.154.94 - - [31/Mar/2009:12:03:00 -0400] "GET /javascripts/base_1238187983.js HTTP/1.1" 304 - "http://isppractices.econsultation.ca/topics/show/7" "Mozilla/5.0 (Macintosh; U; Intel Mac OS X 10_5_6; en-us) AppleWebKit/528.16 (KHTML, like Gecko) Version/4.0 Safari/528.16"
206.248.154.94 - - [31/Mar/2009:12:03:01 -0400] "GET /avatars/0000/0001/pic_nik_thumb.jpg?1237573168 HTTP/1.1" 304 - "http://isppractices.econsultation.ca/topics/show/7" "Mozilla/5.0 (Macintosh; U; Intel Mac OS X 10_5_6; en-us) AppleWebKit/528.16 (KHTML, like Gecko) Version/4.0 Safari/528.16"
206.248.154.94 - - [31/Mar/2009:12:03:01 -0400] "GET /images/search_go_1.jpg HTTP/1.1" 304 - "http://isppractices.econsultation.ca/topics/show/7" "Mozilla/5.0 (Macintosh; U; Intel Mac OS X 10_5_6; en-us) AppleWebKit/528.16 (KHTML, like Gecko) Version/4.0 Safari/528.16"
206.248.154.94 - - [31/Mar/2009:12:03:01 -0400] "GET /images/topNav_endCurve.png HTTP/1.1" 304 - "http://isppractices.econsultation.ca/topics/show/7" "Mozilla/5.0 (Macintosh; U; Intel Mac OS X 10_5_6; en-us) AppleWebKit/528.16 (KHTML, like Gecko) Version/4.0 Safari/528.16"
206.248.154.94 - - [31/Mar/2009:12:03:01 -0400] "GET /images/CRTC_2_1300px.jpg HTTP/1.1" 304 - "http://isppractices.econsultation.ca/topics/show/7" "Mozilla/5.0 (Macintosh; U; Intel Mac OS X 10_5_6; en-us) AppleWebKit/528.16 (KHTML, like Gecko) Version/4.0 Safari/528.16"
206.248.154.94 - - [31/Mar/2009:12:03:01 -0400] "GET /images/arrows.png HTTP/1.1" 304 - "http://isppractices.econsultation.ca/topics/show/7" "Mozilla/5.0 (Macintosh; U; Intel Mac OS X 10_5_6; en-us) AppleWebKit/528.16 (KHTML, like Gecko) Version/4.0 Safari/528.16"
206.248.154.94 - - [31/Mar/2009:12:03:01 -0400] "GET /images/feed-icon-14x14.png HTTP/1.1" 304 - "http://isppractices.econsultation.ca/topics/show/7" "Mozilla/5.0 (Macintosh; U; Intel Mac OS X 10_5_6; en-us) AppleWebKit/528.16 (KHTML, like Gecko) Version/4.0 Safari/528.16"
206.248.154.94 - - [31/Mar/2009:12:03:01 -0400] "GET /images/nanos_icon_23.png HTTP/1.1" 304 - "http://isppractices.econsultation.ca/topics/show/7" "Mozilla/5.0 (Macintosh; U; Intel Mac OS X 10_5_6; en-us) AppleWebKit/528.16 (KHTML, like Gecko) Version/4.0 Safari/528.16"
206.248.154.94 - - [31/Mar/2009:12:03:01 -0400] "GET /images/comment_bw.png HTTP/1.1" 304 - "http://isppractices.econsultation.ca/topics/show/7" "Mozilla/5.0 (Macintosh; U; Intel Mac OS X 10_5_6; en-us) AppleWebKit/528.16 (KHTML, like Gecko) Version/4.0 Safari/528.16"
206.47.249.251 - - [31/Mar/2009:12:03:04 -0400] "GET /topics/show/7 HTTP/1.1" 200 23489 "http://isppractices.econsultation.ca/topics/show/6" "Mozilla/4.0 (compatible; MSIE 6.0; Windows NT 5.1; SV1; .NET CLR 1.1.4322; .NET CLR 2.0.50727; .NET CLR 3.0.04506.30; .NET CLR 3.0.04506.648; MS-RTC LM 8; InfoPath.1)"
64.38.154.199 - - [31/Mar/2009:12:03:12 -0400] "POST /register HTTP/1.1" 302 103 "http://isppractices.econsultation.ca/register" "Mozilla/5.0 (Macintosh; U; Intel Mac OS X 10.5; en-US; rv:1.9.0.8) Gecko/2009032608 Firefox/3.0.8"
64.38.154.199 - - [31/Mar/2009:12:03:14 -0400] "GET / HTTP/1.1" 200 10812 "http://isppractices.econsultation.ca/register" "Mozilla/5.0 (Macintosh; U; Intel Mac OS X 10.5; en-US; rv:1.9.0.8) Gecko/2009032608 Firefox/3.0.8"
64.38.154.199 - - [31/Mar/2009:12:03:15 -0400] "GET /images/information.png HTTP/1.1" 200 918 "http://isppractices.econsultation.ca/stylesheets/base_1238427290.css" "Mozilla/5.0 (Macintosh; U; Intel Mac OS X 10.5; en-US; rv:1.9.0.8) Gecko/2009032608 Firefox/3.0.8"
64.38.154.199 - - [31/Mar/2009:12:03:20 -0400] "GET /topics/show/7?root=303 HTTP/1.1" 200 18442 "http://isppractices.econsultation.ca/" "Mozilla/5.0 (Macintosh; U; Intel Mac OS X 10.5; en-US; rv:1.9.0.8) Gecko/2009032608 Firefox/3.0.8"
64.38.154.199 - - [31/Mar/2009:12:03:21 -0400] "POST /talk/mark/303 HTTP/1.1" 201 1 "http://isppractices.econsultation.ca/topics/show/7?root=303" "Mozilla/5.0 (Macintosh; U; Intel Mac OS X 10.5; en-US; rv:1.9.0.8) Gecko/2009032608 Firefox/3.0.8"
206.248.154.94 - - [31/Mar/2009:12:03:24 -0400] "GET /topics/show/9 HTTP/1.1" 200 15570 "http://isppractices.econsultation.ca/topics/show/7" "Mozilla/5.0 (Macintosh; U; Intel Mac OS X 10_5_6; en-us) AppleWebKit/528.16 (KHTML, like Gecko) Version/4.0 Safari/528.16"
206.248.154.94 - - [31/Mar/2009:12:03:25 -0400] "GET /stylesheets/print.css HTTP/1.1" 304 - "http://isppractices.econsultation.ca/topics/show/9" "Mozilla/5.0 (Macintosh; U; Intel Mac OS X 10_5_6; en-us) AppleWebKit/528.16 (KHTML, like Gecko) Version/4.0 Safari/528.16"
206.248.154.94 - - [31/Mar/2009:12:03:25 -0400] "GET /javascripts/base_1238187983.js HTTP/1.1" 304 - "http://isppractices.econsultation.ca/topics/show/9" "Mozilla/5.0 (Macintosh; U; Intel Mac OS X 10_5_6; en-us) AppleWebKit/528.16 (KHTML, like Gecko) Version/4.0 Safari/528.16"
206.248.154.94 - - [31/Mar/2009:12:03:25 -0400] "GET /stylesheets/base_1238427290.css HTTP/1.1" 304 - "http://isppractices.econsultation.ca/topics/show/9" "Mozilla/5.0 (Macintosh; U; Intel Mac OS X 10_5_6; en-us) AppleWebKit/528.16 (KHTML, like Gecko) Version/4.0 Safari/528.16"
206.248.154.94 - - [31/Mar/2009:12:03:25 -0400] "GET /images/search_go_1.jpg HTTP/1.1" 304 - "http://isppractices.econsultation.ca/topics/show/9" "Mozilla/5.0 (Macintosh; U; Intel Mac OS X 10_5_6; en-us) AppleWebKit/528.16 (KHTML, like Gecko) Version/4.0 Safari/528.16"
206.248.154.94 - - [31/Mar/2009:12:03:25 -0400] "GET /images/feed-icon-14x14.png HTTP/1.1" 304 - "http://isppractices.econsultation.ca/topics/show/9" "Mozilla/5.0 (Macintosh; U; Intel Mac OS X 10_5_6; en-us) AppleWebKit/528.16 (KHTML, like Gecko) Version/4.0 Safari/528.16"
206.248.154.94 - - [31/Mar/2009:12:03:25 -0400] "GET /avatars/0000/0001/pic_nik_thumb.jpg?1237573168 HTTP/1.1" 304 - "http://isppractices.econsultation.ca/topics/show/9" "Mozilla/5.0 (Macintosh; U; Intel Mac OS X 10_5_6; en-us) AppleWebKit/528.16 (KHTML, like Gecko) Version/4.0 Safari/528.16"
206.248.154.94 - - [31/Mar/2009:12:03:25 -0400] "GET /images/comment_bw.png HTTP/1.1" 304 - "http://isppractices.econsultation.ca/topics/show/9" "Mozilla/5.0 (Macintosh; U; Intel Mac OS X 10_5_6; en-us) AppleWebKit/528.16 (KHTML, like Gecko) Version/4.0 Safari/528.16"
206.248.154.94 - - [31/Mar/2009:12:03:25 -0400] "GET /images/topNav_endCurve.png HTTP/1.1" 304 - "http://isppractices.econsultation.ca/topics/show/9" "Mozilla/5.0 (Macintosh; U; Intel Mac OS X 10_5_6; en-us) AppleWebKit/528.16 (KHTML, like Gecko) Version/4.0 Safari/528.16"
206.248.154.94 - - [31/Mar/2009:12:03:25 -0400] "GET /images/nanos_icon_23.png HTTP/1.1" 304 - "http://isppractices.econsultation.ca/topics/show/9" "Mozilla/5.0 (Macintosh; U; Intel Mac OS X 10_5_6; en-us) AppleWebKit/528.16 (KHTML, like Gecko) Version/4.0 Safari/528.16"
206.248.154.94 - - [31/Mar/2009:12:03:25 -0400] "GET /images/arrows.png HTTP/1.1" 304 - "http://isppractices.econsultation.ca/topics/show/9" "Mozilla/5.0 (Macintosh; U; Intel Mac OS X 10_5_6; en-us) AppleWebKit/528.16 (KHTML, like Gecko) Version/4.0 Safari/528.16"
206.248.154.94 - - [31/Mar/2009:12:03:25 -0400] "GET /images/CRTC_2_1300px.jpg HTTP/1.1" 304 - "http://isppractices.econsultation.ca/topics/show/9" "Mozilla/5.0 (Macintosh; U; Intel Mac OS X 10_5_6; en-us) AppleWebKit/528.16 (KHTML, like Gecko) Version/4.0 Safari/528.16"
64.38.154.199 - - [31/Mar/2009:12:03:28 -0400] "POST /topic/7/talk/new?parent_id=0 HTTP/1.1" 200 1208 "http://isppractices.econsultation.ca/topics/show/7?root=303" "Mozilla/5.0 (Macintosh; U; Intel Mac OS X 10.5; en-US; rv:1.9.0.8) Gecko/2009032608 Firefox/3.0.8"
64.38.154.199 - - [31/Mar/2009:12:03:29 -0400] "GET /images/busy.gif HTTP/1.1" 200 2209 "http://isppractices.econsultation.ca/topics/show/7?root=303" "Mozilla/5.0 (Macintosh; U; Intel Mac OS X 10.5; en-US; rv:1.9.0.8) Gecko/2009032608 Firefox/3.0.8"
207.179.144.100 - - [31/Mar/2009:12:03:35 -0400] "GET / HTTP/1.1" 200 15838 "http://www.crtc.gc.ca/eng/redirect.asp?URL=http://isppractices.econsultation.ca/" "Mozilla/5.0 (Windows; U; Windows NT 5.1; en-US; rv:1.9.0.8) Gecko/2009032609 Firefox/3.0.8 (.NET CLR 3.5.30729)"
207.179.144.100 - - [31/Mar/2009:12:03:37 -0400] "GET /stylesheets/print.css HTTP/1.1" 200 321 "http://isppractices.econsultation.ca/" "Mozilla/5.0 (Windows; U; Windows NT 5.1; en-US; rv:1.9.0.8) Gecko/2009032609 Firefox/3.0.8 (.NET CLR 3.5.30729)"
207.179.144.100 - - [31/Mar/2009:12:03:37 -0400] "GET /stylesheets/base_1238427290.css HTTP/1.1" 200 30105 "http://isppractices.econsultation.ca/" "Mozilla/5.0 (Windows; U; Windows NT 5.1; en-US; rv:1.9.0.8) Gecko/2009032609 Firefox/3.0.8 (.NET CLR 3.5.30729)"
207.179.144.100 - - [31/Mar/2009:12:03:37 -0400] "GET /javascripts/base_1238187983.js HTTP/1.1" 200 97264 "http://isppractices.econsultation.ca/" "Mozilla/5.0 (Windows; U; Windows NT 5.1; en-US; rv:1.9.0.8) Gecko/2009032609 Firefox/3.0.8 (.NET CLR 3.5.30729)"
207.179.144.100 - - [31/Mar/2009:12:03:37 -0400] "GET /favicon.ico HTTP/1.1" 200 - "-" "Mozilla/5.0 (Windows; U; Windows NT 5.1; en-US; rv:1.9.0.8) Gecko/2009032609 Firefox/3.0.8 (.NET CLR 3.5.30729)"
207.179.144.100 - - [31/Mar/2009:12:03:37 -0400] "GET /images/search_go_1.jpg HTTP/1.1" 200 665 "http://isppractices.econsultation.ca/" "Mozilla/5.0 (Windows; U; Windows NT 5.1; en-US; rv:1.9.0.8) Gecko/2009032609 Firefox/3.0.8 (.NET CLR 3.5.30729)"
207.179.144.100 - - [31/Mar/2009:12:03:37 -0400] "GET /images/feed-icon-14x14.png HTTP/1.1" 200 689 "http://isppractices.econsultation.ca/" "Mozilla/5.0 (Windows; U; Windows NT 5.1; en-US; rv:1.9.0.8) Gecko/2009032609 Firefox/3.0.8 (.NET CLR 3.5.30729)"
207.179.144.100 - - [31/Mar/2009:12:03:37 -0400] "GET /images/nanos_icon_23.png HTTP/1.1" 200 4797 "http://isppractices.econsultation.ca/" "Mozilla/5.0 (Windows; U; Windows NT 5.1; en-US; rv:1.9.0.8) Gecko/2009032609 Firefox/3.0.8 (.NET CLR 3.5.30729)"
207.179.144.100 - - [31/Mar/2009:12:03:37 -0400] "GET /images/topNav_endCurve.png HTTP/1.1" 200 433 "http://isppractices.econsultation.ca/stylesheets/base_1238427290.css" "Mozilla/5.0 (Windows; U; Windows NT 5.1; en-US; rv:1.9.0.8) Gecko/2009032609 Firefox/3.0.8 (.NET CLR 3.5.30729)"
207.179.144.100 - - [31/Mar/2009:12:03:37 -0400] "GET /images/CRTC_2_1300px.jpg HTTP/1.1" 200 72085 "http://isppractices.econsultation.ca/stylesheets/base_1238427290.css" "Mozilla/5.0 (Windows; U; Windows NT 5.1; en-US; rv:1.9.0.8) Gecko/2009032609 Firefox/3.0.8 (.NET CLR 3.5.30729)"
206.80.252.44 - - [31/Mar/2009:12:03:40 -0400] "GET / HTTP/1.1" 200 15838 "-" "Mozilla/4.0 (compatible; MSIE 7.0; Windows NT 5.1; .NET CLR 1.1.4322; .NET CLR 2.0.50727; .NET CLR 3.0.4506.2152; .NET CLR 3.5.30729)"
206.80.252.44 - - [31/Mar/2009:12:03:40 -0400] "GET /stylesheets/print.css HTTP/1.1" 200 321 "http://isppractices.econsultation.ca/" "Mozilla/4.0 (compatible; MSIE 7.0; Windows NT 5.1; .NET CLR 1.1.4322; .NET CLR 2.0.50727; .NET CLR 3.0.4506.2152; .NET CLR 3.5.30729)"
206.80.252.44 - - [31/Mar/2009:12:03:40 -0400] "GET /stylesheets/base_1238427290.css HTTP/1.1" 200 30105 "http://isppractices.econsultation.ca/" "Mozilla/4.0 (compatible; MSIE 7.0; Windows NT 5.1; .NET CLR 1.1.4322; .NET CLR 2.0.50727; .NET CLR 3.0.4506.2152; .NET CLR 3.5.30729)"
206.80.252.44 - - [31/Mar/2009:12:03:40 -0400] "GET /javascripts/base_1238187983.js HTTP/1.1" 200 97264 "http://isppractices.econsultation.ca/" "Mozilla/4.0 (compatible; MSIE 7.0; Windows NT 5.1; .NET CLR 1.1.4322; .NET CLR 2.0.50727; .NET CLR 3.0.4506.2152; .NET CLR 3.5.30729)"
206.80.252.44 - - [31/Mar/2009:12:03:40 -0400] "GET /stylesheets/redesign_IE.css HTTP/1.1" 200 4221 "http://isppractices.econsultation.ca/" "Mozilla/4.0 (compatible; MSIE 7.0; Windows NT 5.1; .NET CLR 1.1.4322; .NET CLR 2.0.50727; .NET CLR 3.0.4506.2152; .NET CLR 3.5.30729)"
206.80.252.44 - - [31/Mar/2009:12:03:40 -0400] "GET /images/search_go_1.jpg HTTP/1.1" 200 665 "http://isppractices.econsultation.ca/" "Mozilla/4.0 (compatible; MSIE 7.0; Windows NT 5.1; .NET CLR 1.1.4322; .NET CLR 2.0.50727; .NET CLR 3.0.4506.2152; .NET CLR 3.5.30729)"
206.80.252.44 - - [31/Mar/2009:12:03:40 -0400] "GET /images/feed-icon-14x14.png HTTP/1.1" 200 689 "http://isppractices.econsultation.ca/" "Mozilla/4.0 (compatible; MSIE 7.0; Windows NT 5.1; .NET CLR 1.1.4322; .NET CLR 2.0.50727; .NET CLR 3.0.4506.2152; .NET CLR 3.5.30729)"
206.80.252.44 - - [31/Mar/2009:12:03:40 -0400] "GET /images/nanos_icon_23.png HTTP/1.1" 200 4797 "http://isppractices.econsultation.ca/" "Mozilla/4.0 (compatible; MSIE 7.0; Windows NT 5.1; .NET CLR 1.1.4322; .NET CLR 2.0.50727; .NET CLR 3.0.4506.2152; .NET CLR 3.5.30729)"
206.80.252.44 - - [31/Mar/2009:12:03:40 -0400] "GET /images/topNav_endCurve.png HTTP/1.1" 200 433 "http://isppractices.econsultation.ca/" "Mozilla/4.0 (compatible; MSIE 7.0; Windows NT 5.1; .NET CLR 1.1.4322; .NET CLR 2.0.50727; .NET CLR 3.0.4506.2152; .NET CLR 3.5.30729)"
206.80.252.44 - - [31/Mar/2009:12:03:40 -0400] "GET /images/CRTC_2_1300px.jpg HTTP/1.1" 200 72085 "http://isppractices.econsultation.ca/" "Mozilla/4.0 (compatible; MSIE 7.0; Windows NT 5.1; .NET CLR 1.1.4322; .NET CLR 2.0.50727; .NET CLR 3.0.4506.2152; .NET CLR 3.5.30729)"
206.80.252.44 - - [31/Mar/2009:12:03:41 -0400] "GET /favicon.ico HTTP/1.1" 200 - "-" "Mozilla/4.0 (compatible; MSIE 7.0; Windows NT 5.1; .NET CLR 1.1.4322; .NET CLR 2.0.50727; .NET CLR 3.0.4506.2152; .NET CLR 3.5.30729)"
206.47.249.251 - - [31/Mar/2009:12:03:44 -0400] "POST /talk/mark/302 HTTP/1.1" 201 1 "http://isppractices.econsultation.ca/topics/show/7" "Mozilla/4.0 (compatible; MSIE 6.0; Windows NT 5.1; SV1; .NET CLR 1.1.4322; .NET CLR 2.0.50727; .NET CLR 3.0.04506.30; .NET CLR 3.0.04506.648; MS-RTC LM 8; InfoPath.1)"
66.252.146.2 - - [31/Mar/2009:12:03:54 -0400] "GET /topics/show/9 HTTP/1.1" 200 10524 "http://isppractices.econsultation.ca/topics/show/8" "Mozilla/4.0 (compatible; MSIE 7.0; Windows NT 5.1; .NET CLR 1.1.4322; .NET CLR 2.0.50727; .NET CLR 3.0.04506.648; .NET CLR 3.5.21022)"
206.47.249.251 - - [31/Mar/2009:12:03:54 -0400] "GET /topics/show/8 HTTP/1.1" 200 18882 "http://isppractices.econsultation.ca/topics/show/6" "Mozilla/4.0 (compatible; MSIE 6.0; Windows NT 5.1; SV1; .NET CLR 1.1.4322; .NET CLR 2.0.50727; .NET CLR 3.0.04506.30; .NET CLR 3.0.04506.648; MS-RTC LM 8; InfoPath.1)"
66.252.146.2 - - [31/Mar/2009:12:03:58 -0400] "GET /topics/show/10 HTTP/1.1" 200 14800 "http://isppractices.econsultation.ca/topics/show/9" "Mozilla/4.0 (compatible; MSIE 7.0; Windows NT 5.1; .NET CLR 1.1.4322; .NET CLR 2.0.50727; .NET CLR 3.0.04506.648; .NET CLR 3.5.21022)"
66.252.146.2 - - [31/Mar/2009:12:04:01 -0400] "POST /talk/mark/306 HTTP/1.1" 201 1 "http://isppractices.econsultation.ca/topics/show/10" "Mozilla/4.0 (compatible; MSIE 7.0; Windows NT 5.1; .NET CLR 1.1.4322; .NET CLR 2.0.50727; .NET CLR 3.0.04506.648; .NET CLR 3.5.21022)"
206.47.249.251 - - [31/Mar/2009:12:04:03 -0400] "GET /topics/show/9 HTTP/1.1" 200 15570 "http://isppractices.econsultation.ca/topics/show/6" "Mozilla/4.0 (compatible; MSIE 6.0; Windows NT 5.1; SV1; .NET CLR 1.1.4322; .NET CLR 2.0.50727; .NET CLR 3.0.04506.30; .NET CLR 3.0.04506.648; MS-RTC LM 8; InfoPath.1)"
150.70.84.44 - - [31/Mar/2009:12:04:08 -0400] "GET /topics/show/7 HTTP/1.0" 200 23489 "-" "Mozilla/4.0 (compatible; MSIE 6.0; Windows NT 5.1)"
206.47.249.251 - - [31/Mar/2009:12:04:14 -0400] "GET /topics/show/6 HTTP/1.1" 200 13799 "http://isppractices.econsultation.ca/topics/show/6" "Mozilla/4.0 (compatible; MSIE 6.0; Windows NT 5.1; SV1; .NET CLR 1.1.4322; .NET CLR 2.0.50727; .NET CLR 3.0.04506.30; .NET CLR 3.0.04506.648; MS-RTC LM 8; InfoPath.1)"
206.47.249.251 - - [31/Mar/2009:12:04:20 -0400] "GET /topics/show/7 HTTP/1.1" 200 23489 "http://isppractices.econsultation.ca/" "Mozilla/4.0 (compatible; MSIE 6.0; Windows NT 5.1; SV1; .NET CLR 1.1.4322; .NET CLR 2.0.50727; .NET CLR 3.0.04506.30; .NET CLR 3.0.04506.648; MS-RTC LM 8; InfoPath.1)"
216.254.187.19 - - [31/Mar/2009:12:04:20 -0400] "GET / HTTP/1.1" 200 15838 "-" "Mozilla/5.0 (compatible; Konqueror/3.5; Linux) KHTML/3.5.10 (like Gecko) (Kubuntu)"
216.254.187.19 - - [31/Mar/2009:12:04:21 -0400] "GET /stylesheets/print.css HTTP/1.1" 200 321 "http://isppractices.econsultation.ca/" "Mozilla/5.0 (compatible; Konqueror/3.5; Linux) KHTML/3.5.10 (like Gecko) (Kubuntu)"
216.254.187.19 - - [31/Mar/2009:12:04:21 -0400] "GET /stylesheets/base_1238427290.css HTTP/1.1" 200 30105 "http://isppractices.econsultation.ca/" "Mozilla/5.0 (compatible; Konqueror/3.5; Linux) KHTML/3.5.10 (like Gecko) (Kubuntu)"
216.254.187.19 - - [31/Mar/2009:12:04:21 -0400] "GET /javascripts/base_1238187983.js HTTP/1.1" 200 97264 "http://isppractices.econsultation.ca/" "Mozilla/5.0 (compatible; Konqueror/3.5; Linux) KHTML/3.5.10 (like Gecko) (Kubuntu)"
216.254.187.19 - - [31/Mar/2009:12:04:22 -0400] "GET /images/information.png HTTP/1.1" 200 918 "http://isppractices.econsultation.ca/" "Mozilla/5.0 (compatible; Konqueror/3.5; Linux) KHTML/3.5.10 (like Gecko) (Kubuntu)"
216.254.187.19 - - [31/Mar/2009:12:04:22 -0400] "GET /images/comment_bw.png HTTP/1.1" 200 384 "http://isppractices.econsultation.ca/" "Mozilla/5.0 (compatible; Konqueror/3.5; Linux) KHTML/3.5.10 (like Gecko) (Kubuntu)"
216.254.187.19 - - [31/Mar/2009:12:04:22 -0400] "GET /images/error.png HTTP/1.1" 200 737 "http://isppractices.econsultation.ca/" "Mozilla/5.0 (compatible; Konqueror/3.5; Linux) KHTML/3.5.10 (like Gecko) (Kubuntu)"
216.254.187.19 - - [31/Mar/2009:12:04:22 -0400] "GET /images/BOX-BACK.jpg HTTP/1.1" 200 1025 "http://isppractices.econsultation.ca/" "Mozilla/5.0 (compatible; Konqueror/3.5; Linux) KHTML/3.5.10 (like Gecko) (Kubuntu)"
216.254.187.19 - - [31/Mar/2009:12:04:22 -0400] "GET /images/arrows.png HTTP/1.1" 200 216 "http://isppractices.econsultation.ca/" "Mozilla/5.0 (compatible; Konqueror/3.5; Linux) KHTML/3.5.10 (like Gecko) (Kubuntu)"
216.254.187.19 - - [31/Mar/2009:12:04:22 -0400] "GET /images/CRTC_2_1300px.jpg HTTP/1.1" 200 72085 "http://isppractices.econsultation.ca/" "Mozilla/5.0 (compatible; Konqueror/3.5; Linux) KHTML/3.5.10 (like Gecko) (Kubuntu)"
216.254.187.19 - - [31/Mar/2009:12:04:23 -0400] "GET /images/header/residents.jpg HTTP/1.1" 500 2349 "http://isppractices.econsultation.ca/" "Mozilla/5.0 (compatible; Konqueror/3.5; Linux) KHTML/3.5.10 (like Gecko) (Kubuntu)"
216.254.187.19 - - [31/Mar/2009:12:04:23 -0400] "GET /images/header/business.jpg HTTP/1.1" 500 2349 "http://isppractices.econsultation.ca/" "Mozilla/5.0 (compatible; Konqueror/3.5; Linux) KHTML/3.5.10 (like Gecko) (Kubuntu)"
216.254.187.19 - - [31/Mar/2009:12:04:23 -0400] "GET /images/topNav_endCurve_black.png HTTP/1.1" 200 447 "http://isppractices.econsultation.ca/" "Mozilla/5.0 (compatible; Konqueror/3.5; Linux) KHTML/3.5.10 (like Gecko) (Kubuntu)"
216.254.187.19 - - [31/Mar/2009:12:04:23 -0400] "GET /images/topNav_endCurve.png HTTP/1.1" 200 433 "http://isppractices.econsultation.ca/" "Mozilla/5.0 (compatible; Konqueror/3.5; Linux) KHTML/3.5.10 (like Gecko) (Kubuntu)"
216.254.187.19 - - [31/Mar/2009:12:04:23 -0400] "GET /images/header/home.jpg HTTP/1.1" 500 2349 "http://isppractices.econsultation.ca/" "Mozilla/5.0 (compatible; Konqueror/3.5; Linux) KHTML/3.5.10 (like Gecko) (Kubuntu)"
216.254.187.19 - - [31/Mar/2009:12:04:23 -0400] "GET /images/right_end.gif HTTP/1.1" 200 131 "http://isppractices.econsultation.ca/" "Mozilla/5.0 (compatible; Konqueror/3.5; Linux) KHTML/3.5.10 (like Gecko) (Kubuntu)"
216.254.187.19 - - [31/Mar/2009:12:04:23 -0400] "GET /images/header/visitors.jpg HTTP/1.1" 500 2349 "http://isppractices.econsultation.ca/" "Mozilla/5.0 (compatible; Konqueror/3.5; Linux) KHTML/3.5.10 (like Gecko) (Kubuntu)"
216.254.187.19 - - [31/Mar/2009:12:04:23 -0400] "GET /images/header/online_services.jpg HTTP/1.1" 500 2349 "http://isppractices.econsultation.ca/" "Mozilla/5.0 (compatible; Konqueror/3.5; Linux) KHTML/3.5.10 (like Gecko) (Kubuntu)"
216.254.187.19 - - [31/Mar/2009:12:04:23 -0400] "GET /images/faq.jpg HTTP/1.1" 200 701 "http://isppractices.econsultation.ca/" "Mozilla/5.0 (compatible; Konqueror/3.5; Linux) KHTML/3.5.10 (like Gecko) (Kubuntu)"
216.254.187.19 - - [31/Mar/2009:12:04:23 -0400] "GET /images/header/city_hall.jpg HTTP/1.1" 500 2349 "http://isppractices.econsultation.ca/" "Mozilla/5.0 (compatible; Konqueror/3.5; Linux) KHTML/3.5.10 (like Gecko) (Kubuntu)"
216.254.187.19 - - [31/Mar/2009:12:04:23 -0400] "GET /residents/immigration/images/callout_blue_bottom.gif HTTP/1.1" 500 2349 "http://isppractices.econsultation.ca/" "Mozilla/5.0 (compatible; Konqueror/3.5; Linux) KHTML/3.5.10 (like Gecko) (Kubuntu)"
216.254.187.19 - - [31/Mar/2009:12:04:23 -0400] "GET /residents/immigration/images/callout_orange_top.gif HTTP/1.1" 500 2349 "http://isppractices.econsultation.ca/" "Mozilla/5.0 (compatible; Konqueror/3.5; Linux) KHTML/3.5.10 (like Gecko) (Kubuntu)"
216.254.187.19 - - [31/Mar/2009:12:04:23 -0400] "GET /residents/immigration/images/callout_orange_bottom.gif HTTP/1.1" 500 2349 "http://isppractices.econsultation.ca/" "Mozilla/5.0 (compatible; Konqueror/3.5; Linux) KHTML/3.5.10 (like Gecko) (Kubuntu)"
216.254.187.19 - - [31/Mar/2009:12:04:23 -0400] "GET /images/webcast01.jpg HTTP/1.1" 500 2349 "http://isppractices.econsultation.ca/" "Mozilla/5.0 (compatible; Konqueror/3.5; Linux) KHTML/3.5.10 (like Gecko) (Kubuntu)"
216.254.187.19 - - [31/Mar/2009:12:04:23 -0400] "GET /residents/immigration/images/icon_firstdays_en.gif HTTP/1.1" 500 2349 "http://isppractices.econsultation.ca/" "Mozilla/5.0 (compatible; Konqueror/3.5; Linux) KHTML/3.5.10 (like Gecko) (Kubuntu)"
216.254.187.19 - - [31/Mar/2009:12:04:23 -0400] "GET /residents/immigration/images/icon_whychoose_en.gif HTTP/1.1" 500 2349 "http://isppractices.econsultation.ca/" "Mozilla/5.0 (compatible; Konqueror/3.5; Linux) KHTML/3.5.10 (like Gecko) (Kubuntu)"
216.254.187.19 - - [31/Mar/2009:12:04:23 -0400] "GET /residents/immigration/images/callout_blue_top.gif HTTP/1.1" 500 2349 "http://isppractices.econsultation.ca/" "Mozilla/5.0 (compatible; Konqueror/3.5; Linux) KHTML/3.5.10 (like Gecko) (Kubuntu)"
216.254.187.19 - - [31/Mar/2009:12:04:23 -0400] "GET /residents/immigration/images/icon_employment_en.gif HTTP/1.1" 500 2349 "http://isppractices.econsultation.ca/" "Mozilla/5.0 (compatible; Konqueror/3.5; Linux) KHTML/3.5.10 (like Gecko) (Kubuntu)"
216.254.187.19 - - [31/Mar/2009:12:04:23 -0400] "GET /residents/immigration/images/icon_living_en.gif HTTP/1.1" 500 2349 "http://isppractices.econsultation.ca/" "Mozilla/5.0 (compatible; Konqueror/3.5; Linux) KHTML/3.5.10 (like Gecko) (Kubuntu)"
216.254.187.19 - - [31/Mar/2009:12:04:23 -0400] "GET /residents/immigration/images/icon_welcomeguide_en.gif HTTP/1.1" 500 2349 "http://isppractices.econsultation.ca/" "Mozilla/5.0 (compatible; Konqueror/3.5; Linux) KHTML/3.5.10 (like Gecko) (Kubuntu)"
216.254.187.19 - - [31/Mar/2009:12:04:23 -0400] "GET /residents/immigration/images/icon_whatsnew_en.gif HTTP/1.1" 500 2349 "http://isppractices.econsultation.ca/" "Mozilla/5.0 (compatible; Konqueror/3.5; Linux) KHTML/3.5.10 (like Gecko) (Kubuntu)"
216.254.187.19 - - [31/Mar/2009:12:04:23 -0400] "GET /residents/immigration/images/icon_faq_en.gif HTTP/1.1" 500 2349 "http://isppractices.econsultation.ca/" "Mozilla/5.0 (compatible; Konqueror/3.5; Linux) KHTML/3.5.10 (like Gecko) (Kubuntu)"
216.254.187.19 - - [31/Mar/2009:12:04:24 -0400] "GET /residents/immigration/images/icon_myottawa_en.gif HTTP/1.1" 500 2349 "http://isppractices.econsultation.ca/" "Mozilla/5.0 (compatible; Konqueror/3.5; Linux) KHTML/3.5.10 (like Gecko) (Kubuntu)"
216.254.187.19 - - [31/Mar/2009:12:04:24 -0400] "GET /images/search_go_1.jpg HTTP/1.1" 200 665 "http://isppractices.econsultation.ca/" "Mozilla/5.0 (compatible; Konqueror/3.5; Linux) KHTML/3.5.10 (like Gecko) (Kubuntu)"
216.254.187.19 - - [31/Mar/2009:12:04:24 -0400] "GET /images/feed-icon-14x14.png HTTP/1.1" 200 689 "http://isppractices.econsultation.ca/" "Mozilla/5.0 (compatible; Konqueror/3.5; Linux) KHTML/3.5.10 (like Gecko) (Kubuntu)"
216.254.187.19 - - [31/Mar/2009:12:04:24 -0400] "GET /images/nanos_icon_23.png HTTP/1.1" 200 4797 "http://isppractices.econsultation.ca/" "Mozilla/5.0 (compatible; Konqueror/3.5; Linux) KHTML/3.5.10 (like Gecko) (Kubuntu)"
66.252.146.2 - - [31/Mar/2009:12:04:25 -0400] "GET /topics/show/11 HTTP/1.1" 200 13079 "http://isppractices.econsultation.ca/topics/show/10" "Mozilla/4.0 (compatible; MSIE 7.0; Windows NT 5.1; .NET CLR 1.1.4322; .NET CLR 2.0.50727; .NET CLR 3.0.04506.648; .NET CLR 3.5.21022)"
