76.10.148.56 - - [31/Mar/2009:13:08:43 -0400] "GET /images/search_go_1.jpg HTTP/1.1" 200 665 "http://isppractices.econsultation.ca/" "Mozilla/4.0 (compatible; MSIE 7.0; Windows NT 6.0; SLCC1; .NET CLR 2.0.50727; Media Center PC 5.0; .NET CLR 3.0.04506; InfoPath.2)"
76.10.148.56 - - [31/Mar/2009:13:08:43 -0400] "GET /images/feed-icon-14x14.png HTTP/1.1" 200 689 "http://isppractices.econsultation.ca/" "Mozilla/4.0 (compatible; MSIE 7.0; Windows NT 6.0; SLCC1; .NET CLR 2.0.50727; Media Center PC 5.0; .NET CLR 3.0.04506; InfoPath.2)"
76.10.148.56 - - [31/Mar/2009:13:08:43 -0400] "GET /images/nanos_icon_23.png HTTP/1.1" 200 4797 "http://isppractices.econsultation.ca/" "Mozilla/4.0 (compatible; MSIE 7.0; Windows NT 6.0; SLCC1; .NET CLR 2.0.50727; Media Center PC 5.0; .NET CLR 3.0.04506; InfoPath.2)"
76.10.148.56 - - [31/Mar/2009:13:08:43 -0400] "GET /images/topNav_endCurve.png HTTP/1.1" 200 433 "http://isppractices.econsultation.ca/" "Mozilla/4.0 (compatible; MSIE 7.0; Windows NT 6.0; SLCC1; .NET CLR 2.0.50727; Media Center PC 5.0; .NET CLR 3.0.04506; InfoPath.2)"
76.10.148.56 - - [31/Mar/2009:13:08:43 -0400] "GET /images/CRTC_2_1300px.jpg HTTP/1.1" 200 72085 "http://isppractices.econsultation.ca/" "Mozilla/4.0 (compatible; MSIE 7.0; Windows NT 6.0; SLCC1; .NET CLR 2.0.50727; Media Center PC 5.0; .NET CLR 3.0.04506; InfoPath.2)"
76.10.148.56 - - [31/Mar/2009:13:08:50 -0400] "GET /topics/show/7?root=310 HTTP/1.1" 200 33132 "http://isppractices.econsultation.ca/" "Mozilla/4.0 (compatible; MSIE 7.0; Windows NT 6.0; SLCC1; .NET CLR 2.0.50727; Media Center PC 5.0; .NET CLR 3.0.04506; InfoPath.2)"
76.10.148.56 - - [31/Mar/2009:13:08:51 -0400] "GET /images/BOX-BACK.jpg HTTP/1.1" 200 1025 "http://isppractices.econsultation.ca/topics/show/7?root=310" "Mozilla/4.0 (compatible; MSIE 7.0; Windows NT 6.0; SLCC1; .NET CLR 2.0.50727; Media Center PC 5.0; .NET CLR 3.0.04506; InfoPath.2)"
76.10.148.56 - - [31/Mar/2009:13:08:51 -0400] "GET /images/comment_bw.png HTTP/1.1" 200 384 "http://isppractices.econsultation.ca/topics/show/7?root=310" "Mozilla/4.0 (compatible; MSIE 7.0; Windows NT 6.0; SLCC1; .NET CLR 2.0.50727; Media Center PC 5.0; .NET CLR 3.0.04506; InfoPath.2)"
76.10.148.56 - - [31/Mar/2009:13:08:51 -0400] "GET /avatars/0000/0001/pic_nik_thumb.jpg?1237573168 HTTP/1.1" 200 5862 "http://isppractices.econsultation.ca/topics/show/7?root=310" "Mozilla/4.0 (compatible; MSIE 7.0; Windows NT 6.0; SLCC1; .NET CLR 2.0.50727; Media Center PC 5.0; .NET CLR 3.0.04506; InfoPath.2)"
76.10.148.56 - - [31/Mar/2009:13:08:51 -0400] "GET /images/arrows.png HTTP/1.1" 200 216 "http://isppractices.econsultation.ca/topics/show/7?root=310" "Mozilla/4.0 (compatible; MSIE 7.0; Windows NT 6.0; SLCC1; .NET CLR 2.0.50727; Media Center PC 5.0; .NET CLR 3.0.04506; InfoPath.2)"
76.10.148.56 - - [31/Mar/2009:13:08:52 -0400] "POST /talk/mark/310 HTTP/1.1" 201 1 "http://isppractices.econsultation.ca/topics/show/7?root=310#comment_310" "Mozilla/4.0 (compatible; MSIE 7.0; Windows NT 6.0; SLCC1; .NET CLR 2.0.50727; Media Center PC 5.0; .NET CLR 3.0.04506; InfoPath.2)"
69.196.158.74 - - [31/Mar/2009:13:08:53 -0400] "GET /topics/show/9 HTTP/1.1" 200 21026 "http://isppractices.econsultation.ca/topics/show/8" "Mozilla/5.0 (X11; U; Linux i686; en-US; rv:1.9.0.7) Gecko/2009031120 Mandriva/1.9.0.7-0.1mdv2009.0 (2009.0) Firefox/3.0.7"
199.214.192.50 - - [31/Mar/2009:13:08:55 -0400] "GET / HTTP/1.1" 200 16842 "-" "Mozilla/4.0 (compatible; MSIE 6.0; Windows NT 5.1; SV1; .NET CLR 1.1.4322; .NET CLR 2.0.50727; InfoPath.1)"
70.24.142.104 - - [31/Mar/2009:13:08:56 -0400] "GET /topics/show/9 HTTP/1.1" 200 15975 "http://isppractices.econsultation.ca/" "Mozilla/5.0 (Macintosh; U; Intel Mac OS X 10.4; en-US; rv:1.9.0.8) Gecko/2009032608 Firefox/3.0.8"
199.214.192.50 - - [31/Mar/2009:13:08:56 -0400] "GET /javascripts/base_1238187983.js HTTP/1.1" 200 97264 "http://isppractices.econsultation.ca/" "Mozilla/4.0 (compatible; MSIE 6.0; Windows NT 5.1; SV1; .NET CLR 1.1.4322; .NET CLR 2.0.50727; InfoPath.1)"
70.24.142.104 - - [31/Mar/2009:13:08:57 -0400] "GET /images/comment_bw.png HTTP/1.1" 200 384 "http://isppractices.econsultation.ca/stylesheets/base_1238427290.css" "Mozilla/5.0 (Macintosh; U; Intel Mac OS X 10.4; en-US; rv:1.9.0.8) Gecko/2009032608 Firefox/3.0.8"
199.214.192.50 - - [31/Mar/2009:13:08:56 -0400] "GET /stylesheets/print.css HTTP/1.1" 200 321 "http://isppractices.econsultation.ca/" "Mozilla/4.0 (compatible; MSIE 6.0; Windows NT 5.1; SV1; .NET CLR 1.1.4322; .NET CLR 2.0.50727; InfoPath.1)"
70.24.142.104 - - [31/Mar/2009:13:08:57 -0400] "GET /avatars/0000/0001/pic_nik_thumb.jpg?1237573168 HTTP/1.1" 200 5862 "http://isppractices.econsultation.ca/topics/show/9" "Mozilla/5.0 (Macintosh; U; Intel Mac OS X 10.4; en-US; rv:1.9.0.8) Gecko/2009032608 Firefox/3.0.8"
70.24.142.104 - - [31/Mar/2009:13:08:57 -0400] "GET /images/BOX-BACK.jpg HTTP/1.1" 200 1025 "http://isppractices.econsultation.ca/stylesheets/base_1238427290.css" "Mozilla/5.0 (Macintosh; U; Intel Mac OS X 10.4; en-US; rv:1.9.0.8) Gecko/2009032608 Firefox/3.0.8"
70.24.142.104 - - [31/Mar/2009:13:08:57 -0400] "GET /images/arrows.png HTTP/1.1" 200 216 "http://isppractices.econsultation.ca/stylesheets/base_1238427290.css" "Mozilla/5.0 (Macintosh; U; Intel Mac OS X 10.4; en-US; rv:1.9.0.8) Gecko/2009032608 Firefox/3.0.8"
216.252.76.42 - - [31/Mar/2009:13:08:56 -0400] "GET / HTTP/1.1" 200 11770 "http://www.dslreports.com/forum/r22157825-CRTC-opens-online-consultation-on-throttling" "Mozilla/5.0 (Windows; U; Windows NT 6.0; en-US; rv:1.9.1b4pre) Gecko/20090328 Shiretoko/3.5b4pre"
199.214.192.50 - - [31/Mar/2009:13:08:57 -0400] "GET /stylesheets/base_1238427290.css HTTP/1.1" 200 30105 "http://isppractices.econsultation.ca/" "Mozilla/4.0 (compatible; MSIE 6.0; Windows NT 5.1; SV1; .NET CLR 1.1.4322; .NET CLR 2.0.50727; InfoPath.1)"
70.24.142.104 - - [31/Mar/2009:13:08:57 -0400] "GET /rss?lang=en HTTP/1.1" 200 3912 "-" "Mozilla/5.0 (Macintosh; U; Intel Mac OS X 10.4; en-US; rv:1.9.0.8) Gecko/2009032608 Firefox/3.0.8"
199.214.192.50 - - [31/Mar/2009:13:08:57 -0400] "GET /stylesheets/redesign_IE.css HTTP/1.1" 200 4221 "http://isppractices.econsultation.ca/" "Mozilla/4.0 (compatible; MSIE 6.0; Windows NT 5.1; SV1; .NET CLR 1.1.4322; .NET CLR 2.0.50727; InfoPath.1)"
199.214.192.50 - - [31/Mar/2009:13:08:57 -0400] "GET /images/search_go_1.jpg HTTP/1.1" 200 665 "http://isppractices.econsultation.ca/" "Mozilla/4.0 (compatible; MSIE 6.0; Windows NT 5.1; SV1; .NET CLR 1.1.4322; .NET CLR 2.0.50727; InfoPath.1)"
199.214.192.50 - - [31/Mar/2009:13:08:57 -0400] "GET /images/feed-icon-14x14.png HTTP/1.1" 200 689 "http://isppractices.econsultation.ca/" "Mozilla/4.0 (compatible; MSIE 6.0; Windows NT 5.1; SV1; .NET CLR 1.1.4322; .NET CLR 2.0.50727; InfoPath.1)"
199.214.192.50 - - [31/Mar/2009:13:08:57 -0400] "GET /images/topNav_endCurve.png HTTP/1.1" 200 433 "-" "Mozilla/4.0 (compatible; MSIE 6.0; Windows NT 5.1; SV1; .NET CLR 1.1.4322; .NET CLR 2.0.50727; InfoPath.1)"
199.214.192.50 - - [31/Mar/2009:13:08:57 -0400] "GET /images/CRTC_2_1300px.jpg HTTP/1.1" 200 72085 "http://isppractices.econsultation.ca/" "Mozilla/4.0 (compatible; MSIE 6.0; Windows NT 5.1; SV1; .NET CLR 1.1.4322; .NET CLR 2.0.50727; InfoPath.1)"
199.214.192.50 - - [31/Mar/2009:13:08:57 -0400] "GET /images/nanos_icon_23.png HTTP/1.1" 200 4797 "http://isppractices.econsultation.ca/" "Mozilla/4.0 (compatible; MSIE 6.0; Windows NT 5.1; SV1; .NET CLR 1.1.4322; .NET CLR 2.0.50727; InfoPath.1)"
216.252.76.42 - - [31/Mar/2009:13:09:00 -0400] "GET /topics/show/6 HTTP/1.1" 200 8753 "http://isppractices.econsultation.ca/" "Mozilla/5.0 (Windows; U; Windows NT 6.0; en-US; rv:1.9.1b4pre) Gecko/20090328 Shiretoko/3.5b4pre"
208.96.53.84 - - [31/Mar/2009:13:09:01 -0400] "GET / HTTP/1.1" 200 16842 "-" "Mozilla/5.0 (compatible; redditbot/1.0; +http://www.reddit.com/feedback)"
216.252.76.42 - - [31/Mar/2009:13:09:02 -0400] "GET /topics/show/7 HTTP/1.1" 200 28822 "http://isppractices.econsultation.ca/topics/show/6" "Mozilla/5.0 (Windows; U; Windows NT 6.0; en-US; rv:1.9.1b4pre) Gecko/20090328 Shiretoko/3.5b4pre"
66.46.199.130 - - [31/Mar/2009:13:09:07 -0400] "GET / HTTP/1.1" 200 16842 "http://www.crtc.gc.ca/eng/redirect.asp?URL=http://isppractices.econsultation.ca/" "Mozilla/5.0 (Windows; U; Windows NT 5.1; en-GB; rv:1.9.0.8) Gecko/2009032609 Firefox/3.0.8"
198.73.193.2 - - [31/Mar/2009:13:09:11 -0400] "GET /topics/show/10 HTTP/1.1" 200 25501 "http://isppractices.econsultation.ca/topics/show/9" "Mozilla/5.0 (Windows; U; Windows NT 5.1; en-GB; rv:1.9.0.7) Gecko/2009021910 Firefox/3.0.7"
76.10.148.56 - - [31/Mar/2009:13:09:12 -0400] "POST /talk/mark/308 HTTP/1.1" 201 1 "http://isppractices.econsultation.ca/topics/show/7?root=310#comment_310" "Mozilla/4.0 (compatible; MSIE 7.0; Windows NT 6.0; SLCC1; .NET CLR 2.0.50727; Media Center PC 5.0; .NET CLR 3.0.04506; InfoPath.2)"
72.30.65.46 - - [31/Mar/2009:13:09:16 -0400] "GET /robots.txt HTTP/1.0" 200 99 "-" "Mozilla/5.0 (compatible; Yahoo! Slurp; http://help.yahoo.com/help/us/ysearch/slurp)"
72.30.65.46 - - [31/Mar/2009:13:09:16 -0400] "GET / HTTP/1.0" 200 16842 "-" "Mozilla/5.0 (compatible; Yahoo! Slurp/3.0; http://help.yahoo.com/help/us/ysearch/slurp)"
72.30.65.46 - - [31/Mar/2009:13:09:17 -0400] "GET /stylesheets/base_1238427290.css HTTP/1.0" 200 30105 "http://isppractices.econsultation.ca/" "Mozilla/5.0 (compatible; Yahoo! Slurp/3.0; http://help.yahoo.com/help/us/ysearch/slurp)"
72.30.65.46 - - [31/Mar/2009:13:09:17 -0400] "GET /stylesheets/print.css HTTP/1.0" 200 321 "http://isppractices.econsultation.ca/" "Mozilla/5.0 (compatible; Yahoo! Slurp/3.0; http://help.yahoo.com/help/us/ysearch/slurp)"
69.196.168.100 - - [31/Mar/2009:13:09:19 -0400] "POST /rater/create/comment_rating/308 HTTP/1.1" 200 225 "http://isppractices.econsultation.ca/topics/show/7" "Mozilla/5.0 (Macintosh; U; PPC Mac OS X 10_4_11; en) AppleWebKit/525.27.1 (KHTML, like Gecko) Version/3.2.1 Safari/525.27.1"
216.252.76.42 - - [31/Mar/2009:13:09:19 -0400] "GET /topics/show/8 HTTP/1.1" 200 13466 "http://isppractices.econsultation.ca/topics/show/7" "Mozilla/5.0 (Windows; U; Windows NT 6.0; en-US; rv:1.9.1b4pre) Gecko/20090328 Shiretoko/3.5b4pre"
216.252.76.42 - - [31/Mar/2009:13:09:22 -0400] "GET /topics/show/9 HTTP/1.1" 200 15147 "http://isppractices.econsultation.ca/topics/show/8" "Mozilla/5.0 (Windows; U; Windows NT 6.0; en-US; rv:1.9.1b4pre) Gecko/20090328 Shiretoko/3.5b4pre"
47.129.110.61 - - [31/Mar/2009:13:09:22 -0400] "GET / HTTP/1.1" 200 17160 "-" "Mozilla/5.0 (Windows; U; Windows NT 5.1; en-US; rv:1.9.0.8) Gecko/2009032609 Firefox/3.0.8"
47.129.110.61 - - [31/Mar/2009:13:09:23 -0400] "GET /stylesheets/print.css HTTP/1.1" 200 321 "http://isppractices.econsultation.ca/" "Mozilla/5.0 (Windows; U; Windows NT 5.1; en-US; rv:1.9.0.8) Gecko/2009032609 Firefox/3.0.8"
47.129.110.61 - - [31/Mar/2009:13:09:23 -0400] "GET /stylesheets/base_1238427290.css HTTP/1.1" 200 30105 "http://isppractices.econsultation.ca/" "Mozilla/5.0 (Windows; U; Windows NT 5.1; en-US; rv:1.9.0.8) Gecko/2009032609 Firefox/3.0.8"
47.129.110.61 - - [31/Mar/2009:13:09:23 -0400] "GET /javascripts/base_1238187983.js HTTP/1.1" 200 97264 "http://isppractices.econsultation.ca/" "Mozilla/5.0 (Windows; U; Windows NT 5.1; en-US; rv:1.9.0.8) Gecko/2009032609 Firefox/3.0.8"
47.129.110.61 - - [31/Mar/2009:13:09:23 -0400] "GET /favicon.ico HTTP/1.1" 200 - "-" "Mozilla/5.0 (Windows; U; Windows NT 5.1; en-US; rv:1.9.0.8) Gecko/2009032609 Firefox/3.0.8"
47.129.110.61 - - [31/Mar/2009:13:09:23 -0400] "GET /images/search_go_1.jpg HTTP/1.1" 200 665 "http://isppractices.econsultation.ca/" "Mozilla/5.0 (Windows; U; Windows NT 5.1; en-US; rv:1.9.0.8) Gecko/2009032609 Firefox/3.0.8"
47.129.110.61 - - [31/Mar/2009:13:09:23 -0400] "GET /images/feed-icon-14x14.png HTTP/1.1" 200 689 "http://isppractices.econsultation.ca/" "Mozilla/5.0 (Windows; U; Windows NT 5.1; en-US; rv:1.9.0.8) Gecko/2009032609 Firefox/3.0.8"
47.129.110.61 - - [31/Mar/2009:13:09:23 -0400] "GET /images/CRTC_2_1300px.jpg HTTP/1.1" 200 72085 "http://isppractices.econsultation.ca/stylesheets/base_1238427290.css" "Mozilla/5.0 (Windows; U; Windows NT 5.1; en-US; rv:1.9.0.8) Gecko/2009032609 Firefox/3.0.8"
47.129.110.61 - - [31/Mar/2009:13:09:24 -0400] "GET /images/topNav_endCurve.png HTTP/1.1" 200 433 "http://isppractices.econsultation.ca/stylesheets/base_1238427290.css" "Mozilla/5.0 (Windows; U; Windows NT 5.1; en-US; rv:1.9.0.8) Gecko/2009032609 Firefox/3.0.8"
47.129.110.61 - - [31/Mar/2009:13:09:24 -0400] "GET /images/nanos_icon_23.png HTTP/1.1" 200 4797 "http://isppractices.econsultation.ca/" "Mozilla/5.0 (Windows; U; Windows NT 5.1; en-US; rv:1.9.0.8) Gecko/2009032609 Firefox/3.0.8"
69.196.168.100 - - [31/Mar/2009:13:09:25 -0400] "POST /talk/mark/302 HTTP/1.1" 201 1 "http://isppractices.econsultation.ca/topics/show/7" "Mozilla/5.0 (Macintosh; U; PPC Mac OS X 10_4_11; en) AppleWebKit/525.27.1 (KHTML, like Gecko) Version/3.2.1 Safari/525.27.1"
216.252.76.42 - - [31/Mar/2009:13:09:26 -0400] "GET /topics/show/9 HTTP/1.1" 200 15147 "http://isppractices.econsultation.ca/topics/show/9" "Mozilla/5.0 (Windows; U; Windows NT 6.0; en-US; rv:1.9.1b4pre) Gecko/20090328 Shiretoko/3.5b4pre"
66.46.199.130 - - [31/Mar/2009:13:09:26 -0400] "GET /topics/show/10?root=309 HTTP/1.1" 200 25501 "http://isppractices.econsultation.ca/" "Mozilla/5.0 (Windows; U; Windows NT 5.1; en-GB; rv:1.9.0.8) Gecko/2009032609 Firefox/3.0.8"
66.46.199.130 - - [31/Mar/2009:13:09:27 -0400] "GET /images/comment_bw.png HTTP/1.1" 200 384 "http://isppractices.econsultation.ca/stylesheets/base_1238427290.css" "Mozilla/5.0 (Windows; U; Windows NT 5.1; en-GB; rv:1.9.0.8) Gecko/2009032609 Firefox/3.0.8"
66.46.199.130 - - [31/Mar/2009:13:09:27 -0400] "GET /images/BOX-BACK.jpg HTTP/1.1" 200 1025 "http://isppractices.econsultation.ca/stylesheets/base_1238427290.css" "Mozilla/5.0 (Windows; U; Windows NT 5.1; en-GB; rv:1.9.0.8) Gecko/2009032609 Firefox/3.0.8"
66.46.199.130 - - [31/Mar/2009:13:09:27 -0400] "GET /avatars/0000/0001/pic_nik_thumb.jpg?1237573168 HTTP/1.1" 200 5862 "http://isppractices.econsultation.ca/topics/show/10?root=309" "Mozilla/5.0 (Windows; U; Windows NT 5.1; en-GB; rv:1.9.0.8) Gecko/2009032609 Firefox/3.0.8"
66.46.199.130 - - [31/Mar/2009:13:09:27 -0400] "GET /images/arrows.png HTTP/1.1" 200 216 "http://isppractices.econsultation.ca/stylesheets/base_1238427290.css" "Mozilla/5.0 (Windows; U; Windows NT 5.1; en-GB; rv:1.9.0.8) Gecko/2009032609 Firefox/3.0.8"
66.46.199.130 - - [31/Mar/2009:13:09:27 -0400] "POST /talk/mark/309 HTTP/1.1" 201 1 "http://isppractices.econsultation.ca/topics/show/10?root=309" "Mozilla/5.0 (Windows; U; Windows NT 5.1; en-GB; rv:1.9.0.8) Gecko/2009032609 Firefox/3.0.8"
198.73.193.2 - - [31/Mar/2009:13:09:27 -0400] "GET /topics/show/11 HTTP/1.1" 200 18125 "http://isppractices.econsultation.ca/topics/show/10" "Mozilla/5.0 (Windows; U; Windows NT 5.1; en-GB; rv:1.9.0.7) Gecko/2009021910 Firefox/3.0.7"
216.252.76.42 - - [31/Mar/2009:13:09:28 -0400] "GET /topics/show/10 HTTP/1.1" 200 19622 "http://isppractices.econsultation.ca/topics/show/9" "Mozilla/5.0 (Windows; U; Windows NT 6.0; en-US; rv:1.9.1b4pre) Gecko/20090328 Shiretoko/3.5b4pre"
69.196.168.100 - - [31/Mar/2009:13:09:29 -0400] "POST /rater/create/comment_rating/302 HTTP/1.1" 200 228 "http://isppractices.econsultation.ca/topics/show/7" "Mozilla/5.0 (Macintosh; U; PPC Mac OS X 10_4_11; en) AppleWebKit/525.27.1 (KHTML, like Gecko) Version/3.2.1 Safari/525.27.1"
206.248.154.94 - - [31/Mar/2009:13:09:29 -0400] "GET / HTTP/1.1" 200 17160 "http://www.crtc.gc.ca/eng/redirect.asp?URL=http://isppractices.econsultation.ca/" "Mozilla/5.0 (Windows; U; Windows NT 5.1; en-US; rv:1.9.0.5) Gecko/2008120122 Firefox/3.0.5 (.NET CLR 3.0.04506.30)"
206.248.154.94 - - [31/Mar/2009:13:09:30 -0400] "GET /stylesheets/base_1238427290.css HTTP/1.1" 200 30105 "http://isppractices.econsultation.ca/" "Mozilla/5.0 (Windows; U; Windows NT 5.1; en-US; rv:1.9.0.5) Gecko/2008120122 Firefox/3.0.5 (.NET CLR 3.0.04506.30)"
206.248.154.94 - - [31/Mar/2009:13:09:30 -0400] "GET /stylesheets/print.css HTTP/1.1" 200 321 "http://isppractices.econsultation.ca/" "Mozilla/5.0 (Windows; U; Windows NT 5.1; en-US; rv:1.9.0.5) Gecko/2008120122 Firefox/3.0.5 (.NET CLR 3.0.04506.30)"
206.248.154.94 - - [31/Mar/2009:13:09:30 -0400] "GET /javascripts/base_1238187983.js HTTP/1.1" 200 97264 "http://isppractices.econsultation.ca/" "Mozilla/5.0 (Windows; U; Windows NT 5.1; en-US; rv:1.9.0.5) Gecko/2008120122 Firefox/3.0.5 (.NET CLR 3.0.04506.30)"
72.14.199.106 - - [31/Mar/2009:13:09:30 -0400] "GET /rss?lang=en HTTP/1.1" 200 3912 "-" "Feedfetcher-Google; (+http://www.google.com/feedfetcher.html; feed-id=6628662131829739606)"
206.248.154.94 - - [31/Mar/2009:13:09:31 -0400] "GET /favicon.ico HTTP/1.1" 200 - "-" "Mozilla/5.0 (Windows; U; Windows NT 5.1; en-US; rv:1.9.0.5) Gecko/2008120122 Firefox/3.0.5 (.NET CLR 3.0.04506.30)"
206.248.154.94 - - [31/Mar/2009:13:09:31 -0400] "GET /images/search_go_1.jpg HTTP/1.1" 200 665 "http://isppractices.econsultation.ca/" "Mozilla/5.0 (Windows; U; Windows NT 5.1; en-US; rv:1.9.0.5) Gecko/2008120122 Firefox/3.0.5 (.NET CLR 3.0.04506.30)"
206.248.154.94 - - [31/Mar/2009:13:09:31 -0400] "GET /images/feed-icon-14x14.png HTTP/1.1" 200 689 "http://isppractices.econsultation.ca/" "Mozilla/5.0 (Windows; U; Windows NT 5.1; en-US; rv:1.9.0.5) Gecko/2008120122 Firefox/3.0.5 (.NET CLR 3.0.04506.30)"
206.248.154.94 - - [31/Mar/2009:13:09:31 -0400] "GET /images/topNav_endCurve.png HTTP/1.1" 200 433 "http://isppractices.econsultation.ca/stylesheets/base_1238427290.css" "Mozilla/5.0 (Windows; U; Windows NT 5.1; en-US; rv:1.9.0.5) Gecko/2008120122 Firefox/3.0.5 (.NET CLR 3.0.04506.30)"
206.248.154.94 - - [31/Mar/2009:13:09:31 -0400] "GET /images/nanos_icon_23.png HTTP/1.1" 200 4797 "http://isppractices.econsultation.ca/" "Mozilla/5.0 (Windows; U; Windows NT 5.1; en-US; rv:1.9.0.5) Gecko/2008120122 Firefox/3.0.5 (.NET CLR 3.0.04506.30)"
206.248.154.94 - - [31/Mar/2009:13:09:31 -0400] "GET /images/CRTC_2_1300px.jpg HTTP/1.1" 200 72085 "http://isppractices.econsultation.ca/stylesheets/base_1238427290.css" "Mozilla/5.0 (Windows; U; Windows NT 5.1; en-US; rv:1.9.0.5) Gecko/2008120122 Firefox/3.0.5 (.NET CLR 3.0.04506.30)"
69.196.168.100 - - [31/Mar/2009:13:09:35 -0400] "POST /talk/mark/303 HTTP/1.1" 201 1 "http://isppractices.econsultation.ca/topics/show/7" "Mozilla/5.0 (Macintosh; U; PPC Mac OS X 10_4_11; en) AppleWebKit/525.27.1 (KHTML, like Gecko) Version/3.2.1 Safari/525.27.1"
74.56.70.139 - - [31/Mar/2009:13:09:40 -0400] "GET / HTTP/1.1" 200 17160 "http://neutrality.ca/index.php?option=com_extcon&task=view&eid=1&cid=3790" "Mozilla/5.0 (Windows; U; Windows NT 6.1; en-US; rv:1.9.0.8) Gecko/2009032609 Firefox/3.0.8"
74.56.70.139 - - [31/Mar/2009:13:09:41 -0400] "GET /stylesheets/base_1238427290.css HTTP/1.1" 200 30105 "http://isppractices.econsultation.ca/" "Mozilla/5.0 (Windows; U; Windows NT 6.1; en-US; rv:1.9.0.8) Gecko/2009032609 Firefox/3.0.8"
74.56.70.139 - - [31/Mar/2009:13:09:41 -0400] "GET /stylesheets/print.css HTTP/1.1" 200 321 "http://isppractices.econsultation.ca/" "Mozilla/5.0 (Windows; U; Windows NT 6.1; en-US; rv:1.9.0.8) Gecko/2009032609 Firefox/3.0.8"
74.56.70.139 - - [31/Mar/2009:13:09:41 -0400] "GET /javascripts/base_1238187983.js HTTP/1.1" 200 97264 "http://isppractices.econsultation.ca/" "Mozilla/5.0 (Windows; U; Windows NT 6.1; en-US; rv:1.9.0.8) Gecko/2009032609 Firefox/3.0.8"
74.56.70.139 - - [31/Mar/2009:13:09:42 -0400] "GET /favicon.ico HTTP/1.1" 200 - "-" "Mozilla/5.0 (Windows; U; Windows NT 6.1; en-US; rv:1.9.0.8) Gecko/2009032609 Firefox/3.0.8"
74.56.70.139 - - [31/Mar/2009:13:09:42 -0400] "GET /images/search_go_1.jpg HTTP/1.1" 200 665 "http://isppractices.econsultation.ca/" "Mozilla/5.0 (Windows; U; Windows NT 6.1; en-US; rv:1.9.0.8) Gecko/2009032609 Firefox/3.0.8"
74.56.70.139 - - [31/Mar/2009:13:09:42 -0400] "GET /images/feed-icon-14x14.png HTTP/1.1" 200 689 "http://isppractices.econsultation.ca/" "Mozilla/5.0 (Windows; U; Windows NT 6.1; en-US; rv:1.9.0.8) Gecko/2009032609 Firefox/3.0.8"
74.56.70.139 - - [31/Mar/2009:13:09:42 -0400] "GET /images/topNav_endCurve.png HTTP/1.1" 200 433 "http://isppractices.econsultation.ca/stylesheets/base_1238427290.css" "Mozilla/5.0 (Windows; U; Windows NT 6.1; en-US; rv:1.9.0.8) Gecko/2009032609 Firefox/3.0.8"
74.56.70.139 - - [31/Mar/2009:13:09:42 -0400] "GET /images/nanos_icon_23.png HTTP/1.1" 200 4797 "http://isppractices.econsultation.ca/" "Mozilla/5.0 (Windows; U; Windows NT 6.1; en-US; rv:1.9.0.8) Gecko/2009032609 Firefox/3.0.8"
74.56.70.139 - - [31/Mar/2009:13:09:42 -0400] "GET /images/CRTC_2_1300px.jpg HTTP/1.1" 200 72085 "http://isppractices.econsultation.ca/stylesheets/base_1238427290.css" "Mozilla/5.0 (Windows; U; Windows NT 6.1; en-US; rv:1.9.0.8) Gecko/2009032609 Firefox/3.0.8"
209.222.54.140 - - [31/Mar/2009:13:09:43 -0400] "GET / HTTP/1.1" 200 17160 "-" "Mozilla/5.0 (Windows; U; Windows NT 5.1; en-US) AppleWebKit/525.19 (KHTML, like Gecko) Chrome/1.0.154.53 Safari/525.19"
209.222.54.140 - - [31/Mar/2009:13:09:44 -0400] "GET /stylesheets/print.css HTTP/1.1" 200 321 "http://isppractices.econsultation.ca/" "Mozilla/5.0 (Windows; U; Windows NT 5.1; en-US) AppleWebKit/525.19 (KHTML, like Gecko) Chrome/1.0.154.53 Safari/525.19"
209.222.54.140 - - [31/Mar/2009:13:09:44 -0400] "GET /stylesheets/base_1238427290.css HTTP/1.1" 200 30105 "http://isppractices.econsultation.ca/" "Mozilla/5.0 (Windows; U; Windows NT 5.1; en-US) AppleWebKit/525.19 (KHTML, like Gecko) Chrome/1.0.154.53 Safari/525.19"
209.222.54.140 - - [31/Mar/2009:13:09:44 -0400] "GET /javascripts/base_1238187983.js HTTP/1.1" 200 97264 "http://isppractices.econsultation.ca/" "Mozilla/5.0 (Windows; U; Windows NT 5.1; en-US) AppleWebKit/525.19 (KHTML, like Gecko) Chrome/1.0.154.53 Safari/525.19"
209.222.54.140 - - [31/Mar/2009:13:09:44 -0400] "GET /images/topNav_endCurve.png HTTP/1.1" 200 433 "http://isppractices.econsultation.ca/" "Mozilla/5.0 (Windows; U; Windows NT 5.1; en-US) AppleWebKit/525.19 (KHTML, like Gecko) Chrome/1.0.154.53 Safari/525.19"
209.222.54.140 - - [31/Mar/2009:13:09:44 -0400] "GET /images/search_go_1.jpg HTTP/1.1" 200 665 "http://isppractices.econsultation.ca/" "Mozilla/5.0 (Windows; U; Windows NT 5.1; en-US) AppleWebKit/525.19 (KHTML, like Gecko) Chrome/1.0.154.53 Safari/525.19"
209.222.54.140 - - [31/Mar/2009:13:09:44 -0400] "GET /images/feed-icon-14x14.png HTTP/1.1" 200 689 "http://isppractices.econsultation.ca/" "Mozilla/5.0 (Windows; U; Windows NT 5.1; en-US) AppleWebKit/525.19 (KHTML, like Gecko) Chrome/1.0.154.53 Safari/525.19"
209.222.54.140 - - [31/Mar/2009:13:09:44 -0400] "GET /images/nanos_icon_23.png HTTP/1.1" 200 4797 "http://isppractices.econsultation.ca/" "Mozilla/5.0 (Windows; U; Windows NT 5.1; en-US) AppleWebKit/525.19 (KHTML, like Gecko) Chrome/1.0.154.53 Safari/525.19"
209.222.54.140 - - [31/Mar/2009:13:09:44 -0400] "GET /images/CRTC_2_1300px.jpg HTTP/1.1" 200 72085 "http://isppractices.econsultation.ca/" "Mozilla/5.0 (Windows; U; Windows NT 5.1; en-US) AppleWebKit/525.19 (KHTML, like Gecko) Chrome/1.0.154.53 Safari/525.19"
209.222.54.140 - - [31/Mar/2009:13:09:45 -0400] "GET /favicon.ico HTTP/1.1" 200 - "-" "Mozilla/5.0 (Windows; U; Windows NT 5.1; en-US) AppleWebKit/525.19 (KHTML, like Gecko) Chrome/1.0.154.53 Safari/525.19"
209.222.54.140 - - [31/Mar/2009:13:09:45 -0400] "GET /images/topNav_endCurve_black.png HTTP/1.1" 200 447 "http://isppractices.econsultation.ca/" "Mozilla/5.0 (Windows; U; Windows NT 5.1; en-US) AppleWebKit/525.19 (KHTML, like Gecko) Chrome/1.0.154.53 Safari/525.19"
69.196.168.100 - - [31/Mar/2009:13:09:45 -0400] "POST /rater/create/comment_rating/303 HTTP/1.1" 200 225 "http://isppractices.econsultation.ca/topics/show/7" "Mozilla/5.0 (Macintosh; U; PPC Mac OS X 10_4_11; en) AppleWebKit/525.27.1 (KHTML, like Gecko) Version/3.2.1 Safari/525.27.1"
198.73.193.2 - - [31/Mar/2009:13:09:45 -0400] "GET /archives HTTP/1.1" 200 11149 "http://isppractices.econsultation.ca/topics/show/11" "Mozilla/5.0 (Windows; U; Windows NT 5.1; en-GB; rv:1.9.0.7) Gecko/2009021910 Firefox/3.0.7"
69.196.158.74 - - [31/Mar/2009:13:09:49 -0400] "GET /topics/show/11 HTTP/1.1" 200 18125 "http://isppractices.econsultation.ca/topics/show/9" "Mozilla/5.0 (X11; U; Linux i686; en-US; rv:1.9.0.7) Gecko/2009031120 Mandriva/1.9.0.7-0.1mdv2009.0 (2009.0) Firefox/3.0.7"
198.73.193.2 - - [31/Mar/2009:13:09:49 -0400] "GET /images/topNav_endCurve_black.png HTTP/1.1" 200 447 "http://isppractices.econsultation.ca/stylesheets/base_1238427290.css" "Mozilla/5.0 (Windows; U; Windows NT 5.1; en-GB; rv:1.9.0.7) Gecko/2009021910 Firefox/3.0.7"
69.196.168.100 - - [31/Mar/2009:13:09:59 -0400] "POST /rater/create/comment_rating/310 HTTP/1.1" 200 234 "http://isppractices.econsultation.ca/topics/show/7" "Mozilla/5.0 (Macintosh; U; PPC Mac OS X 10_4_11; en) AppleWebKit/525.27.1 (KHTML, like Gecko) Version/3.2.1 Safari/525.27.1"
208.96.53.84 - - [31/Mar/2009:13:10:01 -0400] "GET / HTTP/1.1" 200 17160 "-" "Mozilla/5.0 (compatible; redditbot/1.0; +http://www.reddit.com/feedback)"
69.196.158.74 - - [31/Mar/2009:13:10:05 -0400] "GET /topics/show/10 HTTP/1.1" 200 25501 "http://isppractices.econsultation.ca/topics/show/11" "Mozilla/5.0 (X11; U; Linux i686; en-US; rv:1.9.0.7) Gecko/2009031120 Mandriva/1.9.0.7-0.1mdv2009.0 (2009.0) Firefox/3.0.7"
24.114.255.3 - - [31/Mar/2009:13:10:16 -0400] "GET / HTTP/1.0" 200 17160 "-" "Mozilla/4.0 (compatible; MSIE 6.0; Windows NT 5.1; SV1; FunWebProducts; .NET CLR 1.0.3705; .NET CLR 1.1.4322; .NET CLR 2.0.50727; .NET CLR 3.0.04506.648; .NET CLR 3.5.21022)"
24.114.255.3 - - [31/Mar/2009:13:10:17 -0400] "GET /stylesheets/base_1238427290.css HTTP/1.0" 200 30105 "http://isppractices.econsultation.ca/" "Mozilla/4.0 (compatible; MSIE 6.0; Windows NT 5.1; SV1; FunWebProducts; .NET CLR 1.0.3705; .NET CLR 1.1.4322; .NET CLR 2.0.50727; .NET CLR 3.0.04506.648; .NET CLR 3.5.21022)"
24.114.255.3 - - [31/Mar/2009:13:10:17 -0400] "GET /stylesheets/redesign_IE.css HTTP/1.0" 200 4221 "http://isppractices.econsultation.ca/" "Mozilla/4.0 (compatible; MSIE 6.0; Windows NT 5.1; SV1; FunWebProducts; .NET CLR 1.0.3705; .NET CLR 1.1.4322; .NET CLR 2.0.50727; .NET CLR 3.0.04506.648; .NET CLR 3.5.21022)"
24.114.255.3 - - [31/Mar/2009:13:10:17 -0400] "GET /stylesheets/print.css HTTP/1.0" 200 321 "http://isppractices.econsultation.ca/" "Mozilla/4.0 (compatible; MSIE 6.0; Windows NT 5.1; SV1; FunWebProducts; .NET CLR 1.0.3705; .NET CLR 1.1.4322; .NET CLR 2.0.50727; .NET CLR 3.0.04506.648; .NET CLR 3.5.21022)"
24.114.255.3 - - [31/Mar/2009:13:10:17 -0400] "GET /javascripts/base_1238187983.js HTTP/1.0" 200 97264 "http://isppractices.econsultation.ca/" "Mozilla/4.0 (compatible; MSIE 6.0; Windows NT 5.1; SV1; FunWebProducts; .NET CLR 1.0.3705; .NET CLR 1.1.4322; .NET CLR 2.0.50727; .NET CLR 3.0.04506.648; .NET CLR 3.5.21022)"
24.114.255.3 - - [31/Mar/2009:13:10:17 -0400] "GET /images/search_go_1.jpg HTTP/1.0" 200 665 "http://isppractices.econsultation.ca/" "Mozilla/4.0 (compatible; MSIE 6.0; Windows NT 5.1; SV1; FunWebProducts; .NET CLR 1.0.3705; .NET CLR 1.1.4322; .NET CLR 2.0.50727; .NET CLR 3.0.04506.648; .NET CLR 3.5.21022)"
24.114.255.3 - - [31/Mar/2009:13:10:17 -0400] "GET /images/feed-icon-14x14.png HTTP/1.0" 200 689 "http://isppractices.econsultation.ca/" "Mozilla/4.0 (compatible; MSIE 6.0; Windows NT 5.1; SV1; FunWebProducts; .NET CLR 1.0.3705; .NET CLR 1.1.4322; .NET CLR 2.0.50727; .NET CLR 3.0.04506.648; .NET CLR 3.5.21022)"
24.114.255.3 - - [31/Mar/2009:13:10:17 -0400] "GET /images/CRTC_2_1300px.jpg HTTP/1.0" 200 72085 "http://isppractices.econsultation.ca/" "Mozilla/4.0 (compatible; MSIE 6.0; Windows NT 5.1; SV1; FunWebProducts; .NET CLR 1.0.3705; .NET CLR 1.1.4322; .NET CLR 2.0.50727; .NET CLR 3.0.04506.648; .NET CLR 3.5.21022)"
24.114.255.3 - - [31/Mar/2009:13:10:17 -0400] "GET /images/nanos_icon_23.png HTTP/1.0" 200 4797 "http://isppractices.econsultation.ca/" "Mozilla/4.0 (compatible; MSIE 6.0; Windows NT 5.1; SV1; FunWebProducts; .NET CLR 1.0.3705; .NET CLR 1.1.4322; .NET CLR 2.0.50727; .NET CLR 3.0.04506.648; .NET CLR 3.5.21022)"
24.114.255.3 - - [31/Mar/2009:13:10:17 -0400] "GET /images/topNav_endCurve.png HTTP/1.0" 200 433 "-" "Mozilla/4.0 (compatible; MSIE 6.0; Windows NT 5.1; SV1; FunWebProducts; .NET CLR 1.0.3705; .NET CLR 1.1.4322; .NET CLR 2.0.50727; .NET CLR 3.0.04506.648; .NET CLR 3.5.21022)"
198.103.61.2 - - [31/Mar/2009:13:10:17 -0400] "GET /topics/show/11 HTTP/1.1" 200 18125 "http://isppractices.econsultation.ca/topics/show/11" "Mozilla/5.0 (Windows; U; Windows NT 5.0; en-GB; rv:1.9.0.8) Gecko/2009032609 Firefox/3.0.8"
74.56.70.139 - - [31/Mar/2009:13:10:17 -0400] "GET /images/topNav_endCurve_black.png HTTP/1.1" 200 447 "http://isppractices.econsultation.ca/stylesheets/base_1238427290.css" "Mozilla/5.0 (Windows; U; Windows NT 6.1; en-US; rv:1.9.0.8) Gecko/2009032609 Firefox/3.0.8"
47.129.110.61 - - [31/Mar/2009:13:10:18 -0400] "GET /images/topNav_endCurve_black.png HTTP/1.1" 200 447 "http://isppractices.econsultation.ca/stylesheets/base_1238427290.css" "Mozilla/5.0 (Windows; U; Windows NT 5.1; en-US; rv:1.9.0.8) Gecko/2009032609 Firefox/3.0.8"
74.56.70.139 - - [31/Mar/2009:13:10:18 -0400] "GET / HTTP/1.1" 200 12723 "http://isppractices.econsultation.ca/" "Mozilla/5.0 (Windows; U; Windows NT 6.1; en-US; rv:1.9.0.8) Gecko/2009032609 Firefox/3.0.8"
74.56.70.139 - - [31/Mar/2009:13:10:19 -0400] "GET /stylesheets/base_1238427290.css HTTP/1.1" 200 30105 "http://pratiquesfsi.econsultation.ca/" "Mozilla/5.0 (Windows; U; Windows NT 6.1; en-US; rv:1.9.0.8) Gecko/2009032609 Firefox/3.0.8"
74.56.70.139 - - [31/Mar/2009:13:10:19 -0400] "GET /stylesheets/print.css HTTP/1.1" 200 321 "http://pratiquesfsi.econsultation.ca/" "Mozilla/5.0 (Windows; U; Windows NT 6.1; en-US; rv:1.9.0.8) Gecko/2009032609 Firefox/3.0.8"
74.56.70.139 - - [31/Mar/2009:13:10:19 -0400] "GET /javascripts/base_1238187983.js HTTP/1.1" 200 97264 "http://pratiquesfsi.econsultation.ca/" "Mozilla/5.0 (Windows; U; Windows NT 6.1; en-US; rv:1.9.0.8) Gecko/2009032609 Firefox/3.0.8"
74.56.70.139 - - [31/Mar/2009:13:10:20 -0400] "GET /favicon.ico HTTP/1.1" 200 - "-" "Mozilla/5.0 (Windows; U; Windows NT 6.1; en-US; rv:1.9.0.8) Gecko/2009032609 Firefox/3.0.8"
74.56.70.139 - - [31/Mar/2009:13:10:20 -0400] "GET /images/search_go_1.jpg HTTP/1.1" 200 665 "http://pratiquesfsi.econsultation.ca/" "Mozilla/5.0 (Windows; U; Windows NT 6.1; en-US; rv:1.9.0.8) Gecko/2009032609 Firefox/3.0.8"
74.56.70.139 - - [31/Mar/2009:13:10:20 -0400] "GET /images/feed-icon-14x14.png HTTP/1.1" 200 689 "http://pratiquesfsi.econsultation.ca/" "Mozilla/5.0 (Windows; U; Windows NT 6.1; en-US; rv:1.9.0.8) Gecko/2009032609 Firefox/3.0.8"
74.56.70.139 - - [31/Mar/2009:13:10:20 -0400] "GET /images/topNav_endCurve.png HTTP/1.1" 200 433 "http://pratiquesfsi.econsultation.ca/stylesheets/base_1238427290.css" "Mozilla/5.0 (Windows; U; Windows NT 6.1; en-US; rv:1.9.0.8) Gecko/2009032609 Firefox/3.0.8"
74.56.70.139 - - [31/Mar/2009:13:10:20 -0400] "GET /images/nanos_icon_23.png HTTP/1.1" 200 4797 "http://pratiquesfsi.econsultation.ca/" "Mozilla/5.0 (Windows; U; Windows NT 6.1; en-US; rv:1.9.0.8) Gecko/2009032609 Firefox/3.0.8"
74.56.70.139 - - [31/Mar/2009:13:10:20 -0400] "GET /images/CRTC_2_1300px.jpg HTTP/1.1" 200 72085 "http://pratiquesfsi.econsultation.ca/stylesheets/base_1238427290.css" "Mozilla/5.0 (Windows; U; Windows NT 6.1; en-US; rv:1.9.0.8) Gecko/2009032609 Firefox/3.0.8"
198.103.61.2 - - [31/Mar/2009:13:10:20 -0400] "GET /topics/show/10 HTTP/1.1" 200 25501 "http://isppractices.econsultation.ca/topics/show/11" "Mozilla/5.0 (Windows; U; Windows NT 5.0; en-GB; rv:1.9.0.8) Gecko/2009032609 Firefox/3.0.8"
198.103.61.2 - - [31/Mar/2009:13:10:24 -0400] "POST /talk/mark/309 HTTP/1.1" 201 1 "http://isppractices.econsultation.ca/topics/show/10" "Mozilla/5.0 (Windows; U; Windows NT 5.0; en-GB; rv:1.9.0.8) Gecko/2009032609 Firefox/3.0.8"
69.196.158.74 - - [31/Mar/2009:13:10:26 -0400] "POST /talk/mark/309 HTTP/1.1" 201 1 "http://isppractices.econsultation.ca/topics/show/10" "Mozilla/5.0 (X11; U; Linux i686; en-US; rv:1.9.0.7) Gecko/2009031120 Mandriva/1.9.0.7-0.1mdv2009.0 (2009.0) Firefox/3.0.7"
199.214.192.50 - - [31/Mar/2009:13:10:26 -0400] "GET /images/topNav_endCurve_black.png HTTP/1.1" 200 447 "-" "Mozilla/4.0 (compatible; MSIE 6.0; Windows NT 5.1; SV1; .NET CLR 1.1.4322; .NET CLR 2.0.50727; InfoPath.1)"
199.214.192.50 - - [31/Mar/2009:13:10:26 -0400] "GET /images/topNav_endCurve.png HTTP/1.1" 304 - "-" "Mozilla/4.0 (compatible; MSIE 6.0; Windows NT 5.1; SV1; .NET CLR 1.1.4322; .NET CLR 2.0.50727; InfoPath.1)"
198.103.61.2 - - [31/Mar/2009:13:10:29 -0400] "GET /topics/show/8 HTTP/1.1" 200 19345 "http://isppractices.econsultation.ca/topics/show/10" "Mozilla/5.0 (Windows; U; Windows NT 5.0; en-GB; rv:1.9.0.8) Gecko/2009032609 Firefox/3.0.8"
198.103.61.2 - - [31/Mar/2009:13:10:32 -0400] "GET /topics/show/7 HTTP/1.1" 200 35079 "http://isppractices.econsultation.ca/topics/show/8" "Mozilla/5.0 (Windows; U; Windows NT 5.0; en-GB; rv:1.9.0.8) Gecko/2009032609 Firefox/3.0.8"
198.103.61.2 - - [31/Mar/2009:13:10:37 -0400] "GET /topics/show/9 HTTP/1.1" 200 21026 "http://isppractices.econsultation.ca/topics/show/7" "Mozilla/5.0 (Windows; U; Windows NT 5.0; en-GB; rv:1.9.0.8) Gecko/2009032609 Firefox/3.0.8"
24.114.255.3 - - [31/Mar/2009:13:10:39 -0400] "GET /topics/show/11 HTTP/1.0" 200 18125 "http://isppractices.econsultation.ca/" "Mozilla/4.0 (compatible; MSIE 6.0; Windows NT 5.1; SV1; FunWebProducts; .NET CLR 1.0.3705; .NET CLR 1.1.4322; .NET CLR 2.0.50727; .NET CLR 3.0.04506.648; .NET CLR 3.5.21022)"
24.114.255.3 - - [31/Mar/2009:13:10:40 -0400] "GET /images/comment_bw.png HTTP/1.0" 200 384 "http://isppractices.econsultation.ca/topics/show/11" "Mozilla/4.0 (compatible; MSIE 6.0; Windows NT 5.1; SV1; FunWebProducts; .NET CLR 1.0.3705; .NET CLR 1.1.4322; .NET CLR 2.0.50727; .NET CLR 3.0.04506.648; .NET CLR 3.5.21022)"
24.114.255.3 - - [31/Mar/2009:13:10:40 -0400] "GET /images/arrows.png HTTP/1.0" 200 216 "http://isppractices.econsultation.ca/topics/show/11" "Mozilla/4.0 (compatible; MSIE 6.0; Windows NT 5.1; SV1; FunWebProducts; .NET CLR 1.0.3705; .NET CLR 1.1.4322; .NET CLR 2.0.50727; .NET CLR 3.0.04506.648; .NET CLR 3.5.21022)"
24.114.255.3 - - [31/Mar/2009:13:10:40 -0400] "GET /avatars/0000/0001/pic_nik_thumb.jpg?1237573168 HTTP/1.0" 200 5862 "http://isppractices.econsultation.ca/topics/show/11" "Mozilla/4.0 (compatible; MSIE 6.0; Windows NT 5.1; SV1; FunWebProducts; .NET CLR 1.0.3705; .NET CLR 1.1.4322; .NET CLR 2.0.50727; .NET CLR 3.0.04506.648; .NET CLR 3.5.21022)"
70.24.142.104 - - [31/Mar/2009:13:10:41 -0400] "GET /images/busy.gif HTTP/1.1" 200 2209 "http://isppractices.econsultation.ca/topics/show/9" "Mozilla/5.0 (Macintosh; U; Intel Mac OS X 10.4; en-US; rv:1.9.0.8) Gecko/2009032608 Firefox/3.0.8"
70.24.142.104 - - [31/Mar/2009:13:10:41 -0400] "POST /topics/show_comments/9/307 HTTP/1.1" 200 251 "http://isppractices.econsultation.ca/topics/show/9" "Mozilla/5.0 (Macintosh; U; Intel Mac OS X 10.4; en-US; rv:1.9.0.8) Gecko/2009032608 Firefox/3.0.8"
198.103.61.2 - - [31/Mar/2009:13:10:42 -0400] "GET /topics/show/8 HTTP/1.1" 200 19345 "http://isppractices.econsultation.ca/topics/show/9" "Mozilla/5.0 (Windows; U; Windows NT 5.0; en-GB; rv:1.9.0.8) Gecko/2009032609 Firefox/3.0.8"
70.24.142.104 - - [31/Mar/2009:13:10:45 -0400] "POST /talk/mark/307 HTTP/1.1" 201 1 "http://isppractices.econsultation.ca/topics/show/9" "Mozilla/5.0 (Macintosh; U; Intel Mac OS X 10.4; en-US; rv:1.9.0.8) Gecko/2009032608 Firefox/3.0.8"
198.103.61.2 - - [31/Mar/2009:13:10:45 -0400] "GET /topics/show/9 HTTP/1.1" 200 21026 "http://isppractices.econsultation.ca/topics/show/8" "Mozilla/5.0 (Windows; U; Windows NT 5.0; en-GB; rv:1.9.0.8) Gecko/2009032609 Firefox/3.0.8"
198.103.61.2 - - [31/Mar/2009:13:10:47 -0400] "GET /topics/show/10 HTTP/1.1" 200 25501 "http://isppractices.econsultation.ca/topics/show/9" "Mozilla/5.0 (Windows; U; Windows NT 5.0; en-GB; rv:1.9.0.8) Gecko/2009032609 Firefox/3.0.8"
198.103.61.2 - - [31/Mar/2009:13:10:50 -0400] "POST /talk/mark/309 HTTP/1.1" 201 1 "http://isppractices.econsultation.ca/topics/show/10" "Mozilla/5.0 (Windows; U; Windows NT 5.0; en-GB; rv:1.9.0.8) Gecko/2009032609 Firefox/3.0.8"
74.56.70.139 - - [31/Mar/2009:13:10:50 -0400] "GET /topics/show/10 HTTP/1.1" 200 15704 "http://pratiquesfsi.econsultation.ca/" "Mozilla/5.0 (Windows; U; Windows NT 6.1; en-US; rv:1.9.0.8) Gecko/2009032609 Firefox/3.0.8"
76.10.148.56 - - [31/Mar/2009:13:10:51 -0400] "POST /rater/create/comment_rating/310 HTTP/1.1" 200 225 "http://isppractices.econsultation.ca/topics/show/7?root=310#comment_310" "Mozilla/4.0 (compatible; MSIE 7.0; Windows NT 6.0; SLCC1; .NET CLR 2.0.50727; Media Center PC 5.0; .NET CLR 3.0.04506; InfoPath.2)"
74.56.70.139 - - [31/Mar/2009:13:10:51 -0400] "GET /images/comment_bw.png HTTP/1.1" 200 384 "http://pratiquesfsi.econsultation.ca/stylesheets/base_1238427290.css" "Mozilla/5.0 (Windows; U; Windows NT 6.1; en-US; rv:1.9.0.8) Gecko/2009032609 Firefox/3.0.8"
74.56.70.139 - - [31/Mar/2009:13:10:51 -0400] "GET /avatars/0000/0001/pic_nik_thumb.jpg?1237573168 HTTP/1.1" 200 5862 "http://pratiquesfsi.econsultation.ca/topics/show/10" "Mozilla/5.0 (Windows; U; Windows NT 6.1; en-US; rv:1.9.0.8) Gecko/2009032609 Firefox/3.0.8"
74.56.70.139 - - [31/Mar/2009:13:10:51 -0400] "GET /images/arrows.png HTTP/1.1" 200 216 "http://pratiquesfsi.econsultation.ca/stylesheets/base_1238427290.css" "Mozilla/5.0 (Windows; U; Windows NT 6.1; en-US; rv:1.9.0.8) Gecko/2009032609 Firefox/3.0.8"
76.10.148.56 - - [31/Mar/2009:13:10:54 -0400] "POST /rater/create/comment_rating/308 HTTP/1.1" 200 234 "http://isppractices.econsultation.ca/topics/show/7?root=310#comment_310" "Mozilla/4.0 (compatible; MSIE 7.0; Windows NT 6.0; SLCC1; .NET CLR 2.0.50727; Media Center PC 5.0; .NET CLR 3.0.04506; InfoPath.2)"
206.248.154.94 - - [31/Mar/2009:13:10:54 -0400] "GET /topics/show/6 HTTP/1.1" 200 13799 "http://isppractices.econsultation.ca/" "Mozilla/5.0 (Windows; U; Windows NT 5.1; en-US; rv:1.9.0.5) Gecko/2008120122 Firefox/3.0.5 (.NET CLR 3.0.04506.30)"
206.248.154.94 - - [31/Mar/2009:13:10:55 -0400] "GET /images/comment_bw.png HTTP/1.1" 200 384 "http://isppractices.econsultation.ca/stylesheets/base_1238427290.css" "Mozilla/5.0 (Windows; U; Windows NT 5.1; en-US; rv:1.9.0.5) Gecko/2008120122 Firefox/3.0.5 (.NET CLR 3.0.04506.30)"
206.248.154.94 - - [31/Mar/2009:13:10:55 -0400] "GET /avatars/0000/0001/pic_nik_thumb.jpg?1237573168 HTTP/1.1" 200 5862 "http://isppractices.econsultation.ca/topics/show/6" "Mozilla/5.0 (Windows; U; Windows NT 5.1; en-US; rv:1.9.0.5) Gecko/2008120122 Firefox/3.0.5 (.NET CLR 3.0.04506.30)"
206.248.154.94 - - [31/Mar/2009:13:10:55 -0400] "GET /images/arrows.png HTTP/1.1" 200 216 "http://isppractices.econsultation.ca/stylesheets/base_1238427290.css" "Mozilla/5.0 (Windows; U; Windows NT 5.1; en-US; rv:1.9.0.5) Gecko/2008120122 Firefox/3.0.5 (.NET CLR 3.0.04506.30)"
208.96.53.84 - - [31/Mar/2009:13:11:01 -0400] "GET / HTTP/1.1" 200 17216 "-" "Mozilla/5.0 (compatible; redditbot/1.0; +http://www.reddit.com/feedback)"
206.248.154.94 - - [31/Mar/2009:13:11:07 -0400] "GET /topics/show/7 HTTP/1.1" 200 35454 "http://isppractices.econsultation.ca/topics/show/6" "Mozilla/5.0 (Windows; U; Windows NT 5.1; en-US; rv:1.9.0.5) Gecko/2008120122 Firefox/3.0.5 (.NET CLR 3.0.04506.30)"
76.10.148.56 - - [31/Mar/2009:13:11:07 -0400] "GET /topics/show/6 HTTP/1.1" 200 13799 "http://isppractices.econsultation.ca/topics/show/7?root=310" "Mozilla/4.0 (compatible; MSIE 7.0; Windows NT 6.0; SLCC1; .NET CLR 2.0.50727; Media Center PC 5.0; .NET CLR 3.0.04506; InfoPath.2)"
206.248.154.94 - - [31/Mar/2009:13:11:08 -0400] "GET /images/BOX-BACK.jpg HTTP/1.1" 200 1025 "http://isppractices.econsultation.ca/stylesheets/base_1238427290.css" "Mozilla/5.0 (Windows; U; Windows NT 5.1; en-US; rv:1.9.0.5) Gecko/2008120122 Firefox/3.0.5 (.NET CLR 3.0.04506.30)"
76.71.200.237 - - [31/Mar/2009:13:11:09 -0400] "GET /rss?lang=en HTTP/1.1" 200 3912 "-" "Apple-PubSub/65.6"
76.10.148.56 - - [31/Mar/2009:13:11:11 -0400] "GET /topics/show/8 HTTP/1.1" 200 18559 "http://isppractices.econsultation.ca/topics/show/6" "Mozilla/4.0 (compatible; MSIE 7.0; Windows NT 6.0; SLCC1; .NET CLR 2.0.50727; Media Center PC 5.0; .NET CLR 3.0.04506; InfoPath.2)"
76.10.148.56 - - [31/Mar/2009:13:11:15 -0400] "GET /topics/show/8 HTTP/1.1" 200 18559 "http://isppractices.econsultation.ca/topics/show/8" "Mozilla/4.0 (compatible; MSIE 7.0; Windows NT 6.0; SLCC1; .NET CLR 2.0.50727; Media Center PC 5.0; .NET CLR 3.0.04506; InfoPath.2)"
76.10.148.56 - - [31/Mar/2009:13:11:18 -0400] "GET /topics/show/9 HTTP/1.1" 200 20240 "http://isppractices.econsultation.ca/topics/show/8" "Mozilla/4.0 (compatible; MSIE 7.0; Windows NT 6.0; SLCC1; .NET CLR 2.0.50727; Media Center PC 5.0; .NET CLR 3.0.04506; InfoPath.2)"
76.10.148.56 - - [31/Mar/2009:13:11:26 -0400] "GET /topics/show/10 HTTP/1.1" 200 24715 "http://isppractices.econsultation.ca/topics/show/9" "Mozilla/4.0 (compatible; MSIE 7.0; Windows NT 6.0; SLCC1; .NET CLR 2.0.50727; Media Center PC 5.0; .NET CLR 3.0.04506; InfoPath.2)"
76.10.148.56 - - [31/Mar/2009:13:11:39 -0400] "POST /talk/mark/309 HTTP/1.1" 201 1 "http://isppractices.econsultation.ca/topics/show/10" "Mozilla/4.0 (compatible; MSIE 7.0; Windows NT 6.0; SLCC1; .NET CLR 2.0.50727; Media Center PC 5.0; .NET CLR 3.0.04506; InfoPath.2)"
206.248.154.94 - - [31/Mar/2009:13:11:45 -0400] "GET /topics/show/8 HTTP/1.1" 200 19345 "http://isppractices.econsultation.ca/topics/show/7" "Mozilla/5.0 (Windows; U; Windows NT 5.1; en-US; rv:1.9.0.5) Gecko/2008120122 Firefox/3.0.5 (.NET CLR 3.0.04506.30)"
209.222.54.140 - - [31/Mar/2009:13:11:53 -0400] "GET /images/BOX-BACK.jpg HTTP/1.1" 200 1025 "http://isppractices.econsultation.ca/topics/show/7" "Mozilla/5.0 (Windows; U; Windows NT 5.1; en-US) AppleWebKit/525.19 (KHTML, like Gecko) Chrome/1.0.154.53 Safari/525.19"
209.222.54.140 - - [31/Mar/2009:13:11:53 -0400] "GET /images/comment_bw.png HTTP/1.1" 200 384 "http://isppractices.econsultation.ca/topics/show/7" "Mozilla/5.0 (Windows; U; Windows NT 5.1; en-US) AppleWebKit/525.19 (KHTML, like Gecko) Chrome/1.0.154.53 Safari/525.19"
209.222.54.140 - - [31/Mar/2009:13:11:51 -0400] "GET /topics/show/7 HTTP/1.1" 200 35454 "http://isppractices.econsultation.ca/" "Mozilla/5.0 (Windows; U; Windows NT 5.1; en-US) AppleWebKit/525.19 (KHTML, like Gecko) Chrome/1.0.154.53 Safari/525.19"
209.222.54.140 - - [31/Mar/2009:13:11:53 -0400] "GET /images/arrows.png HTTP/1.1" 200 216 "http://isppractices.econsultation.ca/topics/show/7" "Mozilla/5.0 (Windows; U; Windows NT 5.1; en-US) AppleWebKit/525.19 (KHTML, like Gecko) Chrome/1.0.154.53 Safari/525.19"
209.222.54.140 - - [31/Mar/2009:13:11:53 -0400] "GET /avatars/0000/0001/pic_nik_thumb.jpg?1237573168 HTTP/1.1" 200 5862 "http://isppractices.econsultation.ca/topics/show/7" "Mozilla/5.0 (Windows; U; Windows NT 5.1; en-US) AppleWebKit/525.19 (KHTML, like Gecko) Chrome/1.0.154.53 Safari/525.19"
24.67.79.209 - - [31/Mar/2009:13:11:54 -0400] "GET /favicon.ico HTTP/1.0" 200 - "http://www.google.ca/search?q=crtc+Nanos+Research&ie=utf-8&oe=utf-8&aq=t&rls=org.mozilla:en-US:official&client=firefox-a" "Mozilla/5.0 (Windows; U; Windows NT 5.1; en-US; rv:1.9.0.8) Gecko/2009032609 Firefox/3.0.8 (.NET CLR 3.5.30729)"
206.248.154.94 - - [31/Mar/2009:13:11:56 -0400] "GET /topics/show/9 HTTP/1.1" 200 21026 "http://isppractices.econsultation.ca/topics/show/8" "Mozilla/5.0 (Windows; U; Windows NT 5.1; en-US; rv:1.9.0.5) Gecko/2008120122 Firefox/3.0.5 (.NET CLR 3.0.04506.30)"
204.209.209.129 - - [31/Mar/2009:13:11:57 -0400] "POST /login HTTP/1.1" 200 10221 "http://isppractices.econsultation.ca/login" "Mozilla/4.0 (compatible; MSIE 7.0; Windows NT 5.1; GTB5; .NET CLR 1.1.4322; InfoPath.1; .NET CLR 2.0.50727)"
198.103.223.51 - - [31/Mar/2009:13:11:57 -0400] "GET /register HTTP/1.1" 200 11101 "http://isppractices.econsultation.ca/" "Mozilla/4.0 (compatible; MSIE 6.0; Windows NT 5.0; .NET CLR 1.1.4322; .NET CLR 2.0.50727)"
198.103.223.51 - - [31/Mar/2009:13:11:57 -0400] "GET /stylesheets/base_1238427290.css HTTP/1.1" 304 - "http://isppractices.econsultation.ca/register" "Mozilla/4.0 (compatible; MSIE 6.0; Windows NT 5.0; .NET CLR 1.1.4322; .NET CLR 2.0.50727)"
198.103.223.51 - - [31/Mar/2009:13:11:57 -0400] "GET /stylesheets/print.css HTTP/1.1" 304 - "http://isppractices.econsultation.ca/register" "Mozilla/4.0 (compatible; MSIE 6.0; Windows NT 5.0; .NET CLR 1.1.4322; .NET CLR 2.0.50727)"
198.103.223.51 - - [31/Mar/2009:13:11:57 -0400] "GET /javascripts/base_1238187983.js HTTP/1.1" 304 - "http://isppractices.econsultation.ca/register" "Mozilla/4.0 (compatible; MSIE 6.0; Windows NT 5.0; .NET CLR 1.1.4322; .NET CLR 2.0.50727)"
198.103.223.51 - - [31/Mar/2009:13:11:57 -0400] "GET /stylesheets/redesign_IE.css HTTP/1.1" 304 - "http://isppractices.econsultation.ca/register" "Mozilla/4.0 (compatible; MSIE 6.0; Windows NT 5.0; .NET CLR 1.1.4322; .NET CLR 2.0.50727)"
198.103.223.51 - - [31/Mar/2009:13:11:57 -0400] "GET /images/feed-icon-14x14.png HTTP/1.1" 304 - "http://isppractices.econsultation.ca/register" "Mozilla/4.0 (compatible; MSIE 6.0; Windows NT 5.0; .NET CLR 1.1.4322; .NET CLR 2.0.50727)"
198.103.223.51 - - [31/Mar/2009:13:11:57 -0400] "GET /images/nanos_icon_23.png HTTP/1.1" 304 - "http://isppractices.econsultation.ca/register" "Mozilla/4.0 (compatible; MSIE 6.0; Windows NT 5.0; .NET CLR 1.1.4322; .NET CLR 2.0.50727)"
198.103.223.51 - - [31/Mar/2009:13:11:58 -0400] "GET /images/search_go_1.jpg HTTP/1.1" 304 - "http://isppractices.econsultation.ca/register" "Mozilla/4.0 (compatible; MSIE 6.0; Windows NT 5.0; .NET CLR 1.1.4322; .NET CLR 2.0.50727)"
198.103.223.51 - - [31/Mar/2009:13:11:58 -0400] "GET /images/CRTC_2_1300px.jpg HTTP/1.1" 304 - "http://isppractices.econsultation.ca/register" "Mozilla/4.0 (compatible; MSIE 6.0; Windows NT 5.0; .NET CLR 1.1.4322; .NET CLR 2.0.50727)"
198.103.223.51 - - [31/Mar/2009:13:12:00 -0400] "GET /images/topNav_endCurve.png HTTP/1.1" 304 - "-" "Mozilla/4.0 (compatible; MSIE 6.0; Windows NT 5.0; .NET CLR 1.1.4322; .NET CLR 2.0.50727)"
208.96.53.84 - - [31/Mar/2009:13:12:03 -0400] "GET / HTTP/1.1" 200 17216 "-" "Mozilla/5.0 (compatible; redditbot/1.0; +http://www.reddit.com/feedback)"
209.222.54.140 - - [31/Mar/2009:13:12:12 -0400] "GET /register HTTP/1.1" 200 11101 "http://isppractices.econsultation.ca/topics/show/7" "Mozilla/5.0 (Windows; U; Windows NT 5.1; en-US) AppleWebKit/525.19 (KHTML, like Gecko) Chrome/1.0.154.53 Safari/525.19"
204.209.209.129 - - [31/Mar/2009:13:12:17 -0400] "POST /login HTTP/1.1" 200 10221 "-" "Mozilla/4.0 (compatible; MSIE 7.0; Windows NT 5.1; GTB5; .NET CLR 1.1.4322; InfoPath.1; .NET CLR 2.0.50727)"
204.209.209.129 - - [31/Mar/2009:13:12:20 -0400] "GET /topics/show/7 HTTP/1.1" 200 35538 "http://isppractices.econsultation.ca/login" "Mozilla/4.0 (compatible; MSIE 7.0; Windows NT 5.1; GTB5; .NET CLR 1.1.4322; InfoPath.1; .NET CLR 2.0.50727)"
76.10.148.56 - - [31/Mar/2009:13:12:28 -0400] "POST /rater/create/comment_rating/309 HTTP/1.1" 200 225 "http://isppractices.econsultation.ca/topics/show/10" "Mozilla/4.0 (compatible; MSIE 7.0; Windows NT 6.0; SLCC1; .NET CLR 2.0.50727; Media Center PC 5.0; .NET CLR 3.0.04506; InfoPath.2)"
206.248.154.94 - - [31/Mar/2009:13:12:34 -0400] "GET /topics/show/10 HTTP/1.1" 200 25501 "http://isppractices.econsultation.ca/topics/show/9" "Mozilla/5.0 (Windows; U; Windows NT 5.1; en-US; rv:1.9.0.5) Gecko/2008120122 Firefox/3.0.5 (.NET CLR 3.0.04506.30)"
76.10.148.56 - - [31/Mar/2009:13:12:36 -0400] "GET /topics/show/11 HTTP/1.1" 200 17339 "http://isppractices.econsultation.ca/topics/show/10" "Mozilla/4.0 (compatible; MSIE 7.0; Windows NT 6.0; SLCC1; .NET CLR 2.0.50727; Media Center PC 5.0; .NET CLR 3.0.04506; InfoPath.2)"
209.222.54.140 - - [31/Mar/2009:13:12:38 -0400] "POST /register HTTP/1.1" 302 103 "http://isppractices.econsultation.ca/register" "Mozilla/5.0 (Windows; U; Windows NT 5.1; en-US) AppleWebKit/525.19 (KHTML, like Gecko) Chrome/1.0.154.53 Safari/525.19"
209.222.54.140 - - [31/Mar/2009:13:12:38 -0400] "GET / HTTP/1.1" 200 12189 "http://isppractices.econsultation.ca/register" "Mozilla/5.0 (Windows; U; Windows NT 5.1; en-US) AppleWebKit/525.19 (KHTML, like Gecko) Chrome/1.0.154.53 Safari/525.19"
209.222.54.140 - - [31/Mar/2009:13:12:39 -0400] "GET /images/information.png HTTP/1.1" 200 918 "http://isppractices.econsultation.ca/" "Mozilla/5.0 (Windows; U; Windows NT 5.1; en-US) AppleWebKit/525.19 (KHTML, like Gecko) Chrome/1.0.154.53 Safari/525.19"
76.10.148.56 - - [31/Mar/2009:13:12:41 -0400] "GET /topics/show/6 HTTP/1.1" 200 13799 "http://isppractices.econsultation.ca/topics/show/11" "Mozilla/4.0 (compatible; MSIE 7.0; Windows NT 6.0; SLCC1; .NET CLR 2.0.50727; Media Center PC 5.0; .NET CLR 3.0.04506; InfoPath.2)"
209.222.54.140 - - [31/Mar/2009:13:12:46 -0400] "GET /topics/show/6 HTTP/1.1" 200 8751 "http://isppractices.econsultation.ca/" "Mozilla/5.0 (Windows; U; Windows NT 5.1; en-US) AppleWebKit/525.19 (KHTML, like Gecko) Chrome/1.0.154.53 Safari/525.19"
155.94.62.222 - - [31/Mar/2009:13:12:48 -0400] "GET / HTTP/1.1" 200 17216 "http://www.crtc.gc.ca/eng/redirect.asp?URL=http://isppractices.econsultation.ca/" "Mozilla/4.0 (compatible; MSIE 7.0; Windows NT 5.1; UserXYZ123; .NET CLR 1.1.4322; .NET CLR 2.0.50727; .NET CLR 1.0.3705; .NET CLR 3.0.04506.30; .NET CLR 3.0.04506.648; .NET CLR 3.5.21022; .NET CLR 3.0.4506.2152; .NET CLR 3.5.30729; UserXYZ123; UserXYZ123)"
155.94.62.222 - - [31/Mar/2009:13:12:49 -0400] "GET /favicon.ico HTTP/1.1" 200 - "-" "Mozilla/4.0 (compatible;)"
155.94.62.222 - - [31/Mar/2009:13:12:49 -0400] "GET /stylesheets/print.css HTTP/1.1" 200 321 "-" "Mozilla/4.0 (compatible;)"
155.94.62.222 - - [31/Mar/2009:13:12:49 -0400] "GET /images/feed-icon-14x14.png HTTP/1.1" 200 689 "-" "Mozilla/4.0 (compatible;)"
155.94.62.222 - - [31/Mar/2009:13:12:49 -0400] "GET /images/search_go_1.jpg HTTP/1.1" 200 665 "-" "Mozilla/4.0 (compatible;)"
