69.196.147.210 - - [31/Mar/2009:12:48:10 -0400] "GET /topics/show/7 HTTP/1.1" 200 29712 "http://isppractices.econsultation.ca/" "Mozilla/5.0 (Windows; U; Windows NT 5.1; en-GB; rv:1.9.0.8) Gecko/2009032609 Firefox/3.0.8 (.NET CLR 3.5.30729)"
69.196.147.210 - - [31/Mar/2009:12:48:11 -0400] "GET /images/comment_bw.png HTTP/1.1" 200 384 "http://isppractices.econsultation.ca/stylesheets/base_1238427290.css" "Mozilla/5.0 (Windows; U; Windows NT 5.1; en-GB; rv:1.9.0.8) Gecko/2009032609 Firefox/3.0.8 (.NET CLR 3.5.30729)"
69.196.147.210 - - [31/Mar/2009:12:48:11 -0400] "GET /images/BOX-BACK.jpg HTTP/1.1" 200 1025 "http://isppractices.econsultation.ca/stylesheets/base_1238427290.css" "Mozilla/5.0 (Windows; U; Windows NT 5.1; en-GB; rv:1.9.0.8) Gecko/2009032609 Firefox/3.0.8 (.NET CLR 3.5.30729)"
69.196.147.210 - - [31/Mar/2009:12:48:11 -0400] "GET /avatars/0000/0001/pic_nik_thumb.jpg?1237573168 HTTP/1.1" 200 5862 "http://isppractices.econsultation.ca/topics/show/7" "Mozilla/5.0 (Windows; U; Windows NT 5.1; en-GB; rv:1.9.0.8) Gecko/2009032609 Firefox/3.0.8 (.NET CLR 3.5.30729)"
69.196.147.210 - - [31/Mar/2009:12:48:11 -0400] "GET /images/arrows.png HTTP/1.1" 200 216 "http://isppractices.econsultation.ca/stylesheets/base_1238427290.css" "Mozilla/5.0 (Windows; U; Windows NT 5.1; en-GB; rv:1.9.0.8) Gecko/2009032609 Firefox/3.0.8 (.NET CLR 3.5.30729)"
72.137.12.18 - - [31/Mar/2009:12:48:12 -0400] "GET /viewer/index/68 HTTP/1.1" 200 657 "http://isppractices.econsultation.ca/topics/show/11" "Mozilla/5.0 (Macintosh; U; Intel Mac OS X 10_5_6; en-us) AppleWebKit/528.16 (KHTML, like Gecko) Version/4.0 Safari/528.16"
72.137.12.18 - - [31/Mar/2009:12:48:12 -0400] "GET /viewer/header/68 HTTP/1.1" 200 1685 "http://isppractices.econsultation.ca/viewer/index/68" "Mozilla/5.0 (Macintosh; U; Intel Mac OS X 10_5_6; en-us) AppleWebKit/528.16 (KHTML, like Gecko) Version/4.0 Safari/528.16"
72.137.12.18 - - [31/Mar/2009:12:48:12 -0400] "GET /stylesheets/rating.css HTTP/1.1" 200 456 "http://isppractices.econsultation.ca/viewer/header/68" "Mozilla/5.0 (Macintosh; U; Intel Mac OS X 10_5_6; en-us) AppleWebKit/528.16 (KHTML, like Gecko) Version/4.0 Safari/528.16"
72.137.12.18 - - [31/Mar/2009:12:48:12 -0400] "GET /stylesheets/yahoo/fonts.css HTTP/1.1" 200 864 "http://isppractices.econsultation.ca/viewer/header/68" "Mozilla/5.0 (Macintosh; U; Intel Mac OS X 10_5_6; en-us) AppleWebKit/528.16 (KHTML, like Gecko) Version/4.0 Safari/528.16"
72.137.12.18 - - [31/Mar/2009:12:48:12 -0400] "GET /stylesheets/ses.css HTTP/1.1" 200 12442 "http://isppractices.econsultation.ca/viewer/header/68" "Mozilla/5.0 (Macintosh; U; Intel Mac OS X 10_5_6; en-us) AppleWebKit/528.16 (KHTML, like Gecko) Version/4.0 Safari/528.16"
72.137.12.18 - - [31/Mar/2009:12:48:12 -0400] "GET /stylesheets/yahoo/reset.css HTTP/1.1" 200 556 "http://isppractices.econsultation.ca/viewer/header/68" "Mozilla/5.0 (Macintosh; U; Intel Mac OS X 10_5_6; en-us) AppleWebKit/528.16 (KHTML, like Gecko) Version/4.0 Safari/528.16"
72.137.12.18 - - [31/Mar/2009:12:48:12 -0400] "GET /javascripts/builder.js HTTP/1.1" 200 4330 "http://isppractices.econsultation.ca/viewer/header/68" "Mozilla/5.0 (Macintosh; U; Intel Mac OS X 10_5_6; en-us) AppleWebKit/528.16 (KHTML, like Gecko) Version/4.0 Safari/528.16"
72.137.12.18 - - [31/Mar/2009:12:48:12 -0400] "GET /javascripts/dialog.js HTTP/1.1" 200 4788 "http://isppractices.econsultation.ca/viewer/header/68" "Mozilla/5.0 (Macintosh; U; Intel Mac OS X 10_5_6; en-us) AppleWebKit/528.16 (KHTML, like Gecko) Version/4.0 Safari/528.16"
72.137.12.18 - - [31/Mar/2009:12:48:12 -0400] "GET /javascripts/application.js HTTP/1.1" 200 9262 "http://isppractices.econsultation.ca/viewer/header/68" "Mozilla/5.0 (Macintosh; U; Intel Mac OS X 10_5_6; en-us) AppleWebKit/528.16 (KHTML, like Gecko) Version/4.0 Safari/528.16"
72.137.12.18 - - [31/Mar/2009:12:48:12 -0400] "GET /javascripts/prototype.js HTTP/1.1" 200 71263 "http://isppractices.econsultation.ca/viewer/header/68" "Mozilla/5.0 (Macintosh; U; Intel Mac OS X 10_5_6; en-us) AppleWebKit/528.16 (KHTML, like Gecko) Version/4.0 Safari/528.16"
72.137.12.18 - - [31/Mar/2009:12:48:12 -0400] "GET /javascripts/effects.js HTTP/1.1" 200 38200 "http://isppractices.econsultation.ca/viewer/header/68" "Mozilla/5.0 (Macintosh; U; Intel Mac OS X 10_5_6; en-us) AppleWebKit/528.16 (KHTML, like Gecko) Version/4.0 Safari/528.16"
161.44.210.6 - - [31/Mar/2009:12:48:20 -0400] "GET / HTTP/1.1" 200 16529 "http://www.michaelgeist.ca/content/view/3790/125/" "Mozilla/5.0 (X11; U; Linux i686; en-US; rv:1.9.0.6) Gecko/2009020409 Iceweasel/3.0.6 (Debian-3.0.6-1)"
161.44.210.6 - - [31/Mar/2009:12:48:20 -0400] "GET /stylesheets/print.css HTTP/1.1" 200 321 "http://isppractices.econsultation.ca/" "Mozilla/5.0 (X11; U; Linux i686; en-US; rv:1.9.0.6) Gecko/2009020409 Iceweasel/3.0.6 (Debian-3.0.6-1)"
161.44.210.6 - - [31/Mar/2009:12:48:20 -0400] "GET /favicon.ico HTTP/1.1" 200 - "-" "Mozilla/5.0 (X11; U; Linux i686; en-US; rv:1.9.0.6) Gecko/2009020409 Iceweasel/3.0.6 (Debian-3.0.6-1)"
161.44.210.6 - - [31/Mar/2009:12:48:20 -0400] "GET /images/search_go_1.jpg HTTP/1.1" 200 665 "http://isppractices.econsultation.ca/" "Mozilla/5.0 (X11; U; Linux i686; en-US; rv:1.9.0.6) Gecko/2009020409 Iceweasel/3.0.6 (Debian-3.0.6-1)"
161.44.210.6 - - [31/Mar/2009:12:48:21 -0400] "GET /images/nanos_icon_23.png HTTP/1.1" 200 4797 "http://isppractices.econsultation.ca/" "Mozilla/5.0 (X11; U; Linux i686; en-US; rv:1.9.0.6) Gecko/2009020409 Iceweasel/3.0.6 (Debian-3.0.6-1)"
161.44.210.6 - - [31/Mar/2009:12:48:21 -0400] "GET /images/feed-icon-14x14.png HTTP/1.1" 200 689 "http://isppractices.econsultation.ca/" "Mozilla/5.0 (X11; U; Linux i686; en-US; rv:1.9.0.6) Gecko/2009020409 Iceweasel/3.0.6 (Debian-3.0.6-1)"
161.44.210.6 - - [31/Mar/2009:12:48:20 -0400] "GET /stylesheets/base_1238427290.css HTTP/1.1" 200 30105 "http://isppractices.econsultation.ca/" "Mozilla/5.0 (X11; U; Linux i686; en-US; rv:1.9.0.6) Gecko/2009020409 Iceweasel/3.0.6 (Debian-3.0.6-1)"
161.44.210.6 - - [31/Mar/2009:12:48:21 -0400] "GET /images/topNav_endCurve.png HTTP/1.1" 200 433 "http://isppractices.econsultation.ca/stylesheets/base_1238427290.css" "Mozilla/5.0 (X11; U; Linux i686; en-US; rv:1.9.0.6) Gecko/2009020409 Iceweasel/3.0.6 (Debian-3.0.6-1)"
161.44.210.6 - - [31/Mar/2009:12:48:21 -0400] "GET /images/CRTC_2_1300px.jpg HTTP/1.1" 200 72085 "http://isppractices.econsultation.ca/stylesheets/base_1238427290.css" "Mozilla/5.0 (X11; U; Linux i686; en-US; rv:1.9.0.6) Gecko/2009020409 Iceweasel/3.0.6 (Debian-3.0.6-1)"
70.64.128.113 - - [31/Mar/2009:12:48:31 -0400] "GET /topics/show/8?root=304 HTTP/1.1" 200 18882 "http://isppractices.econsultation.ca/" "Mozilla/4.0 (compatible; MSIE 6.0; Windows NT 5.1; SV1; .NET CLR 1.1.4322; .NET CLR 2.0.50727; .NET CLR 3.0.04506.30)"
24.67.177.112 - - [31/Mar/2009:12:48:31 -0400] "GET / HTTP/1.1" 200 16529 "http://www.michaelgeist.ca/content/view/3790/125/" "Mozilla/5.0 (Windows; U; Windows NT 6.0; en-US; rv:1.9.0.8) Gecko/2009032609 Firefox/3.0.8 (.NET CLR 3.5.30729)"
24.67.177.112 - - [31/Mar/2009:12:48:32 -0400] "GET /stylesheets/print.css HTTP/1.1" 200 321 "http://isppractices.econsultation.ca/" "Mozilla/5.0 (Windows; U; Windows NT 6.0; en-US; rv:1.9.0.8) Gecko/2009032609 Firefox/3.0.8 (.NET CLR 3.5.30729)"
24.67.177.112 - - [31/Mar/2009:12:48:32 -0400] "GET /stylesheets/base_1238427290.css HTTP/1.1" 200 30105 "http://isppractices.econsultation.ca/" "Mozilla/5.0 (Windows; U; Windows NT 6.0; en-US; rv:1.9.0.8) Gecko/2009032609 Firefox/3.0.8 (.NET CLR 3.5.30729)"
70.64.128.113 - - [31/Mar/2009:12:48:33 -0400] "POST /talk/mark/304 HTTP/1.1" 201 1 "http://isppractices.econsultation.ca/topics/show/8?root=304#comment_304" "Mozilla/4.0 (compatible; MSIE 6.0; Windows NT 5.1; SV1; .NET CLR 1.1.4322; .NET CLR 2.0.50727; .NET CLR 3.0.04506.30)"
24.67.177.112 - - [31/Mar/2009:12:48:32 -0400] "GET /javascripts/base_1238187983.js HTTP/1.1" 200 97264 "http://isppractices.econsultation.ca/" "Mozilla/5.0 (Windows; U; Windows NT 6.0; en-US; rv:1.9.0.8) Gecko/2009032609 Firefox/3.0.8 (.NET CLR 3.5.30729)"
24.67.177.112 - - [31/Mar/2009:12:48:33 -0400] "GET /images/feed-icon-14x14.png HTTP/1.1" 200 689 "http://isppractices.econsultation.ca/" "Mozilla/5.0 (Windows; U; Windows NT 6.0; en-US; rv:1.9.0.8) Gecko/2009032609 Firefox/3.0.8 (.NET CLR 3.5.30729)"
24.67.177.112 - - [31/Mar/2009:12:48:33 -0400] "GET /favicon.ico HTTP/1.1" 200 - "-" "Mozilla/5.0 (Windows; U; Windows NT 6.0; en-US; rv:1.9.0.8) Gecko/2009032609 Firefox/3.0.8 (.NET CLR 3.5.30729)"
24.67.177.112 - - [31/Mar/2009:12:48:33 -0400] "GET /images/search_go_1.jpg HTTP/1.1" 200 665 "http://isppractices.econsultation.ca/" "Mozilla/5.0 (Windows; U; Windows NT 6.0; en-US; rv:1.9.0.8) Gecko/2009032609 Firefox/3.0.8 (.NET CLR 3.5.30729)"
24.67.177.112 - - [31/Mar/2009:12:48:33 -0400] "GET /images/topNav_endCurve.png HTTP/1.1" 200 433 "http://isppractices.econsultation.ca/stylesheets/base_1238427290.css" "Mozilla/5.0 (Windows; U; Windows NT 6.0; en-US; rv:1.9.0.8) Gecko/2009032609 Firefox/3.0.8 (.NET CLR 3.5.30729)"
24.67.177.112 - - [31/Mar/2009:12:48:33 -0400] "GET /images/nanos_icon_23.png HTTP/1.1" 200 4797 "http://isppractices.econsultation.ca/" "Mozilla/5.0 (Windows; U; Windows NT 6.0; en-US; rv:1.9.0.8) Gecko/2009032609 Firefox/3.0.8 (.NET CLR 3.5.30729)"
24.67.177.112 - - [31/Mar/2009:12:48:33 -0400] "GET /images/CRTC_2_1300px.jpg HTTP/1.1" 200 72085 "http://isppractices.econsultation.ca/stylesheets/base_1238427290.css" "Mozilla/5.0 (Windows; U; Windows NT 6.0; en-US; rv:1.9.0.8) Gecko/2009032609 Firefox/3.0.8 (.NET CLR 3.5.30729)"
47.129.106.192 - - [31/Mar/2009:12:48:35 -0400] "GET / HTTP/1.1" 200 16529 "http://crtc.gc.ca/eng/redirect.asp?URL=http://isppractices.econsultation.ca/" "Mozilla/5.0 (Windows; U; Windows NT 5.1; en-US; rv:1.9.0.8) Gecko/2009032609 Firefox/3.0.8"
47.129.106.192 - - [31/Mar/2009:12:48:36 -0400] "GET /stylesheets/print.css HTTP/1.1" 200 321 "http://isppractices.econsultation.ca/" "Mozilla/5.0 (Windows; U; Windows NT 5.1; en-US; rv:1.9.0.8) Gecko/2009032609 Firefox/3.0.8"
47.129.106.192 - - [31/Mar/2009:12:48:36 -0400] "GET /stylesheets/base_1238427290.css HTTP/1.1" 200 30105 "http://isppractices.econsultation.ca/" "Mozilla/5.0 (Windows; U; Windows NT 5.1; en-US; rv:1.9.0.8) Gecko/2009032609 Firefox/3.0.8"
161.44.210.6 - - [31/Mar/2009:12:48:36 -0400] "GET /javascripts/base_1238187983.js HTTP/1.1" 200 97264 "http://isppractices.econsultation.ca/" "Mozilla/5.0 (X11; U; Linux i686; en-US; rv:1.9.0.6) Gecko/2009020409 Iceweasel/3.0.6 (Debian-3.0.6-1)"
47.129.106.192 - - [31/Mar/2009:12:48:36 -0400] "GET /javascripts/base_1238187983.js HTTP/1.1" 200 97264 "http://isppractices.econsultation.ca/" "Mozilla/5.0 (Windows; U; Windows NT 5.1; en-US; rv:1.9.0.8) Gecko/2009032609 Firefox/3.0.8"
47.129.106.192 - - [31/Mar/2009:12:48:37 -0400] "GET /favicon.ico HTTP/1.1" 200 - "-" "Mozilla/5.0 (Windows; U; Windows NT 5.1; en-US; rv:1.9.0.8) Gecko/2009032609 Firefox/3.0.8"
47.129.106.192 - - [31/Mar/2009:12:48:37 -0400] "GET /images/search_go_1.jpg HTTP/1.1" 200 665 "http://isppractices.econsultation.ca/" "Mozilla/5.0 (Windows; U; Windows NT 5.1; en-US; rv:1.9.0.8) Gecko/2009032609 Firefox/3.0.8"
47.129.106.192 - - [31/Mar/2009:12:48:37 -0400] "GET /images/feed-icon-14x14.png HTTP/1.1" 200 689 "http://isppractices.econsultation.ca/" "Mozilla/5.0 (Windows; U; Windows NT 5.1; en-US; rv:1.9.0.8) Gecko/2009032609 Firefox/3.0.8"
47.129.106.192 - - [31/Mar/2009:12:48:37 -0400] "GET /images/topNav_endCurve.png HTTP/1.1" 200 433 "http://isppractices.econsultation.ca/stylesheets/base_1238427290.css" "Mozilla/5.0 (Windows; U; Windows NT 5.1; en-US; rv:1.9.0.8) Gecko/2009032609 Firefox/3.0.8"
47.129.106.192 - - [31/Mar/2009:12:48:37 -0400] "GET /images/nanos_icon_23.png HTTP/1.1" 200 4797 "http://isppractices.econsultation.ca/" "Mozilla/5.0 (Windows; U; Windows NT 5.1; en-US; rv:1.9.0.8) Gecko/2009032609 Firefox/3.0.8"
47.129.106.192 - - [31/Mar/2009:12:48:37 -0400] "GET /images/CRTC_2_1300px.jpg HTTP/1.1" 200 72085 "http://isppractices.econsultation.ca/stylesheets/base_1238427290.css" "Mozilla/5.0 (Windows; U; Windows NT 5.1; en-US; rv:1.9.0.8) Gecko/2009032609 Firefox/3.0.8"
76.68.38.29 - - [31/Mar/2009:12:48:48 -0400] "GET /topics/show/7?root=303 HTTP/1.1" 200 29712 "http://isppractices.econsultation.ca/" "Mozilla/5.0 (Macintosh; U; Intel Mac OS X 10_4_11; en) AppleWebKit/525.27.1 (KHTML, like Gecko) Version/3.2.1 Safari/525.27.1"
76.68.38.29 - - [31/Mar/2009:12:48:49 -0400] "GET /images/comment_bw.png HTTP/1.1" 200 384 "http://isppractices.econsultation.ca/topics/show/7?root=303#comment_303" "Mozilla/5.0 (Macintosh; U; Intel Mac OS X 10_4_11; en) AppleWebKit/525.27.1 (KHTML, like Gecko) Version/3.2.1 Safari/525.27.1"
76.68.38.29 - - [31/Mar/2009:12:48:49 -0400] "GET /images/BOX-BACK.jpg HTTP/1.1" 200 1025 "http://isppractices.econsultation.ca/topics/show/7?root=303#comment_303" "Mozilla/5.0 (Macintosh; U; Intel Mac OS X 10_4_11; en) AppleWebKit/525.27.1 (KHTML, like Gecko) Version/3.2.1 Safari/525.27.1"
76.68.38.29 - - [31/Mar/2009:12:48:49 -0400] "GET /avatars/0000/0001/pic_nik_thumb.jpg?1237573168 HTTP/1.1" 200 5862 "http://isppractices.econsultation.ca/topics/show/7?root=303#comment_303" "Mozilla/5.0 (Macintosh; U; Intel Mac OS X 10_4_11; en) AppleWebKit/525.27.1 (KHTML, like Gecko) Version/3.2.1 Safari/525.27.1"
76.68.38.29 - - [31/Mar/2009:12:48:49 -0400] "GET /images/arrows.png HTTP/1.1" 200 216 "http://isppractices.econsultation.ca/topics/show/7?root=303#comment_303" "Mozilla/5.0 (Macintosh; U; Intel Mac OS X 10_4_11; en) AppleWebKit/525.27.1 (KHTML, like Gecko) Version/3.2.1 Safari/525.27.1"
76.68.38.29 - - [31/Mar/2009:12:48:49 -0400] "POST /talk/mark/303 HTTP/1.1" 201 1 "http://isppractices.econsultation.ca/topics/show/7?root=303" "Mozilla/5.0 (Macintosh; U; Intel Mac OS X 10_4_11; en) AppleWebKit/525.27.1 (KHTML, like Gecko) Version/3.2.1 Safari/525.27.1"
69.159.198.20 - - [31/Mar/2009:12:48:52 -0400] "POST /talk/mark/302 HTTP/1.1" 201 1 "-" "Mozilla/5.0 (Windows; U; Windows NT 5.1; en-US; rv:1.9.0.7) Gecko/2009021910 Firefox/3.0.7"
206.248.172.224 - - [31/Mar/2009:12:49:13 -0400] "POST /login HTTP/1.1" 200 10075 "http://newmedia.crtc.econsultation.ca/" "Mozilla/5.0 (X11; U; Linux i686; en-US; rv:1.9.0.8) Gecko/2009032811 Firefox/3.0"
206.248.172.224 - - [31/Mar/2009:12:49:13 -0400] "GET /images/information.png HTTP/1.1" 200 918 "http://newmedia.crtc.econsultation.ca/stylesheets/base_110.css" "Mozilla/5.0 (X11; U; Linux i686; en-US; rv:1.9.0.8) Gecko/2009032811 Firefox/3.0"
216.106.100.114 - - [31/Mar/2009:12:49:25 -0400] "GET /favicon.ico HTTP/1.1" 200 - "http://isppractices.econsultation.ca/topics/show/7?root=303" "Opera/9.64 (Windows NT 5.1; U; en) Presto/2.1.1"
216.106.100.114 - - [31/Mar/2009:12:49:25 -0400] "GET /images/comment_bw.png HTTP/1.1" 200 384 "http://isppractices.econsultation.ca/topics/show/7?root=303" "Opera/9.64 (Windows NT 5.1; U; en) Presto/2.1.1"
216.106.100.114 - - [31/Mar/2009:12:49:24 -0400] "GET /topics/show/7?root=303 HTTP/1.1" 200 29712 "http://isppractices.econsultation.ca/" "Opera/9.64 (Windows NT 5.1; U; en) Presto/2.1.1"
216.106.100.114 - - [31/Mar/2009:12:49:25 -0400] "GET /images/BOX-BACK.jpg HTTP/1.1" 200 1025 "http://isppractices.econsultation.ca/topics/show/7?root=303" "Opera/9.64 (Windows NT 5.1; U; en) Presto/2.1.1"
216.106.100.114 - - [31/Mar/2009:12:49:25 -0400] "GET /images/arrows.png HTTP/1.1" 200 216 "http://isppractices.econsultation.ca/topics/show/7?root=303" "Opera/9.64 (Windows NT 5.1; U; en) Presto/2.1.1"
216.106.100.114 - - [31/Mar/2009:12:49:25 -0400] "GET /avatars/0000/0001/pic_nik_thumb.jpg?1237573168 HTTP/1.1" 200 5862 "http://isppractices.econsultation.ca/topics/show/7?root=303" "Opera/9.64 (Windows NT 5.1; U; en) Presto/2.1.1"
216.106.100.114 - - [31/Mar/2009:12:49:26 -0400] "POST /talk/mark/303 HTTP/1.1" 201 1 "http://isppractices.econsultation.ca/topics/show/7?root=303" "Opera/9.64 (Windows NT 5.1; U; en) Presto/2.1.1"
161.44.210.6 - - [31/Mar/2009:12:49:28 -0400] "GET /archives HTTP/1.1" 200 11149 "http://isppractices.econsultation.ca/" "Mozilla/5.0 (X11; U; Linux i686; en-US; rv:1.9.0.6) Gecko/2009020409 Iceweasel/3.0.6 (Debian-3.0.6-1)"
161.44.210.6 - - [31/Mar/2009:12:49:29 -0400] "GET /images/arrows.png HTTP/1.1" 200 216 "http://isppractices.econsultation.ca/stylesheets/base_1238427290.css" "Mozilla/5.0 (X11; U; Linux i686; en-US; rv:1.9.0.6) Gecko/2009020409 Iceweasel/3.0.6 (Debian-3.0.6-1)"
161.44.210.6 - - [31/Mar/2009:12:49:42 -0400] "GET /topics/show/7 HTTP/1.1" 200 23704 "http://isppractices.econsultation.ca/" "Mozilla/5.0 (X11; U; Linux i686; en-US; rv:1.9.0.6) Gecko/2009020409 Iceweasel/3.0.6 (Debian-3.0.6-1)"
161.44.210.6 - - [31/Mar/2009:12:49:43 -0400] "GET /topics/show/7 HTTP/1.1" 200 23704 "http://isppractices.econsultation.ca/" "Mozilla/5.0 (X11; U; Linux i686; en-US; rv:1.9.0.6) Gecko/2009020409 Iceweasel/3.0.6 (Debian-3.0.6-1)"
161.44.210.6 - - [31/Mar/2009:12:49:43 -0400] "GET /topics/show/7 HTTP/1.1" 200 29712 "http://isppractices.econsultation.ca/" "Mozilla/5.0 (X11; U; Linux i686; en-US; rv:1.9.0.6) Gecko/2009020409 Iceweasel/3.0.6 (Debian-3.0.6-1)"
161.44.210.6 - - [31/Mar/2009:12:49:45 -0400] "GET /images/comment_bw.png HTTP/1.1" 200 384 "http://isppractices.econsultation.ca/stylesheets/base_1238427290.css" "Mozilla/5.0 (X11; U; Linux i686; en-US; rv:1.9.0.6) Gecko/2009020409 Iceweasel/3.0.6 (Debian-3.0.6-1)"
161.44.210.6 - - [31/Mar/2009:12:49:45 -0400] "GET /images/BOX-BACK.jpg HTTP/1.1" 200 1025 "http://isppractices.econsultation.ca/stylesheets/base_1238427290.css" "Mozilla/5.0 (X11; U; Linux i686; en-US; rv:1.9.0.6) Gecko/2009020409 Iceweasel/3.0.6 (Debian-3.0.6-1)"
161.44.210.6 - - [31/Mar/2009:12:49:45 -0400] "GET /avatars/0000/0001/pic_nik_thumb.jpg?1237573168 HTTP/1.1" 200 5862 "http://isppractices.econsultation.ca/topics/show/7" "Mozilla/5.0 (X11; U; Linux i686; en-US; rv:1.9.0.6) Gecko/2009020409 Iceweasel/3.0.6 (Debian-3.0.6-1)"
70.64.128.113 - - [31/Mar/2009:12:49:57 -0400] "GET / HTTP/1.1" 200 16529 "-" "Mozilla/4.0 (compatible; MSIE 6.0; Windows NT 5.1; SV1; .NET CLR 1.1.4322; .NET CLR 2.0.50727; .NET CLR 3.0.04506.30)"
206.248.172.224 - - [31/Mar/2009:12:49:59 -0400] "GET /images/topNav_endCurve_black.png HTTP/1.1" 200 447 "http://newmedia.crtc.econsultation.ca/stylesheets/base_110.css" "Mozilla/5.0 (X11; U; Linux i686; en-US; rv:1.9.0.8) Gecko/2009032811 Firefox/3.0"
198.103.61.2 - - [31/Mar/2009:12:49:59 -0400] "GET /topics/show/9 HTTP/1.1" 200 21026 "http://isppractices.econsultation.ca/topics/show/7" "Mozilla/5.0 (Windows; U; Windows NT 5.0; en-GB; rv:1.9.0.8) Gecko/2009032609 Firefox/3.0.8"
70.64.128.113 - - [31/Mar/2009:12:50:01 -0400] "GET /topics/show/7?root=303 HTTP/1.1" 200 29712 "http://isppractices.econsultation.ca/" "Mozilla/4.0 (compatible; MSIE 6.0; Windows NT 5.1; SV1; .NET CLR 1.1.4322; .NET CLR 2.0.50727; .NET CLR 3.0.04506.30)"
70.64.128.113 - - [31/Mar/2009:12:50:02 -0400] "POST /talk/mark/303 HTTP/1.1" 201 1 "http://isppractices.econsultation.ca/topics/show/7?root=303#comment_303" "Mozilla/4.0 (compatible; MSIE 6.0; Windows NT 5.1; SV1; .NET CLR 1.1.4322; .NET CLR 2.0.50727; .NET CLR 3.0.04506.30)"
208.113.224.182 - - [31/Mar/2009:12:50:03 -0400] "GET //misc/drupal.js HTTP/1.0" 500 2349 "-" "-"
208.113.224.182 - - [31/Mar/2009:12:50:04 -0400] "GET / HTTP/1.0" 200 15629 "-" "-"
198.103.61.2 - - [31/Mar/2009:12:50:09 -0400] "POST /talk/mark/307 HTTP/1.1" 201 1 "http://isppractices.econsultation.ca/topics/show/9" "Mozilla/5.0 (Windows; U; Windows NT 5.0; en-GB; rv:1.9.0.8) Gecko/2009032609 Firefox/3.0.8"
47.129.106.192 - - [31/Mar/2009:12:50:17 -0400] "GET /topics/show/6 HTTP/1.1" 200 13799 "http://isppractices.econsultation.ca/" "Mozilla/5.0 (Windows; U; Windows NT 5.1; en-US; rv:1.9.0.8) Gecko/2009032609 Firefox/3.0.8"
47.129.106.192 - - [31/Mar/2009:12:50:18 -0400] "GET /images/comment_bw.png HTTP/1.1" 200 384 "http://isppractices.econsultation.ca/stylesheets/base_1238427290.css" "Mozilla/5.0 (Windows; U; Windows NT 5.1; en-US; rv:1.9.0.8) Gecko/2009032609 Firefox/3.0.8"
47.129.106.192 - - [31/Mar/2009:12:50:18 -0400] "GET /avatars/0000/0001/pic_nik_thumb.jpg?1237573168 HTTP/1.1" 200 5862 "http://isppractices.econsultation.ca/topics/show/6" "Mozilla/5.0 (Windows; U; Windows NT 5.1; en-US; rv:1.9.0.8) Gecko/2009032609 Firefox/3.0.8"
47.129.106.192 - - [31/Mar/2009:12:50:18 -0400] "GET /images/arrows.png HTTP/1.1" 200 216 "http://isppractices.econsultation.ca/stylesheets/base_1238427290.css" "Mozilla/5.0 (Windows; U; Windows NT 5.1; en-US; rv:1.9.0.8) Gecko/2009032609 Firefox/3.0.8"
204.209.209.129 - - [31/Mar/2009:12:50:18 -0400] "GET /rss?lang=en HTTP/1.1" 200 3912 "-" "Mozilla/4.0 (compatible; MSIE 7.0; Windows NT 5.1; GTB5; .NET CLR 1.1.4322; InfoPath.2; MSOffice 12)"
198.103.61.2 - - [31/Mar/2009:12:50:26 -0400] "GET /topics/show/9 HTTP/1.1" 200 21026 "http://isppractices.econsultation.ca/topics/show/9" "Mozilla/5.0 (Windows; U; Windows NT 5.0; en-GB; rv:1.9.0.8) Gecko/2009032609 Firefox/3.0.8"
24.67.177.112 - - [31/Mar/2009:12:50:28 -0400] "GET / HTTP/1.1" 200 16529 "http://www.michaelgeist.ca/content/view/3790/125/" "Mozilla/5.0 (Windows; U; Windows NT 6.0; en-US; rv:1.9.0.8) Gecko/2009032609 Firefox/3.0.8 (.NET CLR 3.5.30729)"
198.103.61.2 - - [31/Mar/2009:12:50:28 -0400] "GET /topics/show/10 HTTP/1.1" 200 19846 "http://isppractices.econsultation.ca/topics/show/9" "Mozilla/5.0 (Windows; U; Windows NT 5.0; en-GB; rv:1.9.0.8) Gecko/2009032609 Firefox/3.0.8"
70.64.128.113 - - [31/Mar/2009:12:50:28 -0400] "GET / HTTP/1.1" 200 16529 "-" "Mozilla/4.0 (compatible; MSIE 6.0; Windows NT 5.1; SV1; .NET CLR 1.1.4322; .NET CLR 2.0.50727; .NET CLR 3.0.04506.30)"
198.103.61.2 - - [31/Mar/2009:12:50:32 -0400] "GET /topics/show/7 HTTP/1.1" 200 29712 "http://isppractices.econsultation.ca/topics/show/10" "Mozilla/5.0 (Windows; U; Windows NT 5.0; en-GB; rv:1.9.0.8) Gecko/2009032609 Firefox/3.0.8"
206.248.172.224 - - [31/Mar/2009:12:50:35 -0400] "GET /verify/a631f6174b614cc019f8a1860e7616982b2bc601?lang=en HTTP/1.1" 302 104 "-" "Mozilla/5.0 (X11; U; Linux i686; en-US; rv:1.9.0.8) Gecko/2009032811 Firefox/3.0"
206.248.172.224 - - [31/Mar/2009:12:50:35 -0400] "GET / HTTP/1.1" 200 11606 "-" "Mozilla/5.0 (X11; U; Linux i686; en-US; rv:1.9.0.8) Gecko/2009032811 Firefox/3.0"
69.159.198.20 - - [31/Mar/2009:12:50:40 -0400] "POST /talk/mark/303 HTTP/1.1" 201 1 "-" "Mozilla/5.0 (Windows; U; Windows NT 5.1; en-US; rv:1.9.0.7) Gecko/2009021910 Firefox/3.0.7"
70.64.128.113 - - [31/Mar/2009:12:50:41 -0400] "GET /topics/show/9?root=307 HTTP/1.1" 200 21026 "http://isppractices.econsultation.ca/" "Mozilla/4.0 (compatible; MSIE 6.0; Windows NT 5.1; SV1; .NET CLR 1.1.4322; .NET CLR 2.0.50727; .NET CLR 3.0.04506.30)"
70.64.128.113 - - [31/Mar/2009:12:50:42 -0400] "POST /talk/mark/307 HTTP/1.1" 201 1 "http://isppractices.econsultation.ca/topics/show/9?root=307#comment_307" "Mozilla/4.0 (compatible; MSIE 6.0; Windows NT 5.1; SV1; .NET CLR 1.1.4322; .NET CLR 2.0.50727; .NET CLR 3.0.04506.30)"
198.103.61.2 - - [31/Mar/2009:12:50:46 -0400] "POST /talk/mark/308 HTTP/1.1" 201 1 "http://isppractices.econsultation.ca/topics/show/7" "Mozilla/5.0 (Windows; U; Windows NT 5.0; en-GB; rv:1.9.0.8) Gecko/2009032609 Firefox/3.0.8"
70.64.128.113 - - [31/Mar/2009:12:50:49 -0400] "GET / HTTP/1.1" 200 16529 "-" "Mozilla/4.0 (compatible; MSIE 6.0; Windows NT 5.1; SV1; .NET CLR 1.1.4322; .NET CLR 2.0.50727; .NET CLR 3.0.04506.30)"
70.64.128.113 - - [31/Mar/2009:12:50:54 -0400] "GET /topics/show/7?root=302 HTTP/1.1" 200 29712 "http://isppractices.econsultation.ca/" "Mozilla/4.0 (compatible; MSIE 6.0; Windows NT 5.1; SV1; .NET CLR 1.1.4322; .NET CLR 2.0.50727; .NET CLR 3.0.04506.30)"
70.64.128.113 - - [31/Mar/2009:12:50:56 -0400] "POST /talk/mark/302 HTTP/1.1" 201 1 "http://isppractices.econsultation.ca/topics/show/7?root=302#comment_302" "Mozilla/4.0 (compatible; MSIE 6.0; Windows NT 5.1; SV1; .NET CLR 1.1.4322; .NET CLR 2.0.50727; .NET CLR 3.0.04506.30)"
75.119.235.204 - - [31/Mar/2009:12:51:00 -0400] "GET / HTTP/1.1" 200 16529 "-" "Mozilla/5.0 (Windows; U; Windows NT 5.1; en-GB; rv:1.8.1.20) Gecko/20081217 Firefox/2.0.0.20"
75.119.235.204 - - [31/Mar/2009:12:51:01 -0400] "GET /stylesheets/base_1238427290.css HTTP/1.1" 200 30105 "-" "Mozilla/5.0 (Windows; U; Windows NT 5.1; en-GB; rv:1.8.1.20) Gecko/20081217 Firefox/2.0.0.20"
75.119.235.204 - - [31/Mar/2009:12:51:02 -0400] "GET /stylesheets/print.css HTTP/1.1" 200 321 "-" "Mozilla/5.0 (Windows; U; Windows NT 5.1; en-GB; rv:1.8.1.20) Gecko/20081217 Firefox/2.0.0.20"
70.68.227.25 - - [31/Mar/2009:12:51:00 -0400] "GET / HTTP/1.1" 200 16529 "-" "Mozilla/5.0 (Windows; U; Windows NT 5.1; en-US; rv:1.9.0.7) Gecko/2009021910 Firefox/3.0.7 (.NET CLR 3.5.30729)"
75.119.235.204 - - [31/Mar/2009:12:51:02 -0400] "GET /javascripts/base_1238187983.js HTTP/1.1" 200 97264 "-" "Mozilla/5.0 (Windows; U; Windows NT 5.1; en-GB; rv:1.8.1.20) Gecko/20081217 Firefox/2.0.0.20"
75.119.235.204 - - [31/Mar/2009:12:51:02 -0400] "GET /images/search_go_1.jpg HTTP/1.1" 200 665 "-" "Mozilla/5.0 (Windows; U; Windows NT 5.1; en-GB; rv:1.8.1.20) Gecko/20081217 Firefox/2.0.0.20"
75.119.235.204 - - [31/Mar/2009:12:51:02 -0400] "GET /images/feed-icon-14x14.png HTTP/1.1" 200 689 "-" "Mozilla/5.0 (Windows; U; Windows NT 5.1; en-GB; rv:1.8.1.20) Gecko/20081217 Firefox/2.0.0.20"
75.119.235.204 - - [31/Mar/2009:12:51:02 -0400] "GET /images/topNav_endCurve.png HTTP/1.1" 200 433 "-" "Mozilla/5.0 (Windows; U; Windows NT 5.1; en-GB; rv:1.8.1.20) Gecko/20081217 Firefox/2.0.0.20"
69.159.198.20 - - [31/Mar/2009:12:51:01 -0400] "GET /topics/show/7 HTTP/1.1" 200 29712 "-" "Mozilla/5.0 (Windows; U; Windows NT 5.1; en-US; rv:1.9.0.7) Gecko/2009021910 Firefox/3.0.7"
75.119.235.204 - - [31/Mar/2009:12:51:02 -0400] "GET /images/nanos_icon_23.png HTTP/1.1" 200 4797 "-" "Mozilla/5.0 (Windows; U; Windows NT 5.1; en-GB; rv:1.8.1.20) Gecko/20081217 Firefox/2.0.0.20"
75.119.235.204 - - [31/Mar/2009:12:51:02 -0400] "GET /images/CRTC_2_1300px.jpg HTTP/1.1" 200 72085 "-" "Mozilla/5.0 (Windows; U; Windows NT 5.1; en-GB; rv:1.8.1.20) Gecko/20081217 Firefox/2.0.0.20"
70.68.227.25 - - [31/Mar/2009:12:51:03 -0400] "GET /stylesheets/print.css HTTP/1.1" 200 321 "http://isppractices.econsultation.ca/" "Mozilla/5.0 (Windows; U; Windows NT 5.1; en-US; rv:1.9.0.7) Gecko/2009021910 Firefox/3.0.7 (.NET CLR 3.5.30729)"
70.68.227.25 - - [31/Mar/2009:12:51:03 -0400] "GET /stylesheets/base_1238427290.css HTTP/1.1" 200 30105 "http://isppractices.econsultation.ca/" "Mozilla/5.0 (Windows; U; Windows NT 5.1; en-US; rv:1.9.0.7) Gecko/2009021910 Firefox/3.0.7 (.NET CLR 3.5.30729)"
75.119.235.204 - - [31/Mar/2009:12:51:03 -0400] "GET /favicon.ico HTTP/1.1" 200 - "-" "Mozilla/5.0 (Windows; U; Windows NT 5.1; en-GB; rv:1.8.1.20) Gecko/20081217 Firefox/2.0.0.20"
75.119.235.204 - - [31/Mar/2009:12:51:03 -0400] "GET /favicon.ico HTTP/1.1" 200 - "-" "Mozilla/5.0 (Windows; U; Windows NT 5.1; en-GB; rv:1.8.1.20) Gecko/20081217 Firefox/2.0.0.20"
70.68.227.25 - - [31/Mar/2009:12:51:03 -0400] "GET /javascripts/base_1238187983.js HTTP/1.1" 200 97264 "http://isppractices.econsultation.ca/" "Mozilla/5.0 (Windows; U; Windows NT 5.1; en-US; rv:1.9.0.7) Gecko/2009021910 Firefox/3.0.7 (.NET CLR 3.5.30729)"
70.68.227.25 - - [31/Mar/2009:12:51:04 -0400] "GET /favicon.ico HTTP/1.1" 200 - "-" "Mozilla/5.0 (Windows; U; Windows NT 5.1; en-US; rv:1.9.0.7) Gecko/2009021910 Firefox/3.0.7 (.NET CLR 3.5.30729)"
70.68.227.25 - - [31/Mar/2009:12:51:04 -0400] "GET /images/search_go_1.jpg HTTP/1.1" 200 665 "http://isppractices.econsultation.ca/" "Mozilla/5.0 (Windows; U; Windows NT 5.1; en-US; rv:1.9.0.7) Gecko/2009021910 Firefox/3.0.7 (.NET CLR 3.5.30729)"
70.68.227.25 - - [31/Mar/2009:12:51:04 -0400] "GET /images/feed-icon-14x14.png HTTP/1.1" 200 689 "http://isppractices.econsultation.ca/" "Mozilla/5.0 (Windows; U; Windows NT 5.1; en-US; rv:1.9.0.7) Gecko/2009021910 Firefox/3.0.7 (.NET CLR 3.5.30729)"
70.68.227.25 - - [31/Mar/2009:12:51:07 -0400] "GET /images/topNav_endCurve.png HTTP/1.1" 200 433 "http://isppractices.econsultation.ca/stylesheets/base_1238427290.css" "Mozilla/5.0 (Windows; U; Windows NT 5.1; en-US; rv:1.9.0.7) Gecko/2009021910 Firefox/3.0.7 (.NET CLR 3.5.30729)"
70.64.128.113 - - [31/Mar/2009:12:51:07 -0400] "GET / HTTP/1.1" 200 16529 "-" "Mozilla/4.0 (compatible; MSIE 6.0; Windows NT 5.1; SV1; .NET CLR 1.1.4322; .NET CLR 2.0.50727; .NET CLR 3.0.04506.30)"
70.68.227.25 - - [31/Mar/2009:12:51:07 -0400] "GET /images/CRTC_2_1300px.jpg HTTP/1.1" 200 72085 "http://isppractices.econsultation.ca/stylesheets/base_1238427290.css" "Mozilla/5.0 (Windows; U; Windows NT 5.1; en-US; rv:1.9.0.7) Gecko/2009021910 Firefox/3.0.7 (.NET CLR 3.5.30729)"
70.68.227.25 - - [31/Mar/2009:12:51:08 -0400] "GET /images/nanos_icon_23.png HTTP/1.1" 200 4797 "http://isppractices.econsultation.ca/" "Mozilla/5.0 (Windows; U; Windows NT 5.1; en-US; rv:1.9.0.7) Gecko/2009021910 Firefox/3.0.7 (.NET CLR 3.5.30729)"
99.241.113.190 - - [31/Mar/2009:12:51:08 -0400] "GET / HTTP/1.1" 200 16529 "http://www.google.com/reader/view/" "Mozilla/5.0 (Windows; U; Windows NT 5.1; en-US) AppleWebKit/530.1 (KHTML, like Gecko) Chrome/2.0.169.1 Safari/530.1"
99.241.113.190 - - [31/Mar/2009:12:51:09 -0400] "GET /stylesheets/base_1238427290.css HTTP/1.1" 200 30105 "http://isppractices.econsultation.ca/" "Mozilla/5.0 (Windows; U; Windows NT 5.1; en-US) AppleWebKit/530.1 (KHTML, like Gecko) Chrome/2.0.169.1 Safari/530.1"
99.241.113.190 - - [31/Mar/2009:12:51:09 -0400] "GET /stylesheets/print.css HTTP/1.1" 200 321 "http://isppractices.econsultation.ca/" "Mozilla/5.0 (Windows; U; Windows NT 5.1; en-US) AppleWebKit/530.1 (KHTML, like Gecko) Chrome/2.0.169.1 Safari/530.1"
99.241.113.190 - - [31/Mar/2009:12:51:09 -0400] "GET /javascripts/base_1238187983.js HTTP/1.1" 200 97264 "http://isppractices.econsultation.ca/" "Mozilla/5.0 (Windows; U; Windows NT 5.1; en-US) AppleWebKit/530.1 (KHTML, like Gecko) Chrome/2.0.169.1 Safari/530.1"
99.241.113.190 - - [31/Mar/2009:12:51:10 -0400] "GET /images/topNav_endCurve.png HTTP/1.1" 200 433 "http://isppractices.econsultation.ca/" "Mozilla/5.0 (Windows; U; Windows NT 5.1; en-US) AppleWebKit/530.1 (KHTML, like Gecko) Chrome/2.0.169.1 Safari/530.1"
99.241.113.190 - - [31/Mar/2009:12:51:10 -0400] "GET /images/feed-icon-14x14.png HTTP/1.1" 200 689 "http://isppractices.econsultation.ca/" "Mozilla/5.0 (Windows; U; Windows NT 5.1; en-US) AppleWebKit/530.1 (KHTML, like Gecko) Chrome/2.0.169.1 Safari/530.1"
99.241.113.190 - - [31/Mar/2009:12:51:10 -0400] "GET /images/search_go_1.jpg HTTP/1.1" 200 665 "http://isppractices.econsultation.ca/" "Mozilla/5.0 (Windows; U; Windows NT 5.1; en-US) AppleWebKit/530.1 (KHTML, like Gecko) Chrome/2.0.169.1 Safari/530.1"
99.241.113.190 - - [31/Mar/2009:12:51:10 -0400] "GET /images/CRTC_2_1300px.jpg HTTP/1.1" 200 72085 "http://isppractices.econsultation.ca/" "Mozilla/5.0 (Windows; U; Windows NT 5.1; en-US) AppleWebKit/530.1 (KHTML, like Gecko) Chrome/2.0.169.1 Safari/530.1"
69.159.198.20 - - [31/Mar/2009:12:51:10 -0400] "GET /topics/show/8 HTTP/1.1" 200 18882 "-" "Mozilla/5.0 (Windows; U; Windows NT 5.1; en-US; rv:1.9.0.7) Gecko/2009021910 Firefox/3.0.7"
99.241.113.190 - - [31/Mar/2009:12:51:10 -0400] "GET /images/nanos_icon_23.png HTTP/1.1" 200 4797 "http://isppractices.econsultation.ca/" "Mozilla/5.0 (Windows; U; Windows NT 5.1; en-US) AppleWebKit/530.1 (KHTML, like Gecko) Chrome/2.0.169.1 Safari/530.1"
99.241.113.190 - - [31/Mar/2009:12:51:10 -0400] "GET /favicon.ico HTTP/1.1" 200 - "-" "Mozilla/5.0 (Windows; U; Windows NT 5.1; en-US) AppleWebKit/530.1 (KHTML, like Gecko) Chrome/2.0.169.1 Safari/530.1"
69.159.198.20 - - [31/Mar/2009:12:51:25 -0400] "POST /talk/mark/304 HTTP/1.1" 201 1 "-" "Mozilla/5.0 (Windows; U; Windows NT 5.1; en-US; rv:1.9.0.7) Gecko/2009021910 Firefox/3.0.7"
198.103.61.2 - - [31/Mar/2009:12:51:25 -0400] "GET /topics/show/8 HTTP/1.1" 200 18882 "http://isppractices.econsultation.ca/topics/show/7" "Mozilla/5.0 (Windows; U; Windows NT 5.0; en-GB; rv:1.9.0.8) Gecko/2009032609 Firefox/3.0.8"
161.44.210.6 - - [31/Mar/2009:12:51:27 -0400] "GET /topics/show/7 HTTP/1.1" 200 29712 "http://isppractices.econsultation.ca/" "Mozilla/5.0 (X11; U; Linux i686; en-US; rv:1.9.0.6) Gecko/2009020409 Iceweasel/3.0.6 (Debian-3.0.6-1)"
198.103.61.2 - - [31/Mar/2009:12:51:30 -0400] "GET /topics/show/9 HTTP/1.1" 200 21026 "http://isppractices.econsultation.ca/topics/show/8" "Mozilla/5.0 (Windows; U; Windows NT 5.0; en-GB; rv:1.9.0.8) Gecko/2009032609 Firefox/3.0.8"
198.96.2.93 - - [31/Mar/2009:12:51:37 -0400] "GET / HTTP/1.1" 200 16529 "http://www.crtc.gc.ca/eng/redirect.asp?URL=http://isppractices.econsultation.ca/" "Mozilla/4.0 (compatible; MSIE 7.0; Windows NT 5.1; .NET CLR 1.1.4322; .NET CLR 2.0.50727; InfoPath.1; .NET CLR 3.0.04506.30)"
198.96.2.93 - - [31/Mar/2009:12:51:37 -0400] "GET /stylesheets/print.css HTTP/1.1" 200 321 "http://isppractices.econsultation.ca/" "Mozilla/4.0 (compatible; MSIE 7.0; Windows NT 5.1; .NET CLR 1.1.4322; .NET CLR 2.0.50727; InfoPath.1; .NET CLR 3.0.04506.30)"
198.96.2.93 - - [31/Mar/2009:12:51:37 -0400] "GET /stylesheets/base_1238427290.css HTTP/1.1" 200 30105 "http://isppractices.econsultation.ca/" "Mozilla/4.0 (compatible; MSIE 7.0; Windows NT 5.1; .NET CLR 1.1.4322; .NET CLR 2.0.50727; InfoPath.1; .NET CLR 3.0.04506.30)"
198.96.2.93 - - [31/Mar/2009:12:51:38 -0400] "GET /stylesheets/redesign_IE.css HTTP/1.1" 200 4221 "http://isppractices.econsultation.ca/" "Mozilla/4.0 (compatible; MSIE 7.0; Windows NT 5.1; .NET CLR 1.1.4322; .NET CLR 2.0.50727; InfoPath.1; .NET CLR 3.0.04506.30)"
198.96.2.93 - - [31/Mar/2009:12:51:37 -0400] "GET /javascripts/base_1238187983.js HTTP/1.1" 200 97264 "http://isppractices.econsultation.ca/" "Mozilla/4.0 (compatible; MSIE 7.0; Windows NT 5.1; .NET CLR 1.1.4322; .NET CLR 2.0.50727; InfoPath.1; .NET CLR 3.0.04506.30)"
198.103.61.2 - - [31/Mar/2009:12:51:37 -0400] "GET /topics/show/11 HTTP/1.1" 200 18125 "http://isppractices.econsultation.ca/topics/show/9" "Mozilla/5.0 (Windows; U; Windows NT 5.0; en-GB; rv:1.9.0.8) Gecko/2009032609 Firefox/3.0.8"
198.96.2.93 - - [31/Mar/2009:12:51:38 -0400] "GET /images/search_go_1.jpg HTTP/1.1" 200 665 "http://isppractices.econsultation.ca/" "Mozilla/4.0 (compatible; MSIE 7.0; Windows NT 5.1; .NET CLR 1.1.4322; .NET CLR 2.0.50727; InfoPath.1; .NET CLR 3.0.04506.30)"
198.96.2.93 - - [31/Mar/2009:12:51:38 -0400] "GET /images/feed-icon-14x14.png HTTP/1.1" 200 689 "http://isppractices.econsultation.ca/" "Mozilla/4.0 (compatible; MSIE 7.0; Windows NT 5.1; .NET CLR 1.1.4322; .NET CLR 2.0.50727; InfoPath.1; .NET CLR 3.0.04506.30)"
198.96.2.93 - - [31/Mar/2009:12:51:38 -0400] "GET /images/nanos_icon_23.png HTTP/1.1" 200 4797 "http://isppractices.econsultation.ca/" "Mozilla/4.0 (compatible; MSIE 7.0; Windows NT 5.1; .NET CLR 1.1.4322; .NET CLR 2.0.50727; InfoPath.1; .NET CLR 3.0.04506.30)"
198.96.2.93 - - [31/Mar/2009:12:51:38 -0400] "GET /images/CRTC_2_1300px.jpg HTTP/1.1" 200 72085 "http://isppractices.econsultation.ca/" "Mozilla/4.0 (compatible; MSIE 7.0; Windows NT 5.1; .NET CLR 1.1.4322; .NET CLR 2.0.50727; InfoPath.1; .NET CLR 3.0.04506.30)"
198.96.2.93 - - [31/Mar/2009:12:51:38 -0400] "GET /images/topNav_endCurve.png HTTP/1.1" 200 433 "http://isppractices.econsultation.ca/" "Mozilla/4.0 (compatible; MSIE 7.0; Windows NT 5.1; .NET CLR 1.1.4322; .NET CLR 2.0.50727; InfoPath.1; .NET CLR 3.0.04506.30)"
198.96.2.93 - - [31/Mar/2009:12:51:39 -0400] "GET /favicon.ico HTTP/1.1" 200 - "-" "Mozilla/4.0 (compatible; MSIE 7.0; Windows NT 5.1; .NET CLR 1.1.4322; .NET CLR 2.0.50727; InfoPath.1; .NET CLR 3.0.04506.30)"
198.103.61.2 - - [31/Mar/2009:12:51:40 -0400] "GET /topics/show/10 HTTP/1.1" 200 19846 "http://isppractices.econsultation.ca/topics/show/11" "Mozilla/5.0 (Windows; U; Windows NT 5.0; en-GB; rv:1.9.0.8) Gecko/2009032609 Firefox/3.0.8"
75.119.251.225 - - [31/Mar/2009:12:51:40 -0400] "GET / HTTP/1.1" 200 16529 "http://www.crtc.gc.ca/eng/redirect.asp?URL=http://isppractices.econsultation.ca/" "Mozilla/5.0 (Windows; U; Windows NT 6.0; en-US) AppleWebKit/525.19 (KHTML, like Gecko) Chrome/1.0.154.53 Safari/525.19"
75.119.251.225 - - [31/Mar/2009:12:51:41 -0400] "GET /stylesheets/print.css HTTP/1.1" 200 321 "http://isppractices.econsultation.ca/" "Mozilla/5.0 (Windows; U; Windows NT 6.0; en-US) AppleWebKit/525.19 (KHTML, like Gecko) Chrome/1.0.154.53 Safari/525.19"
75.119.251.225 - - [31/Mar/2009:12:51:41 -0400] "GET /stylesheets/base_1238427290.css HTTP/1.1" 200 30105 "http://isppractices.econsultation.ca/" "Mozilla/5.0 (Windows; U; Windows NT 6.0; en-US) AppleWebKit/525.19 (KHTML, like Gecko) Chrome/1.0.154.53 Safari/525.19"
75.119.251.225 - - [31/Mar/2009:12:51:41 -0400] "GET /javascripts/base_1238187983.js HTTP/1.1" 200 97264 "http://isppractices.econsultation.ca/" "Mozilla/5.0 (Windows; U; Windows NT 6.0; en-US) AppleWebKit/525.19 (KHTML, like Gecko) Chrome/1.0.154.53 Safari/525.19"
75.119.251.225 - - [31/Mar/2009:12:51:42 -0400] "GET /images/topNav_endCurve.png HTTP/1.1" 200 433 "http://isppractices.econsultation.ca/" "Mozilla/5.0 (Windows; U; Windows NT 6.0; en-US) AppleWebKit/525.19 (KHTML, like Gecko) Chrome/1.0.154.53 Safari/525.19"
75.119.251.225 - - [31/Mar/2009:12:51:42 -0400] "GET /images/search_go_1.jpg HTTP/1.1" 200 665 "http://isppractices.econsultation.ca/" "Mozilla/5.0 (Windows; U; Windows NT 6.0; en-US) AppleWebKit/525.19 (KHTML, like Gecko) Chrome/1.0.154.53 Safari/525.19"
75.119.251.225 - - [31/Mar/2009:12:51:42 -0400] "GET /images/feed-icon-14x14.png HTTP/1.1" 200 689 "http://isppractices.econsultation.ca/" "Mozilla/5.0 (Windows; U; Windows NT 6.0; en-US) AppleWebKit/525.19 (KHTML, like Gecko) Chrome/1.0.154.53 Safari/525.19"
75.119.251.225 - - [31/Mar/2009:12:51:42 -0400] "GET /images/nanos_icon_23.png HTTP/1.1" 200 4797 "http://isppractices.econsultation.ca/" "Mozilla/5.0 (Windows; U; Windows NT 6.0; en-US) AppleWebKit/525.19 (KHTML, like Gecko) Chrome/1.0.154.53 Safari/525.19"
75.119.251.225 - - [31/Mar/2009:12:51:42 -0400] "GET /images/CRTC_2_1300px.jpg HTTP/1.1" 200 72085 "http://isppractices.econsultation.ca/" "Mozilla/5.0 (Windows; U; Windows NT 6.0; en-US) AppleWebKit/525.19 (KHTML, like Gecko) Chrome/1.0.154.53 Safari/525.19"
75.119.251.225 - - [31/Mar/2009:12:51:42 -0400] "GET /favicon.ico HTTP/1.1" 200 - "-" "Mozilla/5.0 (Windows; U; Windows NT 6.0; en-US) AppleWebKit/525.19 (KHTML, like Gecko) Chrome/1.0.154.53 Safari/525.19"
161.44.210.6 - - [31/Mar/2009:12:51:42 -0400] "GET /topics/show/10 HTTP/1.1" 200 19846 "http://isppractices.econsultation.ca/topics/show/7" "Mozilla/5.0 (X11; U; Linux i686; en-US; rv:1.9.0.6) Gecko/2009020409 Iceweasel/3.0.6 (Debian-3.0.6-1)"
70.64.128.113 - - [31/Mar/2009:12:51:49 -0400] "GET /archives HTTP/1.1" 200 11149 "http://isppractices.econsultation.ca/" "Mozilla/4.0 (compatible; MSIE 6.0; Windows NT 5.1; SV1; .NET CLR 1.1.4322; .NET CLR 2.0.50727; .NET CLR 3.0.04506.30)"
70.64.128.113 - - [31/Mar/2009:12:51:57 -0400] "GET /topics/show/11 HTTP/1.1" 200 18125 "http://isppractices.econsultation.ca/archives" "Mozilla/4.0 (compatible; MSIE 6.0; Windows NT 5.1; SV1; .NET CLR 1.1.4322; .NET CLR 2.0.50727; .NET CLR 3.0.04506.30)"
161.44.210.6 - - [31/Mar/2009:12:52:00 -0400] "GET /register HTTP/1.1" 200 11101 "http://isppractices.econsultation.ca/topics/show/10" "Mozilla/5.0 (X11; U; Linux i686; en-US; rv:1.9.0.6) Gecko/2009020409 Iceweasel/3.0.6 (Debian-3.0.6-1)"
206.248.172.224 - - [31/Mar/2009:12:52:02 -0400] "GET / HTTP/1.1" 200 11569 "http://newmedia.crtc.econsultation.ca/" "Mozilla/5.0 (X11; U; Linux i686; en-US; rv:1.9.0.8) Gecko/2009032811 Firefox/3.0"
99.241.113.190 - - [31/Mar/2009:12:52:08 -0400] "GET /register HTTP/1.1" 200 11101 "http://isppractices.econsultation.ca/" "Mozilla/5.0 (Windows; U; Windows NT 5.1; en-US) AppleWebKit/530.1 (KHTML, like Gecko) Chrome/2.0.169.1 Safari/530.1"
66.46.188.194 - - [31/Mar/2009:12:52:08 -0400] "GET / HTTP/1.1" 200 12723 "-" "Mozilla/4.0 (compatible; MSIE 7.0; Windows NT 5.1; GTB5; .NET CLR 1.1.4322; .NET CLR 2.0.50727)"
66.46.188.194 - - [31/Mar/2009:12:52:09 -0400] "GET /stylesheets/base_1238427290.css HTTP/1.1" 200 30105 "http://pratiquesfsi.econsultation.ca/" "Mozilla/4.0 (compatible; MSIE 7.0; Windows NT 5.1; GTB5; .NET CLR 1.1.4322; .NET CLR 2.0.50727)"
66.46.188.194 - - [31/Mar/2009:12:52:09 -0400] "GET /stylesheets/redesign_IE.css HTTP/1.1" 200 4221 "http://pratiquesfsi.econsultation.ca/" "Mozilla/4.0 (compatible; MSIE 7.0; Windows NT 5.1; GTB5; .NET CLR 1.1.4322; .NET CLR 2.0.50727)"
66.46.188.194 - - [31/Mar/2009:12:52:09 -0400] "GET /stylesheets/print.css HTTP/1.1" 200 321 "http://pratiquesfsi.econsultation.ca/" "Mozilla/4.0 (compatible; MSIE 7.0; Windows NT 5.1; GTB5; .NET CLR 1.1.4322; .NET CLR 2.0.50727)"
66.46.188.194 - - [31/Mar/2009:12:52:09 -0400] "GET /javascripts/base_1238187983.js HTTP/1.1" 200 97264 "http://pratiquesfsi.econsultation.ca/" "Mozilla/4.0 (compatible; MSIE 7.0; Windows NT 5.1; GTB5; .NET CLR 1.1.4322; .NET CLR 2.0.50727)"
66.46.188.194 - - [31/Mar/2009:12:52:09 -0400] "GET /images/search_go_1.jpg HTTP/1.1" 200 665 "http://pratiquesfsi.econsultation.ca/" "Mozilla/4.0 (compatible; MSIE 7.0; Windows NT 5.1; GTB5; .NET CLR 1.1.4322; .NET CLR 2.0.50727)"
66.46.188.194 - - [31/Mar/2009:12:52:09 -0400] "GET /images/feed-icon-14x14.png HTTP/1.1" 200 689 "http://pratiquesfsi.econsultation.ca/" "Mozilla/4.0 (compatible; MSIE 7.0; Windows NT 5.1; GTB5; .NET CLR 1.1.4322; .NET CLR 2.0.50727)"
66.46.188.194 - - [31/Mar/2009:12:52:10 -0400] "GET /images/nanos_icon_23.png HTTP/1.1" 200 4797 "http://pratiquesfsi.econsultation.ca/" "Mozilla/4.0 (compatible; MSIE 7.0; Windows NT 5.1; GTB5; .NET CLR 1.1.4322; .NET CLR 2.0.50727)"
66.46.188.194 - - [31/Mar/2009:12:52:10 -0400] "GET /images/topNav_endCurve.png HTTP/1.1" 200 433 "http://pratiquesfsi.econsultation.ca/" "Mozilla/4.0 (compatible; MSIE 7.0; Windows NT 5.1; GTB5; .NET CLR 1.1.4322; .NET CLR 2.0.50727)"
66.46.188.194 - - [31/Mar/2009:12:52:09 -0400] "GET /images/CRTC_2_1300px.jpg HTTP/1.1" 200 72085 "http://pratiquesfsi.econsultation.ca/" "Mozilla/4.0 (compatible; MSIE 7.0; Windows NT 5.1; GTB5; .NET CLR 1.1.4322; .NET CLR 2.0.50727)"
66.46.188.194 - - [31/Mar/2009:12:52:10 -0400] "GET /favicon.ico HTTP/1.1" 200 - "-" "Mozilla/4.0 (compatible; MSIE 7.0; Windows NT 5.1; GTB5; .NET CLR 1.1.4322; .NET CLR 2.0.50727)"
66.46.188.194 - - [31/Mar/2009:12:52:11 -0400] "GET /images/topNav_endCurve_black.png HTTP/1.1" 200 447 "http://pratiquesfsi.econsultation.ca/" "Mozilla/4.0 (compatible; MSIE 7.0; Windows NT 5.1; GTB5; .NET CLR 1.1.4322; .NET CLR 2.0.50727)"
69.159.198.20 - - [31/Mar/2009:12:52:14 -0400] "GET /topics/show/11 HTTP/1.1" 200 18125 "-" "Mozilla/5.0 (Windows; U; Windows NT 5.1; en-US; rv:1.9.0.7) Gecko/2009021910 Firefox/3.0.7"
206.248.172.224 - - [31/Mar/2009:12:52:17 -0400] "GET / HTTP/1.1" 200 16613 "http://www.crtc.gc.ca/eng/redirect.asp?URL=http://isppractices.econsultation.ca/" "Mozilla/5.0 (X11; U; Linux i686; en-US; rv:1.9.0.8) Gecko/2009032811 Firefox/3.0"
69.159.198.20 - - [31/Mar/2009:12:52:19 -0400] "GET /topics/show/10 HTTP/1.1" 200 19846 "-" "Mozilla/5.0 (Windows; U; Windows NT 5.1; en-US; rv:1.9.0.7) Gecko/2009021910 Firefox/3.0.7"
70.64.128.113 - - [31/Mar/2009:12:52:20 -0400] "GET /archives HTTP/1.1" 200 11149 "http://isppractices.econsultation.ca/" "Mozilla/4.0 (compatible; MSIE 6.0; Windows NT 5.1; SV1; .NET CLR 1.1.4322; .NET CLR 2.0.50727; .NET CLR 3.0.04506.30)"
70.64.128.113 - - [31/Mar/2009:12:52:22 -0400] "GET / HTTP/1.1" 200 16529 "-" "Mozilla/4.0 (compatible; MSIE 6.0; Windows NT 5.1; SV1; .NET CLR 1.1.4322; .NET CLR 2.0.50727; .NET CLR 3.0.04506.30)"
99.241.113.190 - - [31/Mar/2009:12:52:30 -0400] "POST /register HTTP/1.1" 302 103 "http://isppractices.econsultation.ca/register" "Mozilla/5.0 (Windows; U; Windows NT 5.1; en-US) AppleWebKit/530.1 (KHTML, like Gecko) Chrome/2.0.169.1 Safari/530.1"
99.241.113.190 - - [31/Mar/2009:12:52:31 -0400] "GET / HTTP/1.1" 200 11503 "http://isppractices.econsultation.ca/register" "Mozilla/5.0 (Windows; U; Windows NT 5.1; en-US) AppleWebKit/530.1 (KHTML, like Gecko) Chrome/2.0.169.1 Safari/530.1"
99.241.113.190 - - [31/Mar/2009:12:52:31 -0400] "GET /images/information.png HTTP/1.1" 200 918 "http://isppractices.econsultation.ca/" "Mozilla/5.0 (Windows; U; Windows NT 5.1; en-US) AppleWebKit/530.1 (KHTML, like Gecko) Chrome/2.0.169.1 Safari/530.1"
206.162.160.197 - - [31/Mar/2009:12:52:32 -0400] "GET /verify/8e297a985ca6ff8f376f6e54e2c1d0154b9b61a9?lang=en HTTP/1.1" 302 104 "-" "Mozilla/5.0 (Windows; U; Windows NT 5.1; en-US) AppleWebKit/525.19 (KHTML, like Gecko) Chrome/0.3.154.0 Safari/525.19"
206.47.245.252 - - [31/Mar/2009:12:52:32 -0400] "GET / HTTP/1.1" 200 11532 "-" "Mozilla/5.0 (Windows; U; Windows NT 5.1; en-US) AppleWebKit/525.19 (KHTML, like Gecko) Chrome/0.3.154.0 Safari/525.19"
206.162.160.197 - - [31/Mar/2009:12:52:32 -0400] "GET /stylesheets/print.css HTTP/1.1" 200 321 "http://newmedia.crtc.econsultation.ca/" "Mozilla/5.0 (Windows; U; Windows NT 5.1; en-US) AppleWebKit/525.19 (KHTML, like Gecko) Chrome/0.3.154.0 Safari/525.19"
206.162.160.197 - - [31/Mar/2009:12:52:32 -0400] "GET /stylesheets/base_110.css HTTP/1.1" 200 30108 "http://newmedia.crtc.econsultation.ca/" "Mozilla/5.0 (Windows; U; Windows NT 5.1; en-US) AppleWebKit/525.19 (KHTML, like Gecko) Chrome/0.3.154.0 Safari/525.19"
70.64.128.113 - - [31/Mar/2009:12:52:35 -0400] "GET / HTTP/1.1" 200 16529 "http://isppractices.econsultation.ca/" "Mozilla/4.0 (compatible; MSIE 6.0; Windows NT 5.1; SV1; .NET CLR 1.1.4322; .NET CLR 2.0.50727; .NET CLR 3.0.04506.30)"
206.47.245.252 - - [31/Mar/2009:12:52:32 -0400] "GET /javascripts/base_53.js HTTP/1.1" 200 97264 "http://newmedia.crtc.econsultation.ca/" "Mozilla/5.0 (Windows; U; Windows NT 5.1; en-US) AppleWebKit/525.19 (KHTML, like Gecko) Chrome/0.3.154.0 Safari/525.19"
206.47.245.252 - - [31/Mar/2009:12:52:39 -0400] "GET /images/topNav_endCurve.png HTTP/1.1" 200 433 "http://newmedia.crtc.econsultation.ca/" "Mozilla/5.0 (Windows; U; Windows NT 5.1; en-US) AppleWebKit/525.19 (KHTML, like Gecko) Chrome/0.3.154.0 Safari/525.19"
206.47.245.252 - - [31/Mar/2009:12:52:39 -0400] "GET /images/feed-icon-14x14.png HTTP/1.1" 200 689 "http://newmedia.crtc.econsultation.ca/" "Mozilla/5.0 (Windows; U; Windows NT 5.1; en-US) AppleWebKit/525.19 (KHTML, like Gecko) Chrome/0.3.154.0 Safari/525.19"
206.162.160.197 - - [31/Mar/2009:12:52:39 -0400] "GET /images/nanos_icon_23.png HTTP/1.1" 200 4797 "http://newmedia.crtc.econsultation.ca/" "Mozilla/5.0 (Windows; U; Windows NT 5.1; en-US) AppleWebKit/525.19 (KHTML, like Gecko) Chrome/0.3.154.0 Safari/525.19"
206.162.160.197 - - [31/Mar/2009:12:52:39 -0400] "GET /images/search_go_1.jpg HTTP/1.1" 200 665 "http://newmedia.crtc.econsultation.ca/" "Mozilla/5.0 (Windows; U; Windows NT 5.1; en-US) AppleWebKit/525.19 (KHTML, like Gecko) Chrome/0.3.154.0 Safari/525.19"
206.47.245.252 - - [31/Mar/2009:12:52:39 -0400] "GET /images/CRTC_2_1300px.jpg HTTP/1.1" 200 72085 "http://newmedia.crtc.econsultation.ca/" "Mozilla/5.0 (Windows; U; Windows NT 5.1; en-US) AppleWebKit/525.19 (KHTML, like Gecko) Chrome/0.3.154.0 Safari/525.19"
206.162.160.197 - - [31/Mar/2009:12:52:43 -0400] "GET /favicon.ico HTTP/1.1" 200 - "-" "Mozilla/5.0 (Windows; U; Windows NT 5.1; en-US) AppleWebKit/525.19 (KHTML, like Gecko) Chrome/0.3.154.0 Safari/525.19"
70.68.227.25 - - [31/Mar/2009:12:52:45 -0400] "GET /topics/show/9 HTTP/1.1" 200 15704 "http://isppractices.econsultation.ca/" "Mozilla/5.0 (Windows; U; Windows NT 5.1; en-US; rv:1.9.0.7) Gecko/2009021910 Firefox/3.0.7 (.NET CLR 3.5.30729)"
70.68.227.25 - - [31/Mar/2009:12:52:46 -0400] "GET /topics/show/9 HTTP/1.1" 200 21026 "http://isppractices.econsultation.ca/" "Mozilla/5.0 (Windows; U; Windows NT 5.1; en-US; rv:1.9.0.7) Gecko/2009021910 Firefox/3.0.7 (.NET CLR 3.5.30729)"
70.68.227.25 - - [31/Mar/2009:12:52:47 -0400] "GET /images/comment_bw.png HTTP/1.1" 200 384 "http://isppractices.econsultation.ca/stylesheets/base_1238427290.css" "Mozilla/5.0 (Windows; U; Windows NT 5.1; en-US; rv:1.9.0.7) Gecko/2009021910 Firefox/3.0.7 (.NET CLR 3.5.30729)"
70.68.227.25 - - [31/Mar/2009:12:52:47 -0400] "GET /images/BOX-BACK.jpg HTTP/1.1" 200 1025 "http://isppractices.econsultation.ca/stylesheets/base_1238427290.css" "Mozilla/5.0 (Windows; U; Windows NT 5.1; en-US; rv:1.9.0.7) Gecko/2009021910 Firefox/3.0.7 (.NET CLR 3.5.30729)"
70.68.227.25 - - [31/Mar/2009:12:52:47 -0400] "GET /avatars/0000/0001/pic_nik_thumb.jpg?1237573168 HTTP/1.1" 200 5862 "http://isppractices.econsultation.ca/topics/show/9" "Mozilla/5.0 (Windows; U; Windows NT 5.1; en-US; rv:1.9.0.7) Gecko/2009021910 Firefox/3.0.7 (.NET CLR 3.5.30729)"
70.68.227.25 - - [31/Mar/2009:12:52:47 -0400] "GET /images/arrows.png HTTP/1.1" 200 216 "http://isppractices.econsultation.ca/stylesheets/base_1238427290.css" "Mozilla/5.0 (Windows; U; Windows NT 5.1; en-US; rv:1.9.0.7) Gecko/2009021910 Firefox/3.0.7 (.NET CLR 3.5.30729)"
209.131.41.49 - - [31/Mar/2009:12:52:49 -0400] "GET /rss?lang=en HTTP/1.1" 302 104 "-" "YahooFeedSeeker/2.0 (compatible; Mozilla 4.0; MSIE 5.5; http://publisher.yahoo.com/rssguide)"
209.131.41.48 - - [31/Mar/2009:12:52:49 -0400] "GET / HTTP/1.1" 200 11569 "http://newmedia.crtc.econsultation.ca/rss?lang=en" "YahooFeedSeeker/2.0 (compatible; Mozilla 4.0; MSIE 5.5; http://publisher.yahoo.com/rssguide)"
70.64.128.113 - - [31/Mar/2009:12:52:51 -0400] "GET /images/topNav_endCurve_black.png HTTP/1.1" 200 447 "-" "Mozilla/4.0 (compatible; MSIE 6.0; Windows NT 5.1; SV1; .NET CLR 1.1.4322; .NET CLR 2.0.50727; .NET CLR 3.0.04506.30)"
161.44.210.6 - - [31/Mar/2009:12:53:00 -0400] "POST /register HTTP/1.1" 302 103 "http://isppractices.econsultation.ca/register" "Mozilla/5.0 (X11; U; Linux i686; en-US; rv:1.9.0.6) Gecko/2009020409 Iceweasel/3.0.6 (Debian-3.0.6-1)"
161.44.210.6 - - [31/Mar/2009:12:53:01 -0400] "GET / HTTP/1.1" 200 11502 "http://isppractices.econsultation.ca/register" "Mozilla/5.0 (X11; U; Linux i686; en-US; rv:1.9.0.6) Gecko/2009020409 Iceweasel/3.0.6 (Debian-3.0.6-1)"
