198.103.61.2 - - [31/Mar/2009:13:28:12 -0400] "POST /talk/mark/308 HTTP/1.1" 201 1 "http://isppractices.econsultation.ca/topics/show/7" "Mozilla/5.0 (Windows; U; Windows NT 5.0; en-US; rv:1.9.0.8) Gecko/2009032609 Firefox/3.0.8"
209.226.137.108 - - [31/Mar/2009:13:28:13 -0400] "GET /topics/show/9 HTTP/1.1" 200 26434 "http://isppractices.econsultation.ca/topics/show/8" "Mozilla/5.0 (Windows; U; Windows NT 5.1; en-US; rv:1.9.0.8) Gecko/2009032609 Firefox/3.0.8 (.NET CLR 3.5.30729)"
198.103.61.2 - - [31/Mar/2009:13:28:14 -0400] "POST /talk/mark/303 HTTP/1.1" 201 1 "http://isppractices.econsultation.ca/topics/show/7" "Mozilla/5.0 (Windows; U; Windows NT 5.0; en-US; rv:1.9.0.8) Gecko/2009032609 Firefox/3.0.8"
198.103.61.2 - - [31/Mar/2009:13:28:16 -0400] "POST /talk/mark/302 HTTP/1.1" 201 1 "http://isppractices.econsultation.ca/topics/show/7" "Mozilla/5.0 (Windows; U; Windows NT 5.0; en-US; rv:1.9.0.8) Gecko/2009032609 Firefox/3.0.8"
206.248.128.78 - - [31/Mar/2009:13:28:18 -0400] "GET / HTTP/1.1" 200 17210 "http://www.crtc.gc.ca/eng/redirect.asp?URL=http://isppractices.econsultation.ca/" "Mozilla/5.0 (X11; U; Linux i686; en-US; rv:1.9.0.8) Gecko/2009032711 Ubuntu/8.04 (hardy) Firefox/3.0.8"
206.248.128.78 - - [31/Mar/2009:13:28:18 -0400] "GET /stylesheets/print.css HTTP/1.1" 200 321 "http://isppractices.econsultation.ca/" "Mozilla/5.0 (X11; U; Linux i686; en-US; rv:1.9.0.8) Gecko/2009032711 Ubuntu/8.04 (hardy) Firefox/3.0.8"
206.248.128.78 - - [31/Mar/2009:13:28:18 -0400] "GET /javascripts/base_1238187983.js HTTP/1.1" 200 97264 "http://isppractices.econsultation.ca/" "Mozilla/5.0 (X11; U; Linux i686; en-US; rv:1.9.0.8) Gecko/2009032711 Ubuntu/8.04 (hardy) Firefox/3.0.8"
206.248.128.78 - - [31/Mar/2009:13:28:18 -0400] "GET /stylesheets/base_1238427290.css HTTP/1.1" 200 30105 "http://isppractices.econsultation.ca/" "Mozilla/5.0 (X11; U; Linux i686; en-US; rv:1.9.0.8) Gecko/2009032711 Ubuntu/8.04 (hardy) Firefox/3.0.8"
206.248.128.78 - - [31/Mar/2009:13:28:19 -0400] "GET /favicon.ico HTTP/1.1" 200 - "-" "Mozilla/5.0 (X11; U; Linux i686; en-US; rv:1.9.0.8) Gecko/2009032711 Ubuntu/8.04 (hardy) Firefox/3.0.8"
206.248.128.78 - - [31/Mar/2009:13:28:19 -0400] "GET /images/search_go_1.jpg HTTP/1.1" 200 665 "http://isppractices.econsultation.ca/" "Mozilla/5.0 (X11; U; Linux i686; en-US; rv:1.9.0.8) Gecko/2009032711 Ubuntu/8.04 (hardy) Firefox/3.0.8"
206.248.128.78 - - [31/Mar/2009:13:28:19 -0400] "GET /images/feed-icon-14x14.png HTTP/1.1" 200 689 "http://isppractices.econsultation.ca/" "Mozilla/5.0 (X11; U; Linux i686; en-US; rv:1.9.0.8) Gecko/2009032711 Ubuntu/8.04 (hardy) Firefox/3.0.8"
206.248.128.78 - - [31/Mar/2009:13:28:19 -0400] "GET /images/nanos_icon_23.png HTTP/1.1" 200 4797 "http://isppractices.econsultation.ca/" "Mozilla/5.0 (X11; U; Linux i686; en-US; rv:1.9.0.8) Gecko/2009032711 Ubuntu/8.04 (hardy) Firefox/3.0.8"
206.248.128.78 - - [31/Mar/2009:13:28:19 -0400] "GET /images/topNav_endCurve.png HTTP/1.1" 200 433 "http://isppractices.econsultation.ca/stylesheets/base_1238427290.css" "Mozilla/5.0 (X11; U; Linux i686; en-US; rv:1.9.0.8) Gecko/2009032711 Ubuntu/8.04 (hardy) Firefox/3.0.8"
206.248.128.78 - - [31/Mar/2009:13:28:19 -0400] "GET /images/CRTC_2_1300px.jpg HTTP/1.1" 200 72085 "http://isppractices.econsultation.ca/stylesheets/base_1238427290.css" "Mozilla/5.0 (X11; U; Linux i686; en-US; rv:1.9.0.8) Gecko/2009032711 Ubuntu/8.04 (hardy) Firefox/3.0.8"
206.162.131.21 - - [31/Mar/2009:13:28:22 -0400] "GET / HTTP/1.1" 200 17210 "-" "Mozilla/5.0 (Windows; U; Windows NT 5.1; en-US; rv:1.9.0.8) Gecko/2009032609 Firefox/3.0.8 (.NET CLR 3.5.30729)"
206.162.131.21 - - [31/Mar/2009:13:28:22 -0400] "GET /stylesheets/print.css HTTP/1.1" 200 321 "http://isppractices.econsultation.ca/" "Mozilla/5.0 (Windows; U; Windows NT 5.1; en-US; rv:1.9.0.8) Gecko/2009032609 Firefox/3.0.8 (.NET CLR 3.5.30729)"
206.162.131.21 - - [31/Mar/2009:13:28:22 -0400] "GET /stylesheets/base_1238427290.css HTTP/1.1" 200 30105 "http://isppractices.econsultation.ca/" "Mozilla/5.0 (Windows; U; Windows NT 5.1; en-US; rv:1.9.0.8) Gecko/2009032609 Firefox/3.0.8 (.NET CLR 3.5.30729)"
206.162.131.21 - - [31/Mar/2009:13:28:22 -0400] "GET /javascripts/base_1238187983.js HTTP/1.1" 200 97264 "http://isppractices.econsultation.ca/" "Mozilla/5.0 (Windows; U; Windows NT 5.1; en-US; rv:1.9.0.8) Gecko/2009032609 Firefox/3.0.8 (.NET CLR 3.5.30729)"
206.162.131.21 - - [31/Mar/2009:13:28:23 -0400] "GET /favicon.ico HTTP/1.1" 200 - "-" "Mozilla/5.0 (Windows; U; Windows NT 5.1; en-US; rv:1.9.0.8) Gecko/2009032609 Firefox/3.0.8 (.NET CLR 3.5.30729)"
206.162.131.21 - - [31/Mar/2009:13:28:23 -0400] "GET /images/search_go_1.jpg HTTP/1.1" 200 665 "http://isppractices.econsultation.ca/" "Mozilla/5.0 (Windows; U; Windows NT 5.1; en-US; rv:1.9.0.8) Gecko/2009032609 Firefox/3.0.8 (.NET CLR 3.5.30729)"
206.162.131.21 - - [31/Mar/2009:13:28:23 -0400] "GET /images/feed-icon-14x14.png HTTP/1.1" 200 689 "http://isppractices.econsultation.ca/" "Mozilla/5.0 (Windows; U; Windows NT 5.1; en-US; rv:1.9.0.8) Gecko/2009032609 Firefox/3.0.8 (.NET CLR 3.5.30729)"
206.162.131.21 - - [31/Mar/2009:13:28:23 -0400] "GET /images/topNav_endCurve.png HTTP/1.1" 200 433 "http://isppractices.econsultation.ca/stylesheets/base_1238427290.css" "Mozilla/5.0 (Windows; U; Windows NT 5.1; en-US; rv:1.9.0.8) Gecko/2009032609 Firefox/3.0.8 (.NET CLR 3.5.30729)"
206.162.131.21 - - [31/Mar/2009:13:28:23 -0400] "GET /images/CRTC_2_1300px.jpg HTTP/1.1" 200 72085 "http://isppractices.econsultation.ca/stylesheets/base_1238427290.css" "Mozilla/5.0 (Windows; U; Windows NT 5.1; en-US; rv:1.9.0.8) Gecko/2009032609 Firefox/3.0.8 (.NET CLR 3.5.30729)"
206.162.131.21 - - [31/Mar/2009:13:28:23 -0400] "GET /images/nanos_icon_23.png HTTP/1.1" 200 4797 "http://isppractices.econsultation.ca/" "Mozilla/5.0 (Windows; U; Windows NT 5.1; en-US; rv:1.9.0.8) Gecko/2009032609 Firefox/3.0.8 (.NET CLR 3.5.30729)"
216.254.166.21 - - [31/Mar/2009:13:28:26 -0400] "GET / HTTP/1.1" 200 17210 "http://www.digitalhome.ca/forum/showthread.php?t=104539" "Mozilla/5.0 (Windows; U; Windows NT 6.0; en-US; rv:1.9.0.8) Gecko/2009032609 Firefox/3.0.8 (.NET CLR 3.5.30729)"
174.6.150.240 - - [31/Mar/2009:13:28:26 -0400] "GET / HTTP/1.0" 200 17210 "http://isppractices.econsultation.ca/topics/show/7?root=312" "Mozilla/5.0 (Windows; U; Windows NT 5.1; en-US; rv:1.9.0.8) Gecko/2009032609 Firefox/3.0.8"
216.254.166.21 - - [31/Mar/2009:13:28:29 -0400] "GET /stylesheets/print.css HTTP/1.1" 200 321 "http://isppractices.econsultation.ca/" "Mozilla/5.0 (Windows; U; Windows NT 6.0; en-US; rv:1.9.0.8) Gecko/2009032609 Firefox/3.0.8 (.NET CLR 3.5.30729)"
216.254.166.21 - - [31/Mar/2009:13:28:29 -0400] "GET /stylesheets/base_1238427290.css HTTP/1.1" 200 30105 "http://isppractices.econsultation.ca/" "Mozilla/5.0 (Windows; U; Windows NT 6.0; en-US; rv:1.9.0.8) Gecko/2009032609 Firefox/3.0.8 (.NET CLR 3.5.30729)"
216.254.166.21 - - [31/Mar/2009:13:28:29 -0400] "GET /javascripts/base_1238187983.js HTTP/1.1" 200 97264 "http://isppractices.econsultation.ca/" "Mozilla/5.0 (Windows; U; Windows NT 6.0; en-US; rv:1.9.0.8) Gecko/2009032609 Firefox/3.0.8 (.NET CLR 3.5.30729)"
216.254.166.21 - - [31/Mar/2009:13:28:29 -0400] "GET /images/search_go_1.jpg HTTP/1.1" 200 665 "http://isppractices.econsultation.ca/" "Mozilla/5.0 (Windows; U; Windows NT 6.0; en-US; rv:1.9.0.8) Gecko/2009032609 Firefox/3.0.8 (.NET CLR 3.5.30729)"
216.254.166.21 - - [31/Mar/2009:13:28:29 -0400] "GET /images/feed-icon-14x14.png HTTP/1.1" 200 689 "http://isppractices.econsultation.ca/" "Mozilla/5.0 (Windows; U; Windows NT 6.0; en-US; rv:1.9.0.8) Gecko/2009032609 Firefox/3.0.8 (.NET CLR 3.5.30729)"
216.254.166.21 - - [31/Mar/2009:13:28:29 -0400] "GET /images/topNav_endCurve.png HTTP/1.1" 200 433 "http://isppractices.econsultation.ca/stylesheets/base_1238427290.css" "Mozilla/5.0 (Windows; U; Windows NT 6.0; en-US; rv:1.9.0.8) Gecko/2009032609 Firefox/3.0.8 (.NET CLR 3.5.30729)"
216.254.166.21 - - [31/Mar/2009:13:28:29 -0400] "GET /images/nanos_icon_23.png HTTP/1.1" 200 4797 "http://isppractices.econsultation.ca/" "Mozilla/5.0 (Windows; U; Windows NT 6.0; en-US; rv:1.9.0.8) Gecko/2009032609 Firefox/3.0.8 (.NET CLR 3.5.30729)"
216.254.166.21 - - [31/Mar/2009:13:28:29 -0400] "GET /images/CRTC_2_1300px.jpg HTTP/1.1" 200 72085 "http://isppractices.econsultation.ca/stylesheets/base_1238427290.css" "Mozilla/5.0 (Windows; U; Windows NT 6.0; en-US; rv:1.9.0.8) Gecko/2009032609 Firefox/3.0.8 (.NET CLR 3.5.30729)"
66.209.52.78 - - [31/Mar/2009:13:28:29 -0400] "GET / HTTP/1.1" 200 17210 "http://www.crtc.gc.ca/eng/redirect.asp?URL=http://isppractices.econsultation.ca/" "Mozilla/5.0 (Windows; U; Windows NT 5.1; en-US; rv:1.9.0.7) Gecko/2009021910 Firefox/3.0.7"
66.209.52.78 - - [31/Mar/2009:13:28:30 -0400] "GET /stylesheets/print.css HTTP/1.1" 200 321 "http://isppractices.econsultation.ca/" "Mozilla/5.0 (Windows; U; Windows NT 5.1; en-US; rv:1.9.0.7) Gecko/2009021910 Firefox/3.0.7"
66.209.52.78 - - [31/Mar/2009:13:28:30 -0400] "GET /javascripts/base_1238187983.js HTTP/1.1" 200 97264 "http://isppractices.econsultation.ca/" "Mozilla/5.0 (Windows; U; Windows NT 5.1; en-US; rv:1.9.0.7) Gecko/2009021910 Firefox/3.0.7"
216.254.166.21 - - [31/Mar/2009:13:28:30 -0400] "GET /favicon.ico HTTP/1.1" 200 - "-" "Mozilla/5.0 (Windows; U; Windows NT 6.0; en-US; rv:1.9.0.8) Gecko/2009032609 Firefox/3.0.8 (.NET CLR 3.5.30729)"
208.38.59.161 - - [31/Mar/2009:13:28:29 -0400] "GET / HTTP/1.0" 200 17210 "-" "Mozilla/5.0 (Windows; U; Windows NT 5.1; en-US; rv:1.9.0.3) Gecko/2008092417 Firefox/3.0.3"
208.38.59.161 - - [31/Mar/2009:13:28:30 -0400] "GET /stylesheets/print.css HTTP/1.0" 200 321 "http://isppractices.econsultation.ca/" "Mozilla/5.0 (Windows; U; Windows NT 5.1; en-US; rv:1.9.0.3) Gecko/2008092417 Firefox/3.0.3"
66.209.52.78 - - [31/Mar/2009:13:28:30 -0400] "GET /stylesheets/base_1238427290.css HTTP/1.1" 200 30105 "http://isppractices.econsultation.ca/" "Mozilla/5.0 (Windows; U; Windows NT 5.1; en-US; rv:1.9.0.7) Gecko/2009021910 Firefox/3.0.7"
208.38.59.161 - - [31/Mar/2009:13:28:30 -0400] "GET /stylesheets/base_1238427290.css HTTP/1.0" 200 30105 "http://isppractices.econsultation.ca/" "Mozilla/5.0 (Windows; U; Windows NT 5.1; en-US; rv:1.9.0.3) Gecko/2008092417 Firefox/3.0.3"
208.38.59.161 - - [31/Mar/2009:13:28:30 -0400] "GET /javascripts/base_1238187983.js HTTP/1.0" 200 97264 "http://isppractices.econsultation.ca/" "Mozilla/5.0 (Windows; U; Windows NT 5.1; en-US; rv:1.9.0.3) Gecko/2008092417 Firefox/3.0.3"
66.209.52.78 - - [31/Mar/2009:13:28:31 -0400] "GET /favicon.ico HTTP/1.1" 200 - "-" "Mozilla/5.0 (Windows; U; Windows NT 5.1; en-US; rv:1.9.0.7) Gecko/2009021910 Firefox/3.0.7"
66.209.52.78 - - [31/Mar/2009:13:28:31 -0400] "GET /images/search_go_1.jpg HTTP/1.1" 200 665 "http://isppractices.econsultation.ca/" "Mozilla/5.0 (Windows; U; Windows NT 5.1; en-US; rv:1.9.0.7) Gecko/2009021910 Firefox/3.0.7"
66.209.52.78 - - [31/Mar/2009:13:28:31 -0400] "GET /images/feed-icon-14x14.png HTTP/1.1" 200 689 "http://isppractices.econsultation.ca/" "Mozilla/5.0 (Windows; U; Windows NT 5.1; en-US; rv:1.9.0.7) Gecko/2009021910 Firefox/3.0.7"
66.209.52.78 - - [31/Mar/2009:13:28:31 -0400] "GET /images/nanos_icon_23.png HTTP/1.1" 200 4797 "http://isppractices.econsultation.ca/" "Mozilla/5.0 (Windows; U; Windows NT 5.1; en-US; rv:1.9.0.7) Gecko/2009021910 Firefox/3.0.7"
66.209.52.78 - - [31/Mar/2009:13:28:31 -0400] "GET /images/topNav_endCurve.png HTTP/1.1" 200 433 "http://isppractices.econsultation.ca/stylesheets/base_1238427290.css" "Mozilla/5.0 (Windows; U; Windows NT 5.1; en-US; rv:1.9.0.7) Gecko/2009021910 Firefox/3.0.7"
208.38.59.161 - - [31/Mar/2009:13:28:31 -0400] "GET /favicon.ico HTTP/1.0" 200 - "-" "Mozilla/5.0 (Windows; U; Windows NT 5.1; en-US; rv:1.9.0.3) Gecko/2008092417 Firefox/3.0.3"
208.38.59.161 - - [31/Mar/2009:13:28:31 -0400] "GET /images/search_go_1.jpg HTTP/1.0" 200 665 "http://isppractices.econsultation.ca/" "Mozilla/5.0 (Windows; U; Windows NT 5.1; en-US; rv:1.9.0.3) Gecko/2008092417 Firefox/3.0.3"
208.38.59.161 - - [31/Mar/2009:13:28:31 -0400] "GET /images/feed-icon-14x14.png HTTP/1.0" 200 689 "http://isppractices.econsultation.ca/" "Mozilla/5.0 (Windows; U; Windows NT 5.1; en-US; rv:1.9.0.3) Gecko/2008092417 Firefox/3.0.3"
66.209.52.78 - - [31/Mar/2009:13:28:31 -0400] "GET /images/CRTC_2_1300px.jpg HTTP/1.1" 200 72085 "http://isppractices.econsultation.ca/stylesheets/base_1238427290.css" "Mozilla/5.0 (Windows; U; Windows NT 5.1; en-US; rv:1.9.0.7) Gecko/2009021910 Firefox/3.0.7"
208.38.59.161 - - [31/Mar/2009:13:28:31 -0400] "GET /images/nanos_icon_23.png HTTP/1.0" 200 4797 "http://isppractices.econsultation.ca/" "Mozilla/5.0 (Windows; U; Windows NT 5.1; en-US; rv:1.9.0.3) Gecko/2008092417 Firefox/3.0.3"
208.38.59.161 - - [31/Mar/2009:13:28:31 -0400] "GET /images/topNav_endCurve.png HTTP/1.0" 200 433 "http://isppractices.econsultation.ca/stylesheets/base_1238427290.css" "Mozilla/5.0 (Windows; U; Windows NT 5.1; en-US; rv:1.9.0.3) Gecko/2008092417 Firefox/3.0.3"
208.38.59.161 - - [31/Mar/2009:13:28:31 -0400] "GET /images/CRTC_2_1300px.jpg HTTP/1.0" 200 72085 "http://isppractices.econsultation.ca/stylesheets/base_1238427290.css" "Mozilla/5.0 (Windows; U; Windows NT 5.1; en-US; rv:1.9.0.3) Gecko/2008092417 Firefox/3.0.3"
208.38.59.161 - - [31/Mar/2009:13:28:31 -0400] "GET /rss?lang=en HTTP/1.0" 200 3912 "-" "Mozilla/5.0 (Windows; U; Windows NT 5.1; en-US; rv:1.9.0.3) Gecko/2008092417 Firefox/3.0.3"
208.38.59.162 - - [31/Mar/2009:13:28:33 -0400] "GET /topics/show/8 HTTP/1.0" 200 29126 "http://isppractices.econsultation.ca/" "Mozilla/5.0 (Windows; U; Windows NT 5.1; en-US; rv:1.9.0.5) Gecko/2008120122 Firefox/3.0.5"
208.38.59.162 - - [31/Mar/2009:13:28:33 -0400] "GET /images/comment_bw.png HTTP/1.0" 200 384 "http://isppractices.econsultation.ca/stylesheets/base_1238427290.css" "Mozilla/5.0 (Windows; U; Windows NT 5.1; en-US; rv:1.9.0.5) Gecko/2008120122 Firefox/3.0.5"
208.38.59.162 - - [31/Mar/2009:13:28:33 -0400] "GET /images/BOX-BACK.jpg HTTP/1.0" 200 1025 "http://isppractices.econsultation.ca/stylesheets/base_1238427290.css" "Mozilla/5.0 (Windows; U; Windows NT 5.1; en-US; rv:1.9.0.5) Gecko/2008120122 Firefox/3.0.5"
208.38.59.162 - - [31/Mar/2009:13:28:33 -0400] "GET /avatars/0000/0001/pic_nik_thumb.jpg?1237573168 HTTP/1.0" 200 5862 "http://isppractices.econsultation.ca/topics/show/8" "Mozilla/5.0 (Windows; U; Windows NT 5.1; en-US; rv:1.9.0.5) Gecko/2008120122 Firefox/3.0.5"
206.162.131.21 - - [31/Mar/2009:13:28:37 -0400] "GET / HTTP/1.1" 200 17210 "http://isppractices.econsultation.ca/" "Mozilla/5.0 (Windows; U; Windows NT 5.1; en-US; rv:1.9.0.8) Gecko/2009032609 Firefox/3.0.8 (.NET CLR 3.5.30729)"
206.162.131.21 - - [31/Mar/2009:13:28:39 -0400] "GET / HTTP/1.1" 200 17210 "http://isppractices.econsultation.ca/" "Mozilla/5.0 (Windows; U; Windows NT 5.1; en-US; rv:1.9.0.8) Gecko/2009032609 Firefox/3.0.8 (.NET CLR 3.5.30729)"
65.94.48.64 - - [31/Mar/2009:13:28:40 -0400] "GET /topics/show/6 HTTP/1.1" 200 13799 "http://isppractices.econsultation.ca/" "Mozilla/5.0 (Windows; U; Windows NT 5.1; en-US; rv:1.9.0.8) Gecko/2009032609 Firefox/3.0.8"
65.94.48.64 - - [31/Mar/2009:13:28:41 -0400] "GET /images/comment_bw.png HTTP/1.1" 200 384 "http://isppractices.econsultation.ca/stylesheets/base_1238427290.css" "Mozilla/5.0 (Windows; U; Windows NT 5.1; en-US; rv:1.9.0.8) Gecko/2009032609 Firefox/3.0.8"
65.94.48.64 - - [31/Mar/2009:13:28:41 -0400] "GET /avatars/0000/0001/pic_nik_thumb.jpg?1237573168 HTTP/1.1" 200 5862 "http://isppractices.econsultation.ca/topics/show/6" "Mozilla/5.0 (Windows; U; Windows NT 5.1; en-US; rv:1.9.0.8) Gecko/2009032609 Firefox/3.0.8"
65.94.48.64 - - [31/Mar/2009:13:28:41 -0400] "GET /images/arrows.png HTTP/1.1" 200 216 "http://isppractices.econsultation.ca/stylesheets/base_1238427290.css" "Mozilla/5.0 (Windows; U; Windows NT 5.1; en-US; rv:1.9.0.8) Gecko/2009032609 Firefox/3.0.8"
216.254.166.21 - - [31/Mar/2009:13:28:42 -0400] "GET /topics/show/9 HTTP/1.1" 200 26434 "http://isppractices.econsultation.ca/" "Mozilla/5.0 (Windows; U; Windows NT 6.0; en-US; rv:1.9.0.8) Gecko/2009032609 Firefox/3.0.8 (.NET CLR 3.5.30729)"
216.254.166.21 - - [31/Mar/2009:13:28:42 -0400] "GET /images/comment_bw.png HTTP/1.1" 200 384 "http://isppractices.econsultation.ca/stylesheets/base_1238427290.css" "Mozilla/5.0 (Windows; U; Windows NT 6.0; en-US; rv:1.9.0.8) Gecko/2009032609 Firefox/3.0.8 (.NET CLR 3.5.30729)"
216.254.166.21 - - [31/Mar/2009:13:28:42 -0400] "GET /images/BOX-BACK.jpg HTTP/1.1" 200 1025 "http://isppractices.econsultation.ca/stylesheets/base_1238427290.css" "Mozilla/5.0 (Windows; U; Windows NT 6.0; en-US; rv:1.9.0.8) Gecko/2009032609 Firefox/3.0.8 (.NET CLR 3.5.30729)"
216.254.166.21 - - [31/Mar/2009:13:28:42 -0400] "GET /images/arrows.png HTTP/1.1" 200 216 "http://isppractices.econsultation.ca/stylesheets/base_1238427290.css" "Mozilla/5.0 (Windows; U; Windows NT 6.0; en-US; rv:1.9.0.8) Gecko/2009032609 Firefox/3.0.8 (.NET CLR 3.5.30729)"
216.254.166.21 - - [31/Mar/2009:13:28:42 -0400] "GET /avatars/0000/0001/pic_nik_thumb.jpg?1237573168 HTTP/1.1" 200 5862 "http://isppractices.econsultation.ca/topics/show/9" "Mozilla/5.0 (Windows; U; Windows NT 6.0; en-US; rv:1.9.0.8) Gecko/2009032609 Firefox/3.0.8 (.NET CLR 3.5.30729)"
209.226.137.107 - - [31/Mar/2009:13:28:43 -0400] "POST /rater/create/comment_rating/307 HTTP/1.1" 302 128 "http://isppractices.econsultation.ca/topics/show/9" "Mozilla/5.0 (Windows; U; Windows NT 5.1; en-US; rv:1.9.0.8) Gecko/2009032609 Firefox/3.0.8 (.NET CLR 3.5.30729)"
142.58.215.139 - - [31/Mar/2009:13:28:42 -0400] "GET / HTTP/1.1" 200 17210 "http://www.michaelgeist.ca/" "Mozilla/5.0 (Macintosh; U; Intel Mac OS X 10.5; en-US; rv:1.9.0.8) Gecko/2009032608 Firefox/3.0.8"
142.58.215.139 - - [31/Mar/2009:13:28:44 -0400] "GET /stylesheets/print.css HTTP/1.1" 200 321 "http://isppractices.econsultation.ca/" "Mozilla/5.0 (Macintosh; U; Intel Mac OS X 10.5; en-US; rv:1.9.0.8) Gecko/2009032608 Firefox/3.0.8"
142.58.215.139 - - [31/Mar/2009:13:28:44 -0400] "GET /stylesheets/base_1238427290.css HTTP/1.1" 200 30105 "http://isppractices.econsultation.ca/" "Mozilla/5.0 (Macintosh; U; Intel Mac OS X 10.5; en-US; rv:1.9.0.8) Gecko/2009032608 Firefox/3.0.8"
142.58.215.139 - - [31/Mar/2009:13:28:44 -0400] "GET /javascripts/base_1238187983.js HTTP/1.1" 200 97264 "http://isppractices.econsultation.ca/" "Mozilla/5.0 (Macintosh; U; Intel Mac OS X 10.5; en-US; rv:1.9.0.8) Gecko/2009032608 Firefox/3.0.8"
209.226.137.107 - - [31/Mar/2009:13:28:43 -0400] "GET /topics/show/9 HTTP/1.1" 200 25728 "http://isppractices.econsultation.ca/topics/show/9" "Mozilla/5.0 (Windows; U; Windows NT 5.1; en-US; rv:1.9.0.8) Gecko/2009032609 Firefox/3.0.8 (.NET CLR 3.5.30729)"
142.58.215.139 - - [31/Mar/2009:13:28:44 -0400] "GET /favicon.ico HTTP/1.1" 200 - "-" "Mozilla/5.0 (Macintosh; U; Intel Mac OS X 10.5; en-US; rv:1.9.0.8) Gecko/2009032608 Firefox/3.0.8"
142.58.215.139 - - [31/Mar/2009:13:28:44 -0400] "GET /images/search_go_1.jpg HTTP/1.1" 200 665 "http://isppractices.econsultation.ca/" "Mozilla/5.0 (Macintosh; U; Intel Mac OS X 10.5; en-US; rv:1.9.0.8) Gecko/2009032608 Firefox/3.0.8"
142.58.215.139 - - [31/Mar/2009:13:28:44 -0400] "GET /images/feed-icon-14x14.png HTTP/1.1" 200 689 "http://isppractices.econsultation.ca/" "Mozilla/5.0 (Macintosh; U; Intel Mac OS X 10.5; en-US; rv:1.9.0.8) Gecko/2009032608 Firefox/3.0.8"
142.58.215.139 - - [31/Mar/2009:13:28:44 -0400] "GET /images/CRTC_2_1300px.jpg HTTP/1.1" 200 72085 "http://isppractices.econsultation.ca/stylesheets/base_1238427290.css" "Mozilla/5.0 (Macintosh; U; Intel Mac OS X 10.5; en-US; rv:1.9.0.8) Gecko/2009032608 Firefox/3.0.8"
142.58.215.139 - - [31/Mar/2009:13:28:45 -0400] "GET /images/topNav_endCurve.png HTTP/1.1" 200 433 "http://isppractices.econsultation.ca/stylesheets/base_1238427290.css" "Mozilla/5.0 (Macintosh; U; Intel Mac OS X 10.5; en-US; rv:1.9.0.8) Gecko/2009032608 Firefox/3.0.8"
142.58.215.139 - - [31/Mar/2009:13:28:45 -0400] "GET /images/nanos_icon_23.png HTTP/1.1" 200 4797 "http://isppractices.econsultation.ca/" "Mozilla/5.0 (Macintosh; U; Intel Mac OS X 10.5; en-US; rv:1.9.0.8) Gecko/2009032608 Firefox/3.0.8"
142.160.2.66 - - [31/Mar/2009:13:28:48 -0400] "GET / HTTP/1.0" 200 17210 "-" "Mozilla/4.0 (compatible; MSIE 6.0; Windows NT 5.1; SV1; .NET CLR 1.1.4322; InfoPath.1; MS-RTC LM 8; .NET CLR 2.0.50727; .NET CLR 3.0.4506.2152; .NET CLR 3.5.30729)"
142.160.2.66 - - [31/Mar/2009:13:28:49 -0400] "GET /stylesheets/print.css HTTP/1.0" 200 321 "http://isppractices.econsultation.ca/" "Mozilla/4.0 (compatible; MSIE 6.0; Windows NT 5.1; SV1; .NET CLR 1.1.4322; InfoPath.1; MS-RTC LM 8; .NET CLR 2.0.50727; .NET CLR 3.0.4506.2152; .NET CLR 3.5.30729)"
142.160.2.66 - - [31/Mar/2009:13:28:49 -0400] "GET /stylesheets/base_1238427290.css HTTP/1.0" 200 30105 "http://isppractices.econsultation.ca/" "Mozilla/4.0 (compatible; MSIE 6.0; Windows NT 5.1; SV1; .NET CLR 1.1.4322; InfoPath.1; MS-RTC LM 8; .NET CLR 2.0.50727; .NET CLR 3.0.4506.2152; .NET CLR 3.5.30729)"
142.160.2.66 - - [31/Mar/2009:13:28:49 -0400] "GET /javascripts/base_1238187983.js HTTP/1.0" 200 97264 "http://isppractices.econsultation.ca/" "Mozilla/4.0 (compatible; MSIE 6.0; Windows NT 5.1; SV1; .NET CLR 1.1.4322; InfoPath.1; MS-RTC LM 8; .NET CLR 2.0.50727; .NET CLR 3.0.4506.2152; .NET CLR 3.5.30729)"
142.160.2.66 - - [31/Mar/2009:13:28:49 -0400] "GET /stylesheets/redesign_IE.css HTTP/1.0" 200 4221 "http://isppractices.econsultation.ca/" "Mozilla/4.0 (compatible; MSIE 6.0; Windows NT 5.1; SV1; .NET CLR 1.1.4322; InfoPath.1; MS-RTC LM 8; .NET CLR 2.0.50727; .NET CLR 3.0.4506.2152; .NET CLR 3.5.30729)"
142.160.2.66 - - [31/Mar/2009:13:28:49 -0400] "GET /images/nanos_icon_23.png HTTP/1.0" 200 4797 "http://isppractices.econsultation.ca/" "Mozilla/4.0 (compatible; MSIE 6.0; Windows NT 5.1; SV1; .NET CLR 1.1.4322; InfoPath.1; MS-RTC LM 8; .NET CLR 2.0.50727; .NET CLR 3.0.4506.2152; .NET CLR 3.5.30729)"
142.160.2.66 - - [31/Mar/2009:13:28:49 -0400] "GET /images/search_go_1.jpg HTTP/1.0" 200 665 "http://isppractices.econsultation.ca/" "Mozilla/4.0 (compatible; MSIE 6.0; Windows NT 5.1; SV1; .NET CLR 1.1.4322; InfoPath.1; MS-RTC LM 8; .NET CLR 2.0.50727; .NET CLR 3.0.4506.2152; .NET CLR 3.5.30729)"
142.160.2.66 - - [31/Mar/2009:13:28:49 -0400] "GET /images/feed-icon-14x14.png HTTP/1.0" 200 689 "http://isppractices.econsultation.ca/" "Mozilla/4.0 (compatible; MSIE 6.0; Windows NT 5.1; SV1; .NET CLR 1.1.4322; InfoPath.1; MS-RTC LM 8; .NET CLR 2.0.50727; .NET CLR 3.0.4506.2152; .NET CLR 3.5.30729)"
142.160.2.66 - - [31/Mar/2009:13:28:49 -0400] "GET /images/CRTC_2_1300px.jpg HTTP/1.0" 200 72085 "http://isppractices.econsultation.ca/" "Mozilla/4.0 (compatible; MSIE 6.0; Windows NT 5.1; SV1; .NET CLR 1.1.4322; InfoPath.1; MS-RTC LM 8; .NET CLR 2.0.50727; .NET CLR 3.0.4506.2152; .NET CLR 3.5.30729)"
142.160.2.66 - - [31/Mar/2009:13:28:49 -0400] "GET /images/topNav_endCurve.png HTTP/1.0" 200 433 "-" "Mozilla/4.0 (compatible; MSIE 6.0; Windows NT 5.1; SV1; .NET CLR 1.1.4322; InfoPath.1; MS-RTC LM 8; .NET CLR 2.0.50727; .NET CLR 3.0.4506.2152; .NET CLR 3.5.30729)"
131.137.245.198 - - [31/Mar/2009:13:28:49 -0400] "GET /topics/show/10 HTTP/1.0" 200 26349 "http://isppractices.econsultation.ca/topics/show/9" "Mozilla/4.0 (compatible; MSIE 6.0; Windows NT 5.1; SV1; .NET CLR 2.0.50727; InfoPath.1)"
208.38.59.162 - - [31/Mar/2009:13:28:51 -0400] "GET /topics/show/11 HTTP/1.0" 200 18589 "http://isppractices.econsultation.ca/topics/show/8" "Mozilla/5.0 (Windows; U; Windows NT 5.1; en-US; rv:1.9.0.5) Gecko/2008120122 Firefox/3.0.5"
208.38.59.162 - - [31/Mar/2009:13:28:52 -0400] "GET /images/arrows.png HTTP/1.0" 200 216 "http://isppractices.econsultation.ca/stylesheets/base_1238427290.css" "Mozilla/5.0 (Windows; U; Windows NT 5.1; en-US; rv:1.9.0.5) Gecko/2008120122 Firefox/3.0.5"
74.56.70.139 - - [31/Mar/2009:13:28:55 -0400] "GET /topics/show/11 HTTP/1.1" 200 14093 "http://pratiquesfsi.econsultation.ca/topics/show/9" "Mozilla/5.0 (Windows; U; Windows NT 6.1; en-US; rv:1.9.0.8) Gecko/2009032609 Firefox/3.0.8"
142.58.215.139 - - [31/Mar/2009:13:28:55 -0400] "GET /topics/show/11 HTTP/1.1" 200 18589 "http://isppractices.econsultation.ca/" "Mozilla/5.0 (Macintosh; U; Intel Mac OS X 10.5; en-US; rv:1.9.0.8) Gecko/2009032608 Firefox/3.0.8"
142.58.215.139 - - [31/Mar/2009:13:28:56 -0400] "GET /javascripts/base_1238187983.js HTTP/1.1" 200 97264 "http://isppractices.econsultation.ca/topics/show/11" "Mozilla/5.0 (Macintosh; U; Intel Mac OS X 10.5; en-US; rv:1.9.0.8) Gecko/2009032608 Firefox/3.0.8"
142.58.215.139 - - [31/Mar/2009:13:28:56 -0400] "GET /images/comment_bw.png HTTP/1.1" 200 384 "http://isppractices.econsultation.ca/stylesheets/base_1238427290.css" "Mozilla/5.0 (Macintosh; U; Intel Mac OS X 10.5; en-US; rv:1.9.0.8) Gecko/2009032608 Firefox/3.0.8"
142.58.215.139 - - [31/Mar/2009:13:28:56 -0400] "GET /images/BOX-BACK.jpg HTTP/1.1" 200 1025 "http://isppractices.econsultation.ca/stylesheets/base_1238427290.css" "Mozilla/5.0 (Macintosh; U; Intel Mac OS X 10.5; en-US; rv:1.9.0.8) Gecko/2009032608 Firefox/3.0.8"
142.58.215.139 - - [31/Mar/2009:13:28:56 -0400] "GET /images/arrows.png HTTP/1.1" 200 216 "http://isppractices.econsultation.ca/stylesheets/base_1238427290.css" "Mozilla/5.0 (Macintosh; U; Intel Mac OS X 10.5; en-US; rv:1.9.0.8) Gecko/2009032608 Firefox/3.0.8"
142.58.215.139 - - [31/Mar/2009:13:28:56 -0400] "GET /avatars/0000/0001/pic_nik_thumb.jpg?1237573168 HTTP/1.1" 200 5862 "http://isppractices.econsultation.ca/topics/show/11" "Mozilla/5.0 (Macintosh; U; Intel Mac OS X 10.5; en-US; rv:1.9.0.8) Gecko/2009032608 Firefox/3.0.8"
206.162.131.21 - - [31/Mar/2009:13:28:56 -0400] "GET /topics/show/11 HTTP/1.1" 200 18589 "http://isppractices.econsultation.ca/" "Mozilla/5.0 (Windows; U; Windows NT 5.1; en-US; rv:1.9.0.8) Gecko/2009032609 Firefox/3.0.8 (.NET CLR 3.5.30729)"
206.162.131.21 - - [31/Mar/2009:13:28:56 -0400] "GET /images/comment_bw.png HTTP/1.1" 200 384 "http://isppractices.econsultation.ca/stylesheets/base_1238427290.css" "Mozilla/5.0 (Windows; U; Windows NT 5.1; en-US; rv:1.9.0.8) Gecko/2009032609 Firefox/3.0.8 (.NET CLR 3.5.30729)"
206.162.131.21 - - [31/Mar/2009:13:28:56 -0400] "GET /images/BOX-BACK.jpg HTTP/1.1" 200 1025 "http://isppractices.econsultation.ca/stylesheets/base_1238427290.css" "Mozilla/5.0 (Windows; U; Windows NT 5.1; en-US; rv:1.9.0.8) Gecko/2009032609 Firefox/3.0.8 (.NET CLR 3.5.30729)"
206.162.131.21 - - [31/Mar/2009:13:28:56 -0400] "GET /images/arrows.png HTTP/1.1" 200 216 "http://isppractices.econsultation.ca/stylesheets/base_1238427290.css" "Mozilla/5.0 (Windows; U; Windows NT 5.1; en-US; rv:1.9.0.8) Gecko/2009032609 Firefox/3.0.8 (.NET CLR 3.5.30729)"
206.162.131.21 - - [31/Mar/2009:13:28:56 -0400] "GET /avatars/0000/0001/pic_nik_thumb.jpg?1237573168 HTTP/1.1" 200 5862 "http://isppractices.econsultation.ca/topics/show/11" "Mozilla/5.0 (Windows; U; Windows NT 5.1; en-US; rv:1.9.0.8) Gecko/2009032609 Firefox/3.0.8 (.NET CLR 3.5.30729)"
72.137.125.236 - - [31/Mar/2009:13:28:57 -0400] "GET / HTTP/1.1" 200 17210 "-" "Mozilla/5.0 (Macintosh; U; Intel Mac OS X 10.4; en-US; rv:1.9.0.5) Gecko/2008120121 Firefox/3.0.5"
72.137.125.236 - - [31/Mar/2009:13:28:58 -0400] "GET /stylesheets/print.css HTTP/1.1" 200 321 "http://isppractices.econsultation.ca/" "Mozilla/5.0 (Macintosh; U; Intel Mac OS X 10.4; en-US; rv:1.9.0.5) Gecko/2008120121 Firefox/3.0.5"
72.137.125.236 - - [31/Mar/2009:13:28:58 -0400] "GET /stylesheets/base_1238427290.css HTTP/1.1" 200 30105 "http://isppractices.econsultation.ca/" "Mozilla/5.0 (Macintosh; U; Intel Mac OS X 10.4; en-US; rv:1.9.0.5) Gecko/2008120121 Firefox/3.0.5"
72.137.125.236 - - [31/Mar/2009:13:28:58 -0400] "GET /javascripts/base_1238187983.js HTTP/1.1" 200 97264 "http://isppractices.econsultation.ca/" "Mozilla/5.0 (Macintosh; U; Intel Mac OS X 10.4; en-US; rv:1.9.0.5) Gecko/2008120121 Firefox/3.0.5"
72.137.125.236 - - [31/Mar/2009:13:28:59 -0400] "GET /favicon.ico HTTP/1.1" 200 - "-" "Mozilla/5.0 (Macintosh; U; Intel Mac OS X 10.4; en-US; rv:1.9.0.5) Gecko/2008120121 Firefox/3.0.5"
72.137.125.236 - - [31/Mar/2009:13:28:59 -0400] "GET /images/search_go_1.jpg HTTP/1.1" 200 665 "http://isppractices.econsultation.ca/" "Mozilla/5.0 (Macintosh; U; Intel Mac OS X 10.4; en-US; rv:1.9.0.5) Gecko/2008120121 Firefox/3.0.5"
72.137.125.236 - - [31/Mar/2009:13:28:59 -0400] "GET /images/feed-icon-14x14.png HTTP/1.1" 200 689 "http://isppractices.econsultation.ca/" "Mozilla/5.0 (Macintosh; U; Intel Mac OS X 10.4; en-US; rv:1.9.0.5) Gecko/2008120121 Firefox/3.0.5"
72.137.125.236 - - [31/Mar/2009:13:28:59 -0400] "GET /images/nanos_icon_23.png HTTP/1.1" 200 4797 "http://isppractices.econsultation.ca/" "Mozilla/5.0 (Macintosh; U; Intel Mac OS X 10.4; en-US; rv:1.9.0.5) Gecko/2008120121 Firefox/3.0.5"
72.137.125.236 - - [31/Mar/2009:13:28:59 -0400] "GET /images/topNav_endCurve.png HTTP/1.1" 200 433 "http://isppractices.econsultation.ca/stylesheets/base_1238427290.css" "Mozilla/5.0 (Macintosh; U; Intel Mac OS X 10.4; en-US; rv:1.9.0.5) Gecko/2008120121 Firefox/3.0.5"
216.123.211.13 - - [31/Mar/2009:13:28:58 -0400] "GET / HTTP/1.0" 200 17210 "-" "Mozilla/5.0 (Windows; U; Windows NT 5.1; en-US; rv:1.9.0.6) Gecko/2009011913 Firefox/3.0.6"
72.137.125.236 - - [31/Mar/2009:13:28:59 -0400] "GET /images/CRTC_2_1300px.jpg HTTP/1.1" 200 72085 "http://isppractices.econsultation.ca/stylesheets/base_1238427290.css" "Mozilla/5.0 (Macintosh; U; Intel Mac OS X 10.4; en-US; rv:1.9.0.5) Gecko/2008120121 Firefox/3.0.5"
216.123.211.13 - - [31/Mar/2009:13:28:59 -0400] "GET /stylesheets/base_1238427290.css HTTP/1.0" 200 30105 "http://isppractices.econsultation.ca/" "Mozilla/5.0 (Windows; U; Windows NT 5.1; en-US; rv:1.9.0.6) Gecko/2009011913 Firefox/3.0.6"
216.123.211.13 - - [31/Mar/2009:13:28:59 -0400] "GET /javascripts/base_1238187983.js HTTP/1.0" 200 97264 "http://isppractices.econsultation.ca/" "Mozilla/5.0 (Windows; U; Windows NT 5.1; en-US; rv:1.9.0.6) Gecko/2009011913 Firefox/3.0.6"
216.123.211.13 - - [31/Mar/2009:13:29:00 -0400] "GET /favicon.ico HTTP/1.0" 200 - "-" "Mozilla/5.0 (Windows; U; Windows NT 5.1; en-US; rv:1.9.0.6) Gecko/2009011913 Firefox/3.0.6"
216.123.211.13 - - [31/Mar/2009:13:29:00 -0400] "GET /images/CRTC_2_1300px.jpg HTTP/1.0" 200 72085 "http://isppractices.econsultation.ca/stylesheets/base_1238427290.css" "Mozilla/5.0 (Windows; U; Windows NT 5.1; en-US; rv:1.9.0.6) Gecko/2009011913 Firefox/3.0.6"
198.103.61.2 - - [31/Mar/2009:13:29:04 -0400] "POST /rater/create/comment_rating/308 HTTP/1.1" 200 225 "http://isppractices.econsultation.ca/topics/show/7" "Mozilla/5.0 (Windows; U; Windows NT 5.0; en-US; rv:1.9.0.8) Gecko/2009032609 Firefox/3.0.8"
142.58.215.139 - - [31/Mar/2009:13:29:06 -0400] "GET /topics/show/6 HTTP/1.1" 200 13799 "http://isppractices.econsultation.ca/topics/show/11" "Mozilla/5.0 (Macintosh; U; Intel Mac OS X 10.5; en-US; rv:1.9.0.8) Gecko/2009032608 Firefox/3.0.8"
142.58.215.139 - - [31/Mar/2009:13:29:06 -0400] "GET /javascripts/base_1238187983.js HTTP/1.1" 200 97264 "http://isppractices.econsultation.ca/topics/show/6" "Mozilla/5.0 (Macintosh; U; Intel Mac OS X 10.5; en-US; rv:1.9.0.8) Gecko/2009032608 Firefox/3.0.8"
142.58.215.139 - - [31/Mar/2009:13:29:07 -0400] "GET /archives HTTP/1.1" 200 11149 "http://isppractices.econsultation.ca/topics/show/6" "Mozilla/5.0 (Macintosh; U; Intel Mac OS X 10.5; en-US; rv:1.9.0.8) Gecko/2009032608 Firefox/3.0.8"
142.245.193.10 - - [31/Mar/2009:13:29:08 -0400] "POST /talk/mark/311 HTTP/1.1" 201 1 "http://isppractices.econsultation.ca/topics/show/8" "Mozilla/4.0 (compatible; MSIE 6.0; Windows NT 5.1; SV1; 9LA; .NET CLR 1.0.3705; .NET CLR 1.1.4322; .NET CLR 2.0.50727)"
142.58.215.139 - - [31/Mar/2009:13:29:08 -0400] "GET /javascripts/base_1238187983.js HTTP/1.1" 200 97264 "http://isppractices.econsultation.ca/archives" "Mozilla/5.0 (Macintosh; U; Intel Mac OS X 10.5; en-US; rv:1.9.0.8) Gecko/2009032608 Firefox/3.0.8"
208.115.138.254 - - [31/Mar/2009:13:29:08 -0400] "GET /talk/mark/311 HTTP/1.1" 201 1 "-" "Mozilla/4.0"
204.174.12.18 - - [31/Mar/2009:13:29:09 -0400] "POST /topic/10/talk/new?parent_id=0 HTTP/1.1" 200 1213 "http://isppractices.econsultation.ca/topics/show/10" "Mozilla/5.0 (Windows; U; Windows NT 6.0; en-US; rv:1.9.0.7) Gecko/2009021910 Firefox/3.0.7"
65.94.48.64 - - [31/Mar/2009:13:29:11 -0400] "GET /archives HTTP/1.1" 200 11149 "http://isppractices.econsultation.ca/topics/show/6" "Mozilla/5.0 (Windows; U; Windows NT 5.1; en-US; rv:1.9.0.8) Gecko/2009032609 Firefox/3.0.8"
216.254.166.21 - - [31/Mar/2009:13:29:12 -0400] "GET /archives HTTP/1.1" 200 11149 "http://isppractices.econsultation.ca/" "Mozilla/5.0 (Windows; U; Windows NT 6.0; en-US; rv:1.9.0.8) Gecko/2009032609 Firefox/3.0.8 (.NET CLR 3.5.30729)"
204.174.12.18 - - [31/Mar/2009:13:29:14 -0400] "POST /topic/10/talk/preview HTTP/1.1" 200 2842 "http://isppractices.econsultation.ca/topics/show/10" "Mozilla/5.0 (Windows; U; Windows NT 6.0; en-US; rv:1.9.0.7) Gecko/2009021910 Firefox/3.0.7"
65.94.48.64 - - [31/Mar/2009:13:29:15 -0400] "GET /topics/show/7 HTTP/1.1" 200 39991 "http://isppractices.econsultation.ca/archives" "Mozilla/5.0 (Windows; U; Windows NT 5.1; en-US; rv:1.9.0.8) Gecko/2009032609 Firefox/3.0.8"
65.94.48.64 - - [31/Mar/2009:13:29:15 -0400] "GET /images/BOX-BACK.jpg HTTP/1.1" 200 1025 "http://isppractices.econsultation.ca/stylesheets/base_1238427290.css" "Mozilla/5.0 (Windows; U; Windows NT 5.1; en-US; rv:1.9.0.8) Gecko/2009032609 Firefox/3.0.8"
198.103.61.2 - - [31/Mar/2009:13:29:16 -0400] "POST /talk/mark/310 HTTP/1.1" 201 1 "http://isppractices.econsultation.ca/topics/show/7" "Mozilla/5.0 (Windows; U; Windows NT 5.0; en-US; rv:1.9.0.8) Gecko/2009032609 Firefox/3.0.8"
204.174.12.18 - - [31/Mar/2009:13:29:17 -0400] "POST /topic/10/talk/create HTTP/1.1" 200 3725 "http://isppractices.econsultation.ca/topics/show/10" "Mozilla/5.0 (Windows; U; Windows NT 6.0; en-US; rv:1.9.0.7) Gecko/2009021910 Firefox/3.0.7"
216.95.209.234 - - [31/Mar/2009:13:29:21 -0400] "GET /stylesheets/print.css HTTP/1.1" 200 321 "http://isppractices.econsultation.ca/topics/show/10" "Mozilla/5.0 (Windows; U; Windows NT 5.1; en-US; rv:1.9.0.6) Gecko/2009011913 Firefox/3.0.6 (.NET CLR 3.5.30729)"
216.95.209.234 - - [31/Mar/2009:13:29:20 -0400] "GET /topics/show/10 HTTP/1.1" 200 30872 "http://isppractices.econsultation.ca/topics/show/8" "Mozilla/5.0 (Windows; U; Windows NT 5.1; en-US; rv:1.9.0.6) Gecko/2009011913 Firefox/3.0.6 (.NET CLR 3.5.30729)"
216.95.209.234 - - [31/Mar/2009:13:29:21 -0400] "GET /stylesheets/base_1238427290.css HTTP/1.1" 200 30105 "http://isppractices.econsultation.ca/topics/show/10" "Mozilla/5.0 (Windows; U; Windows NT 5.1; en-US; rv:1.9.0.6) Gecko/2009011913 Firefox/3.0.6 (.NET CLR 3.5.30729)"
216.95.209.234 - - [31/Mar/2009:13:29:21 -0400] "GET /javascripts/base_1238187983.js HTTP/1.1" 200 97264 "http://isppractices.econsultation.ca/topics/show/10" "Mozilla/5.0 (Windows; U; Windows NT 5.1; en-US; rv:1.9.0.6) Gecko/2009011913 Firefox/3.0.6 (.NET CLR 3.5.30729)"
216.95.209.234 - - [31/Mar/2009:13:29:21 -0400] "GET /images/search_go_1.jpg HTTP/1.1" 200 665 "http://isppractices.econsultation.ca/topics/show/10" "Mozilla/5.0 (Windows; U; Windows NT 5.1; en-US; rv:1.9.0.6) Gecko/2009011913 Firefox/3.0.6 (.NET CLR 3.5.30729)"
216.95.209.234 - - [31/Mar/2009:13:29:21 -0400] "GET /images/feed-icon-14x14.png HTTP/1.1" 200 689 "http://isppractices.econsultation.ca/topics/show/10" "Mozilla/5.0 (Windows; U; Windows NT 5.1; en-US; rv:1.9.0.6) Gecko/2009011913 Firefox/3.0.6 (.NET CLR 3.5.30729)"
216.95.209.234 - - [31/Mar/2009:13:29:21 -0400] "GET /images/topNav_endCurve.png HTTP/1.1" 200 433 "http://isppractices.econsultation.ca/stylesheets/base_1238427290.css" "Mozilla/5.0 (Windows; U; Windows NT 5.1; en-US; rv:1.9.0.6) Gecko/2009011913 Firefox/3.0.6 (.NET CLR 3.5.30729)"
216.95.209.234 - - [31/Mar/2009:13:29:21 -0400] "GET /images/nanos_icon_23.png HTTP/1.1" 200 4797 "http://isppractices.econsultation.ca/topics/show/10" "Mozilla/5.0 (Windows; U; Windows NT 5.1; en-US; rv:1.9.0.6) Gecko/2009011913 Firefox/3.0.6 (.NET CLR 3.5.30729)"
216.95.209.234 - - [31/Mar/2009:13:29:21 -0400] "GET /avatars/0000/0001/pic_nik_thumb.jpg?1237573168 HTTP/1.1" 200 5862 "http://isppractices.econsultation.ca/topics/show/10" "Mozilla/5.0 (Windows; U; Windows NT 5.1; en-US; rv:1.9.0.6) Gecko/2009011913 Firefox/3.0.6 (.NET CLR 3.5.30729)"
216.95.209.234 - - [31/Mar/2009:13:29:21 -0400] "GET /images/comment_bw.png HTTP/1.1" 200 384 "http://isppractices.econsultation.ca/stylesheets/base_1238427290.css" "Mozilla/5.0 (Windows; U; Windows NT 5.1; en-US; rv:1.9.0.6) Gecko/2009011913 Firefox/3.0.6 (.NET CLR 3.5.30729)"
216.95.209.234 - - [31/Mar/2009:13:29:21 -0400] "GET /images/arrows.png HTTP/1.1" 200 216 "http://isppractices.econsultation.ca/stylesheets/base_1238427290.css" "Mozilla/5.0 (Windows; U; Windows NT 5.1; en-US; rv:1.9.0.6) Gecko/2009011913 Firefox/3.0.6 (.NET CLR 3.5.30729)"
216.95.209.234 - - [31/Mar/2009:13:29:21 -0400] "GET /images/CRTC_2_1300px.jpg HTTP/1.1" 200 72085 "http://isppractices.econsultation.ca/stylesheets/base_1238427290.css" "Mozilla/5.0 (Windows; U; Windows NT 5.1; en-US; rv:1.9.0.6) Gecko/2009011913 Firefox/3.0.6 (.NET CLR 3.5.30729)"
142.160.2.66 - - [31/Mar/2009:13:29:23 -0400] "GET /topics/show/11 HTTP/1.0" 200 18589 "http://isppractices.econsultation.ca/" "Mozilla/4.0 (compatible; MSIE 6.0; Windows NT 5.1; SV1; .NET CLR 1.1.4322; InfoPath.1; MS-RTC LM 8; .NET CLR 2.0.50727; .NET CLR 3.0.4506.2152; .NET CLR 3.5.30729)"
142.160.2.66 - - [31/Mar/2009:13:29:24 -0400] "GET /images/comment_bw.png HTTP/1.0" 200 384 "http://isppractices.econsultation.ca/topics/show/11" "Mozilla/4.0 (compatible; MSIE 6.0; Windows NT 5.1; SV1; .NET CLR 1.1.4322; InfoPath.1; MS-RTC LM 8; .NET CLR 2.0.50727; .NET CLR 3.0.4506.2152; .NET CLR 3.5.30729)"
142.160.2.66 - - [31/Mar/2009:13:29:24 -0400] "GET /images/arrows.png HTTP/1.0" 200 216 "http://isppractices.econsultation.ca/topics/show/11" "Mozilla/4.0 (compatible; MSIE 6.0; Windows NT 5.1; SV1; .NET CLR 1.1.4322; InfoPath.1; MS-RTC LM 8; .NET CLR 2.0.50727; .NET CLR 3.0.4506.2152; .NET CLR 3.5.30729)"
142.160.2.66 - - [31/Mar/2009:13:29:24 -0400] "GET /avatars/0000/0001/pic_nik_thumb.jpg?1237573168 HTTP/1.0" 200 5862 "http://isppractices.econsultation.ca/topics/show/11" "Mozilla/4.0 (compatible; MSIE 6.0; Windows NT 5.1; SV1; .NET CLR 1.1.4322; InfoPath.1; MS-RTC LM 8; .NET CLR 2.0.50727; .NET CLR 3.0.4506.2152; .NET CLR 3.5.30729)"
216.95.209.234 - - [31/Mar/2009:13:29:24 -0400] "GET /images/BOX-BACK.jpg HTTP/1.1" 200 1025 "http://isppractices.econsultation.ca/stylesheets/base_1238427290.css" "Mozilla/5.0 (Windows; U; Windows NT 5.1; en-US; rv:1.9.0.6) Gecko/2009011913 Firefox/3.0.6 (.NET CLR 3.5.30729)"
216.95.209.234 - - [31/Mar/2009:13:29:25 -0400] "POST /talk/mark/309 HTTP/1.1" 201 1 "http://isppractices.econsultation.ca/topics/show/10" "Mozilla/5.0 (Windows; U; Windows NT 5.1; en-US; rv:1.9.0.6) Gecko/2009011913 Firefox/3.0.6 (.NET CLR 3.5.30729)"
198.103.61.2 - - [31/Mar/2009:13:29:27 -0400] "GET / HTTP/1.1" 200 17210 "http://isppractices.econsultation.ca/topics/show/10" "Mozilla/5.0 (Windows; U; Windows NT 5.0; en-GB; rv:1.9.0.8) Gecko/2009032609 Firefox/3.0.8"
142.229.81.180 - - [31/Mar/2009:13:29:32 -0400] "GET /images/busy.gif HTTP/1.1" 304 - "http://isppractices.econsultation.ca/topics/show/9" "Mozilla/4.0 (compatible; MSIE 7.0; Windows NT 6.0; SV1; SLCC1; .NET CLR 2.0.50727; .NET CLR 3.0.04506; InfoPath.2; MS-RTC LM 8)"
142.229.81.180 - - [31/Mar/2009:13:29:32 -0400] "POST /topic/9/talk/new?parent_id=0 HTTP/1.1" 200 1208 "http://isppractices.econsultation.ca/topics/show/9" "Mozilla/4.0 (compatible; MSIE 7.0; Windows NT 6.0; SV1; SLCC1; .NET CLR 2.0.50727; .NET CLR 3.0.04506; InfoPath.2; MS-RTC LM 8)"
142.165.62.20 - - [31/Mar/2009:13:29:32 -0400] "GET / HTTP/1.1" 200 17210 "-" "Mozilla/5.0 (X11; U; Linux i686; en-US; rv:1.9.0.8) Gecko/2009033008 Gentoo Firefox/3.0.8"
142.165.62.20 - - [31/Mar/2009:13:29:33 -0400] "GET /stylesheets/print.css HTTP/1.1" 200 321 "-" "Mozilla/5.0 (X11; U; Linux i686; en-US; rv:1.9.0.8) Gecko/2009033008 Gentoo Firefox/3.0.8"
142.165.62.20 - - [31/Mar/2009:13:29:33 -0400] "GET /images/search_go_1.jpg HTTP/1.1" 200 665 "-" "Mozilla/5.0 (X11; U; Linux i686; en-US; rv:1.9.0.8) Gecko/2009033008 Gentoo Firefox/3.0.8"
142.165.62.20 - - [31/Mar/2009:13:29:33 -0400] "GET /images/feed-icon-14x14.png HTTP/1.1" 200 689 "-" "Mozilla/5.0 (X11; U; Linux i686; en-US; rv:1.9.0.8) Gecko/2009033008 Gentoo Firefox/3.0.8"
142.165.62.20 - - [31/Mar/2009:13:29:33 -0400] "GET /images/nanos_icon_23.png HTTP/1.1" 200 4797 "-" "Mozilla/5.0 (X11; U; Linux i686; en-US; rv:1.9.0.8) Gecko/2009033008 Gentoo Firefox/3.0.8"
142.165.62.20 - - [31/Mar/2009:13:29:33 -0400] "GET /stylesheets/base_1238427290.css HTTP/1.1" 200 30105 "-" "Mozilla/5.0 (X11; U; Linux i686; en-US; rv:1.9.0.8) Gecko/2009033008 Gentoo Firefox/3.0.8"
142.165.62.20 - - [31/Mar/2009:13:29:33 -0400] "GET /images/topNav_endCurve.png HTTP/1.1" 200 433 "-" "Mozilla/5.0 (X11; U; Linux i686; en-US; rv:1.9.0.8) Gecko/2009033008 Gentoo Firefox/3.0.8"
142.165.62.20 - - [31/Mar/2009:13:29:33 -0400] "GET /images/CRTC_2_1300px.jpg HTTP/1.1" 200 72085 "-" "Mozilla/5.0 (X11; U; Linux i686; en-US; rv:1.9.0.8) Gecko/2009033008 Gentoo Firefox/3.0.8"
142.165.62.20 - - [31/Mar/2009:13:29:34 -0400] "GET /favicon.ico HTTP/1.1" 200 - "-" "Mozilla/5.0 (X11; U; Linux i686; en-US; rv:1.9.0.8) Gecko/2009033008 Gentoo Firefox/3.0.8"
142.165.62.20 - - [31/Mar/2009:13:29:34 -0400] "GET / HTTP/1.1" 200 17210 "-" "Mozilla/5.0 (X11; U; Linux i686; en-US; rv:1.9.0.8) Gecko/2009033008 Gentoo Firefox/3.0.8"
198.103.61.2 - - [31/Mar/2009:13:29:35 -0400] "POST /talk/mark/312 HTTP/1.1" 201 1 "http://isppractices.econsultation.ca/topics/show/7" "Mozilla/5.0 (Windows; U; Windows NT 5.0; en-US; rv:1.9.0.8) Gecko/2009032609 Firefox/3.0.8"
174.6.150.240 - - [31/Mar/2009:13:29:41 -0400] "GET /archives HTTP/1.0" 200 11149 "http://isppractices.econsultation.ca/" "Mozilla/5.0 (Windows; U; Windows NT 5.1; en-US; rv:1.9.0.8) Gecko/2009032609 Firefox/3.0.8"
174.6.150.240 - - [31/Mar/2009:13:29:48 -0400] "GET /topics/show/6 HTTP/1.0" 200 13799 "http://isppractices.econsultation.ca/archives" "Mozilla/5.0 (Windows; U; Windows NT 5.1; en-US; rv:1.9.0.8) Gecko/2009032609 Firefox/3.0.8"
208.38.59.162 - - [31/Mar/2009:13:29:50 -0400] "GET /archives HTTP/1.0" 200 11149 "http://isppractices.econsultation.ca/topics/show/11" "Mozilla/5.0 (Windows; U; Windows NT 5.1; en-US; rv:1.9.0.5) Gecko/2008120122 Firefox/3.0.5"
198.103.61.2 - - [31/Mar/2009:13:29:50 -0400] "GET /topics/show/8 HTTP/1.1" 200 24087 "http://isppractices.econsultation.ca/topics/show/7" "Mozilla/5.0 (Windows; U; Windows NT 5.0; en-US; rv:1.9.0.8) Gecko/2009032609 Firefox/3.0.8"
208.38.59.162 - - [31/Mar/2009:13:29:50 -0400] "GET / HTTP/1.0" 200 17210 "http://isppractices.econsultation.ca/topics/show/11" "Mozilla/5.0 (Windows; U; Windows NT 5.1; en-US; rv:1.9.0.5) Gecko/2008120122 Firefox/3.0.5"
209.226.137.108 - - [31/Mar/2009:13:29:51 -0400] "GET /topics/show/10 HTTP/1.1" 200 30872 "http://isppractices.econsultation.ca/topics/show/9" "Mozilla/5.0 (Windows; U; Windows NT 5.1; en-US; rv:1.9.0.8) Gecko/2009032609 Firefox/3.0.8 (.NET CLR 3.5.30729)"
198.103.61.2 - - [31/Mar/2009:13:29:54 -0400] "POST /talk/mark/304 HTTP/1.1" 201 1 "http://isppractices.econsultation.ca/topics/show/8" "Mozilla/5.0 (Windows; U; Windows NT 5.0; en-US; rv:1.9.0.8) Gecko/2009032609 Firefox/3.0.8"
204.174.12.18 - - [31/Mar/2009:13:29:55 -0400] "GET /topics/show/11 HTTP/1.1" 200 13541 "http://isppractices.econsultation.ca/topics/show/10" "Mozilla/5.0 (Windows; U; Windows NT 6.0; en-US; rv:1.9.0.7) Gecko/2009021910 Firefox/3.0.7"
142.245.193.10 - - [31/Mar/2009:13:29:57 -0400] "POST /talk/mark/314 HTTP/1.1" 201 1 "http://isppractices.econsultation.ca/topics/show/8" "Mozilla/4.0 (compatible; MSIE 6.0; Windows NT 5.1; SV1; 9LA; .NET CLR 1.0.3705; .NET CLR 1.1.4322; .NET CLR 2.0.50727)"
208.115.138.254 - - [31/Mar/2009:13:29:58 -0400] "GET /talk/mark/314 HTTP/1.1" 201 1 "-" "Mozilla/4.0"
142.160.2.66 - - [31/Mar/2009:13:30:05 -0400] "GET /topics/show/10 HTTP/1.0" 200 30872 "http://isppractices.econsultation.ca/topics/show/11" "Mozilla/4.0 (compatible; MSIE 6.0; Windows NT 5.1; SV1; .NET CLR 1.1.4322; InfoPath.1; MS-RTC LM 8; .NET CLR 2.0.50727; .NET CLR 3.0.4506.2152; .NET CLR 3.5.30729)"
204.174.12.18 - - [31/Mar/2009:13:30:09 -0400] "GET /topics/show/9 HTTP/1.1" 200 21386 "http://isppractices.econsultation.ca/topics/show/11" "Mozilla/5.0 (Windows; U; Windows NT 6.0; en-US; rv:1.9.0.7) Gecko/2009021910 Firefox/3.0.7"
174.6.150.240 - - [31/Mar/2009:13:30:15 -0400] "GET /viewer/index/47 HTTP/1.0" 200 671 "http://isppractices.econsultation.ca/topics/show/6" "Mozilla/5.0 (Windows; U; Windows NT 5.1; en-US; rv:1.9.0.8) Gecko/2009032609 Firefox/3.0.8"
174.6.150.240 - - [31/Mar/2009:13:30:15 -0400] "GET /viewer/header/47 HTTP/1.0" 200 1685 "http://isppractices.econsultation.ca/viewer/index/47" "Mozilla/5.0 (Windows; U; Windows NT 5.1; en-US; rv:1.9.0.8) Gecko/2009032609 Firefox/3.0.8"
174.6.150.240 - - [31/Mar/2009:13:30:15 -0400] "GET /stylesheets/yahoo/fonts.css HTTP/1.0" 200 864 "http://isppractices.econsultation.ca/viewer/header/47" "Mozilla/5.0 (Windows; U; Windows NT 5.1; en-US; rv:1.9.0.8) Gecko/2009032609 Firefox/3.0.8"
174.6.150.240 - - [31/Mar/2009:13:30:15 -0400] "GET /stylesheets/yahoo/reset.css HTTP/1.0" 200 556 "http://isppractices.econsultation.ca/viewer/header/47" "Mozilla/5.0 (Windows; U; Windows NT 5.1; en-US; rv:1.9.0.8) Gecko/2009032609 Firefox/3.0.8"
174.6.150.240 - - [31/Mar/2009:13:30:16 -0400] "GET /stylesheets/rating.css HTTP/1.0" 200 456 "http://isppractices.econsultation.ca/viewer/header/47" "Mozilla/5.0 (Windows; U; Windows NT 5.1; en-US; rv:1.9.0.8) Gecko/2009032609 Firefox/3.0.8"
174.6.150.240 - - [31/Mar/2009:13:30:16 -0400] "GET /stylesheets/ses.css HTTP/1.0" 200 12442 "http://isppractices.econsultation.ca/viewer/header/47" "Mozilla/5.0 (Windows; U; Windows NT 5.1; en-US; rv:1.9.0.8) Gecko/2009032609 Firefox/3.0.8"
174.6.150.240 - - [31/Mar/2009:13:30:15 -0400] "GET /javascripts/prototype.js HTTP/1.0" 200 71263 "http://isppractices.econsultation.ca/viewer/header/47" "Mozilla/5.0 (Windows; U; Windows NT 5.1; en-US; rv:1.9.0.8) Gecko/2009032609 Firefox/3.0.8"
174.6.150.240 - - [31/Mar/2009:13:30:16 -0400] "GET /javascripts/effects.js HTTP/1.0" 200 38200 "http://isppractices.econsultation.ca/viewer/header/47" "Mozilla/5.0 (Windows; U; Windows NT 5.1; en-US; rv:1.9.0.8) Gecko/2009032609 Firefox/3.0.8"
174.6.150.240 - - [31/Mar/2009:13:30:17 -0400] "GET /javascripts/builder.js HTTP/1.0" 200 4330 "http://isppractices.econsultation.ca/viewer/header/47" "Mozilla/5.0 (Windows; U; Windows NT 5.1; en-US; rv:1.9.0.8) Gecko/2009032609 Firefox/3.0.8"
174.6.150.240 - - [31/Mar/2009:13:30:17 -0400] "GET /javascripts/dialog.js HTTP/1.0" 200 4788 "http://isppractices.econsultation.ca/viewer/header/47" "Mozilla/5.0 (Windows; U; Windows NT 5.1; en-US; rv:1.9.0.8) Gecko/2009032609 Firefox/3.0.8"
174.6.150.240 - - [31/Mar/2009:13:30:18 -0400] "GET /javascripts/application.js HTTP/1.0" 200 9262 "http://isppractices.econsultation.ca/viewer/header/47" "Mozilla/5.0 (Windows; U; Windows NT 5.1; en-US; rv:1.9.0.8) Gecko/2009032609 Firefox/3.0.8"
198.103.61.2 - - [31/Mar/2009:13:30:24 -0400] "POST /talk/mark/311 HTTP/1.1" 201 1 "http://isppractices.econsultation.ca/topics/show/8" "Mozilla/5.0 (Windows; U; Windows NT 5.0; en-US; rv:1.9.0.8) Gecko/2009032609 Firefox/3.0.8"
142.245.193.10 - - [31/Mar/2009:13:30:23 -0400] "GET / HTTP/1.1" 200 17210 "-" "Mozilla/4.0 (compatible; MSIE 6.0; Windows NT 5.1; SV1; 9LA; .NET CLR 1.0.3705; .NET CLR 1.1.4322; .NET CLR 2.0.50727)"
142.245.193.10 - - [31/Mar/2009:13:30:26 -0400] "GET /topics/show/9 HTTP/1.1" 200 26434 "http://isppractices.econsultation.ca/topics/show/8" "Mozilla/4.0 (compatible; MSIE 6.0; Windows NT 5.1; SV1; 9LA; .NET CLR 1.0.3705; .NET CLR 1.1.4322; .NET CLR 2.0.50727)"
66.209.52.78 - - [31/Mar/2009:13:30:39 -0400] "GET /topics/show/6 HTTP/1.1" 200 13799 "http://isppractices.econsultation.ca/" "Mozilla/5.0 (Windows; U; Windows NT 5.1; en-US; rv:1.9.0.7) Gecko/2009021910 Firefox/3.0.7"
66.209.52.78 - - [31/Mar/2009:13:30:39 -0400] "GET /images/comment_bw.png HTTP/1.1" 200 384 "http://isppractices.econsultation.ca/stylesheets/base_1238427290.css" "Mozilla/5.0 (Windows; U; Windows NT 5.1; en-US; rv:1.9.0.7) Gecko/2009021910 Firefox/3.0.7"
66.209.52.78 - - [31/Mar/2009:13:30:39 -0400] "GET /images/arrows.png HTTP/1.1" 200 216 "http://isppractices.econsultation.ca/stylesheets/base_1238427290.css" "Mozilla/5.0 (Windows; U; Windows NT 5.1; en-US; rv:1.9.0.7) Gecko/2009021910 Firefox/3.0.7"
66.209.52.78 - - [31/Mar/2009:13:30:39 -0400] "GET /avatars/0000/0001/pic_nik_thumb.jpg?1237573168 HTTP/1.1" 200 5862 "http://isppractices.econsultation.ca/topics/show/6" "Mozilla/5.0 (Windows; U; Windows NT 5.1; en-US; rv:1.9.0.7) Gecko/2009021910 Firefox/3.0.7"
65.94.48.64 - - [31/Mar/2009:13:30:44 -0400] "GET / HTTP/1.1" 200 17210 "http://isppractices.econsultation.ca/topics/show/7" "Mozilla/5.0 (Windows; U; Windows NT 5.1; en-US; rv:1.9.0.8) Gecko/2009032609 Firefox/3.0.8"
204.174.12.18 - - [31/Mar/2009:13:30:46 -0400] "POST /topics/show_comments/9/307 HTTP/1.1" 200 251 "http://isppractices.econsultation.ca/topics/show/9" "Mozilla/5.0 (Windows; U; Windows NT 6.0; en-US; rv:1.9.0.7) Gecko/2009021910 Firefox/3.0.7"
204.174.12.18 - - [31/Mar/2009:13:30:50 -0400] "POST /topics/show_comments/9/313 HTTP/1.1" 200 251 "http://isppractices.econsultation.ca/topics/show/9" "Mozilla/5.0 (Windows; U; Windows NT 6.0; en-US; rv:1.9.0.7) Gecko/2009021910 Firefox/3.0.7"
69.196.147.210 - - [31/Mar/2009:13:30:52 -0400] "POST /topic/7/talk/create HTTP/1.1" 200 4119 "http://isppractices.econsultation.ca/topics/show/7" "Mozilla/5.0 (Windows; U; Windows NT 5.1; en-GB; rv:1.9.0.8) Gecko/2009032609 Firefox/3.0.8 (.NET CLR 3.5.30729)"
