130.63.202.49 - - [31/Mar/2009:11:38:42 -0400] "GET /images/nanos_icon_23.png HTTP/1.1" 200 4797 "http://isppractices.econsultation.ca/" "Mozilla/4.0 (compatible; MSIE 8.0; Windows NT 5.1; Trident/4.0; .NET CLR 1.1.4322; .NET CLR 2.0.50727; .NET CLR 3.0.04506.30; .NET CLR 3.0.04506.648)"
130.63.202.49 - - [31/Mar/2009:11:38:42 -0400] "GET /images/CRTC_2_1300px.jpg HTTP/1.1" 200 72085 "http://isppractices.econsultation.ca/" "Mozilla/4.0 (compatible; MSIE 8.0; Windows NT 5.1; Trident/4.0; .NET CLR 1.1.4322; .NET CLR 2.0.50727; .NET CLR 3.0.04506.30; .NET CLR 3.0.04506.648)"
130.63.202.49 - - [31/Mar/2009:11:38:42 -0400] "GET /images/topNav_endCurve.png HTTP/1.1" 200 433 "http://isppractices.econsultation.ca/" "Mozilla/4.0 (compatible; MSIE 8.0; Windows NT 5.1; Trident/4.0; .NET CLR 1.1.4322; .NET CLR 2.0.50727; .NET CLR 3.0.04506.30; .NET CLR 3.0.04506.648)"
130.63.202.49 - - [31/Mar/2009:11:38:43 -0400] "GET /favicon.ico HTTP/1.1" 200 - "-" "Mozilla/4.0 (compatible; MSIE 8.0; Windows NT 5.1; Trident/4.0; .NET CLR 1.1.4322; .NET CLR 2.0.50727; .NET CLR 3.0.04506.30; .NET CLR 3.0.04506.648)"
216.239.44.25 - - [31/Mar/2009:11:38:47 -0400] "GET / HTTP/1.1" 200 13247 "http://www.crtc.gc.ca/eng/redirect.asp?URL=http://isppractices.econsultation.ca/" "Mozilla/5.0 (Macintosh; U; Intel Mac OS X 10.5; en-US; rv:1.9.0.8) Gecko/2009032608 Firefox/3.0.8 GTB3"
216.239.44.25 - - [31/Mar/2009:11:38:47 -0400] "GET /stylesheets/print.css HTTP/1.1" 200 321 "http://isppractices.econsultation.ca/" "Mozilla/5.0 (Macintosh; U; Intel Mac OS X 10.5; en-US; rv:1.9.0.8) Gecko/2009032608 Firefox/3.0.8 GTB3"
216.239.44.25 - - [31/Mar/2009:11:38:47 -0400] "GET /stylesheets/base_1238427290.css HTTP/1.1" 200 30105 "http://isppractices.econsultation.ca/" "Mozilla/5.0 (Macintosh; U; Intel Mac OS X 10.5; en-US; rv:1.9.0.8) Gecko/2009032608 Firefox/3.0.8 GTB3"
216.239.44.25 - - [31/Mar/2009:11:38:47 -0400] "GET /javascripts/base_1238187983.js HTTP/1.1" 200 97264 "http://isppractices.econsultation.ca/" "Mozilla/5.0 (Macintosh; U; Intel Mac OS X 10.5; en-US; rv:1.9.0.8) Gecko/2009032608 Firefox/3.0.8 GTB3"
216.239.44.25 - - [31/Mar/2009:11:38:48 -0400] "GET /favicon.ico HTTP/1.1" 200 - "-" "Mozilla/5.0 (Macintosh; U; Intel Mac OS X 10.5; en-US; rv:1.9.0.8) Gecko/2009032608 Firefox/3.0.8 GTB3"
216.239.44.25 - - [31/Mar/2009:11:38:48 -0400] "GET /images/search_go_1.jpg HTTP/1.1" 200 665 "http://isppractices.econsultation.ca/" "Mozilla/5.0 (Macintosh; U; Intel Mac OS X 10.5; en-US; rv:1.9.0.8) Gecko/2009032608 Firefox/3.0.8 GTB3"
216.239.44.25 - - [31/Mar/2009:11:38:48 -0400] "GET /images/feed-icon-14x14.png HTTP/1.1" 200 689 "http://isppractices.econsultation.ca/" "Mozilla/5.0 (Macintosh; U; Intel Mac OS X 10.5; en-US; rv:1.9.0.8) Gecko/2009032608 Firefox/3.0.8 GTB3"
216.239.44.25 - - [31/Mar/2009:11:38:48 -0400] "GET /images/topNav_endCurve.png HTTP/1.1" 200 433 "http://isppractices.econsultation.ca/stylesheets/base_1238427290.css" "Mozilla/5.0 (Macintosh; U; Intel Mac OS X 10.5; en-US; rv:1.9.0.8) Gecko/2009032608 Firefox/3.0.8 GTB3"
216.239.44.25 - - [31/Mar/2009:11:38:48 -0400] "GET /images/CRTC_2_1300px.jpg HTTP/1.1" 200 72085 "http://isppractices.econsultation.ca/stylesheets/base_1238427290.css" "Mozilla/5.0 (Macintosh; U; Intel Mac OS X 10.5; en-US; rv:1.9.0.8) Gecko/2009032608 Firefox/3.0.8 GTB3"
216.239.44.25 - - [31/Mar/2009:11:38:48 -0400] "GET /images/nanos_icon_23.png HTTP/1.1" 200 4797 "http://isppractices.econsultation.ca/" "Mozilla/5.0 (Macintosh; U; Intel Mac OS X 10.5; en-US; rv:1.9.0.8) Gecko/2009032608 Firefox/3.0.8 GTB3"
216.239.44.25 - - [31/Mar/2009:11:38:49 -0400] "GET /favicon.ico HTTP/1.1" 200 - "-" "Mozilla/5.0 (Macintosh; U; Intel Mac OS X 10.5; en-US; rv:1.9.0.8) Gecko/2009032608 Firefox/3.0.8 GTB3"
216.239.44.25 - - [31/Mar/2009:11:38:51 -0400] "GET /favicon.ico HTTP/1.1" 200 - "-" "Mozilla/5.0 (Macintosh; U; Intel Mac OS X 10.5; en-US; rv:1.9.0.8) Gecko/2009032608 Firefox/3.0.8 GTB3"
198.103.61.2 - - [31/Mar/2009:11:39:03 -0400] "GET / HTTP/1.1" 200 13247 "-" "Mozilla/5.0 (Windows; U; Windows NT 5.0; en-GB; rv:1.9.0.8) Gecko/2009032609 Firefox/3.0.8"
216.208.153.97 - - [31/Mar/2009:11:39:03 -0400] "GET / HTTP/1.1" 200 13247 "http://www.dslreports.com/forum/r22157825-CRTC-opens-online-consultation-on-throttling" "Mozilla/5.0 (Windows; U; Windows NT 5.1; en-GB; rv:1.9.0.8) Gecko/2009032609 Firefox/3.0.8"
216.208.153.97 - - [31/Mar/2009:11:39:04 -0400] "GET /stylesheets/print.css HTTP/1.1" 200 321 "http://isppractices.econsultation.ca/" "Mozilla/5.0 (Windows; U; Windows NT 5.1; en-GB; rv:1.9.0.8) Gecko/2009032609 Firefox/3.0.8"
216.208.153.97 - - [31/Mar/2009:11:39:04 -0400] "GET /stylesheets/base_1238427290.css HTTP/1.1" 200 30105 "http://isppractices.econsultation.ca/" "Mozilla/5.0 (Windows; U; Windows NT 5.1; en-GB; rv:1.9.0.8) Gecko/2009032609 Firefox/3.0.8"
216.208.153.97 - - [31/Mar/2009:11:39:04 -0400] "GET /javascripts/base_1238187983.js HTTP/1.1" 200 97264 "http://isppractices.econsultation.ca/" "Mozilla/5.0 (Windows; U; Windows NT 5.1; en-GB; rv:1.9.0.8) Gecko/2009032609 Firefox/3.0.8"
216.208.153.97 - - [31/Mar/2009:11:39:05 -0400] "GET /images/search_go_1.jpg HTTP/1.1" 200 665 "http://isppractices.econsultation.ca/" "Mozilla/5.0 (Windows; U; Windows NT 5.1; en-GB; rv:1.9.0.8) Gecko/2009032609 Firefox/3.0.8"
216.208.153.97 - - [31/Mar/2009:11:39:05 -0400] "GET /images/feed-icon-14x14.png HTTP/1.1" 200 689 "http://isppractices.econsultation.ca/" "Mozilla/5.0 (Windows; U; Windows NT 5.1; en-GB; rv:1.9.0.8) Gecko/2009032609 Firefox/3.0.8"
216.208.153.97 - - [31/Mar/2009:11:39:05 -0400] "GET /images/topNav_endCurve.png HTTP/1.1" 200 433 "http://isppractices.econsultation.ca/stylesheets/base_1238427290.css" "Mozilla/5.0 (Windows; U; Windows NT 5.1; en-GB; rv:1.9.0.8) Gecko/2009032609 Firefox/3.0.8"
216.208.153.97 - - [31/Mar/2009:11:39:05 -0400] "GET /images/nanos_icon_23.png HTTP/1.1" 200 4797 "http://isppractices.econsultation.ca/" "Mozilla/5.0 (Windows; U; Windows NT 5.1; en-GB; rv:1.9.0.8) Gecko/2009032609 Firefox/3.0.8"
216.208.153.97 - - [31/Mar/2009:11:39:05 -0400] "GET /images/CRTC_2_1300px.jpg HTTP/1.1" 200 72085 "http://isppractices.econsultation.ca/stylesheets/base_1238427290.css" "Mozilla/5.0 (Windows; U; Windows NT 5.1; en-GB; rv:1.9.0.8) Gecko/2009032609 Firefox/3.0.8"
216.208.153.97 - - [31/Mar/2009:11:39:06 -0400] "GET /favicon.ico HTTP/1.1" 200 - "-" "Mozilla/5.0 (Windows; U; Windows NT 5.1; en-GB; rv:1.9.0.8) Gecko/2009032609 Firefox/3.0.8"
198.103.61.2 - - [31/Mar/2009:11:39:06 -0400] "GET /topics/show/7 HTTP/1.1" 200 22707 "http://isppractices.econsultation.ca/" "Mozilla/5.0 (Windows; U; Windows NT 5.0; en-GB; rv:1.9.0.8) Gecko/2009032609 Firefox/3.0.8"
198.103.61.2 - - [31/Mar/2009:11:39:07 -0400] "GET /images/BOX-BACK.jpg HTTP/1.1" 200 1025 "http://isppractices.econsultation.ca/stylesheets/base_1238427290.css" "Mozilla/5.0 (Windows; U; Windows NT 5.0; en-GB; rv:1.9.0.8) Gecko/2009032609 Firefox/3.0.8"
216.208.153.97 - - [31/Mar/2009:11:39:08 -0400] "GET /favicon.ico HTTP/1.1" 200 - "-" "Mozilla/5.0 (Windows; U; Windows NT 5.1; en-GB; rv:1.9.0.8) Gecko/2009032609 Firefox/3.0.8"
15.219.153.212 - - [31/Mar/2009:11:39:19 -0400] "GET / HTTP/1.1" 200 13247 "http://www.dslreports.com/forum/remark,22157825" "Mozilla/5.0 (Windows; U; Windows NT 5.1; en-US; rv:1.9.0.8) Gecko/2009032609 Firefox/3.0.8 (.NET CLR 3.5.30729)"
15.219.153.212 - - [31/Mar/2009:11:39:20 -0400] "GET /stylesheets/print.css HTTP/1.1" 200 321 "http://isppractices.econsultation.ca/" "Mozilla/5.0 (Windows; U; Windows NT 5.1; en-US; rv:1.9.0.8) Gecko/2009032609 Firefox/3.0.8 (.NET CLR 3.5.30729)"
15.219.153.212 - - [31/Mar/2009:11:39:20 -0400] "GET /images/search_go_1.jpg HTTP/1.1" 200 665 "http://isppractices.econsultation.ca/" "Mozilla/5.0 (Windows; U; Windows NT 5.1; en-US; rv:1.9.0.8) Gecko/2009032609 Firefox/3.0.8 (.NET CLR 3.5.30729)"
15.219.153.212 - - [31/Mar/2009:11:39:20 -0400] "GET /favicon.ico HTTP/1.1" 200 - "-" "Mozilla/5.0 (Windows; U; Windows NT 5.1; en-US; rv:1.9.0.8) Gecko/2009032609 Firefox/3.0.8 (.NET CLR 3.5.30729)"
15.219.153.212 - - [31/Mar/2009:11:39:20 -0400] "GET /images/feed-icon-14x14.png HTTP/1.1" 200 689 "http://isppractices.econsultation.ca/" "Mozilla/5.0 (Windows; U; Windows NT 5.1; en-US; rv:1.9.0.8) Gecko/2009032609 Firefox/3.0.8 (.NET CLR 3.5.30729)"
15.219.153.212 - - [31/Mar/2009:11:39:20 -0400] "GET /images/nanos_icon_23.png HTTP/1.1" 200 4797 "http://isppractices.econsultation.ca/" "Mozilla/5.0 (Windows; U; Windows NT 5.1; en-US; rv:1.9.0.8) Gecko/2009032609 Firefox/3.0.8 (.NET CLR 3.5.30729)"
15.219.153.212 - - [31/Mar/2009:11:39:20 -0400] "GET /stylesheets/base_1238427290.css HTTP/1.1" 200 30105 "http://isppractices.econsultation.ca/" "Mozilla/5.0 (Windows; U; Windows NT 5.1; en-US; rv:1.9.0.8) Gecko/2009032609 Firefox/3.0.8 (.NET CLR 3.5.30729)"
198.103.61.2 - - [31/Mar/2009:11:39:20 -0400] "GET /topics/show/8 HTTP/1.1" 200 13161 "http://isppractices.econsultation.ca/topics/show/7" "Mozilla/5.0 (Windows; U; Windows NT 5.0; en-GB; rv:1.9.0.8) Gecko/2009032609 Firefox/3.0.8"
15.219.153.212 - - [31/Mar/2009:11:39:20 -0400] "GET /images/topNav_endCurve.png HTTP/1.1" 200 433 "http://isppractices.econsultation.ca/stylesheets/base_1238427290.css" "Mozilla/5.0 (Windows; U; Windows NT 5.1; en-US; rv:1.9.0.8) Gecko/2009032609 Firefox/3.0.8 (.NET CLR 3.5.30729)"
15.219.153.212 - - [31/Mar/2009:11:39:20 -0400] "GET /images/CRTC_2_1300px.jpg HTTP/1.1" 200 72085 "http://isppractices.econsultation.ca/stylesheets/base_1238427290.css" "Mozilla/5.0 (Windows; U; Windows NT 5.1; en-US; rv:1.9.0.8) Gecko/2009032609 Firefox/3.0.8 (.NET CLR 3.5.30729)"
199.67.138.244 - - [31/Mar/2009:11:39:22 -0400] "GET / HTTP/1.1" 200 13247 "http://www.dslreports.com/forum/r22157825-CRTC-opens-online-consultation-on-throttling" "Mozilla/4.0 (compatible; MSIE 6.0; Windows NT 5.1; SV1; .NET CLR 1.1.4322; .NET CLR 2.0.50727; .NET CLR 3.0.04506.30)"
199.67.138.244 - - [31/Mar/2009:11:39:23 -0400] "GET /stylesheets/print.css HTTP/1.1" 200 321 "http://isppractices.econsultation.ca/" "Mozilla/4.0 (compatible; MSIE 6.0; Windows NT 5.1; SV1; .NET CLR 1.1.4322; .NET CLR 2.0.50727; .NET CLR 3.0.04506.30)"
199.67.138.244 - - [31/Mar/2009:11:39:23 -0400] "GET /images/search_go_1.jpg HTTP/1.1" 200 665 "http://isppractices.econsultation.ca/" "Mozilla/4.0 (compatible; MSIE 6.0; Windows NT 5.1; SV1; .NET CLR 1.1.4322; .NET CLR 2.0.50727; .NET CLR 3.0.04506.30)"
199.67.138.244 - - [31/Mar/2009:11:39:23 -0400] "GET /stylesheets/base_1238427290.css HTTP/1.1" 200 30105 "http://isppractices.econsultation.ca/" "Mozilla/4.0 (compatible; MSIE 6.0; Windows NT 5.1; SV1; .NET CLR 1.1.4322; .NET CLR 2.0.50727; .NET CLR 3.0.04506.30)"
199.67.138.244 - - [31/Mar/2009:11:39:23 -0400] "GET /rss?lang=en HTTP/1.1" 200 3912 "http://isppractices.econsultation.ca/" "Mozilla/4.0 (compatible; MSIE 6.0; Windows NT 5.1; SV1; .NET CLR 1.1.4322; .NET CLR 2.0.50727; .NET CLR 3.0.04506.30)"
199.67.138.244 - - [31/Mar/2009:11:39:23 -0400] "GET /javascripts/base_1238187983.js HTTP/1.1" 200 97264 "http://isppractices.econsultation.ca/" "Mozilla/4.0 (compatible; MSIE 6.0; Windows NT 5.1; SV1; .NET CLR 1.1.4322; .NET CLR 2.0.50727; .NET CLR 3.0.04506.30)"
199.67.138.244 - - [31/Mar/2009:11:39:23 -0400] "GET /favicon.ico HTTP/1.1" 200 - "http://isppractices.econsultation.ca/" "Mozilla/4.0 (compatible; MSIE 6.0; Windows NT 5.1; SV1; .NET CLR 1.1.4322; .NET CLR 2.0.50727; .NET CLR 3.0.04506.30)"
199.67.138.244 - - [31/Mar/2009:11:39:23 -0400] "GET /images/feed-icon-14x14.png HTTP/1.1" 200 689 "http://isppractices.econsultation.ca/" "Mozilla/4.0 (compatible; MSIE 6.0; Windows NT 5.1; SV1; .NET CLR 1.1.4322; .NET CLR 2.0.50727; .NET CLR 3.0.04506.30)"
199.67.138.244 - - [31/Mar/2009:11:39:23 -0400] "GET /images/nanos_icon_23.png HTTP/1.1" 200 4797 "http://isppractices.econsultation.ca/" "Mozilla/4.0 (compatible; MSIE 6.0; Windows NT 5.1; SV1; .NET CLR 1.1.4322; .NET CLR 2.0.50727; .NET CLR 3.0.04506.30)"
198.103.61.2 - - [31/Mar/2009:11:39:23 -0400] "GET /topics/show/9 HTTP/1.1" 200 15570 "http://isppractices.econsultation.ca/topics/show/8" "Mozilla/5.0 (Windows; U; Windows NT 5.0; en-GB; rv:1.9.0.8) Gecko/2009032609 Firefox/3.0.8"
199.67.138.244 - - [31/Mar/2009:11:39:23 -0400] "GET /stylesheets/redesign_IE.css HTTP/1.1" 200 4221 "http://isppractices.econsultation.ca/" "Mozilla/4.0 (compatible; MSIE 6.0; Windows NT 5.1; SV1; .NET CLR 1.1.4322; .NET CLR 2.0.50727; .NET CLR 3.0.04506.30)"
199.67.138.244 - - [31/Mar/2009:11:39:24 -0400] "GET /images/CRTC_2_1300px.jpg HTTP/1.1" 200 72085 "http://isppractices.econsultation.ca/" "Mozilla/4.0 (compatible; MSIE 6.0; Windows NT 5.1; SV1; .NET CLR 1.1.4322; .NET CLR 2.0.50727; .NET CLR 3.0.04506.30)"
199.67.138.244 - - [31/Mar/2009:11:39:24 -0400] "GET /images/topNav_endCurve.png HTTP/1.1" 200 433 "-" "Mozilla/4.0 (compatible; MSIE 6.0; Windows NT 5.1; SV1; .NET CLR 1.1.4322; .NET CLR 2.0.50727; .NET CLR 3.0.04506.30)"
142.229.81.64 - - [31/Mar/2009:11:39:26 -0400] "GET / HTTP/1.1" 200 13247 "http://delicious.com/save?jump=yes&&url=http%3A%2F%2Fisppractices.econsultation.ca%2F&title=eConsultation" "Mozilla/4.0 (compatible; MSIE 6.0; Windows NT 5.1; SV1; .NET CLR 1.1.4322; .NET CLR 2.0.50727; .NET CLR 3.0.04506.30; InfoPath.1; MS-RTC LM 8)"
142.229.81.64 - - [31/Mar/2009:11:39:27 -0400] "GET /stylesheets/base_1238427290.css HTTP/1.1" 304 - "http://isppractices.econsultation.ca/" "Mozilla/4.0 (compatible; MSIE 6.0; Windows NT 5.1; SV1; .NET CLR 1.1.4322; .NET CLR 2.0.50727; .NET CLR 3.0.04506.30; InfoPath.1; MS-RTC LM 8)"
142.229.81.64 - - [31/Mar/2009:11:39:27 -0400] "GET /stylesheets/print.css HTTP/1.1" 304 - "http://isppractices.econsultation.ca/" "Mozilla/4.0 (compatible; MSIE 6.0; Windows NT 5.1; SV1; .NET CLR 1.1.4322; .NET CLR 2.0.50727; .NET CLR 3.0.04506.30; InfoPath.1; MS-RTC LM 8)"
142.229.81.64 - - [31/Mar/2009:11:39:27 -0400] "GET /javascripts/base_1238187983.js HTTP/1.1" 304 - "http://isppractices.econsultation.ca/" "Mozilla/4.0 (compatible; MSIE 6.0; Windows NT 5.1; SV1; .NET CLR 1.1.4322; .NET CLR 2.0.50727; .NET CLR 3.0.04506.30; InfoPath.1; MS-RTC LM 8)"
142.229.81.64 - - [31/Mar/2009:11:39:27 -0400] "GET /stylesheets/redesign_IE.css HTTP/1.1" 304 - "http://isppractices.econsultation.ca/" "Mozilla/4.0 (compatible; MSIE 6.0; Windows NT 5.1; SV1; .NET CLR 1.1.4322; .NET CLR 2.0.50727; .NET CLR 3.0.04506.30; InfoPath.1; MS-RTC LM 8)"
142.229.81.64 - - [31/Mar/2009:11:39:27 -0400] "GET /images/feed-icon-14x14.png HTTP/1.1" 304 - "http://isppractices.econsultation.ca/" "Mozilla/4.0 (compatible; MSIE 6.0; Windows NT 5.1; SV1; .NET CLR 1.1.4322; .NET CLR 2.0.50727; .NET CLR 3.0.04506.30; InfoPath.1; MS-RTC LM 8)"
142.229.81.64 - - [31/Mar/2009:11:39:27 -0400] "GET /images/search_go_1.jpg HTTP/1.1" 304 - "http://isppractices.econsultation.ca/" "Mozilla/4.0 (compatible; MSIE 6.0; Windows NT 5.1; SV1; .NET CLR 1.1.4322; .NET CLR 2.0.50727; .NET CLR 3.0.04506.30; InfoPath.1; MS-RTC LM 8)"
142.229.81.64 - - [31/Mar/2009:11:39:27 -0400] "GET /images/nanos_icon_23.png HTTP/1.1" 304 - "http://isppractices.econsultation.ca/" "Mozilla/4.0 (compatible; MSIE 6.0; Windows NT 5.1; SV1; .NET CLR 1.1.4322; .NET CLR 2.0.50727; .NET CLR 3.0.04506.30; InfoPath.1; MS-RTC LM 8)"
142.229.81.64 - - [31/Mar/2009:11:39:27 -0400] "GET /images/topNav_endCurve.png HTTP/1.1" 304 - "-" "Mozilla/4.0 (compatible; MSIE 6.0; Windows NT 5.1; SV1; .NET CLR 1.1.4322; .NET CLR 2.0.50727; .NET CLR 3.0.04506.30; InfoPath.1; MS-RTC LM 8)"
142.229.81.64 - - [31/Mar/2009:11:39:27 -0400] "GET /images/CRTC_2_1300px.jpg HTTP/1.1" 304 - "http://isppractices.econsultation.ca/" "Mozilla/4.0 (compatible; MSIE 6.0; Windows NT 5.1; SV1; .NET CLR 1.1.4322; .NET CLR 2.0.50727; .NET CLR 3.0.04506.30; InfoPath.1; MS-RTC LM 8)"
198.103.61.2 - - [31/Mar/2009:11:39:28 -0400] "GET / HTTP/1.1" 200 13247 "http://pratiquesfsi.econsultation.ca/" "Mozilla/5.0 (Windows; U; Windows NT 5.0; en-US; rv:1.9.0.8) Gecko/2009032609 Firefox/3.0.8"
198.103.61.2 - - [31/Mar/2009:11:39:29 -0400] "GET /stylesheets/print.css HTTP/1.1" 200 321 "http://isppractices.econsultation.ca/" "Mozilla/5.0 (Windows; U; Windows NT 5.0; en-US; rv:1.9.0.8) Gecko/2009032609 Firefox/3.0.8"
198.103.61.2 - - [31/Mar/2009:11:39:29 -0400] "GET /stylesheets/base_1238427290.css HTTP/1.1" 200 30105 "http://isppractices.econsultation.ca/" "Mozilla/5.0 (Windows; U; Windows NT 5.0; en-US; rv:1.9.0.8) Gecko/2009032609 Firefox/3.0.8"
198.103.61.2 - - [31/Mar/2009:11:39:29 -0400] "GET /javascripts/base_1238187983.js HTTP/1.1" 200 97264 "http://isppractices.econsultation.ca/" "Mozilla/5.0 (Windows; U; Windows NT 5.0; en-US; rv:1.9.0.8) Gecko/2009032609 Firefox/3.0.8"
198.103.61.2 - - [31/Mar/2009:11:39:30 -0400] "GET /images/search_go_1.jpg HTTP/1.1" 200 665 "http://isppractices.econsultation.ca/" "Mozilla/5.0 (Windows; U; Windows NT 5.0; en-US; rv:1.9.0.8) Gecko/2009032609 Firefox/3.0.8"
198.103.61.2 - - [31/Mar/2009:11:39:30 -0400] "GET /images/feed-icon-14x14.png HTTP/1.1" 200 689 "http://isppractices.econsultation.ca/" "Mozilla/5.0 (Windows; U; Windows NT 5.0; en-US; rv:1.9.0.8) Gecko/2009032609 Firefox/3.0.8"
198.103.61.2 - - [31/Mar/2009:11:39:30 -0400] "GET /images/topNav_endCurve.png HTTP/1.1" 200 433 "http://isppractices.econsultation.ca/stylesheets/base_1238427290.css" "Mozilla/5.0 (Windows; U; Windows NT 5.0; en-US; rv:1.9.0.8) Gecko/2009032609 Firefox/3.0.8"
198.103.61.2 - - [31/Mar/2009:11:39:30 -0400] "GET /images/nanos_icon_23.png HTTP/1.1" 200 4797 "http://isppractices.econsultation.ca/" "Mozilla/5.0 (Windows; U; Windows NT 5.0; en-US; rv:1.9.0.8) Gecko/2009032609 Firefox/3.0.8"
198.103.61.2 - - [31/Mar/2009:11:39:30 -0400] "GET /images/CRTC_2_1300px.jpg HTTP/1.1" 200 72085 "http://isppractices.econsultation.ca/stylesheets/base_1238427290.css" "Mozilla/5.0 (Windows; U; Windows NT 5.0; en-US; rv:1.9.0.8) Gecko/2009032609 Firefox/3.0.8"
198.103.61.2 - - [31/Mar/2009:11:39:29 -0400] "GET /topics/show/10 HTTP/1.1" 200 14823 "http://isppractices.econsultation.ca/topics/show/9" "Mozilla/5.0 (Windows; U; Windows NT 5.0; en-GB; rv:1.9.0.8) Gecko/2009032609 Firefox/3.0.8"
198.103.61.2 - - [31/Mar/2009:11:39:33 -0400] "GET /topics/show/11 HTTP/1.1" 200 13401 "http://isppractices.econsultation.ca/topics/show/10" "Mozilla/5.0 (Windows; U; Windows NT 5.0; en-GB; rv:1.9.0.8) Gecko/2009032609 Firefox/3.0.8"
198.103.61.2 - - [31/Mar/2009:11:39:35 -0400] "GET /topics/show/7 HTTP/1.1" 200 22707 "http://isppractices.econsultation.ca/topics/show/11" "Mozilla/5.0 (Windows; U; Windows NT 5.0; en-GB; rv:1.9.0.8) Gecko/2009032609 Firefox/3.0.8"
198.103.61.2 - - [31/Mar/2009:11:39:37 -0400] "GET /topics/show/7?root=303 HTTP/1.1" 200 22707 "http://isppractices.econsultation.ca/" "Mozilla/5.0 (Windows; U; Windows NT 5.0; en-US; rv:1.9.0.8) Gecko/2009032609 Firefox/3.0.8"
198.103.61.2 - - [31/Mar/2009:11:39:38 -0400] "GET /images/BOX-BACK.jpg HTTP/1.1" 200 1025 "http://isppractices.econsultation.ca/stylesheets/base_1238427290.css" "Mozilla/5.0 (Windows; U; Windows NT 5.0; en-US; rv:1.9.0.8) Gecko/2009032609 Firefox/3.0.8"
198.103.61.2 - - [31/Mar/2009:11:39:38 -0400] "GET /images/comment_bw.png HTTP/1.1" 200 384 "http://isppractices.econsultation.ca/stylesheets/base_1238427290.css" "Mozilla/5.0 (Windows; U; Windows NT 5.0; en-US; rv:1.9.0.8) Gecko/2009032609 Firefox/3.0.8"
198.103.61.2 - - [31/Mar/2009:11:39:38 -0400] "GET /avatars/0000/0001/pic_nik_thumb.jpg?1237573168 HTTP/1.1" 200 5862 "http://isppractices.econsultation.ca/topics/show/7?root=303" "Mozilla/5.0 (Windows; U; Windows NT 5.0; en-US; rv:1.9.0.8) Gecko/2009032609 Firefox/3.0.8"
198.103.61.2 - - [31/Mar/2009:11:39:38 -0400] "GET /images/arrows.png HTTP/1.1" 200 216 "http://isppractices.econsultation.ca/stylesheets/base_1238427290.css" "Mozilla/5.0 (Windows; U; Windows NT 5.0; en-US; rv:1.9.0.8) Gecko/2009032609 Firefox/3.0.8"
198.103.61.2 - - [31/Mar/2009:11:39:38 -0400] "POST /talk/mark/303 HTTP/1.1" 201 1 "http://isppractices.econsultation.ca/topics/show/7?root=303" "Mozilla/5.0 (Windows; U; Windows NT 5.0; en-US; rv:1.9.0.8) Gecko/2009032609 Firefox/3.0.8"
15.219.153.212 - - [31/Mar/2009:11:39:37 -0400] "GET /javascripts/base_1238187983.js HTTP/1.1" 200 97264 "http://isppractices.econsultation.ca/" "Mozilla/5.0 (Windows; U; Windows NT 5.1; en-US; rv:1.9.0.8) Gecko/2009032609 Firefox/3.0.8 (.NET CLR 3.5.30729)"
216.208.153.97 - - [31/Mar/2009:11:39:40 -0400] "GET /favicon.ico HTTP/1.1" 200 - "-" "Mozilla/5.0 (Windows; U; Windows NT 5.1; en-GB; rv:1.9.0.8) Gecko/2009032609 Firefox/3.0.8"
91.121.89.155 - - [31/Mar/2009:11:39:47 -0400] "HEAD / HTTP/1.1" 200 - "-" "PycURL/7.19.3"
216.208.153.97 - - [31/Mar/2009:11:39:49 -0400] "GET /images/topNav_endCurve_black.png HTTP/1.1" 200 447 "http://isppractices.econsultation.ca/stylesheets/base_1238427290.css" "Mozilla/5.0 (Windows; U; Windows NT 5.1; en-GB; rv:1.9.0.8) Gecko/2009032609 Firefox/3.0.8"
198.103.61.2 - - [31/Mar/2009:11:39:49 -0400] "GET /profile/65014 HTTP/1.1" 200 11050 "http://isppractices.econsultation.ca/topics/show/7" "Mozilla/5.0 (Windows; U; Windows NT 5.0; en-GB; rv:1.9.0.8) Gecko/2009032609 Firefox/3.0.8"
72.12.138.66 - - [31/Mar/2009:11:39:49 -0400] "GET / HTTP/1.1" 200 13563 "http://www.dslreports.com/forum/r22157825-CRTC-opens-online-consultation-on-throttling" "Mozilla/4.0 (compatible; MSIE 7.0; Windows NT 5.1; Trident/4.0; .NET CLR 2.0.50727; .NET CLR 3.0.4506.2152; .NET CLR 3.5.30729)"
72.12.138.66 - - [31/Mar/2009:11:39:50 -0400] "GET /stylesheets/base_1238427290.css HTTP/1.1" 200 30105 "http://isppractices.econsultation.ca/" "Mozilla/4.0 (compatible; MSIE 7.0; Windows NT 5.1; Trident/4.0; .NET CLR 2.0.50727; .NET CLR 3.0.4506.2152; .NET CLR 3.5.30729)"
72.12.138.66 - - [31/Mar/2009:11:39:50 -0400] "GET /stylesheets/print.css HTTP/1.1" 200 321 "http://isppractices.econsultation.ca/" "Mozilla/4.0 (compatible; MSIE 7.0; Windows NT 5.1; Trident/4.0; .NET CLR 2.0.50727; .NET CLR 3.0.4506.2152; .NET CLR 3.5.30729)"
72.12.138.66 - - [31/Mar/2009:11:39:50 -0400] "GET /stylesheets/redesign_IE.css HTTP/1.1" 200 4221 "http://isppractices.econsultation.ca/" "Mozilla/4.0 (compatible; MSIE 7.0; Windows NT 5.1; Trident/4.0; .NET CLR 2.0.50727; .NET CLR 3.0.4506.2152; .NET CLR 3.5.30729)"
72.12.138.66 - - [31/Mar/2009:11:39:50 -0400] "GET /javascripts/base_1238187983.js HTTP/1.1" 200 97264 "http://isppractices.econsultation.ca/" "Mozilla/4.0 (compatible; MSIE 7.0; Windows NT 5.1; Trident/4.0; .NET CLR 2.0.50727; .NET CLR 3.0.4506.2152; .NET CLR 3.5.30729)"
72.12.138.66 - - [31/Mar/2009:11:39:50 -0400] "GET /images/feed-icon-14x14.png HTTP/1.1" 200 689 "http://isppractices.econsultation.ca/" "Mozilla/4.0 (compatible; MSIE 7.0; Windows NT 5.1; Trident/4.0; .NET CLR 2.0.50727; .NET CLR 3.0.4506.2152; .NET CLR 3.5.30729)"
72.12.138.66 - - [31/Mar/2009:11:39:50 -0400] "GET /images/search_go_1.jpg HTTP/1.1" 200 665 "http://isppractices.econsultation.ca/" "Mozilla/4.0 (compatible; MSIE 7.0; Windows NT 5.1; Trident/4.0; .NET CLR 2.0.50727; .NET CLR 3.0.4506.2152; .NET CLR 3.5.30729)"
72.12.138.66 - - [31/Mar/2009:11:39:50 -0400] "GET /images/nanos_icon_23.png HTTP/1.1" 200 4797 "http://isppractices.econsultation.ca/" "Mozilla/4.0 (compatible; MSIE 7.0; Windows NT 5.1; Trident/4.0; .NET CLR 2.0.50727; .NET CLR 3.0.4506.2152; .NET CLR 3.5.30729)"
72.12.138.66 - - [31/Mar/2009:11:39:50 -0400] "GET /images/topNav_endCurve.png HTTP/1.1" 200 433 "http://isppractices.econsultation.ca/" "Mozilla/4.0 (compatible; MSIE 7.0; Windows NT 5.1; Trident/4.0; .NET CLR 2.0.50727; .NET CLR 3.0.4506.2152; .NET CLR 3.5.30729)"
72.12.138.66 - - [31/Mar/2009:11:39:50 -0400] "GET /images/CRTC_2_1300px.jpg HTTP/1.1" 200 72085 "http://isppractices.econsultation.ca/" "Mozilla/4.0 (compatible; MSIE 7.0; Windows NT 5.1; Trident/4.0; .NET CLR 2.0.50727; .NET CLR 3.0.4506.2152; .NET CLR 3.5.30729)"
72.12.138.66 - - [31/Mar/2009:11:39:51 -0400] "GET /favicon.ico HTTP/1.1" 200 - "-" "Mozilla/4.0 (compatible; MSIE 8.0; Windows NT 5.1; Trident/4.0; .NET CLR 2.0.50727; .NET CLR 3.0.4506.2152; .NET CLR 3.5.30729)"
91.121.89.155 - - [31/Mar/2009:11:40:01 -0400] "GET / HTTP/1.1" 200 13563 "-" "Mozilla/5.0 (X11; U; Linux x86_64; en-US; rv:1.9.0.5) Gecko/2009011817 Gentoo Firefox/3.0.5"
91.121.47.12 - - [31/Mar/2009:11:40:03 -0400] "GET / HTTP/1.1" 200 13563 "-" "Mozilla/5.0 (X11; U; Linux x86_64; c) AppleWebKit/528.5+ (KHTML, like Gecko, Safari/528.5+) WebShot"
91.121.47.12 - - [31/Mar/2009:11:40:03 -0400] "GET /stylesheets/print.css HTTP/1.1" 200 321 "http://isppractices.econsultation.ca/" "Mozilla/5.0 (X11; U; Linux x86_64; c) AppleWebKit/528.5+ (KHTML, like Gecko, Safari/528.5+) WebShot"
91.121.47.12 - - [31/Mar/2009:11:40:03 -0400] "GET /stylesheets/base_1238427290.css HTTP/1.1" 200 30105 "http://isppractices.econsultation.ca/" "Mozilla/5.0 (X11; U; Linux x86_64; c) AppleWebKit/528.5+ (KHTML, like Gecko, Safari/528.5+) WebShot"
91.121.47.12 - - [31/Mar/2009:11:40:03 -0400] "GET /javascripts/base_1238187983.js HTTP/1.1" 200 97264 "http://isppractices.econsultation.ca/" "Mozilla/5.0 (X11; U; Linux x86_64; c) AppleWebKit/528.5+ (KHTML, like Gecko, Safari/528.5+) WebShot"
91.121.47.12 - - [31/Mar/2009:11:40:04 -0400] "GET /images/topNav_endCurve.png HTTP/1.1" 200 433 "http://isppractices.econsultation.ca/" "Mozilla/5.0 (X11; U; Linux x86_64; c) AppleWebKit/528.5+ (KHTML, like Gecko, Safari/528.5+) WebShot"
91.121.47.12 - - [31/Mar/2009:11:40:04 -0400] "GET /images/search_go_1.jpg HTTP/1.1" 200 665 "http://isppractices.econsultation.ca/" "Mozilla/5.0 (X11; U; Linux x86_64; c) AppleWebKit/528.5+ (KHTML, like Gecko, Safari/528.5+) WebShot"
91.121.47.12 - - [31/Mar/2009:11:40:04 -0400] "GET /images/feed-icon-14x14.png HTTP/1.1" 200 689 "http://isppractices.econsultation.ca/" "Mozilla/5.0 (X11; U; Linux x86_64; c) AppleWebKit/528.5+ (KHTML, like Gecko, Safari/528.5+) WebShot"
91.121.47.12 - - [31/Mar/2009:11:40:04 -0400] "GET /images/nanos_icon_23.png HTTP/1.1" 200 4797 "http://isppractices.econsultation.ca/" "Mozilla/5.0 (X11; U; Linux x86_64; c) AppleWebKit/528.5+ (KHTML, like Gecko, Safari/528.5+) WebShot"
91.121.47.12 - - [31/Mar/2009:11:40:04 -0400] "GET /images/CRTC_2_1300px.jpg HTTP/1.1" 200 72085 "http://isppractices.econsultation.ca/" "Mozilla/5.0 (X11; U; Linux x86_64; c) AppleWebKit/528.5+ (KHTML, like Gecko, Safari/528.5+) WebShot"
72.12.138.66 - - [31/Mar/2009:11:40:16 -0400] "GET /topics/show/7?root=303 HTTP/1.1" 200 23083 "http://isppractices.econsultation.ca/" "Mozilla/4.0 (compatible; MSIE 7.0; Windows NT 5.1; Trident/4.0; .NET CLR 2.0.50727; .NET CLR 3.0.4506.2152; .NET CLR 3.5.30729)"
72.12.138.66 - - [31/Mar/2009:11:40:16 -0400] "GET /images/BOX-BACK.jpg HTTP/1.1" 200 1025 "http://isppractices.econsultation.ca/topics/show/7?root=303" "Mozilla/4.0 (compatible; MSIE 7.0; Windows NT 5.1; Trident/4.0; .NET CLR 2.0.50727; .NET CLR 3.0.4506.2152; .NET CLR 3.5.30729)"
72.12.138.66 - - [31/Mar/2009:11:40:16 -0400] "GET /images/comment_bw.png HTTP/1.1" 200 384 "http://isppractices.econsultation.ca/topics/show/7?root=303" "Mozilla/4.0 (compatible; MSIE 7.0; Windows NT 5.1; Trident/4.0; .NET CLR 2.0.50727; .NET CLR 3.0.4506.2152; .NET CLR 3.5.30729)"
72.12.138.66 - - [31/Mar/2009:11:40:16 -0400] "GET /avatars/0000/0001/pic_nik_thumb.jpg?1237573168 HTTP/1.1" 200 5862 "http://isppractices.econsultation.ca/topics/show/7?root=303" "Mozilla/4.0 (compatible; MSIE 7.0; Windows NT 5.1; Trident/4.0; .NET CLR 2.0.50727; .NET CLR 3.0.4506.2152; .NET CLR 3.5.30729)"
72.12.138.66 - - [31/Mar/2009:11:40:16 -0400] "GET /images/arrows.png HTTP/1.1" 200 216 "http://isppractices.econsultation.ca/topics/show/7?root=303" "Mozilla/4.0 (compatible; MSIE 7.0; Windows NT 5.1; Trident/4.0; .NET CLR 2.0.50727; .NET CLR 3.0.4506.2152; .NET CLR 3.5.30729)"
198.103.61.2 - - [31/Mar/2009:11:40:16 -0400] "POST /talk/mark/303 HTTP/1.1" 201 1 "http://isppractices.econsultation.ca/topics/show/7" "Mozilla/5.0 (Windows; U; Windows NT 5.0; en-GB; rv:1.9.0.8) Gecko/2009032609 Firefox/3.0.8"
72.12.138.66 - - [31/Mar/2009:11:40:17 -0400] "POST /talk/mark/303 HTTP/1.1" 201 1 "http://isppractices.econsultation.ca/topics/show/7?root=303#comment_303" "Mozilla/4.0 (compatible; MSIE 7.0; Windows NT 5.1; Trident/4.0; .NET CLR 2.0.50727; .NET CLR 3.0.4506.2152; .NET CLR 3.5.30729)"
15.219.153.212 - - [31/Mar/2009:11:40:34 -0400] "GET /topics/show/7?root=303 HTTP/1.1" 200 23083 "http://isppractices.econsultation.ca/" "Mozilla/5.0 (Windows; U; Windows NT 5.1; en-US; rv:1.9.0.8) Gecko/2009032609 Firefox/3.0.8 (.NET CLR 3.5.30729)"
15.219.153.212 - - [31/Mar/2009:11:40:35 -0400] "GET /images/comment_bw.png HTTP/1.1" 200 384 "http://isppractices.econsultation.ca/stylesheets/base_1238427290.css" "Mozilla/5.0 (Windows; U; Windows NT 5.1; en-US; rv:1.9.0.8) Gecko/2009032609 Firefox/3.0.8 (.NET CLR 3.5.30729)"
15.219.153.212 - - [31/Mar/2009:11:40:35 -0400] "GET /images/BOX-BACK.jpg HTTP/1.1" 200 1025 "http://isppractices.econsultation.ca/stylesheets/base_1238427290.css" "Mozilla/5.0 (Windows; U; Windows NT 5.1; en-US; rv:1.9.0.8) Gecko/2009032609 Firefox/3.0.8 (.NET CLR 3.5.30729)"
15.219.153.212 - - [31/Mar/2009:11:40:35 -0400] "GET /avatars/0000/0001/pic_nik_thumb.jpg?1237573168 HTTP/1.1" 200 5862 "http://isppractices.econsultation.ca/topics/show/7?root=303" "Mozilla/5.0 (Windows; U; Windows NT 5.1; en-US; rv:1.9.0.8) Gecko/2009032609 Firefox/3.0.8 (.NET CLR 3.5.30729)"
15.219.153.212 - - [31/Mar/2009:11:40:35 -0400] "GET /images/arrows.png HTTP/1.1" 200 216 "http://isppractices.econsultation.ca/stylesheets/base_1238427290.css" "Mozilla/5.0 (Windows; U; Windows NT 5.1; en-US; rv:1.9.0.8) Gecko/2009032609 Firefox/3.0.8 (.NET CLR 3.5.30729)"
15.219.153.212 - - [31/Mar/2009:11:40:35 -0400] "POST /talk/mark/303 HTTP/1.1" 201 1 "http://isppractices.econsultation.ca/topics/show/7?root=303" "Mozilla/5.0 (Windows; U; Windows NT 5.1; en-US; rv:1.9.0.8) Gecko/2009032609 Firefox/3.0.8 (.NET CLR 3.5.30729)"
198.103.61.2 - - [31/Mar/2009:11:40:37 -0400] "GET /topics/show/7 HTTP/1.1" 200 23083 "http://isppractices.econsultation.ca/topics/show/7" "Mozilla/5.0 (Windows; U; Windows NT 5.0; en-GB; rv:1.9.0.8) Gecko/2009032609 Firefox/3.0.8"
198.103.61.2 - - [31/Mar/2009:11:40:38 -0400] "GET /topics/show/8 HTTP/1.1" 200 13161 "http://isppractices.econsultation.ca/topics/show/7" "Mozilla/5.0 (Windows; U; Windows NT 5.0; en-GB; rv:1.9.0.8) Gecko/2009032609 Firefox/3.0.8"
198.103.61.2 - - [31/Mar/2009:11:40:40 -0400] "GET /topics/show/9 HTTP/1.1" 200 15570 "http://isppractices.econsultation.ca/topics/show/8" "Mozilla/5.0 (Windows; U; Windows NT 5.0; en-GB; rv:1.9.0.8) Gecko/2009032609 Firefox/3.0.8"
198.103.61.2 - - [31/Mar/2009:11:40:46 -0400] "GET /topics/show/10 HTTP/1.1" 200 14823 "http://isppractices.econsultation.ca/topics/show/9" "Mozilla/5.0 (Windows; U; Windows NT 5.0; en-GB; rv:1.9.0.8) Gecko/2009032609 Firefox/3.0.8"
198.103.61.2 - - [31/Mar/2009:11:40:48 -0400] "GET /topics/show/11 HTTP/1.1" 200 13401 "http://isppractices.econsultation.ca/topics/show/10" "Mozilla/5.0 (Windows; U; Windows NT 5.0; en-GB; rv:1.9.0.8) Gecko/2009032609 Firefox/3.0.8"
216.123.211.13 - - [31/Mar/2009:11:40:53 -0400] "GET /topics/show/9 HTTP/1.0" 200 15570 "http://isppractices.econsultation.ca/topics/show/10" "Mozilla/4.0 (compatible; MSIE 6.0; Windows NT 5.1; SV1; .NET CLR 1.1.4322; .NET CLR 2.0.50727; InfoPath.1; MS-RTC LM 8)"
216.208.153.97 - - [31/Mar/2009:11:40:54 -0400] "GET / HTTP/1.1" 200 13563 "http://www.crtc.gc.ca/eng/redirect.asp?URL=http://isppractices.econsultation.ca/" "Mozilla/5.0 (Windows; U; Windows NT 5.1; en-GB; rv:1.9.0.8) Gecko/2009032609 Firefox/3.0.8"
216.208.153.97 - - [31/Mar/2009:11:40:54 -0400] "GET /stylesheets/print.css HTTP/1.1" 200 321 "http://isppractices.econsultation.ca/" "Mozilla/5.0 (Windows; U; Windows NT 5.1; en-GB; rv:1.9.0.8) Gecko/2009032609 Firefox/3.0.8"
216.208.153.97 - - [31/Mar/2009:11:40:54 -0400] "GET /stylesheets/base_1238427290.css HTTP/1.1" 200 30105 "http://isppractices.econsultation.ca/" "Mozilla/5.0 (Windows; U; Windows NT 5.1; en-GB; rv:1.9.0.8) Gecko/2009032609 Firefox/3.0.8"
216.208.153.97 - - [31/Mar/2009:11:40:54 -0400] "GET /javascripts/base_1238187983.js HTTP/1.1" 200 97264 "http://isppractices.econsultation.ca/" "Mozilla/5.0 (Windows; U; Windows NT 5.1; en-GB; rv:1.9.0.8) Gecko/2009032609 Firefox/3.0.8"
216.208.153.97 - - [31/Mar/2009:11:40:55 -0400] "GET /images/search_go_1.jpg HTTP/1.1" 200 665 "http://isppractices.econsultation.ca/" "Mozilla/5.0 (Windows; U; Windows NT 5.1; en-GB; rv:1.9.0.8) Gecko/2009032609 Firefox/3.0.8"
216.208.153.97 - - [31/Mar/2009:11:40:55 -0400] "GET /images/feed-icon-14x14.png HTTP/1.1" 200 689 "http://isppractices.econsultation.ca/" "Mozilla/5.0 (Windows; U; Windows NT 5.1; en-GB; rv:1.9.0.8) Gecko/2009032609 Firefox/3.0.8"
216.208.153.97 - - [31/Mar/2009:11:40:55 -0400] "GET /images/topNav_endCurve.png HTTP/1.1" 200 433 "http://isppractices.econsultation.ca/stylesheets/base_1238427290.css" "Mozilla/5.0 (Windows; U; Windows NT 5.1; en-GB; rv:1.9.0.8) Gecko/2009032609 Firefox/3.0.8"
216.208.153.97 - - [31/Mar/2009:11:40:56 -0400] "GET /images/nanos_icon_23.png HTTP/1.1" 200 4797 "http://isppractices.econsultation.ca/" "Mozilla/5.0 (Windows; U; Windows NT 5.1; en-GB; rv:1.9.0.8) Gecko/2009032609 Firefox/3.0.8"
216.208.153.97 - - [31/Mar/2009:11:40:55 -0400] "GET /images/CRTC_2_1300px.jpg HTTP/1.1" 200 72085 "http://isppractices.econsultation.ca/stylesheets/base_1238427290.css" "Mozilla/5.0 (Windows; U; Windows NT 5.1; en-GB; rv:1.9.0.8) Gecko/2009032609 Firefox/3.0.8"
216.123.211.13 - - [31/Mar/2009:11:41:01 -0400] "GET /viewer/index/54 HTTP/1.0" 200 663 "http://isppractices.econsultation.ca/topics/show/9" "Mozilla/4.0 (compatible; MSIE 6.0; Windows NT 5.1; SV1; .NET CLR 1.1.4322; .NET CLR 2.0.50727; InfoPath.1; MS-RTC LM 8)"
216.123.211.13 - - [31/Mar/2009:11:41:02 -0400] "GET /viewer/header/54 HTTP/1.0" 200 1685 "http://isppractices.econsultation.ca/viewer/index/54" "Mozilla/4.0 (compatible; MSIE 6.0; Windows NT 5.1; SV1; .NET CLR 1.1.4322; .NET CLR 2.0.50727; InfoPath.1; MS-RTC LM 8)"
198.103.61.2 - - [31/Mar/2009:11:41:01 -0400] "GET / HTTP/1.1" 200 13563 "http://isppractices.econsultation.ca/topics/show/7?root=303" "Mozilla/5.0 (Windows; U; Windows NT 5.0; en-US; rv:1.9.0.8) Gecko/2009032609 Firefox/3.0.8"
216.123.211.13 - - [31/Mar/2009:11:41:06 -0400] "GET /viewer/index/56 HTTP/1.0" 200 655 "http://isppractices.econsultation.ca/topics/show/9" "Mozilla/4.0 (compatible; MSIE 6.0; Windows NT 5.1; SV1; .NET CLR 1.1.4322; .NET CLR 2.0.50727; InfoPath.1; MS-RTC LM 8)"
216.123.211.13 - - [31/Mar/2009:11:41:06 -0400] "GET /viewer/header/56 HTTP/1.0" 200 1685 "http://isppractices.econsultation.ca/viewer/index/56" "Mozilla/4.0 (compatible; MSIE 6.0; Windows NT 5.1; SV1; .NET CLR 1.1.4322; .NET CLR 2.0.50727; InfoPath.1; MS-RTC LM 8)"
208.115.138.254 - - [31/Mar/2009:11:41:10 -0400] "GET / HTTP/1.1" 200 13563 "-" "Mozilla/4.0"
204.187.150.30 - - [31/Mar/2009:11:41:10 -0400] "GET / HTTP/1.1" 200 13587 "-" "Mozilla/5.0 (Macintosh; U; PPC Mac OS X; en) AppleWebKit/523.12 (KHTML, like Gecko) Version/3.0.4 Safari/523.12"
204.187.150.30 - - [31/Mar/2009:11:41:11 -0400] "GET /stylesheets/print.css HTTP/1.1" 200 321 "http://isppractices.econsultation.ca./" "Mozilla/5.0 (Macintosh; U; PPC Mac OS X; en) AppleWebKit/523.12 (KHTML, like Gecko) Version/3.0.4 Safari/523.12"
204.187.150.30 - - [31/Mar/2009:11:41:11 -0400] "GET /favicon.ico HTTP/1.1" 200 - "http://isppractices.econsultation.ca./" "Mozilla/5.0 (Macintosh; U; PPC Mac OS X; en) AppleWebKit/523.12 (KHTML, like Gecko) Version/3.0.4 Safari/523.12"
204.187.150.30 - - [31/Mar/2009:11:41:11 -0400] "GET /images/search_go_1.jpg HTTP/1.1" 200 665 "http://isppractices.econsultation.ca./" "Mozilla/5.0 (Macintosh; U; PPC Mac OS X; en) AppleWebKit/523.12 (KHTML, like Gecko) Version/3.0.4 Safari/523.12"
204.187.150.30 - - [31/Mar/2009:11:41:11 -0400] "GET /images/feed-icon-14x14.png HTTP/1.1" 200 689 "http://isppractices.econsultation.ca./" "Mozilla/5.0 (Macintosh; U; PPC Mac OS X; en) AppleWebKit/523.12 (KHTML, like Gecko) Version/3.0.4 Safari/523.12"
204.187.150.30 - - [31/Mar/2009:11:41:11 -0400] "GET /rss?lang=en HTTP/1.1" 200 3918 "http://isppractices.econsultation.ca./" "Mozilla/5.0 (Macintosh; U; PPC Mac OS X; en) AppleWebKit/523.12 (KHTML, like Gecko) Version/3.0.4 Safari/523.12"
204.187.150.30 - - [31/Mar/2009:11:41:11 -0400] "GET /images/nanos_icon_23.png HTTP/1.1" 200 4797 "http://isppractices.econsultation.ca./" "Mozilla/5.0 (Macintosh; U; PPC Mac OS X; en) AppleWebKit/523.12 (KHTML, like Gecko) Version/3.0.4 Safari/523.12"
204.187.150.30 - - [31/Mar/2009:11:41:11 -0400] "GET /stylesheets/base_1238427290.css HTTP/1.1" 200 30105 "http://isppractices.econsultation.ca./" "Mozilla/5.0 (Macintosh; U; PPC Mac OS X; en) AppleWebKit/523.12 (KHTML, like Gecko) Version/3.0.4 Safari/523.12"
204.187.150.30 - - [31/Mar/2009:11:41:11 -0400] "GET /javascripts/base_1238187983.js HTTP/1.1" 200 97264 "http://isppractices.econsultation.ca./" "Mozilla/5.0 (Macintosh; U; PPC Mac OS X; en) AppleWebKit/523.12 (KHTML, like Gecko) Version/3.0.4 Safari/523.12"
204.187.150.30 - - [31/Mar/2009:11:41:12 -0400] "GET /images/topNav_endCurve.png HTTP/1.1" 200 433 "http://isppractices.econsultation.ca./" "Mozilla/5.0 (Macintosh; U; PPC Mac OS X; en) AppleWebKit/523.12 (KHTML, like Gecko) Version/3.0.4 Safari/523.12"
204.187.150.30 - - [31/Mar/2009:11:41:12 -0400] "GET /images/CRTC_2_1300px.jpg HTTP/1.1" 200 72085 "http://isppractices.econsultation.ca./" "Mozilla/5.0 (Macintosh; U; PPC Mac OS X; en) AppleWebKit/523.12 (KHTML, like Gecko) Version/3.0.4 Safari/523.12"
216.16.236.99 - - [31/Mar/2009:11:41:27 -0400] "GET / HTTP/1.1" 200 13563 "http://www.crtc.gc.ca/eng/redirect.asp?URL=http://isppractices.econsultation.ca/" "Mozilla/5.0 (Windows; U; Windows NT 5.1; en-US; rv:1.9.1b3) Gecko/20090305 Firefox/3.1b3 (.NET CLR 3.5.30729)"
216.16.236.99 - - [31/Mar/2009:11:41:28 -0400] "GET /stylesheets/print.css HTTP/1.1" 200 321 "http://isppractices.econsultation.ca/" "Mozilla/5.0 (Windows; U; Windows NT 5.1; en-US; rv:1.9.1b3) Gecko/20090305 Firefox/3.1b3 (.NET CLR 3.5.30729)"
216.16.236.99 - - [31/Mar/2009:11:41:28 -0400] "GET /stylesheets/base_1238427290.css HTTP/1.1" 200 30105 "http://isppractices.econsultation.ca/" "Mozilla/5.0 (Windows; U; Windows NT 5.1; en-US; rv:1.9.1b3) Gecko/20090305 Firefox/3.1b3 (.NET CLR 3.5.30729)"
216.16.236.99 - - [31/Mar/2009:11:41:28 -0400] "GET /javascripts/base_1238187983.js HTTP/1.1" 200 97264 "http://isppractices.econsultation.ca/" "Mozilla/5.0 (Windows; U; Windows NT 5.1; en-US; rv:1.9.1b3) Gecko/20090305 Firefox/3.1b3 (.NET CLR 3.5.30729)"
216.16.236.99 - - [31/Mar/2009:11:41:28 -0400] "GET /favicon.ico HTTP/1.1" 200 - "-" "Mozilla/5.0 (Windows; U; Windows NT 5.1; en-US; rv:1.9.1b3) Gecko/20090305 Firefox/3.1b3 (.NET CLR 3.5.30729)"
216.16.236.99 - - [31/Mar/2009:11:41:28 -0400] "GET /images/search_go_1.jpg HTTP/1.1" 200 665 "http://isppractices.econsultation.ca/" "Mozilla/5.0 (Windows; U; Windows NT 5.1; en-US; rv:1.9.1b3) Gecko/20090305 Firefox/3.1b3 (.NET CLR 3.5.30729)"
216.16.236.99 - - [31/Mar/2009:11:41:28 -0400] "GET /images/feed-icon-14x14.png HTTP/1.1" 200 689 "http://isppractices.econsultation.ca/" "Mozilla/5.0 (Windows; U; Windows NT 5.1; en-US; rv:1.9.1b3) Gecko/20090305 Firefox/3.1b3 (.NET CLR 3.5.30729)"
216.16.236.99 - - [31/Mar/2009:11:41:28 -0400] "GET /images/topNav_endCurve.png HTTP/1.1" 200 433 "http://isppractices.econsultation.ca/stylesheets/base_1238427290.css" "Mozilla/5.0 (Windows; U; Windows NT 5.1; en-US; rv:1.9.1b3) Gecko/20090305 Firefox/3.1b3 (.NET CLR 3.5.30729)"
216.16.236.99 - - [31/Mar/2009:11:41:28 -0400] "GET /images/nanos_icon_23.png HTTP/1.1" 200 4797 "http://isppractices.econsultation.ca/" "Mozilla/5.0 (Windows; U; Windows NT 5.1; en-US; rv:1.9.1b3) Gecko/20090305 Firefox/3.1b3 (.NET CLR 3.5.30729)"
216.16.236.99 - - [31/Mar/2009:11:41:28 -0400] "GET /images/CRTC_2_1300px.jpg HTTP/1.1" 200 72085 "http://isppractices.econsultation.ca/stylesheets/base_1238427290.css" "Mozilla/5.0 (Windows; U; Windows NT 5.1; en-US; rv:1.9.1b3) Gecko/20090305 Firefox/3.1b3 (.NET CLR 3.5.30729)"
216.123.211.13 - - [31/Mar/2009:11:41:29 -0400] "GET /topics/show/8 HTTP/1.0" 200 13161 "http://isppractices.econsultation.ca/topics/show/9" "Mozilla/4.0 (compatible; MSIE 6.0; Windows NT 5.1; SV1; .NET CLR 1.1.4322; .NET CLR 2.0.50727; InfoPath.1; MS-RTC LM 8)"
216.123.211.13 - - [31/Mar/2009:11:41:33 -0400] "GET /topics/show/7 HTTP/1.0" 200 23083 "http://isppractices.econsultation.ca/topics/show/8" "Mozilla/4.0 (compatible; MSIE 6.0; Windows NT 5.1; SV1; .NET CLR 1.1.4322; .NET CLR 2.0.50727; InfoPath.1; MS-RTC LM 8)"
216.208.153.97 - - [31/Mar/2009:11:41:37 -0400] "GET /stylesheets/print.css HTTP/1.1" 200 321 "http://isppractices.econsultation.ca/topics/show/7" "Mozilla/5.0 (Windows; U; Windows NT 5.1; en-GB; rv:1.9.0.8) Gecko/2009032609 Firefox/3.0.8"
216.208.153.97 - - [31/Mar/2009:11:41:36 -0400] "GET /topics/show/7 HTTP/1.1" 200 23083 "http://isppractices.econsultation.ca/" "Mozilla/5.0 (Windows; U; Windows NT 5.1; en-GB; rv:1.9.0.8) Gecko/2009032609 Firefox/3.0.8"
216.208.153.97 - - [31/Mar/2009:11:41:37 -0400] "GET /stylesheets/base_1238427290.css HTTP/1.1" 200 30105 "http://isppractices.econsultation.ca/topics/show/7" "Mozilla/5.0 (Windows; U; Windows NT 5.1; en-GB; rv:1.9.0.8) Gecko/2009032609 Firefox/3.0.8"
216.208.153.97 - - [31/Mar/2009:11:41:37 -0400] "GET /javascripts/base_1238187983.js HTTP/1.1" 200 97264 "http://isppractices.econsultation.ca/topics/show/7" "Mozilla/5.0 (Windows; U; Windows NT 5.1; en-GB; rv:1.9.0.8) Gecko/2009032609 Firefox/3.0.8"
216.208.153.97 - - [31/Mar/2009:11:41:38 -0400] "GET /images/search_go_1.jpg HTTP/1.1" 200 665 "http://isppractices.econsultation.ca/topics/show/7" "Mozilla/5.0 (Windows; U; Windows NT 5.1; en-GB; rv:1.9.0.8) Gecko/2009032609 Firefox/3.0.8"
216.208.153.97 - - [31/Mar/2009:11:41:38 -0400] "GET /images/topNav_endCurve.png HTTP/1.1" 200 433 "http://isppractices.econsultation.ca/stylesheets/base_1238427290.css" "Mozilla/5.0 (Windows; U; Windows NT 5.1; en-GB; rv:1.9.0.8) Gecko/2009032609 Firefox/3.0.8"
216.208.153.97 - - [31/Mar/2009:11:41:38 -0400] "GET /images/comment_bw.png HTTP/1.1" 200 384 "http://isppractices.econsultation.ca/stylesheets/base_1238427290.css" "Mozilla/5.0 (Windows; U; Windows NT 5.1; en-GB; rv:1.9.0.8) Gecko/2009032609 Firefox/3.0.8"
216.208.153.97 - - [31/Mar/2009:11:41:38 -0400] "GET /images/BOX-BACK.jpg HTTP/1.1" 200 1025 "http://isppractices.econsultation.ca/stylesheets/base_1238427290.css" "Mozilla/5.0 (Windows; U; Windows NT 5.1; en-GB; rv:1.9.0.8) Gecko/2009032609 Firefox/3.0.8"
216.208.153.97 - - [31/Mar/2009:11:41:38 -0400] "GET /images/arrows.png HTTP/1.1" 200 216 "http://isppractices.econsultation.ca/stylesheets/base_1238427290.css" "Mozilla/5.0 (Windows; U; Windows NT 5.1; en-GB; rv:1.9.0.8) Gecko/2009032609 Firefox/3.0.8"
216.208.153.97 - - [31/Mar/2009:11:41:38 -0400] "GET /images/feed-icon-14x14.png HTTP/1.1" 200 689 "http://isppractices.econsultation.ca/topics/show/7" "Mozilla/5.0 (Windows; U; Windows NT 5.1; en-GB; rv:1.9.0.8) Gecko/2009032609 Firefox/3.0.8"
216.208.153.97 - - [31/Mar/2009:11:41:38 -0400] "GET /images/nanos_icon_23.png HTTP/1.1" 200 4797 "http://isppractices.econsultation.ca/topics/show/7" "Mozilla/5.0 (Windows; U; Windows NT 5.1; en-GB; rv:1.9.0.8) Gecko/2009032609 Firefox/3.0.8"
216.208.153.97 - - [31/Mar/2009:11:41:38 -0400] "GET /avatars/0000/0001/pic_nik_thumb.jpg?1237573168 HTTP/1.1" 200 5862 "http://isppractices.econsultation.ca/topics/show/7" "Mozilla/5.0 (Windows; U; Windows NT 5.1; en-GB; rv:1.9.0.8) Gecko/2009032609 Firefox/3.0.8"
216.208.153.97 - - [31/Mar/2009:11:41:38 -0400] "GET /images/arrows.png HTTP/1.1" 200 216 "http://isppractices.econsultation.ca/stylesheets/base_1238427290.css" "Mozilla/5.0 (Windows; U; Windows NT 5.1; en-GB; rv:1.9.0.8) Gecko/2009032609 Firefox/3.0.8"
216.208.153.97 - - [31/Mar/2009:11:41:38 -0400] "GET /images/CRTC_2_1300px.jpg HTTP/1.1" 200 72085 "http://isppractices.econsultation.ca/stylesheets/base_1238427290.css" "Mozilla/5.0 (Windows; U; Windows NT 5.1; en-GB; rv:1.9.0.8) Gecko/2009032609 Firefox/3.0.8"
216.123.211.13 - - [31/Mar/2009:11:41:40 -0400] "GET /topics/show/6 HTTP/1.0" 200 13799 "http://isppractices.econsultation.ca/topics/show/7" "Mozilla/4.0 (compatible; MSIE 6.0; Windows NT 5.1; SV1; .NET CLR 1.1.4322; .NET CLR 2.0.50727; InfoPath.1; MS-RTC LM 8)"
216.123.211.13 - - [31/Mar/2009:11:41:48 -0400] "GET /topics/show/7 HTTP/1.0" 200 23083 "http://isppractices.econsultation.ca/topics/show/6" "Mozilla/4.0 (compatible; MSIE 6.0; Windows NT 5.1; SV1; .NET CLR 1.1.4322; .NET CLR 2.0.50727; InfoPath.1; MS-RTC LM 8)"
216.123.211.13 - - [31/Mar/2009:11:42:04 -0400] "GET /viewer/index/74 HTTP/1.0" 200 689 "http://isppractices.econsultation.ca/topics/show/7" "Mozilla/4.0 (compatible; MSIE 6.0; Windows NT 5.1; SV1; .NET CLR 1.1.4322; .NET CLR 2.0.50727; InfoPath.1; MS-RTC LM 8)"
216.123.211.13 - - [31/Mar/2009:11:42:04 -0400] "GET /viewer/header/74 HTTP/1.0" 200 1685 "http://isppractices.econsultation.ca/viewer/index/74" "Mozilla/4.0 (compatible; MSIE 6.0; Windows NT 5.1; SV1; .NET CLR 1.1.4322; .NET CLR 2.0.50727; InfoPath.1; MS-RTC LM 8)"
216.123.211.13 - - [31/Mar/2009:11:42:21 -0400] "GET / HTTP/1.0" 200 13563 "http://isppractices.econsultation.ca/topics/show/7" "Mozilla/4.0 (compatible; MSIE 6.0; Windows NT 5.1; SV1; .NET CLR 1.1.4322; .NET CLR 2.0.50727; InfoPath.1; MS-RTC LM 8)"
216.239.44.25 - - [31/Mar/2009:11:42:30 -0400] "GET /favicon.ico HTTP/1.1" 200 - "-" "Mozilla/5.0 (Macintosh; U; Intel Mac OS X 10.5; en-US; rv:1.9.0.8) Gecko/2009032608 Firefox/3.0.8 GTB3"
216.16.236.99 - - [31/Mar/2009:11:42:31 -0400] "GET /topics/show/7?root=302 HTTP/1.1" 200 23083 "http://isppractices.econsultation.ca/" "Mozilla/5.0 (Windows; U; Windows NT 5.1; en-US; rv:1.9.1b3) Gecko/20090305 Firefox/3.1b3 (.NET CLR 3.5.30729)"
216.16.236.99 - - [31/Mar/2009:11:42:32 -0400] "GET /images/comment_bw.png HTTP/1.1" 200 384 "http://isppractices.econsultation.ca/stylesheets/base_1238427290.css" "Mozilla/5.0 (Windows; U; Windows NT 5.1; en-US; rv:1.9.1b3) Gecko/20090305 Firefox/3.1b3 (.NET CLR 3.5.30729)"
216.16.236.99 - - [31/Mar/2009:11:42:32 -0400] "GET /images/BOX-BACK.jpg HTTP/1.1" 200 1025 "http://isppractices.econsultation.ca/stylesheets/base_1238427290.css" "Mozilla/5.0 (Windows; U; Windows NT 5.1; en-US; rv:1.9.1b3) Gecko/20090305 Firefox/3.1b3 (.NET CLR 3.5.30729)"
216.16.236.99 - - [31/Mar/2009:11:42:32 -0400] "GET /avatars/0000/0001/pic_nik_thumb.jpg?1237573168 HTTP/1.1" 200 5862 "http://isppractices.econsultation.ca/topics/show/7?root=302" "Mozilla/5.0 (Windows; U; Windows NT 5.1; en-US; rv:1.9.1b3) Gecko/20090305 Firefox/3.1b3 (.NET CLR 3.5.30729)"
216.16.236.99 - - [31/Mar/2009:11:42:32 -0400] "POST /talk/mark/302 HTTP/1.1" 201 1 "http://isppractices.econsultation.ca/topics/show/7?root=302" "Mozilla/5.0 (Windows; U; Windows NT 5.1; en-US; rv:1.9.1b3) Gecko/20090305 Firefox/3.1b3 (.NET CLR 3.5.30729)"
216.16.236.99 - - [31/Mar/2009:11:42:32 -0400] "GET /images/arrows.png HTTP/1.1" 200 216 "http://isppractices.econsultation.ca/stylesheets/base_1238427290.css" "Mozilla/5.0 (Windows; U; Windows NT 5.1; en-US; rv:1.9.1b3) Gecko/20090305 Firefox/3.1b3 (.NET CLR 3.5.30729)"
142.32.208.232 - - [31/Mar/2009:11:42:31 -0400] "GET / HTTP/1.1" 200 13563 "-" "Mozilla/4.0 (compatible; MSIE 7.0; Windows NT 6.0; SLCC1; .NET CLR 2.0.50727; .NET CLR 3.0.04506; Tablet PC 2.0; InfoPath.2; MS-RTC LM 8)"
142.32.208.232 - - [31/Mar/2009:11:42:32 -0400] "GET / HTTP/1.1" 200 13563 "-" "Mozilla/4.0 (compatible; MSIE 7.0; Windows NT 6.0; SLCC1; .NET CLR 2.0.50727; .NET CLR 3.0.04506; Tablet PC 2.0; InfoPath.2; MS-RTC LM 8)"
142.32.208.232 - - [31/Mar/2009:11:42:32 -0400] "GET / HTTP/1.1" 200 13563 "-" "Mozilla/4.0 (compatible; MSIE 7.0; Windows NT 6.0; SLCC1; .NET CLR 2.0.50727; .NET CLR 3.0.04506; Tablet PC 2.0; InfoPath.2; MS-RTC LM 8)"
142.32.208.232 - - [31/Mar/2009:11:42:32 -0400] "GET / HTTP/1.1" 200 13563 "-" "Mozilla/4.0 (compatible; MSIE 7.0; Windows NT 6.0; SLCC1; .NET CLR 2.0.50727; .NET CLR 3.0.04506; Tablet PC 2.0; InfoPath.2; MS-RTC LM 8)"
142.32.208.232 - - [31/Mar/2009:11:42:32 -0400] "GET / HTTP/1.1" 200 13563 "-" "Mozilla/4.0 (compatible; MSIE 7.0; Windows NT 6.0; SLCC1; .NET CLR 2.0.50727; .NET CLR 3.0.04506; Tablet PC 2.0; InfoPath.2; MS-RTC LM 8)"
142.32.208.232 - - [31/Mar/2009:11:42:37 -0400] "GET /stylesheets/print.css HTTP/1.1" 200 321 "http://isppractices.econsultation.ca/" "Mozilla/4.0 (compatible; MSIE 7.0; Windows NT 6.0; SLCC1; .NET CLR 2.0.50727; .NET CLR 3.0.04506; Tablet PC 2.0; InfoPath.2; MS-RTC LM 8)"
142.32.208.232 - - [31/Mar/2009:11:42:37 -0400] "GET /stylesheets/print.css HTTP/1.1" 200 321 "http://isppractices.econsultation.ca/" "Mozilla/4.0 (compatible; MSIE 7.0; Windows NT 6.0; SLCC1; .NET CLR 2.0.50727; .NET CLR 3.0.04506; Tablet PC 2.0; InfoPath.2; MS-RTC LM 8)"
142.32.208.232 - - [31/Mar/2009:11:42:37 -0400] "GET /stylesheets/base_1238427290.css HTTP/1.1" 200 30105 "http://isppractices.econsultation.ca/" "Mozilla/4.0 (compatible; MSIE 7.0; Windows NT 6.0; SLCC1; .NET CLR 2.0.50727; .NET CLR 3.0.04506; Tablet PC 2.0; InfoPath.2; MS-RTC LM 8)"
142.32.208.232 - - [31/Mar/2009:11:42:37 -0400] "GET /stylesheets/base_1238427290.css HTTP/1.1" 200 30105 "http://isppractices.econsultation.ca/" "Mozilla/4.0 (compatible; MSIE 7.0; Windows NT 6.0; SLCC1; .NET CLR 2.0.50727; .NET CLR 3.0.04506; Tablet PC 2.0; InfoPath.2; MS-RTC LM 8)"
142.32.208.232 - - [31/Mar/2009:11:42:37 -0400] "GET /stylesheets/base_1238427290.css HTTP/1.1" 200 30105 "http://isppractices.econsultation.ca/" "Mozilla/4.0 (compatible; MSIE 7.0; Windows NT 6.0; SLCC1; .NET CLR 2.0.50727; .NET CLR 3.0.04506; Tablet PC 2.0; InfoPath.2; MS-RTC LM 8)"
