76.66.13.213 - - [31/Mar/2009:13:22:35 -0400] "GET /topics/show/7 HTTP/1.1" 200 35454 "http://isppractices.econsultation.ca/" "Mozilla/5.0 (Macintosh; U; Intel Mac OS X 10_5_6; en-us) AppleWebKit/525.27.1 (KHTML, like Gecko) Version/3.2.1 Safari/525.27.1"
76.66.13.213 - - [31/Mar/2009:13:22:36 -0400] "GET /avatars/0000/0001/pic_nik_thumb.jpg?1237573168 HTTP/1.1" 200 5862 "http://isppractices.econsultation.ca/topics/show/7" "Mozilla/5.0 (Macintosh; U; Intel Mac OS X 10_5_6; en-us) AppleWebKit/525.27.1 (KHTML, like Gecko) Version/3.2.1 Safari/525.27.1"
76.66.13.213 - - [31/Mar/2009:13:22:36 -0400] "GET /images/arrows.png HTTP/1.1" 200 216 "http://isppractices.econsultation.ca/topics/show/7" "Mozilla/5.0 (Macintosh; U; Intel Mac OS X 10_5_6; en-us) AppleWebKit/525.27.1 (KHTML, like Gecko) Version/3.2.1 Safari/525.27.1"
206.223.179.54 - - [31/Mar/2009:13:22:41 -0400] "GET /topics/show/11 HTTP/1.1" 200 18589 "http://isppractices.econsultation.ca/" "Mozilla/5.0 (Windows; U; Windows NT 5.1; en-GB; rv:1.9.0.7) Gecko/2009021910 Firefox/3.0.7"
206.223.179.54 - - [31/Mar/2009:13:22:41 -0400] "GET /images/comment_bw.png HTTP/1.1" 200 384 "http://isppractices.econsultation.ca/stylesheets/base_1238427290.css" "Mozilla/5.0 (Windows; U; Windows NT 5.1; en-GB; rv:1.9.0.7) Gecko/2009021910 Firefox/3.0.7"
206.223.179.54 - - [31/Mar/2009:13:22:41 -0400] "GET /images/BOX-BACK.jpg HTTP/1.1" 200 1025 "http://isppractices.econsultation.ca/stylesheets/base_1238427290.css" "Mozilla/5.0 (Windows; U; Windows NT 5.1; en-GB; rv:1.9.0.7) Gecko/2009021910 Firefox/3.0.7"
206.223.179.54 - - [31/Mar/2009:13:22:41 -0400] "GET /avatars/0000/0001/pic_nik_thumb.jpg?1237573168 HTTP/1.1" 200 5862 "http://isppractices.econsultation.ca/topics/show/11" "Mozilla/5.0 (Windows; U; Windows NT 5.1; en-GB; rv:1.9.0.7) Gecko/2009021910 Firefox/3.0.7"
206.223.179.54 - - [31/Mar/2009:13:22:41 -0400] "GET /images/arrows.png HTTP/1.1" 200 216 "http://isppractices.econsultation.ca/stylesheets/base_1238427290.css" "Mozilla/5.0 (Windows; U; Windows NT 5.1; en-GB; rv:1.9.0.7) Gecko/2009021910 Firefox/3.0.7"
142.229.81.180 - - [31/Mar/2009:13:22:58 -0400] "GET /images/busy.gif HTTP/1.1" 304 - "http://isppractices.econsultation.ca/topics/show/7" "Mozilla/4.0 (compatible; MSIE 7.0; Windows NT 6.0; SV1; SLCC1; .NET CLR 2.0.50727; .NET CLR 3.0.04506; InfoPath.2; MS-RTC LM 8)"
142.229.81.180 - - [31/Mar/2009:13:22:58 -0400] "POST /topic/7/talk/preview HTTP/1.1" 200 2227 "http://isppractices.econsultation.ca/topics/show/7" "Mozilla/4.0 (compatible; MSIE 7.0; Windows NT 6.0; SV1; SLCC1; .NET CLR 2.0.50727; .NET CLR 3.0.04506; InfoPath.2; MS-RTC LM 8)"
206.223.179.54 - - [31/Mar/2009:13:23:05 -0400] "GET /topics/show/10 HTTP/1.1" 200 25972 "http://isppractices.econsultation.ca/topics/show/11" "Mozilla/5.0 (Windows; U; Windows NT 5.1; en-GB; rv:1.9.0.7) Gecko/2009021910 Firefox/3.0.7"
67.212.16.56 - - [31/Mar/2009:13:23:08 -0400] "GET /archives HTTP/1.1" 200 11149 "http://isppractices.econsultation.ca/" "Mozilla/5.0 (X11; U; Linux x86_64; en-US; rv:1.9.0.8) Gecko/2009032712 Ubuntu/8.10 (intrepid) Firefox/3.0.8"
67.212.16.56 - - [31/Mar/2009:13:23:08 -0400] "GET /images/arrows.png HTTP/1.1" 200 216 "http://isppractices.econsultation.ca/stylesheets/base_1238427290.css" "Mozilla/5.0 (X11; U; Linux x86_64; en-US; rv:1.9.0.8) Gecko/2009032712 Ubuntu/8.10 (intrepid) Firefox/3.0.8"
209.226.137.106 - - [31/Mar/2009:13:23:09 -0400] "GET /topics/show/6 HTTP/1.1" 200 13799 "http://isppractices.econsultation.ca/" "Mozilla/5.0 (Windows; U; Windows NT 5.1; en-US; rv:1.9.0.8) Gecko/2009032609 Firefox/3.0.8 (.NET CLR 3.5.30729)"
209.226.137.106 - - [31/Mar/2009:13:23:09 -0400] "GET /images/comment_bw.png HTTP/1.1" 200 384 "http://isppractices.econsultation.ca/stylesheets/base_1238427290.css" "Mozilla/5.0 (Windows; U; Windows NT 5.1; en-US; rv:1.9.0.8) Gecko/2009032609 Firefox/3.0.8 (.NET CLR 3.5.30729)"
209.226.137.108 - - [31/Mar/2009:13:23:09 -0400] "GET /images/arrows.png HTTP/1.1" 200 216 "http://isppractices.econsultation.ca/stylesheets/base_1238427290.css" "Mozilla/5.0 (Windows; U; Windows NT 5.1; en-US; rv:1.9.0.8) Gecko/2009032609 Firefox/3.0.8 (.NET CLR 3.5.30729)"
209.226.137.107 - - [31/Mar/2009:13:23:12 -0400] "GET /avatars/0000/0001/pic_nik_thumb.jpg?1237573168 HTTP/1.1" 200 5862 "http://isppractices.econsultation.ca/topics/show/6" "Mozilla/5.0 (Windows; U; Windows NT 5.1; en-US; rv:1.9.0.8) Gecko/2009032609 Firefox/3.0.8 (.NET CLR 3.5.30729)"
142.229.81.180 - - [31/Mar/2009:13:23:17 -0400] "GET /images/busy.gif HTTP/1.1" 304 - "http://isppractices.econsultation.ca/topics/show/7" "Mozilla/4.0 (compatible; MSIE 7.0; Windows NT 6.0; SV1; SLCC1; .NET CLR 2.0.50727; .NET CLR 3.0.04506; InfoPath.2; MS-RTC LM 8)"
142.229.81.180 - - [31/Mar/2009:13:23:17 -0400] "POST /topic/7/talk/create HTTP/1.1" 200 3363 "http://isppractices.econsultation.ca/topics/show/7" "Mozilla/4.0 (compatible; MSIE 7.0; Windows NT 6.0; SV1; SLCC1; .NET CLR 2.0.50727; .NET CLR 3.0.04506; InfoPath.2; MS-RTC LM 8)"
67.212.16.56 - - [31/Mar/2009:13:23:17 -0400] "GET / HTTP/1.1" 200 17213 "http://isppractices.econsultation.ca/archives" "Mozilla/5.0 (X11; U; Linux x86_64; en-US; rv:1.9.0.8) Gecko/2009032712 Ubuntu/8.10 (intrepid) Firefox/3.0.8"
204.174.12.18 - - [31/Mar/2009:13:23:23 -0400] "GET /register HTTP/1.1" 200 11101 "http://isppractices.econsultation.ca/" "Mozilla/5.0 (Windows; U; Windows NT 6.0; en-US; rv:1.9.0.7) Gecko/2009021910 Firefox/3.0.7"
209.226.137.108 - - [31/Mar/2009:13:23:23 -0400] "GET /topics/show/7 HTTP/1.1" 200 39616 "http://isppractices.econsultation.ca/topics/show/6" "Mozilla/5.0 (Windows; U; Windows NT 5.1; en-US; rv:1.9.0.8) Gecko/2009032609 Firefox/3.0.8 (.NET CLR 3.5.30729)"
209.226.137.106 - - [31/Mar/2009:13:23:24 -0400] "GET /images/BOX-BACK.jpg HTTP/1.1" 200 1025 "http://isppractices.econsultation.ca/stylesheets/base_1238427290.css" "Mozilla/5.0 (Windows; U; Windows NT 5.1; en-US; rv:1.9.0.8) Gecko/2009032609 Firefox/3.0.8 (.NET CLR 3.5.30729)"
142.229.81.180 - - [31/Mar/2009:13:23:25 -0400] "GET /topics/show/8 HTTP/1.1" 200 19500 "http://isppractices.econsultation.ca/topics/show/7" "Mozilla/4.0 (compatible; MSIE 7.0; Windows NT 6.0; SV1; SLCC1; .NET CLR 2.0.50727; .NET CLR 3.0.04506; InfoPath.2; MS-RTC LM 8)"
142.229.81.180 - - [31/Mar/2009:13:23:25 -0400] "GET /stylesheets/base_1238427290.css HTTP/1.1" 304 - "http://isppractices.econsultation.ca/topics/show/8" "Mozilla/4.0 (compatible; MSIE 7.0; Windows NT 6.0; SV1; SLCC1; .NET CLR 2.0.50727; .NET CLR 3.0.04506; InfoPath.2; MS-RTC LM 8)"
142.229.81.180 - - [31/Mar/2009:13:23:25 -0400] "GET /stylesheets/print.css HTTP/1.1" 304 - "http://isppractices.econsultation.ca/topics/show/8" "Mozilla/4.0 (compatible; MSIE 7.0; Windows NT 6.0; SV1; SLCC1; .NET CLR 2.0.50727; .NET CLR 3.0.04506; InfoPath.2; MS-RTC LM 8)"
142.229.81.180 - - [31/Mar/2009:13:23:25 -0400] "GET /javascripts/base_1238187983.js HTTP/1.1" 304 - "http://isppractices.econsultation.ca/topics/show/8" "Mozilla/4.0 (compatible; MSIE 7.0; Windows NT 6.0; SV1; SLCC1; .NET CLR 2.0.50727; .NET CLR 3.0.04506; InfoPath.2; MS-RTC LM 8)"
142.229.81.180 - - [31/Mar/2009:13:23:25 -0400] "GET /stylesheets/redesign_IE.css HTTP/1.1" 304 - "http://isppractices.econsultation.ca/topics/show/8" "Mozilla/4.0 (compatible; MSIE 7.0; Windows NT 6.0; SV1; SLCC1; .NET CLR 2.0.50727; .NET CLR 3.0.04506; InfoPath.2; MS-RTC LM 8)"
142.229.81.180 - - [31/Mar/2009:13:23:25 -0400] "GET /images/search_go_1.jpg HTTP/1.1" 304 - "http://isppractices.econsultation.ca/topics/show/8" "Mozilla/4.0 (compatible; MSIE 7.0; Windows NT 6.0; SV1; SLCC1; .NET CLR 2.0.50727; .NET CLR 3.0.04506; InfoPath.2; MS-RTC LM 8)"
142.229.81.180 - - [31/Mar/2009:13:23:25 -0400] "GET /images/feed-icon-14x14.png HTTP/1.1" 304 - "http://isppractices.econsultation.ca/topics/show/8" "Mozilla/4.0 (compatible; MSIE 7.0; Windows NT 6.0; SV1; SLCC1; .NET CLR 2.0.50727; .NET CLR 3.0.04506; InfoPath.2; MS-RTC LM 8)"
142.229.81.180 - - [31/Mar/2009:13:23:25 -0400] "GET /images/CRTC_2_1300px.jpg HTTP/1.1" 304 - "http://isppractices.econsultation.ca/topics/show/8" "Mozilla/4.0 (compatible; MSIE 7.0; Windows NT 6.0; SV1; SLCC1; .NET CLR 2.0.50727; .NET CLR 3.0.04506; InfoPath.2; MS-RTC LM 8)"
142.229.81.180 - - [31/Mar/2009:13:23:25 -0400] "GET /images/BOX-BACK.jpg HTTP/1.1" 304 - "http://isppractices.econsultation.ca/topics/show/8" "Mozilla/4.0 (compatible; MSIE 7.0; Windows NT 6.0; SV1; SLCC1; .NET CLR 2.0.50727; .NET CLR 3.0.04506; InfoPath.2; MS-RTC LM 8)"
142.229.81.180 - - [31/Mar/2009:13:23:25 -0400] "GET /images/topNav_endCurve.png HTTP/1.1" 304 - "http://isppractices.econsultation.ca/topics/show/8" "Mozilla/4.0 (compatible; MSIE 7.0; Windows NT 6.0; SV1; SLCC1; .NET CLR 2.0.50727; .NET CLR 3.0.04506; InfoPath.2; MS-RTC LM 8)"
142.229.81.180 - - [31/Mar/2009:13:23:25 -0400] "GET /images/comment_bw.png HTTP/1.1" 304 - "http://isppractices.econsultation.ca/topics/show/8" "Mozilla/4.0 (compatible; MSIE 7.0; Windows NT 6.0; SV1; SLCC1; .NET CLR 2.0.50727; .NET CLR 3.0.04506; InfoPath.2; MS-RTC LM 8)"
142.229.81.180 - - [31/Mar/2009:13:23:25 -0400] "GET /avatars/0000/0001/pic_nik_thumb.jpg?1237573168 HTTP/1.1" 304 - "http://isppractices.econsultation.ca/topics/show/8" "Mozilla/4.0 (compatible; MSIE 7.0; Windows NT 6.0; SV1; SLCC1; .NET CLR 2.0.50727; .NET CLR 3.0.04506; InfoPath.2; MS-RTC LM 8)"
142.229.81.180 - - [31/Mar/2009:13:23:25 -0400] "GET /images/nanos_icon_23.png HTTP/1.1" 304 - "http://isppractices.econsultation.ca/topics/show/8" "Mozilla/4.0 (compatible; MSIE 7.0; Windows NT 6.0; SV1; SLCC1; .NET CLR 2.0.50727; .NET CLR 3.0.04506; InfoPath.2; MS-RTC LM 8)"
67.212.16.56 - - [31/Mar/2009:13:23:29 -0400] "GET /topics/show/7?root=310 HTTP/1.1" 200 39616 "http://isppractices.econsultation.ca/" "Mozilla/5.0 (X11; U; Linux x86_64; en-US; rv:1.9.0.8) Gecko/2009032712 Ubuntu/8.10 (intrepid) Firefox/3.0.8"
67.212.16.56 - - [31/Mar/2009:13:23:30 -0400] "GET /images/comment_bw.png HTTP/1.1" 200 384 "http://isppractices.econsultation.ca/stylesheets/base_1238427290.css" "Mozilla/5.0 (X11; U; Linux x86_64; en-US; rv:1.9.0.8) Gecko/2009032712 Ubuntu/8.10 (intrepid) Firefox/3.0.8"
67.212.16.56 - - [31/Mar/2009:13:23:30 -0400] "GET /images/BOX-BACK.jpg HTTP/1.1" 200 1025 "http://isppractices.econsultation.ca/stylesheets/base_1238427290.css" "Mozilla/5.0 (X11; U; Linux x86_64; en-US; rv:1.9.0.8) Gecko/2009032712 Ubuntu/8.10 (intrepid) Firefox/3.0.8"
67.212.16.56 - - [31/Mar/2009:13:23:31 -0400] "GET /avatars/0000/0001/pic_nik_thumb.jpg?1237573168 HTTP/1.1" 200 5862 "http://isppractices.econsultation.ca/topics/show/7?root=310" "Mozilla/5.0 (X11; U; Linux x86_64; en-US; rv:1.9.0.8) Gecko/2009032712 Ubuntu/8.10 (intrepid) Firefox/3.0.8"
67.212.16.56 - - [31/Mar/2009:13:23:31 -0400] "POST /talk/mark/310 HTTP/1.1" 201 1 "http://isppractices.econsultation.ca/topics/show/7?root=310" "Mozilla/5.0 (X11; U; Linux x86_64; en-US; rv:1.9.0.8) Gecko/2009032712 Ubuntu/8.10 (intrepid) Firefox/3.0.8"
209.146.242.235 - - [31/Mar/2009:13:23:31 -0400] "GET / HTTP/1.1" 200 17212 "http://www.cbc.ca/technology/story/2009/03/31/crtc-consultation.html?ref=rss" "Mozilla/5.0 (Windows; U; Windows NT 5.1; en-US; rv:1.9.0.8) Gecko/2009032609 Firefox/3.0.8"
209.146.242.235 - - [31/Mar/2009:13:23:32 -0400] "GET /stylesheets/print.css HTTP/1.1" 200 321 "http://isppractices.econsultation.ca/" "Mozilla/5.0 (Windows; U; Windows NT 5.1; en-US; rv:1.9.0.8) Gecko/2009032609 Firefox/3.0.8"
209.146.242.235 - - [31/Mar/2009:13:23:32 -0400] "GET /stylesheets/base_1238427290.css HTTP/1.1" 200 30105 "http://isppractices.econsultation.ca/" "Mozilla/5.0 (Windows; U; Windows NT 5.1; en-US; rv:1.9.0.8) Gecko/2009032609 Firefox/3.0.8"
209.146.242.235 - - [31/Mar/2009:13:23:32 -0400] "GET /javascripts/base_1238187983.js HTTP/1.1" 200 97264 "http://isppractices.econsultation.ca/" "Mozilla/5.0 (Windows; U; Windows NT 5.1; en-US; rv:1.9.0.8) Gecko/2009032609 Firefox/3.0.8"
209.146.242.235 - - [31/Mar/2009:13:23:32 -0400] "GET /favicon.ico HTTP/1.1" 200 - "-" "Mozilla/5.0 (Windows; U; Windows NT 5.1; en-US; rv:1.9.0.8) Gecko/2009032609 Firefox/3.0.8"
209.146.242.235 - - [31/Mar/2009:13:23:32 -0400] "GET /images/search_go_1.jpg HTTP/1.1" 200 665 "http://isppractices.econsultation.ca/" "Mozilla/5.0 (Windows; U; Windows NT 5.1; en-US; rv:1.9.0.8) Gecko/2009032609 Firefox/3.0.8"
209.146.242.235 - - [31/Mar/2009:13:23:32 -0400] "GET /images/feed-icon-14x14.png HTTP/1.1" 200 689 "http://isppractices.econsultation.ca/" "Mozilla/5.0 (Windows; U; Windows NT 5.1; en-US; rv:1.9.0.8) Gecko/2009032609 Firefox/3.0.8"
209.146.242.235 - - [31/Mar/2009:13:23:32 -0400] "GET /images/nanos_icon_23.png HTTP/1.1" 200 4797 "http://isppractices.econsultation.ca/" "Mozilla/5.0 (Windows; U; Windows NT 5.1; en-US; rv:1.9.0.8) Gecko/2009032609 Firefox/3.0.8"
209.146.242.235 - - [31/Mar/2009:13:23:32 -0400] "GET /images/topNav_endCurve.png HTTP/1.1" 200 433 "http://isppractices.econsultation.ca/stylesheets/base_1238427290.css" "Mozilla/5.0 (Windows; U; Windows NT 5.1; en-US; rv:1.9.0.8) Gecko/2009032609 Firefox/3.0.8"
209.146.242.235 - - [31/Mar/2009:13:23:32 -0400] "GET /images/CRTC_2_1300px.jpg HTTP/1.1" 200 72085 "http://isppractices.econsultation.ca/stylesheets/base_1238427290.css" "Mozilla/5.0 (Windows; U; Windows NT 5.1; en-US; rv:1.9.0.8) Gecko/2009032609 Firefox/3.0.8"
67.212.16.56 - - [31/Mar/2009:13:23:33 -0400] "GET /topics/show/10?root=309 HTTP/1.1" 200 25972 "http://isppractices.econsultation.ca/" "Mozilla/5.0 (X11; U; Linux x86_64; en-US; rv:1.9.0.8) Gecko/2009032712 Ubuntu/8.10 (intrepid) Firefox/3.0.8"
67.212.16.56 - - [31/Mar/2009:13:23:34 -0400] "POST /talk/mark/309 HTTP/1.1" 201 1 "http://isppractices.econsultation.ca/topics/show/10?root=309" "Mozilla/5.0 (X11; U; Linux x86_64; en-US; rv:1.9.0.8) Gecko/2009032712 Ubuntu/8.10 (intrepid) Firefox/3.0.8"
142.229.81.180 - - [31/Mar/2009:13:23:39 -0400] "GET /images/busy.gif HTTP/1.1" 304 - "http://isppractices.econsultation.ca/topics/show/8" "Mozilla/4.0 (compatible; MSIE 7.0; Windows NT 6.0; SV1; SLCC1; .NET CLR 2.0.50727; .NET CLR 3.0.04506; InfoPath.2; MS-RTC LM 8)"
142.229.81.180 - - [31/Mar/2009:13:23:39 -0400] "POST /topic/8/talk/new?parent_id=0 HTTP/1.1" 200 1208 "http://isppractices.econsultation.ca/topics/show/8" "Mozilla/4.0 (compatible; MSIE 7.0; Windows NT 6.0; SV1; SLCC1; .NET CLR 2.0.50727; .NET CLR 3.0.04506; InfoPath.2; MS-RTC LM 8)"
67.212.16.56 - - [31/Mar/2009:13:23:38 -0400] "GET /topics/show/7?root=308 HTTP/1.1" 200 39616 "http://isppractices.econsultation.ca/" "Mozilla/5.0 (X11; U; Linux x86_64; en-US; rv:1.9.0.8) Gecko/2009032712 Ubuntu/8.10 (intrepid) Firefox/3.0.8"
67.212.16.56 - - [31/Mar/2009:13:23:39 -0400] "POST /talk/mark/308 HTTP/1.1" 201 1 "http://isppractices.econsultation.ca/topics/show/7?root=308" "Mozilla/5.0 (X11; U; Linux x86_64; en-US; rv:1.9.0.8) Gecko/2009032712 Ubuntu/8.10 (intrepid) Firefox/3.0.8"
208.97.125.138 - - [31/Mar/2009:13:23:40 -0400] "GET / HTTP/1.1" 200 17212 "http://www.michaelgeist.ca/" "Mozilla/5.0 (Windows; U; Windows NT 5.1; en-US; rv:1.9.0.8) Gecko/2009032609 Firefox/3.0.8"
208.97.125.138 - - [31/Mar/2009:13:23:41 -0400] "GET /stylesheets/base_1238427290.css HTTP/1.1" 200 30105 "http://isppractices.econsultation.ca/" "Mozilla/5.0 (Windows; U; Windows NT 5.1; en-US; rv:1.9.0.8) Gecko/2009032609 Firefox/3.0.8"
208.97.125.138 - - [31/Mar/2009:13:23:41 -0400] "GET /stylesheets/print.css HTTP/1.1" 200 321 "http://isppractices.econsultation.ca/" "Mozilla/5.0 (Windows; U; Windows NT 5.1; en-US; rv:1.9.0.8) Gecko/2009032609 Firefox/3.0.8"
208.97.125.138 - - [31/Mar/2009:13:23:41 -0400] "GET /javascripts/base_1238187983.js HTTP/1.1" 200 97264 "http://isppractices.econsultation.ca/" "Mozilla/5.0 (Windows; U; Windows NT 5.1; en-US; rv:1.9.0.8) Gecko/2009032609 Firefox/3.0.8"
208.97.125.138 - - [31/Mar/2009:13:23:41 -0400] "GET /favicon.ico HTTP/1.1" 200 - "-" "Mozilla/5.0 (Windows; U; Windows NT 5.1; en-US; rv:1.9.0.8) Gecko/2009032609 Firefox/3.0.8"
208.97.125.138 - - [31/Mar/2009:13:23:41 -0400] "GET /images/search_go_1.jpg HTTP/1.1" 200 665 "http://isppractices.econsultation.ca/" "Mozilla/5.0 (Windows; U; Windows NT 5.1; en-US; rv:1.9.0.8) Gecko/2009032609 Firefox/3.0.8"
208.97.125.138 - - [31/Mar/2009:13:23:41 -0400] "GET /images/feed-icon-14x14.png HTTP/1.1" 200 689 "http://isppractices.econsultation.ca/" "Mozilla/5.0 (Windows; U; Windows NT 5.1; en-US; rv:1.9.0.8) Gecko/2009032609 Firefox/3.0.8"
208.97.125.138 - - [31/Mar/2009:13:23:41 -0400] "GET /images/nanos_icon_23.png HTTP/1.1" 200 4797 "http://isppractices.econsultation.ca/" "Mozilla/5.0 (Windows; U; Windows NT 5.1; en-US; rv:1.9.0.8) Gecko/2009032609 Firefox/3.0.8"
208.97.125.138 - - [31/Mar/2009:13:23:41 -0400] "GET /images/topNav_endCurve.png HTTP/1.1" 200 433 "http://isppractices.econsultation.ca/stylesheets/base_1238427290.css" "Mozilla/5.0 (Windows; U; Windows NT 5.1; en-US; rv:1.9.0.8) Gecko/2009032609 Firefox/3.0.8"
208.97.125.138 - - [31/Mar/2009:13:23:41 -0400] "GET /images/CRTC_2_1300px.jpg HTTP/1.1" 200 72085 "http://isppractices.econsultation.ca/stylesheets/base_1238427290.css" "Mozilla/5.0 (Windows; U; Windows NT 5.1; en-US; rv:1.9.0.8) Gecko/2009032609 Firefox/3.0.8"
208.97.125.138 - - [31/Mar/2009:13:23:41 -0400] "GET /rss?lang=en HTTP/1.1" 200 3912 "-" "Mozilla/5.0 (Windows; U; Windows NT 5.1; en-US; rv:1.9.0.8) Gecko/2009032609 Firefox/3.0.8"
67.212.16.56 - - [31/Mar/2009:13:23:41 -0400] "GET /topics/show/7?root=303 HTTP/1.1" 200 39616 "http://isppractices.econsultation.ca/" "Mozilla/5.0 (X11; U; Linux x86_64; en-US; rv:1.9.0.8) Gecko/2009032712 Ubuntu/8.10 (intrepid) Firefox/3.0.8"
67.212.16.56 - - [31/Mar/2009:13:23:43 -0400] "POST /talk/mark/303 HTTP/1.1" 201 1 "http://isppractices.econsultation.ca/topics/show/7?root=303" "Mozilla/5.0 (X11; U; Linux x86_64; en-US; rv:1.9.0.8) Gecko/2009032712 Ubuntu/8.10 (intrepid) Firefox/3.0.8"
67.212.16.56 - - [31/Mar/2009:13:23:44 -0400] "GET /topics/show/11?root=305 HTTP/1.1" 200 18589 "http://isppractices.econsultation.ca/" "Mozilla/5.0 (X11; U; Linux x86_64; en-US; rv:1.9.0.8) Gecko/2009032712 Ubuntu/8.10 (intrepid) Firefox/3.0.8"
67.212.16.56 - - [31/Mar/2009:13:23:45 -0400] "POST /talk/mark/305 HTTP/1.1" 201 1 "http://isppractices.econsultation.ca/topics/show/11?root=305" "Mozilla/5.0 (X11; U; Linux x86_64; en-US; rv:1.9.0.8) Gecko/2009032712 Ubuntu/8.10 (intrepid) Firefox/3.0.8"
67.212.16.56 - - [31/Mar/2009:13:23:47 -0400] "GET /topics/show/9?root=307 HTTP/1.1" 200 21026 "http://isppractices.econsultation.ca/" "Mozilla/5.0 (X11; U; Linux x86_64; en-US; rv:1.9.0.8) Gecko/2009032712 Ubuntu/8.10 (intrepid) Firefox/3.0.8"
67.212.16.56 - - [31/Mar/2009:13:23:48 -0400] "POST /talk/mark/307 HTTP/1.1" 201 1 "http://isppractices.econsultation.ca/topics/show/9?root=307" "Mozilla/5.0 (X11; U; Linux x86_64; en-US; rv:1.9.0.8) Gecko/2009032712 Ubuntu/8.10 (intrepid) Firefox/3.0.8"
216.123.212.38 - - [31/Mar/2009:13:23:47 -0400] "GET / HTTP/1.1" 200 17212 "http://www.reddit.com/new/?sort=rising" "Mozilla/5.0 (Windows; U; Windows NT 5.1; en-US; rv:1.9.0.8) Gecko/2009032609 Firefox/3.0.8"
216.123.212.38 - - [31/Mar/2009:13:23:48 -0400] "GET /stylesheets/print.css HTTP/1.1" 200 321 "http://isppractices.econsultation.ca/" "Mozilla/5.0 (Windows; U; Windows NT 5.1; en-US; rv:1.9.0.8) Gecko/2009032609 Firefox/3.0.8"
216.123.212.38 - - [31/Mar/2009:13:23:48 -0400] "GET /stylesheets/base_1238427290.css HTTP/1.1" 200 30105 "http://isppractices.econsultation.ca/" "Mozilla/5.0 (Windows; U; Windows NT 5.1; en-US; rv:1.9.0.8) Gecko/2009032609 Firefox/3.0.8"
204.174.12.18 - - [31/Mar/2009:13:23:50 -0400] "POST /register HTTP/1.1" 302 103 "http://isppractices.econsultation.ca/register" "Mozilla/5.0 (Windows; U; Windows NT 6.0; en-US; rv:1.9.0.7) Gecko/2009021910 Firefox/3.0.7"
209.226.137.107 - - [31/Mar/2009:13:23:51 -0400] "POST /rater/create/comment_rating/302 HTTP/1.1" 302 128 "http://isppractices.econsultation.ca/topics/show/7" "Mozilla/5.0 (Windows; U; Windows NT 5.1; en-US; rv:1.9.0.8) Gecko/2009032609 Firefox/3.0.8 (.NET CLR 3.5.30729)"
204.174.12.18 - - [31/Mar/2009:13:23:50 -0400] "GET / HTTP/1.1" 200 12185 "http://isppractices.econsultation.ca/register" "Mozilla/5.0 (Windows; U; Windows NT 6.0; en-US; rv:1.9.0.7) Gecko/2009021910 Firefox/3.0.7"
204.174.12.18 - - [31/Mar/2009:13:23:51 -0400] "GET /images/information.png HTTP/1.1" 200 918 "http://isppractices.econsultation.ca/stylesheets/base_1238427290.css" "Mozilla/5.0 (Windows; U; Windows NT 6.0; en-US; rv:1.9.0.7) Gecko/2009021910 Firefox/3.0.7"
216.123.212.38 - - [31/Mar/2009:13:23:51 -0400] "GET /javascripts/base_1238187983.js HTTP/1.1" 200 97264 "http://isppractices.econsultation.ca/" "Mozilla/5.0 (Windows; U; Windows NT 5.1; en-US; rv:1.9.0.8) Gecko/2009032609 Firefox/3.0.8"
67.212.16.56 - - [31/Mar/2009:13:23:51 -0400] "GET /topics/show/8?root=304 HTTP/1.1" 200 24547 "http://isppractices.econsultation.ca/" "Mozilla/5.0 (X11; U; Linux x86_64; en-US; rv:1.9.0.8) Gecko/2009032712 Ubuntu/8.10 (intrepid) Firefox/3.0.8"
216.123.212.38 - - [31/Mar/2009:13:23:52 -0400] "GET /images/search_go_1.jpg HTTP/1.1" 200 665 "http://isppractices.econsultation.ca/" "Mozilla/5.0 (Windows; U; Windows NT 5.1; en-US; rv:1.9.0.8) Gecko/2009032609 Firefox/3.0.8"
216.123.212.38 - - [31/Mar/2009:13:23:52 -0400] "GET /favicon.ico HTTP/1.1" 200 - "-" "Mozilla/5.0 (Windows; U; Windows NT 5.1; en-US; rv:1.9.0.8) Gecko/2009032609 Firefox/3.0.8"
216.123.212.38 - - [31/Mar/2009:13:23:52 -0400] "GET /images/topNav_endCurve.png HTTP/1.1" 200 433 "http://isppractices.econsultation.ca/stylesheets/base_1238427290.css" "Mozilla/5.0 (Windows; U; Windows NT 5.1; en-US; rv:1.9.0.8) Gecko/2009032609 Firefox/3.0.8"
216.123.212.38 - - [31/Mar/2009:13:23:52 -0400] "GET /images/feed-icon-14x14.png HTTP/1.1" 200 689 "http://isppractices.econsultation.ca/" "Mozilla/5.0 (Windows; U; Windows NT 5.1; en-US; rv:1.9.0.8) Gecko/2009032609 Firefox/3.0.8"
216.123.212.38 - - [31/Mar/2009:13:23:52 -0400] "GET /images/nanos_icon_23.png HTTP/1.1" 200 4797 "http://isppractices.econsultation.ca/" "Mozilla/5.0 (Windows; U; Windows NT 5.1; en-US; rv:1.9.0.8) Gecko/2009032609 Firefox/3.0.8"
67.212.16.56 - - [31/Mar/2009:13:23:52 -0400] "POST /talk/mark/304 HTTP/1.1" 201 1 "http://isppractices.econsultation.ca/topics/show/8?root=304" "Mozilla/5.0 (X11; U; Linux x86_64; en-US; rv:1.9.0.8) Gecko/2009032712 Ubuntu/8.10 (intrepid) Firefox/3.0.8"
209.226.137.107 - - [31/Mar/2009:13:23:51 -0400] "GET /topics/show/7 HTTP/1.1" 200 38913 "http://isppractices.econsultation.ca/topics/show/7" "Mozilla/5.0 (Windows; U; Windows NT 5.1; en-US; rv:1.9.0.8) Gecko/2009032609 Firefox/3.0.8 (.NET CLR 3.5.30729)"
216.123.212.38 - - [31/Mar/2009:13:23:52 -0400] "GET /images/CRTC_2_1300px.jpg HTTP/1.1" 200 72085 "http://isppractices.econsultation.ca/stylesheets/base_1238427290.css" "Mozilla/5.0 (Windows; U; Windows NT 5.1; en-US; rv:1.9.0.8) Gecko/2009032609 Firefox/3.0.8"
142.245.193.10 - - [31/Mar/2009:13:23:57 -0400] "GET /topics/show/6 HTTP/1.1" 200 13799 "http://isppractices.econsultation.ca/" "Mozilla/4.0 (compatible; MSIE 6.0; Windows NT 5.1; SV1; 9LA; .NET CLR 1.0.3705; .NET CLR 1.1.4322; .NET CLR 2.0.50727)"
208.115.138.254 - - [31/Mar/2009:13:23:57 -0400] "GET /topics/show/6 HTTP/1.1" 200 13799 "-" "Mozilla/4.0"
142.245.193.10 - - [31/Mar/2009:13:23:59 -0400] "GET /topics/show/7 HTTP/1.1" 200 39616 "http://isppractices.econsultation.ca/topics/show/6" "Mozilla/4.0 (compatible; MSIE 6.0; Windows NT 5.1; SV1; 9LA; .NET CLR 1.0.3705; .NET CLR 1.1.4322; .NET CLR 2.0.50727)"
204.174.12.18 - - [31/Mar/2009:13:24:05 -0400] "GET /topics/show/7 HTTP/1.1" 200 34568 "http://isppractices.econsultation.ca/" "Mozilla/5.0 (Windows; U; Windows NT 6.0; en-US; rv:1.9.0.7) Gecko/2009021910 Firefox/3.0.7"
204.174.12.18 - - [31/Mar/2009:13:24:06 -0400] "GET /images/comment_bw.png HTTP/1.1" 200 384 "http://isppractices.econsultation.ca/stylesheets/base_1238427290.css" "Mozilla/5.0 (Windows; U; Windows NT 6.0; en-US; rv:1.9.0.7) Gecko/2009021910 Firefox/3.0.7"
204.174.12.18 - - [31/Mar/2009:13:24:06 -0400] "GET /images/BOX-BACK.jpg HTTP/1.1" 200 1025 "http://isppractices.econsultation.ca/stylesheets/base_1238427290.css" "Mozilla/5.0 (Windows; U; Windows NT 6.0; en-US; rv:1.9.0.7) Gecko/2009021910 Firefox/3.0.7"
204.174.12.18 - - [31/Mar/2009:13:24:06 -0400] "GET /avatars/0000/0001/pic_nik_thumb.jpg?1237573168 HTTP/1.1" 200 5862 "http://isppractices.econsultation.ca/topics/show/7" "Mozilla/5.0 (Windows; U; Windows NT 6.0; en-US; rv:1.9.0.7) Gecko/2009021910 Firefox/3.0.7"
204.174.12.18 - - [31/Mar/2009:13:24:06 -0400] "GET /images/arrows.png HTTP/1.1" 200 216 "http://isppractices.econsultation.ca/stylesheets/base_1238427290.css" "Mozilla/5.0 (Windows; U; Windows NT 6.0; en-US; rv:1.9.0.7) Gecko/2009021910 Firefox/3.0.7"
204.174.12.18 - - [31/Mar/2009:13:24:14 -0400] "GET /topics/show/10 HTTP/1.1" 200 20924 "http://isppractices.econsultation.ca/topics/show/7" "Mozilla/5.0 (Windows; U; Windows NT 6.0; en-US; rv:1.9.0.7) Gecko/2009021910 Firefox/3.0.7"
192.197.178.2 - - [31/Mar/2009:13:24:16 -0400] "GET /logout HTTP/1.1" 302 102 "http://isppractices.econsultation.ca/topics/show/10" "Mozilla/4.0 (compatible; MSIE 6.0; Windows NT 5.1; SV1)"
192.197.178.2 - - [31/Mar/2009:13:24:16 -0400] "GET / HTTP/1.1" 200 17317 "http://isppractices.econsultation.ca/topics/show/10" "Mozilla/4.0 (compatible; MSIE 6.0; Windows NT 5.1; SV1)"
207.35.190.71 - - [31/Mar/2009:13:24:17 -0400] "GET / HTTP/1.1" 200 17212 "http://www.financialpost.com/news-sectors/story.html?id=1448224" "Mozilla/5.0 (Windows; U; Windows NT 6.0; en-US; rv:1.8.1.18) Gecko/20081107 Firefox/2.0.0.18 Flock/1.2.7"
207.35.190.71 - - [31/Mar/2009:13:24:18 -0400] "GET /stylesheets/base_1238427290.css HTTP/1.1" 200 30105 "http://isppractices.econsultation.ca/" "Mozilla/5.0 (Windows; U; Windows NT 6.0; en-US; rv:1.8.1.18) Gecko/20081107 Firefox/2.0.0.18 Flock/1.2.7"
207.35.190.71 - - [31/Mar/2009:13:24:18 -0400] "GET /stylesheets/print.css HTTP/1.1" 200 321 "http://isppractices.econsultation.ca/" "Mozilla/5.0 (Windows; U; Windows NT 6.0; en-US; rv:1.8.1.18) Gecko/20081107 Firefox/2.0.0.18 Flock/1.2.7"
207.35.190.71 - - [31/Mar/2009:13:24:18 -0400] "GET /javascripts/base_1238187983.js HTTP/1.1" 200 97264 "http://isppractices.econsultation.ca/" "Mozilla/5.0 (Windows; U; Windows NT 6.0; en-US; rv:1.8.1.18) Gecko/20081107 Firefox/2.0.0.18 Flock/1.2.7"
207.35.190.71 - - [31/Mar/2009:13:24:18 -0400] "GET /favicon.ico HTTP/1.1" 200 - "-" "Mozilla/5.0 (Windows; U; Windows NT 6.0; en-US; rv:1.8.1.18) Gecko/20081107 Firefox/2.0.0.18 Flock/1.2.7"
207.35.190.71 - - [31/Mar/2009:13:24:18 -0400] "GET /images/search_go_1.jpg HTTP/1.1" 200 665 "http://isppractices.econsultation.ca/" "Mozilla/5.0 (Windows; U; Windows NT 6.0; en-US; rv:1.8.1.18) Gecko/20081107 Firefox/2.0.0.18 Flock/1.2.7"
207.35.190.71 - - [31/Mar/2009:13:24:18 -0400] "GET /rss?lang=en HTTP/1.1" 200 3912 "-" "Mozilla/5.0 (Windows; U; Windows NT 6.0; en-US; rv:1.8.1.18) Gecko/20081107 Firefox/2.0.0.18 Flock/1.2.7"
207.35.190.71 - - [31/Mar/2009:13:24:18 -0400] "GET /images/feed-icon-14x14.png HTTP/1.1" 200 689 "http://isppractices.econsultation.ca/" "Mozilla/5.0 (Windows; U; Windows NT 6.0; en-US; rv:1.8.1.18) Gecko/20081107 Firefox/2.0.0.18 Flock/1.2.7"
207.35.190.71 - - [31/Mar/2009:13:24:18 -0400] "GET /images/nanos_icon_23.png HTTP/1.1" 200 4797 "http://isppractices.econsultation.ca/" "Mozilla/5.0 (Windows; U; Windows NT 6.0; en-US; rv:1.8.1.18) Gecko/20081107 Firefox/2.0.0.18 Flock/1.2.7"
207.35.190.71 - - [31/Mar/2009:13:24:18 -0400] "GET /images/topNav_endCurve.png HTTP/1.1" 200 433 "http://isppractices.econsultation.ca/stylesheets/base_1238427290.css" "Mozilla/5.0 (Windows; U; Windows NT 6.0; en-US; rv:1.8.1.18) Gecko/20081107 Firefox/2.0.0.18 Flock/1.2.7"
207.35.190.71 - - [31/Mar/2009:13:24:18 -0400] "GET /images/CRTC_2_1300px.jpg HTTP/1.1" 200 72085 "http://isppractices.econsultation.ca/stylesheets/base_1238427290.css" "Mozilla/5.0 (Windows; U; Windows NT 6.0; en-US; rv:1.8.1.18) Gecko/20081107 Firefox/2.0.0.18 Flock/1.2.7"
209.226.137.108 - - [31/Mar/2009:13:24:24 -0400] "POST /rater/create/comment_rating/303 HTTP/1.1" 302 128 "http://isppractices.econsultation.ca/topics/show/7" "Mozilla/5.0 (Windows; U; Windows NT 5.1; en-US; rv:1.9.0.8) Gecko/2009032609 Firefox/3.0.8 (.NET CLR 3.5.30729)"
209.226.137.108 - - [31/Mar/2009:13:24:26 -0400] "GET /topics/show/7 HTTP/1.1" 200 38127 "http://isppractices.econsultation.ca/topics/show/7" "Mozilla/5.0 (Windows; U; Windows NT 5.1; en-US; rv:1.9.0.8) Gecko/2009032609 Firefox/3.0.8 (.NET CLR 3.5.30729)"
142.179.150.35 - - [31/Mar/2009:13:24:28 -0400] "GET /topics/show/7?root=310 HTTP/1.1" 200 39616 "http://isppractices.econsultation.ca/" "Mozilla/5.0 (Windows; U; Windows NT 5.1; en-US; rv:1.9.0.8) Gecko/2009032609 Firefox/3.0.8 (.NET CLR 3.5.30729)"
142.179.150.35 - - [31/Mar/2009:13:24:29 -0400] "GET /images/comment_bw.png HTTP/1.1" 200 384 "http://isppractices.econsultation.ca/stylesheets/base_1238427290.css" "Mozilla/5.0 (Windows; U; Windows NT 5.1; en-US; rv:1.9.0.8) Gecko/2009032609 Firefox/3.0.8 (.NET CLR 3.5.30729)"
142.179.150.35 - - [31/Mar/2009:13:24:29 -0400] "GET /images/BOX-BACK.jpg HTTP/1.1" 200 1025 "http://isppractices.econsultation.ca/stylesheets/base_1238427290.css" "Mozilla/5.0 (Windows; U; Windows NT 5.1; en-US; rv:1.9.0.8) Gecko/2009032609 Firefox/3.0.8 (.NET CLR 3.5.30729)"
142.179.150.35 - - [31/Mar/2009:13:24:29 -0400] "GET /avatars/0000/0001/pic_nik_thumb.jpg?1237573168 HTTP/1.1" 200 5862 "http://isppractices.econsultation.ca/topics/show/7?root=310" "Mozilla/5.0 (Windows; U; Windows NT 5.1; en-US; rv:1.9.0.8) Gecko/2009032609 Firefox/3.0.8 (.NET CLR 3.5.30729)"
142.179.150.35 - - [31/Mar/2009:13:24:29 -0400] "GET /images/arrows.png HTTP/1.1" 200 216 "http://isppractices.econsultation.ca/stylesheets/base_1238427290.css" "Mozilla/5.0 (Windows; U; Windows NT 5.1; en-US; rv:1.9.0.8) Gecko/2009032609 Firefox/3.0.8 (.NET CLR 3.5.30729)"
142.179.150.35 - - [31/Mar/2009:13:24:29 -0400] "POST /talk/mark/310 HTTP/1.1" 201 1 "http://isppractices.econsultation.ca/topics/show/7?root=310" "Mozilla/5.0 (Windows; U; Windows NT 5.1; en-US; rv:1.9.0.8) Gecko/2009032609 Firefox/3.0.8 (.NET CLR 3.5.30729)"
204.174.12.18 - - [31/Mar/2009:13:24:32 -0400] "GET /images/busy.gif HTTP/1.1" 200 2209 "http://isppractices.econsultation.ca/topics/show/10" "Mozilla/5.0 (Windows; U; Windows NT 6.0; en-US; rv:1.9.0.7) Gecko/2009021910 Firefox/3.0.7"
204.174.12.18 - - [31/Mar/2009:13:24:32 -0400] "POST /topics/show_comments/10/306 HTTP/1.1" 200 251 "http://isppractices.econsultation.ca/topics/show/10" "Mozilla/5.0 (Windows; U; Windows NT 6.0; en-US; rv:1.9.0.7) Gecko/2009021910 Firefox/3.0.7"
142.177.230.24 - - [31/Mar/2009:13:24:37 -0400] "GET / HTTP/1.1" 200 17212 "http://www.financialpost.com/news-sectors/story.html?id=1448224" "Mozilla/4.0 (compatible; MSIE 7.0; Windows NT 5.1; Mozilla/4.0 (compatible; MSIE 6.0; Windows NT 5.1; SV1) ; .NET CLR 2.0.50727)"
142.177.230.24 - - [31/Mar/2009:13:24:38 -0400] "GET /stylesheets/base_1238427290.css HTTP/1.1" 200 30105 "http://isppractices.econsultation.ca/" "Mozilla/4.0 (compatible; MSIE 7.0; Windows NT 5.1; Mozilla/4.0 (compatible; MSIE 6.0; Windows NT 5.1; SV1) ; .NET CLR 2.0.50727)"
142.177.230.24 - - [31/Mar/2009:13:24:38 -0400] "GET /stylesheets/print.css HTTP/1.1" 200 321 "http://isppractices.econsultation.ca/" "Mozilla/4.0 (compatible; MSIE 7.0; Windows NT 5.1; Mozilla/4.0 (compatible; MSIE 6.0; Windows NT 5.1; SV1) ; .NET CLR 2.0.50727)"
142.177.230.24 - - [31/Mar/2009:13:24:38 -0400] "GET /stylesheets/redesign_IE.css HTTP/1.1" 200 4221 "http://isppractices.econsultation.ca/" "Mozilla/4.0 (compatible; MSIE 7.0; Windows NT 5.1; Mozilla/4.0 (compatible; MSIE 6.0; Windows NT 5.1; SV1) ; .NET CLR 2.0.50727)"
142.177.230.24 - - [31/Mar/2009:13:24:38 -0400] "GET /javascripts/base_1238187983.js HTTP/1.1" 200 97264 "http://isppractices.econsultation.ca/" "Mozilla/4.0 (compatible; MSIE 7.0; Windows NT 5.1; Mozilla/4.0 (compatible; MSIE 6.0; Windows NT 5.1; SV1) ; .NET CLR 2.0.50727)"
142.177.230.24 - - [31/Mar/2009:13:24:39 -0400] "GET /images/search_go_1.jpg HTTP/1.1" 200 665 "http://isppractices.econsultation.ca/" "Mozilla/4.0 (compatible; MSIE 7.0; Windows NT 5.1; Mozilla/4.0 (compatible; MSIE 6.0; Windows NT 5.1; SV1) ; .NET CLR 2.0.50727)"
142.177.230.24 - - [31/Mar/2009:13:24:39 -0400] "GET /images/feed-icon-14x14.png HTTP/1.1" 200 689 "http://isppractices.econsultation.ca/" "Mozilla/4.0 (compatible; MSIE 7.0; Windows NT 5.1; Mozilla/4.0 (compatible; MSIE 6.0; Windows NT 5.1; SV1) ; .NET CLR 2.0.50727)"
142.177.230.24 - - [31/Mar/2009:13:24:39 -0400] "GET /images/nanos_icon_23.png HTTP/1.1" 200 4797 "http://isppractices.econsultation.ca/" "Mozilla/4.0 (compatible; MSIE 7.0; Windows NT 5.1; Mozilla/4.0 (compatible; MSIE 6.0; Windows NT 5.1; SV1) ; .NET CLR 2.0.50727)"
142.177.230.24 - - [31/Mar/2009:13:24:39 -0400] "GET /images/CRTC_2_1300px.jpg HTTP/1.1" 200 72085 "http://isppractices.econsultation.ca/" "Mozilla/4.0 (compatible; MSIE 7.0; Windows NT 5.1; Mozilla/4.0 (compatible; MSIE 6.0; Windows NT 5.1; SV1) ; .NET CLR 2.0.50727)"
142.177.230.24 - - [31/Mar/2009:13:24:39 -0400] "GET /images/topNav_endCurve.png HTTP/1.1" 200 433 "http://isppractices.econsultation.ca/" "Mozilla/4.0 (compatible; MSIE 7.0; Windows NT 5.1; Mozilla/4.0 (compatible; MSIE 6.0; Windows NT 5.1; SV1) ; .NET CLR 2.0.50727)"
142.177.230.24 - - [31/Mar/2009:13:24:40 -0400] "GET /favicon.ico HTTP/1.1" 200 - "-" "Mozilla/4.0 (compatible; MSIE 7.0; Windows NT 5.1; Mozilla/4.0 (compatible; MSIE 6.0; Windows NT 5.1; SV1) ; .NET CLR 2.0.50727)"
68.147.200.120 - - [31/Mar/2009:13:24:42 -0400] "GET / HTTP/1.1" 200 17212 "-" "Mozilla/5.0 (Windows; U; Windows NT 5.1; en-US; rv:1.9.1b4pre) Gecko/20090329 Shiretoko/3.5b4pre (.NET CLR 3.5.30729)"
68.147.200.120 - - [31/Mar/2009:13:24:42 -0400] "GET /stylesheets/print.css HTTP/1.1" 200 321 "-" "Mozilla/5.0 (Windows; U; Windows NT 5.1; en-US; rv:1.9.1b4pre) Gecko/20090329 Shiretoko/3.5b4pre (.NET CLR 3.5.30729)"
68.147.200.120 - - [31/Mar/2009:13:24:42 -0400] "GET /stylesheets/base_1238427290.css HTTP/1.1" 200 30105 "-" "Mozilla/5.0 (Windows; U; Windows NT 5.1; en-US; rv:1.9.1b4pre) Gecko/20090329 Shiretoko/3.5b4pre (.NET CLR 3.5.30729)"
68.147.200.120 - - [31/Mar/2009:13:24:42 -0400] "GET /javascripts/base_1238187983.js HTTP/1.1" 200 97264 "-" "Mozilla/5.0 (Windows; U; Windows NT 5.1; en-US; rv:1.9.1b4pre) Gecko/20090329 Shiretoko/3.5b4pre (.NET CLR 3.5.30729)"
68.147.200.120 - - [31/Mar/2009:13:24:43 -0400] "GET /images/feed-icon-14x14.png HTTP/1.1" 200 689 "-" "Mozilla/5.0 (Windows; U; Windows NT 5.1; en-US; rv:1.9.1b4pre) Gecko/20090329 Shiretoko/3.5b4pre (.NET CLR 3.5.30729)"
68.147.200.120 - - [31/Mar/2009:13:24:43 -0400] "GET /images/search_go_1.jpg HTTP/1.1" 200 665 "-" "Mozilla/5.0 (Windows; U; Windows NT 5.1; en-US; rv:1.9.1b4pre) Gecko/20090329 Shiretoko/3.5b4pre (.NET CLR 3.5.30729)"
68.147.200.120 - - [31/Mar/2009:13:24:43 -0400] "GET /images/topNav_endCurve.png HTTP/1.1" 200 433 "-" "Mozilla/5.0 (Windows; U; Windows NT 5.1; en-US; rv:1.9.1b4pre) Gecko/20090329 Shiretoko/3.5b4pre (.NET CLR 3.5.30729)"
68.147.200.120 - - [31/Mar/2009:13:24:43 -0400] "GET /images/nanos_icon_23.png HTTP/1.1" 200 4797 "-" "Mozilla/5.0 (Windows; U; Windows NT 5.1; en-US; rv:1.9.1b4pre) Gecko/20090329 Shiretoko/3.5b4pre (.NET CLR 3.5.30729)"
68.147.200.120 - - [31/Mar/2009:13:24:43 -0400] "GET /images/CRTC_2_1300px.jpg HTTP/1.1" 200 72085 "-" "Mozilla/5.0 (Windows; U; Windows NT 5.1; en-US; rv:1.9.1b4pre) Gecko/20090329 Shiretoko/3.5b4pre (.NET CLR 3.5.30729)"
204.174.12.18 - - [31/Mar/2009:13:24:44 -0400] "POST /topic/10/talk/new?parent_id=0 HTTP/1.1" 200 1213 "http://isppractices.econsultation.ca/topics/show/10" "Mozilla/5.0 (Windows; U; Windows NT 6.0; en-US; rv:1.9.0.7) Gecko/2009021910 Firefox/3.0.7"
142.177.230.24 - - [31/Mar/2009:13:24:50 -0400] "GET /topics/show/9 HTTP/1.1" 200 21026 "http://isppractices.econsultation.ca/" "Mozilla/4.0 (compatible; MSIE 7.0; Windows NT 5.1; Mozilla/4.0 (compatible; MSIE 6.0; Windows NT 5.1; SV1) ; .NET CLR 2.0.50727)"
142.177.230.24 - - [31/Mar/2009:13:24:51 -0400] "GET /images/BOX-BACK.jpg HTTP/1.1" 200 1025 "http://isppractices.econsultation.ca/topics/show/9" "Mozilla/4.0 (compatible; MSIE 7.0; Windows NT 5.1; Mozilla/4.0 (compatible; MSIE 6.0; Windows NT 5.1; SV1) ; .NET CLR 2.0.50727)"
142.177.230.24 - - [31/Mar/2009:13:24:51 -0400] "GET /images/comment_bw.png HTTP/1.1" 200 384 "http://isppractices.econsultation.ca/topics/show/9" "Mozilla/4.0 (compatible; MSIE 7.0; Windows NT 5.1; Mozilla/4.0 (compatible; MSIE 6.0; Windows NT 5.1; SV1) ; .NET CLR 2.0.50727)"
142.177.230.24 - - [31/Mar/2009:13:24:51 -0400] "GET /avatars/0000/0001/pic_nik_thumb.jpg?1237573168 HTTP/1.1" 200 5862 "http://isppractices.econsultation.ca/topics/show/9" "Mozilla/4.0 (compatible; MSIE 7.0; Windows NT 5.1; Mozilla/4.0 (compatible; MSIE 6.0; Windows NT 5.1; SV1) ; .NET CLR 2.0.50727)"
142.177.230.24 - - [31/Mar/2009:13:24:51 -0400] "GET /images/arrows.png HTTP/1.1" 200 216 "http://isppractices.econsultation.ca/topics/show/9" "Mozilla/4.0 (compatible; MSIE 7.0; Windows NT 5.1; Mozilla/4.0 (compatible; MSIE 6.0; Windows NT 5.1; SV1) ; .NET CLR 2.0.50727)"
68.147.200.120 - - [31/Mar/2009:13:24:52 -0400] "GET /images/topNav_endCurve_black.png HTTP/1.1" 200 447 "-" "Mozilla/5.0 (Windows; U; Windows NT 5.1; en-US; rv:1.9.1b4pre) Gecko/20090329 Shiretoko/3.5b4pre (.NET CLR 3.5.30729)"
208.97.125.138 - - [31/Mar/2009:13:24:52 -0400] "GET /register HTTP/1.1" 200 11101 "http://isppractices.econsultation.ca/" "Mozilla/5.0 (Windows; U; Windows NT 5.1; en-US; rv:1.9.0.8) Gecko/2009032609 Firefox/3.0.8"
208.97.125.138 - - [31/Mar/2009:13:24:53 -0400] "GET /rss?lang=en HTTP/1.1" 200 3912 "-" "Mozilla/5.0 (Windows; U; Windows NT 5.1; en-US; rv:1.9.0.8) Gecko/2009032609 Firefox/3.0.8"
216.16.236.99 - - [31/Mar/2009:13:24:53 -0400] "GET / HTTP/1.1" 200 17212 "http://www.crtc.gc.ca/eng/redirect.asp?URL=http://isppractices.econsultation.ca/" "Mozilla/5.0 (Windows; U; Windows NT 5.1; en-US; rv:1.9.1b3) Gecko/20090305 Firefox/3.1b3 (.NET CLR 3.5.30729)"
96.54.14.193 - - [31/Mar/2009:13:24:54 -0400] "GET /stylesheets/print.css HTTP/1.1" 304 - "http://isppractices.econsultation.ca/topics/show/9" "Mozilla/5.0 (X11; U; Linux i686; en-US; rv:1.9.0.8) Gecko/2009032711 Ubuntu/8.04 (hardy) Firefox/3.0.8 FirePHP/0.2.4"
96.54.14.193 - - [31/Mar/2009:13:24:54 -0400] "GET /stylesheets/base_1238427290.css HTTP/1.1" 304 - "http://isppractices.econsultation.ca/topics/show/9" "Mozilla/5.0 (X11; U; Linux i686; en-US; rv:1.9.0.8) Gecko/2009032711 Ubuntu/8.04 (hardy) Firefox/3.0.8 FirePHP/0.2.4"
96.54.14.193 - - [31/Mar/2009:13:24:54 -0400] "GET /javascripts/base_1238187983.js HTTP/1.1" 304 - "http://isppractices.econsultation.ca/topics/show/9" "Mozilla/5.0 (X11; U; Linux i686; en-US; rv:1.9.0.8) Gecko/2009032711 Ubuntu/8.04 (hardy) Firefox/3.0.8 FirePHP/0.2.4"
96.54.14.193 - - [31/Mar/2009:13:24:53 -0400] "GET /topics/show/9 HTTP/1.1" 200 21026 "http://isppractices.econsultation.ca/archives" "Mozilla/5.0 (X11; U; Linux i686; en-US; rv:1.9.0.8) Gecko/2009032711 Ubuntu/8.04 (hardy) Firefox/3.0.8 FirePHP/0.2.4"
96.54.14.193 - - [31/Mar/2009:13:24:55 -0400] "GET /images/search_go_1.jpg HTTP/1.1" 304 - "http://isppractices.econsultation.ca/topics/show/9" "Mozilla/5.0 (X11; U; Linux i686; en-US; rv:1.9.0.8) Gecko/2009032711 Ubuntu/8.04 (hardy) Firefox/3.0.8 FirePHP/0.2.4"
96.54.14.193 - - [31/Mar/2009:13:24:55 -0400] "GET /images/feed-icon-14x14.png HTTP/1.1" 304 - "http://isppractices.econsultation.ca/topics/show/9" "Mozilla/5.0 (X11; U; Linux i686; en-US; rv:1.9.0.8) Gecko/2009032711 Ubuntu/8.04 (hardy) Firefox/3.0.8 FirePHP/0.2.4"
96.54.14.193 - - [31/Mar/2009:13:24:55 -0400] "GET /images/topNav_endCurve.png HTTP/1.1" 304 - "http://isppractices.econsultation.ca/stylesheets/base_1238427290.css" "Mozilla/5.0 (X11; U; Linux i686; en-US; rv:1.9.0.8) Gecko/2009032711 Ubuntu/8.04 (hardy) Firefox/3.0.8 FirePHP/0.2.4"
96.54.14.193 - - [31/Mar/2009:13:24:55 -0400] "GET /avatars/0000/0001/pic_nik_thumb.jpg?1237573168 HTTP/1.1" 304 - "http://isppractices.econsultation.ca/topics/show/9" "Mozilla/5.0 (X11; U; Linux i686; en-US; rv:1.9.0.8) Gecko/2009032711 Ubuntu/8.04 (hardy) Firefox/3.0.8 FirePHP/0.2.4"
96.54.14.193 - - [31/Mar/2009:13:24:55 -0400] "GET /images/nanos_icon_23.png HTTP/1.1" 304 - "http://isppractices.econsultation.ca/topics/show/9" "Mozilla/5.0 (X11; U; Linux i686; en-US; rv:1.9.0.8) Gecko/2009032711 Ubuntu/8.04 (hardy) Firefox/3.0.8 FirePHP/0.2.4"
96.54.14.193 - - [31/Mar/2009:13:24:55 -0400] "GET /images/arrows.png HTTP/1.1" 304 - "http://isppractices.econsultation.ca/stylesheets/base_1238427290.css" "Mozilla/5.0 (X11; U; Linux i686; en-US; rv:1.9.0.8) Gecko/2009032711 Ubuntu/8.04 (hardy) Firefox/3.0.8 FirePHP/0.2.4"
96.54.14.193 - - [31/Mar/2009:13:24:55 -0400] "GET /images/comment_bw.png HTTP/1.1" 304 - "http://isppractices.econsultation.ca/stylesheets/base_1238427290.css" "Mozilla/5.0 (X11; U; Linux i686; en-US; rv:1.9.0.8) Gecko/2009032711 Ubuntu/8.04 (hardy) Firefox/3.0.8 FirePHP/0.2.4"
96.54.14.193 - - [31/Mar/2009:13:24:55 -0400] "GET /images/BOX-BACK.jpg HTTP/1.1" 304 - "http://isppractices.econsultation.ca/stylesheets/base_1238427290.css" "Mozilla/5.0 (X11; U; Linux i686; en-US; rv:1.9.0.8) Gecko/2009032711 Ubuntu/8.04 (hardy) Firefox/3.0.8 FirePHP/0.2.4"
131.137.245.197 - - [31/Mar/2009:13:24:54 -0400] "GET /topics/show/8 HTTP/1.0" 200 24547 "http://isppractices.econsultation.ca/topics/show/7" "Mozilla/4.0 (compatible; MSIE 6.0; Windows NT 5.1; SV1; .NET CLR 2.0.50727; InfoPath.1)"
96.54.14.193 - - [31/Mar/2009:13:24:55 -0400] "GET /images/CRTC_2_1300px.jpg HTTP/1.1" 200 72085 "http://isppractices.econsultation.ca/stylesheets/base_1238427290.css" "Mozilla/5.0 (X11; U; Linux i686; en-US; rv:1.9.0.8) Gecko/2009032711 Ubuntu/8.04 (hardy) Firefox/3.0.8 FirePHP/0.2.4"
216.123.212.38 - - [31/Mar/2009:13:24:59 -0400] "GET /topics/show/9 HTTP/1.1" 200 21026 "http://isppractices.econsultation.ca/" "Mozilla/5.0 (Windows; U; Windows NT 5.1; en-US; rv:1.9.0.8) Gecko/2009032609 Firefox/3.0.8"
216.123.212.38 - - [31/Mar/2009:13:25:00 -0400] "GET /images/comment_bw.png HTTP/1.1" 200 384 "http://isppractices.econsultation.ca/stylesheets/base_1238427290.css" "Mozilla/5.0 (Windows; U; Windows NT 5.1; en-US; rv:1.9.0.8) Gecko/2009032609 Firefox/3.0.8"
216.123.212.38 - - [31/Mar/2009:13:25:00 -0400] "GET /images/BOX-BACK.jpg HTTP/1.1" 200 1025 "http://isppractices.econsultation.ca/stylesheets/base_1238427290.css" "Mozilla/5.0 (Windows; U; Windows NT 5.1; en-US; rv:1.9.0.8) Gecko/2009032609 Firefox/3.0.8"
216.123.212.38 - - [31/Mar/2009:13:25:00 -0400] "GET /avatars/0000/0001/pic_nik_thumb.jpg?1237573168 HTTP/1.1" 200 5862 "http://isppractices.econsultation.ca/topics/show/9" "Mozilla/5.0 (Windows; U; Windows NT 5.1; en-US; rv:1.9.0.8) Gecko/2009032609 Firefox/3.0.8"
216.123.212.38 - - [31/Mar/2009:13:25:00 -0400] "GET /images/arrows.png HTTP/1.1" 200 216 "http://isppractices.econsultation.ca/stylesheets/base_1238427290.css" "Mozilla/5.0 (Windows; U; Windows NT 5.1; en-US; rv:1.9.0.8) Gecko/2009032609 Firefox/3.0.8"
96.54.14.193 - - [31/Mar/2009:13:25:06 -0400] "GET /register HTTP/1.1" 200 11101 "http://isppractices.econsultation.ca/topics/show/9" "Mozilla/5.0 (X11; U; Linux i686; en-US; rv:1.9.0.8) Gecko/2009032711 Ubuntu/8.04 (hardy) Firefox/3.0.8 FirePHP/0.2.4"
142.245.193.10 - - [31/Mar/2009:13:25:08 -0400] "POST /talk/mark/303 HTTP/1.1" 201 1 "http://isppractices.econsultation.ca/topics/show/7" "Mozilla/4.0 (compatible; MSIE 6.0; Windows NT 5.1; SV1; 9LA; .NET CLR 1.0.3705; .NET CLR 1.1.4322; .NET CLR 2.0.50727)"
209.146.242.235 - - [31/Mar/2009:13:25:11 -0400] "GET /register HTTP/1.1" 200 11101 "http://isppractices.econsultation.ca/" "Mozilla/5.0 (Windows; U; Windows NT 5.1; en-US; rv:1.9.0.8) Gecko/2009032609 Firefox/3.0.8"
68.147.200.120 - - [31/Mar/2009:13:25:12 -0400] "GET /topics/show/11?root=305 HTTP/1.1" 200 18589 "-" "Mozilla/5.0 (Windows; U; Windows NT 5.1; en-US; rv:1.9.1b4pre) Gecko/20090329 Shiretoko/3.5b4pre (.NET CLR 3.5.30729)"
68.147.200.120 - - [31/Mar/2009:13:25:13 -0400] "GET /images/comment_bw.png HTTP/1.1" 200 384 "-" "Mozilla/5.0 (Windows; U; Windows NT 5.1; en-US; rv:1.9.1b4pre) Gecko/20090329 Shiretoko/3.5b4pre (.NET CLR 3.5.30729)"
68.147.200.120 - - [31/Mar/2009:13:25:13 -0400] "GET /images/BOX-BACK.jpg HTTP/1.1" 200 1025 "-" "Mozilla/5.0 (Windows; U; Windows NT 5.1; en-US; rv:1.9.1b4pre) Gecko/20090329 Shiretoko/3.5b4pre (.NET CLR 3.5.30729)"
68.147.200.120 - - [31/Mar/2009:13:25:13 -0400] "GET /images/arrows.png HTTP/1.1" 200 216 "-" "Mozilla/5.0 (Windows; U; Windows NT 5.1; en-US; rv:1.9.1b4pre) Gecko/20090329 Shiretoko/3.5b4pre (.NET CLR 3.5.30729)"
68.147.200.120 - - [31/Mar/2009:13:25:13 -0400] "GET /avatars/0000/0001/pic_nik_thumb.jpg?1237573168 HTTP/1.1" 200 5862 "-" "Mozilla/5.0 (Windows; U; Windows NT 5.1; en-US; rv:1.9.1b4pre) Gecko/20090329 Shiretoko/3.5b4pre (.NET CLR 3.5.30729)"
68.147.200.120 - - [31/Mar/2009:13:25:13 -0400] "POST /talk/mark/305 HTTP/1.1" 201 1 "-" "Mozilla/5.0 (Windows; U; Windows NT 5.1; en-US; rv:1.9.1b4pre) Gecko/20090329 Shiretoko/3.5b4pre (.NET CLR 3.5.30729)"
209.226.137.106 - - [31/Mar/2009:13:25:14 -0400] "POST /rater/create/comment_rating/308 HTTP/1.1" 302 128 "http://isppractices.econsultation.ca/topics/show/7" "Mozilla/5.0 (Windows; U; Windows NT 5.1; en-US; rv:1.9.0.8) Gecko/2009032609 Firefox/3.0.8 (.NET CLR 3.5.30729)"
209.226.137.106 - - [31/Mar/2009:13:25:14 -0400] "GET /topics/show/7 HTTP/1.1" 200 37344 "http://isppractices.econsultation.ca/topics/show/7" "Mozilla/5.0 (Windows; U; Windows NT 5.1; en-US; rv:1.9.0.8) Gecko/2009032609 Firefox/3.0.8 (.NET CLR 3.5.30729)"
142.245.193.10 - - [31/Mar/2009:13:25:16 -0400] "POST /talk/mark/302 HTTP/1.1" 201 1 "http://isppractices.econsultation.ca/topics/show/7" "Mozilla/4.0 (compatible; MSIE 6.0; Windows NT 5.1; SV1; 9LA; .NET CLR 1.0.3705; .NET CLR 1.1.4322; .NET CLR 2.0.50727)"
208.115.138.254 - - [31/Mar/2009:13:25:16 -0400] "GET /talk/mark/302 HTTP/1.1" 201 1 "-" "Mozilla/4.0"
96.54.14.193 - - [31/Mar/2009:13:25:16 -0400] "GET /topics/show/6 HTTP/1.1" 200 13799 "http://isppractices.econsultation.ca/register" "Mozilla/5.0 (X11; U; Linux i686; en-US; rv:1.9.0.8) Gecko/2009032711 Ubuntu/8.04 (hardy) Firefox/3.0.8 FirePHP/0.2.4"
70.68.174.101 - - [31/Mar/2009:13:25:16 -0400] "GET / HTTP/1.1" 200 17212 "http://www.financialpost.com/news-sectors/story.html?id=1448224" "Mozilla/5.0 (Windows; U; Windows NT 5.1; en-US) AppleWebKit/530.1 (KHTML, like Gecko) Chrome/2.0.169.1 Safari/530.1"
70.68.174.101 - - [31/Mar/2009:13:25:17 -0400] "GET /stylesheets/print.css HTTP/1.1" 200 321 "http://isppractices.econsultation.ca/" "Mozilla/5.0 (Windows; U; Windows NT 5.1; en-US) AppleWebKit/530.1 (KHTML, like Gecko) Chrome/2.0.169.1 Safari/530.1"
70.68.174.101 - - [31/Mar/2009:13:25:17 -0400] "GET /stylesheets/base_1238427290.css HTTP/1.1" 200 30105 "http://isppractices.econsultation.ca/" "Mozilla/5.0 (Windows; U; Windows NT 5.1; en-US) AppleWebKit/530.1 (KHTML, like Gecko) Chrome/2.0.169.1 Safari/530.1"
70.68.174.101 - - [31/Mar/2009:13:25:17 -0400] "GET /javascripts/base_1238187983.js HTTP/1.1" 200 97264 "http://isppractices.econsultation.ca/" "Mozilla/5.0 (Windows; U; Windows NT 5.1; en-US) AppleWebKit/530.1 (KHTML, like Gecko) Chrome/2.0.169.1 Safari/530.1"
70.68.174.101 - - [31/Mar/2009:13:25:18 -0400] "GET /images/search_go_1.jpg HTTP/1.1" 200 665 "http://isppractices.econsultation.ca/" "Mozilla/5.0 (Windows; U; Windows NT 5.1; en-US) AppleWebKit/530.1 (KHTML, like Gecko) Chrome/2.0.169.1 Safari/530.1"
70.68.174.101 - - [31/Mar/2009:13:25:18 -0400] "GET /images/feed-icon-14x14.png HTTP/1.1" 200 689 "http://isppractices.econsultation.ca/" "Mozilla/5.0 (Windows; U; Windows NT 5.1; en-US) AppleWebKit/530.1 (KHTML, like Gecko) Chrome/2.0.169.1 Safari/530.1"
70.68.174.101 - - [31/Mar/2009:13:25:18 -0400] "GET /images/topNav_endCurve.png HTTP/1.1" 200 433 "http://isppractices.econsultation.ca/" "Mozilla/5.0 (Windows; U; Windows NT 5.1; en-US) AppleWebKit/530.1 (KHTML, like Gecko) Chrome/2.0.169.1 Safari/530.1"
70.68.174.101 - - [31/Mar/2009:13:25:18 -0400] "GET /images/nanos_icon_23.png HTTP/1.1" 200 4797 "http://isppractices.econsultation.ca/" "Mozilla/5.0 (Windows; U; Windows NT 5.1; en-US) AppleWebKit/530.1 (KHTML, like Gecko) Chrome/2.0.169.1 Safari/530.1"
70.68.174.101 - - [31/Mar/2009:13:25:18 -0400] "GET /images/CRTC_2_1300px.jpg HTTP/1.1" 200 72085 "http://isppractices.econsultation.ca/" "Mozilla/5.0 (Windows; U; Windows NT 5.1; en-US) AppleWebKit/530.1 (KHTML, like Gecko) Chrome/2.0.169.1 Safari/530.1"
70.68.174.101 - - [31/Mar/2009:13:25:18 -0400] "GET /favicon.ico HTTP/1.1" 200 - "-" "Mozilla/5.0 (Windows; U; Windows NT 5.1; en-US) AppleWebKit/530.1 (KHTML, like Gecko) Chrome/2.0.169.1 Safari/530.1"
142.245.193.10 - - [31/Mar/2009:13:25:20 -0400] "POST /talk/mark/308 HTTP/1.1" 201 1 "http://isppractices.econsultation.ca/topics/show/7" "Mozilla/4.0 (compatible; MSIE 6.0; Windows NT 5.1; SV1; 9LA; .NET CLR 1.0.3705; .NET CLR 1.1.4322; .NET CLR 2.0.50727)"
208.115.138.254 - - [31/Mar/2009:13:25:21 -0400] "GET /talk/mark/308 HTTP/1.1" 201 1 "-" "Mozilla/4.0"
216.16.236.99 - - [31/Mar/2009:13:25:22 -0400] "GET /topics/show/7?root=312 HTTP/1.1" 200 39616 "http://isppractices.econsultation.ca/" "Mozilla/5.0 (Windows; U; Windows NT 5.1; en-US; rv:1.9.1b3) Gecko/20090305 Firefox/3.1b3 (.NET CLR 3.5.30729)"
216.16.236.99 - - [31/Mar/2009:13:25:23 -0400] "POST /talk/mark/312 HTTP/1.1" 201 1 "http://isppractices.econsultation.ca/topics/show/7?root=312" "Mozilla/5.0 (Windows; U; Windows NT 5.1; en-US; rv:1.9.1b3) Gecko/20090305 Firefox/3.1b3 (.NET CLR 3.5.30729)"
208.97.125.138 - - [31/Mar/2009:13:25:24 -0400] "POST /register HTTP/1.1" 302 103 "http://isppractices.econsultation.ca/register" "Mozilla/5.0 (Windows; U; Windows NT 5.1; en-US; rv:1.9.0.8) Gecko/2009032609 Firefox/3.0.8"
