206.162.160.197 - - [31/Mar/2009:12:43:30 -0400] "GET /images/search_go_1.jpg HTTP/1.1" 200 665 "http://isppractices.econsultation.ca/" "Mozilla/5.0 (Windows; U; Windows NT 5.1; en-US) AppleWebKit/525.19 (KHTML, like Gecko) Chrome/0.3.154.0 Safari/525.19"
206.162.160.197 - - [31/Mar/2009:12:43:30 -0400] "GET /images/feed-icon-14x14.png HTTP/1.1" 200 689 "http://isppractices.econsultation.ca/" "Mozilla/5.0 (Windows; U; Windows NT 5.1; en-US) AppleWebKit/525.19 (KHTML, like Gecko) Chrome/0.3.154.0 Safari/525.19"
206.248.154.94 - - [31/Mar/2009:12:43:30 -0400] "GET /topics/show/9 HTTP/1.1" 200 21026 "http://isppractices.econsultation.ca/topics/show/10" "Mozilla/5.0 (Macintosh; U; Intel Mac OS X 10_5_6; en-us) AppleWebKit/528.16 (KHTML, like Gecko) Version/4.0 Safari/528.16"
206.248.154.94 - - [31/Mar/2009:12:43:30 -0400] "GET /stylesheets/print.css HTTP/1.1" 304 - "http://isppractices.econsultation.ca/topics/show/9" "Mozilla/5.0 (Macintosh; U; Intel Mac OS X 10_5_6; en-us) AppleWebKit/528.16 (KHTML, like Gecko) Version/4.0 Safari/528.16"
206.248.154.94 - - [31/Mar/2009:12:43:30 -0400] "GET /javascripts/base_1238187983.js HTTP/1.1" 304 - "http://isppractices.econsultation.ca/topics/show/9" "Mozilla/5.0 (Macintosh; U; Intel Mac OS X 10_5_6; en-us) AppleWebKit/528.16 (KHTML, like Gecko) Version/4.0 Safari/528.16"
206.248.154.94 - - [31/Mar/2009:12:43:30 -0400] "GET /stylesheets/base_1238427290.css HTTP/1.1" 304 - "http://isppractices.econsultation.ca/topics/show/9" "Mozilla/5.0 (Macintosh; U; Intel Mac OS X 10_5_6; en-us) AppleWebKit/528.16 (KHTML, like Gecko) Version/4.0 Safari/528.16"
206.248.154.94 - - [31/Mar/2009:12:43:30 -0400] "GET /images/topNav_endCurve.png HTTP/1.1" 304 - "http://isppractices.econsultation.ca/topics/show/9" "Mozilla/5.0 (Macintosh; U; Intel Mac OS X 10_5_6; en-us) AppleWebKit/528.16 (KHTML, like Gecko) Version/4.0 Safari/528.16"
206.248.154.94 - - [31/Mar/2009:12:43:30 -0400] "GET /images/CRTC_2_1300px.jpg HTTP/1.1" 304 - "http://isppractices.econsultation.ca/topics/show/9" "Mozilla/5.0 (Macintosh; U; Intel Mac OS X 10_5_6; en-us) AppleWebKit/528.16 (KHTML, like Gecko) Version/4.0 Safari/528.16"
206.248.154.94 - - [31/Mar/2009:12:43:30 -0400] "GET /images/comment_bw.png HTTP/1.1" 304 - "http://isppractices.econsultation.ca/topics/show/9" "Mozilla/5.0 (Macintosh; U; Intel Mac OS X 10_5_6; en-us) AppleWebKit/528.16 (KHTML, like Gecko) Version/4.0 Safari/528.16"
206.248.154.94 - - [31/Mar/2009:12:43:30 -0400] "GET /images/search_go_1.jpg HTTP/1.1" 304 - "http://isppractices.econsultation.ca/topics/show/9" "Mozilla/5.0 (Macintosh; U; Intel Mac OS X 10_5_6; en-us) AppleWebKit/528.16 (KHTML, like Gecko) Version/4.0 Safari/528.16"
206.248.154.94 - - [31/Mar/2009:12:43:30 -0400] "GET /avatars/0000/0001/pic_nik_thumb.jpg?1237573168 HTTP/1.1" 304 - "http://isppractices.econsultation.ca/topics/show/9" "Mozilla/5.0 (Macintosh; U; Intel Mac OS X 10_5_6; en-us) AppleWebKit/528.16 (KHTML, like Gecko) Version/4.0 Safari/528.16"
206.248.154.94 - - [31/Mar/2009:12:43:30 -0400] "GET /images/arrows.png HTTP/1.1" 304 - "http://isppractices.econsultation.ca/topics/show/9" "Mozilla/5.0 (Macintosh; U; Intel Mac OS X 10_5_6; en-us) AppleWebKit/528.16 (KHTML, like Gecko) Version/4.0 Safari/528.16"
206.248.154.94 - - [31/Mar/2009:12:43:30 -0400] "GET /images/nanos_icon_23.png HTTP/1.1" 304 - "http://isppractices.econsultation.ca/topics/show/9" "Mozilla/5.0 (Macintosh; U; Intel Mac OS X 10_5_6; en-us) AppleWebKit/528.16 (KHTML, like Gecko) Version/4.0 Safari/528.16"
206.248.154.94 - - [31/Mar/2009:12:43:30 -0400] "GET /images/feed-icon-14x14.png HTTP/1.1" 304 - "http://isppractices.econsultation.ca/topics/show/9" "Mozilla/5.0 (Macintosh; U; Intel Mac OS X 10_5_6; en-us) AppleWebKit/528.16 (KHTML, like Gecko) Version/4.0 Safari/528.16"
206.47.245.252 - - [31/Mar/2009:12:43:30 -0400] "GET /images/CRTC_2_1300px.jpg HTTP/1.1" 200 72085 "http://isppractices.econsultation.ca/" "Mozilla/5.0 (Windows; U; Windows NT 5.1; en-US) AppleWebKit/525.19 (KHTML, like Gecko) Chrome/0.3.154.0 Safari/525.19"
206.47.245.252 - - [31/Mar/2009:12:43:32 -0400] "GET /favicon.ico HTTP/1.1" 200 - "-" "Mozilla/5.0 (Windows; U; Windows NT 5.1; en-US) AppleWebKit/525.19 (KHTML, like Gecko) Chrome/0.3.154.0 Safari/525.19"
204.209.209.129 - - [31/Mar/2009:12:43:38 -0400] "GET /topics/show/10?lang=en HTTP/1.1" 200 19846 "-" "Mozilla/4.0 (compatible; MSIE 7.0; Windows NT 5.1; GTB5; .NET CLR 1.1.4322; InfoPath.2)"
206.47.245.252 - - [31/Mar/2009:12:43:41 -0400] "GET /register HTTP/1.1" 200 11101 "http://isppractices.econsultation.ca/" "Mozilla/5.0 (Windows; U; Windows NT 5.1; en-US) AppleWebKit/525.19 (KHTML, like Gecko) Chrome/0.3.154.0 Safari/525.19"
204.209.209.129 - - [31/Mar/2009:12:43:44 -0400] "POST /talk/mark/306 HTTP/1.1" 201 1 "http://isppractices.econsultation.ca/topics/show/10?lang=en" "Mozilla/4.0 (compatible; MSIE 7.0; Windows NT 5.1; GTB5; .NET CLR 1.1.4322; InfoPath.2)"
206.248.154.94 - - [31/Mar/2009:12:43:51 -0400] "GET /archives HTTP/1.1" 200 11149 "http://isppractices.econsultation.ca/" "Mozilla/5.0 (Windows; U; Windows NT 5.1; en-US; rv:1.9.0.8) Gecko/2009032609 Firefox/3.0.8 (.NET CLR 3.5.30729)"
206.248.154.94 - - [31/Mar/2009:12:43:52 -0400] "GET /images/arrows.png HTTP/1.1" 200 216 "http://isppractices.econsultation.ca/stylesheets/base_1238427290.css" "Mozilla/5.0 (Windows; U; Windows NT 5.1; en-US; rv:1.9.0.8) Gecko/2009032609 Firefox/3.0.8 (.NET CLR 3.5.30729)"
206.248.154.94 - - [31/Mar/2009:12:43:59 -0400] "GET /topics/show/11 HTTP/1.1" 200 18125 "http://isppractices.econsultation.ca/archives" "Mozilla/5.0 (Windows; U; Windows NT 5.1; en-US; rv:1.9.0.8) Gecko/2009032609 Firefox/3.0.8 (.NET CLR 3.5.30729)"
206.248.154.94 - - [31/Mar/2009:12:43:59 -0400] "GET /images/comment_bw.png HTTP/1.1" 200 384 "http://isppractices.econsultation.ca/stylesheets/base_1238427290.css" "Mozilla/5.0 (Windows; U; Windows NT 5.1; en-US; rv:1.9.0.8) Gecko/2009032609 Firefox/3.0.8 (.NET CLR 3.5.30729)"
206.248.154.94 - - [31/Mar/2009:12:44:00 -0400] "GET /images/BOX-BACK.jpg HTTP/1.1" 200 1025 "http://isppractices.econsultation.ca/stylesheets/base_1238427290.css" "Mozilla/5.0 (Windows; U; Windows NT 5.1; en-US; rv:1.9.0.8) Gecko/2009032609 Firefox/3.0.8 (.NET CLR 3.5.30729)"
206.248.154.94 - - [31/Mar/2009:12:44:00 -0400] "GET /avatars/0000/0001/pic_nik_thumb.jpg?1237573168 HTTP/1.1" 200 5862 "http://isppractices.econsultation.ca/topics/show/11" "Mozilla/5.0 (Windows; U; Windows NT 5.1; en-US; rv:1.9.0.8) Gecko/2009032609 Firefox/3.0.8 (.NET CLR 3.5.30729)"
142.232.82.116 - - [31/Mar/2009:12:44:00 -0400] "GET / HTTP/1.1" 200 16529 "http://www.google.ca/reader/view/?tab=my" "Mozilla/5.0 (Windows; U; Windows NT 5.1; en-US; rv:1.9.0.7) Gecko/2009021910 Firefox/3.0.7"
142.232.82.116 - - [31/Mar/2009:12:44:00 -0400] "GET /stylesheets/print.css HTTP/1.1" 200 321 "http://isppractices.econsultation.ca/" "Mozilla/5.0 (Windows; U; Windows NT 5.1; en-US; rv:1.9.0.7) Gecko/2009021910 Firefox/3.0.7"
142.232.82.116 - - [31/Mar/2009:12:44:00 -0400] "GET /stylesheets/base_1238427290.css HTTP/1.1" 200 30105 "http://isppractices.econsultation.ca/" "Mozilla/5.0 (Windows; U; Windows NT 5.1; en-US; rv:1.9.0.7) Gecko/2009021910 Firefox/3.0.7"
142.232.82.116 - - [31/Mar/2009:12:44:00 -0400] "GET /javascripts/base_1238187983.js HTTP/1.1" 200 97264 "http://isppractices.econsultation.ca/" "Mozilla/5.0 (Windows; U; Windows NT 5.1; en-US; rv:1.9.0.7) Gecko/2009021910 Firefox/3.0.7"
142.232.82.116 - - [31/Mar/2009:12:44:01 -0400] "GET /images/feed-icon-14x14.png HTTP/1.1" 200 689 "http://isppractices.econsultation.ca/" "Mozilla/5.0 (Windows; U; Windows NT 5.1; en-US; rv:1.9.0.7) Gecko/2009021910 Firefox/3.0.7"
142.232.82.116 - - [31/Mar/2009:12:44:01 -0400] "GET /images/search_go_1.jpg HTTP/1.1" 200 665 "http://isppractices.econsultation.ca/" "Mozilla/5.0 (Windows; U; Windows NT 5.1; en-US; rv:1.9.0.7) Gecko/2009021910 Firefox/3.0.7"
142.232.82.116 - - [31/Mar/2009:12:44:01 -0400] "GET /images/topNav_endCurve.png HTTP/1.1" 200 433 "http://isppractices.econsultation.ca/stylesheets/base_1238427290.css" "Mozilla/5.0 (Windows; U; Windows NT 5.1; en-US; rv:1.9.0.7) Gecko/2009021910 Firefox/3.0.7"
142.232.82.116 - - [31/Mar/2009:12:44:01 -0400] "GET /images/nanos_icon_23.png HTTP/1.1" 200 4797 "http://isppractices.econsultation.ca/" "Mozilla/5.0 (Windows; U; Windows NT 5.1; en-US; rv:1.9.0.7) Gecko/2009021910 Firefox/3.0.7"
142.232.82.116 - - [31/Mar/2009:12:44:01 -0400] "GET /images/CRTC_2_1300px.jpg HTTP/1.1" 200 72085 "http://isppractices.econsultation.ca/stylesheets/base_1238427290.css" "Mozilla/5.0 (Windows; U; Windows NT 5.1; en-US; rv:1.9.0.7) Gecko/2009021910 Firefox/3.0.7"
142.232.82.116 - - [31/Mar/2009:12:44:01 -0400] "GET /favicon.ico HTTP/1.1" 200 - "-" "Mozilla/5.0 (Windows; U; Windows NT 5.1; en-US; rv:1.9.0.7) Gecko/2009021910 Firefox/3.0.7"
206.162.160.197 - - [31/Mar/2009:12:44:02 -0400] "POST /register HTTP/1.1" 302 103 "http://isppractices.econsultation.ca/register" "Mozilla/5.0 (Windows; U; Windows NT 5.1; en-US) AppleWebKit/525.19 (KHTML, like Gecko) Chrome/0.3.154.0 Safari/525.19"
206.162.160.197 - - [31/Mar/2009:12:44:03 -0400] "GET / HTTP/1.1" 200 11504 "http://isppractices.econsultation.ca/register" "Mozilla/5.0 (Windows; U; Windows NT 5.1; en-US) AppleWebKit/525.19 (KHTML, like Gecko) Chrome/0.3.154.0 Safari/525.19"
206.162.160.197 - - [31/Mar/2009:12:44:03 -0400] "GET /images/information.png HTTP/1.1" 200 918 "http://isppractices.econsultation.ca/" "Mozilla/5.0 (Windows; U; Windows NT 5.1; en-US) AppleWebKit/525.19 (KHTML, like Gecko) Chrome/0.3.154.0 Safari/525.19"
204.209.209.129 - - [31/Mar/2009:12:44:09 -0400] "GET /topics/show/9?lang=en HTTP/1.1" 200 21026 "-" "Mozilla/4.0 (compatible; MSIE 7.0; Windows NT 5.1; GTB5; .NET CLR 1.1.4322; InfoPath.2)"
204.209.209.129 - - [31/Mar/2009:12:44:14 -0400] "POST /talk/mark/307 HTTP/1.1" 201 1 "http://isppractices.econsultation.ca/topics/show/9?lang=en" "Mozilla/4.0 (compatible; MSIE 7.0; Windows NT 5.1; GTB5; .NET CLR 1.1.4322; InfoPath.2)"
206.248.172.224 - - [31/Mar/2009:12:44:24 -0400] "GET /verify/a631f6174b614cc019f8a1860e7616982b2bc601?lang=en HTTP/1.1" 302 104 "-" "Mozilla/5.0 (X11; U; Linux i686; en-US; rv:1.9.0.8) Gecko/2009032811 Firefox/3.0"
206.248.172.224 - - [31/Mar/2009:12:44:24 -0400] "GET / HTTP/1.1" 200 11569 "-" "Mozilla/5.0 (X11; U; Linux i686; en-US; rv:1.9.0.8) Gecko/2009032811 Firefox/3.0"
206.248.172.224 - - [31/Mar/2009:12:44:24 -0400] "GET /stylesheets/print.css HTTP/1.1" 200 321 "http://newmedia.crtc.econsultation.ca/" "Mozilla/5.0 (X11; U; Linux i686; en-US; rv:1.9.0.8) Gecko/2009032811 Firefox/3.0"
206.248.172.224 - - [31/Mar/2009:12:44:24 -0400] "GET /favicon.ico HTTP/1.1" 200 - "-" "Mozilla/5.0 (X11; U; Linux i686; en-US; rv:1.9.0.8) Gecko/2009032811 Firefox/3.0"
206.248.172.224 - - [31/Mar/2009:12:44:24 -0400] "GET /images/nanos_icon_23.png HTTP/1.1" 200 4797 "http://newmedia.crtc.econsultation.ca/" "Mozilla/5.0 (X11; U; Linux i686; en-US; rv:1.9.0.8) Gecko/2009032811 Firefox/3.0"
206.248.172.224 - - [31/Mar/2009:12:44:24 -0400] "GET /images/search_go_1.jpg HTTP/1.1" 200 665 "http://newmedia.crtc.econsultation.ca/" "Mozilla/5.0 (X11; U; Linux i686; en-US; rv:1.9.0.8) Gecko/2009032811 Firefox/3.0"
206.248.172.224 - - [31/Mar/2009:12:44:24 -0400] "GET /stylesheets/base_110.css HTTP/1.1" 200 30108 "http://newmedia.crtc.econsultation.ca/" "Mozilla/5.0 (X11; U; Linux i686; en-US; rv:1.9.0.8) Gecko/2009032811 Firefox/3.0"
206.248.172.224 - - [31/Mar/2009:12:44:25 -0400] "GET /images/feed-icon-14x14.png HTTP/1.1" 200 689 "http://newmedia.crtc.econsultation.ca/" "Mozilla/5.0 (X11; U; Linux i686; en-US; rv:1.9.0.8) Gecko/2009032811 Firefox/3.0"
206.248.172.224 - - [31/Mar/2009:12:44:25 -0400] "GET /images/topNav_endCurve.png HTTP/1.1" 200 433 "http://newmedia.crtc.econsultation.ca/stylesheets/base_110.css" "Mozilla/5.0 (X11; U; Linux i686; en-US; rv:1.9.0.8) Gecko/2009032811 Firefox/3.0"
206.248.172.224 - - [31/Mar/2009:12:44:25 -0400] "GET /images/error.png HTTP/1.1" 200 737 "http://newmedia.crtc.econsultation.ca/stylesheets/base_110.css" "Mozilla/5.0 (X11; U; Linux i686; en-US; rv:1.9.0.8) Gecko/2009032811 Firefox/3.0"
206.248.172.224 - - [31/Mar/2009:12:44:25 -0400] "GET /images/CRTC_2_1300px.jpg HTTP/1.1" 200 72085 "http://newmedia.crtc.econsultation.ca/stylesheets/base_110.css" "Mozilla/5.0 (X11; U; Linux i686; en-US; rv:1.9.0.8) Gecko/2009032811 Firefox/3.0"
69.159.198.20 - - [31/Mar/2009:12:44:31 -0400] "GET / HTTP/1.1" 200 16529 "-" "Mozilla/5.0 (Windows; U; Windows NT 5.1; en-US; rv:1.9.0.7) Gecko/2009021910 Firefox/3.0.7"
69.159.198.20 - - [31/Mar/2009:12:44:31 -0400] "GET /stylesheets/print.css HTTP/1.1" 200 321 "-" "Mozilla/5.0 (Windows; U; Windows NT 5.1; en-US; rv:1.9.0.7) Gecko/2009021910 Firefox/3.0.7"
69.159.198.20 - - [31/Mar/2009:12:44:31 -0400] "GET /stylesheets/base_1238427290.css HTTP/1.1" 200 30105 "-" "Mozilla/5.0 (Windows; U; Windows NT 5.1; en-US; rv:1.9.0.7) Gecko/2009021910 Firefox/3.0.7"
69.159.198.20 - - [31/Mar/2009:12:44:31 -0400] "GET /javascripts/base_1238187983.js HTTP/1.1" 200 97264 "-" "Mozilla/5.0 (Windows; U; Windows NT 5.1; en-US; rv:1.9.0.7) Gecko/2009021910 Firefox/3.0.7"
69.159.198.20 - - [31/Mar/2009:12:44:32 -0400] "GET /images/search_go_1.jpg HTTP/1.1" 200 665 "-" "Mozilla/5.0 (Windows; U; Windows NT 5.1; en-US; rv:1.9.0.7) Gecko/2009021910 Firefox/3.0.7"
69.159.198.20 - - [31/Mar/2009:12:44:32 -0400] "GET /images/feed-icon-14x14.png HTTP/1.1" 200 689 "-" "Mozilla/5.0 (Windows; U; Windows NT 5.1; en-US; rv:1.9.0.7) Gecko/2009021910 Firefox/3.0.7"
69.159.198.20 - - [31/Mar/2009:12:44:32 -0400] "GET /images/topNav_endCurve.png HTTP/1.1" 200 433 "-" "Mozilla/5.0 (Windows; U; Windows NT 5.1; en-US; rv:1.9.0.7) Gecko/2009021910 Firefox/3.0.7"
69.159.198.20 - - [31/Mar/2009:12:44:32 -0400] "GET /images/nanos_icon_23.png HTTP/1.1" 200 4797 "-" "Mozilla/5.0 (Windows; U; Windows NT 5.1; en-US; rv:1.9.0.7) Gecko/2009021910 Firefox/3.0.7"
69.159.198.20 - - [31/Mar/2009:12:44:32 -0400] "GET /images/CRTC_2_1300px.jpg HTTP/1.1" 200 72085 "-" "Mozilla/5.0 (Windows; U; Windows NT 5.1; en-US; rv:1.9.0.7) Gecko/2009021910 Firefox/3.0.7"
69.159.198.20 - - [31/Mar/2009:12:44:32 -0400] "GET /favicon.ico HTTP/1.1" 200 - "-" "Mozilla/5.0 (Windows; U; Windows NT 5.1; en-US; rv:1.9.0.7) Gecko/2009021910 Firefox/3.0.7"
206.248.154.94 - - [31/Mar/2009:12:44:34 -0400] "GET /topics/show/7?root=308 HTTP/1.1" 200 29712 "http://isppractices.econsultation.ca/" "Mozilla/5.0 (Windows; U; Windows NT 5.1; en-US; rv:1.9.0.8) Gecko/2009032609 Firefox/3.0.8 (.NET CLR 3.5.30729)"
206.248.154.94 - - [31/Mar/2009:12:44:35 -0400] "POST /talk/mark/308 HTTP/1.1" 201 1 "http://isppractices.econsultation.ca/topics/show/7?root=308" "Mozilla/5.0 (Windows; U; Windows NT 5.1; en-US; rv:1.9.0.8) Gecko/2009032609 Firefox/3.0.8 (.NET CLR 3.5.30729)"
70.64.128.113 - - [31/Mar/2009:12:44:38 -0400] "GET / HTTP/1.1" 200 16529 "-" "Mozilla/4.0 (compatible; MSIE 6.0; Windows NT 5.1; SV1; .NET CLR 1.1.4322; .NET CLR 2.0.50727; .NET CLR 3.0.04506.30)"
70.64.128.113 - - [31/Mar/2009:12:44:39 -0400] "GET /stylesheets/base_1238427290.css HTTP/1.1" 200 30105 "http://isppractices.econsultation.ca/" "Mozilla/4.0 (compatible; MSIE 6.0; Windows NT 5.1; SV1; .NET CLR 1.1.4322; .NET CLR 2.0.50727; .NET CLR 3.0.04506.30)"
70.64.128.113 - - [31/Mar/2009:12:44:40 -0400] "GET /javascripts/base_1238187983.js HTTP/1.1" 200 97264 "http://isppractices.econsultation.ca/" "Mozilla/4.0 (compatible; MSIE 6.0; Windows NT 5.1; SV1; .NET CLR 1.1.4322; .NET CLR 2.0.50727; .NET CLR 3.0.04506.30)"
70.64.128.113 - - [31/Mar/2009:12:44:40 -0400] "GET /stylesheets/redesign_IE.css HTTP/1.1" 200 4221 "http://isppractices.econsultation.ca/" "Mozilla/4.0 (compatible; MSIE 6.0; Windows NT 5.1; SV1; .NET CLR 1.1.4322; .NET CLR 2.0.50727; .NET CLR 3.0.04506.30)"
206.47.245.252 - - [31/Mar/2009:12:44:41 -0400] "GET /topics/show/7?root=308 HTTP/1.1" 200 24666 "http://isppractices.econsultation.ca/" "Mozilla/5.0 (Windows; U; Windows NT 5.1; en-US) AppleWebKit/525.19 (KHTML, like Gecko) Chrome/0.3.154.0 Safari/525.19"
206.162.160.197 - - [31/Mar/2009:12:44:42 -0400] "GET /images/BOX-BACK.jpg HTTP/1.1" 200 1025 "http://isppractices.econsultation.ca/topics/show/7?root=308#comment_308" "Mozilla/5.0 (Windows; U; Windows NT 5.1; en-US) AppleWebKit/525.19 (KHTML, like Gecko) Chrome/0.3.154.0 Safari/525.19"
206.47.245.252 - - [31/Mar/2009:12:44:42 -0400] "GET /avatars/0000/0001/pic_nik_thumb.jpg?1237573168 HTTP/1.1" 200 5862 "http://isppractices.econsultation.ca/topics/show/7?root=308#comment_308" "Mozilla/5.0 (Windows; U; Windows NT 5.1; en-US) AppleWebKit/525.19 (KHTML, like Gecko) Chrome/0.3.154.0 Safari/525.19"
206.162.160.197 - - [31/Mar/2009:12:44:42 -0400] "GET /images/arrows.png HTTP/1.1" 200 216 "http://isppractices.econsultation.ca/topics/show/7?root=308#comment_308" "Mozilla/5.0 (Windows; U; Windows NT 5.1; en-US) AppleWebKit/525.19 (KHTML, like Gecko) Chrome/0.3.154.0 Safari/525.19"
206.162.160.197 - - [31/Mar/2009:12:44:42 -0400] "POST /talk/mark/308 HTTP/1.1" 201 1 "http://isppractices.econsultation.ca/topics/show/7?root=308" "Mozilla/5.0 (Windows; U; Windows NT 5.1; en-US) AppleWebKit/525.19 (KHTML, like Gecko) Chrome/0.3.154.0 Safari/525.19"
206.162.160.197 - - [31/Mar/2009:12:44:43 -0400] "GET /images/comment_bw.png HTTP/1.1" 200 384 "http://isppractices.econsultation.ca/topics/show/7?root=308#comment_308" "Mozilla/5.0 (Windows; U; Windows NT 5.1; en-US) AppleWebKit/525.19 (KHTML, like Gecko) Chrome/0.3.154.0 Safari/525.19"
204.209.209.129 - - [31/Mar/2009:12:44:46 -0400] "GET /topics/show/8?lang=en HTTP/1.1" 200 18882 "-" "Mozilla/4.0 (compatible; MSIE 7.0; Windows NT 5.1; GTB5; .NET CLR 1.1.4322; InfoPath.2)"
216.252.76.42 - - [31/Mar/2009:12:44:47 -0400] "GET / HTTP/1.1" 200 11457 "http://www.dslreports.com/forum/r22157825-CRTC-opens-online-consultation-on-throttling" "Mozilla/5.0 (Windows; U; Windows NT 6.0; en-US; rv:1.9.1b4pre) Gecko/20090328 Shiretoko/3.5b4pre"
204.209.209.129 - - [31/Mar/2009:12:44:49 -0400] "POST /talk/mark/304 HTTP/1.1" 201 1 "http://isppractices.econsultation.ca/topics/show/8?lang=en" "Mozilla/4.0 (compatible; MSIE 7.0; Windows NT 5.1; GTB5; .NET CLR 1.1.4322; InfoPath.2)"
216.252.76.42 - - [31/Mar/2009:12:44:49 -0400] "GET /topics/show/7 HTTP/1.1" 200 23833 "http://isppractices.econsultation.ca/" "Mozilla/5.0 (Windows; U; Windows NT 6.0; en-US; rv:1.9.1b4pre) Gecko/20090328 Shiretoko/3.5b4pre"
216.252.76.42 - - [31/Mar/2009:12:44:57 -0400] "GET /topics/show/8 HTTP/1.1" 200 13003 "http://isppractices.econsultation.ca/topics/show/7" "Mozilla/5.0 (Windows; U; Windows NT 6.0; en-US; rv:1.9.1b4pre) Gecko/20090328 Shiretoko/3.5b4pre"
76.10.155.113 - - [31/Mar/2009:12:44:59 -0400] "GET / HTTP/1.1" 200 16529 "http://www.dslreports.com/forum/r22157825-CRTC-opens-online-consultation-on-throttling" "Mozilla/5.0 (Macintosh; U; Intel Mac OS X 10.5; en-US; rv:1.9.0.8) Gecko/2009032608 Firefox/3.0.8"
76.10.155.113 - - [31/Mar/2009:12:45:00 -0400] "GET /stylesheets/print.css HTTP/1.1" 200 321 "http://isppractices.econsultation.ca/" "Mozilla/5.0 (Macintosh; U; Intel Mac OS X 10.5; en-US; rv:1.9.0.8) Gecko/2009032608 Firefox/3.0.8"
76.10.155.113 - - [31/Mar/2009:12:45:00 -0400] "GET /stylesheets/base_1238427290.css HTTP/1.1" 200 30105 "http://isppractices.econsultation.ca/" "Mozilla/5.0 (Macintosh; U; Intel Mac OS X 10.5; en-US; rv:1.9.0.8) Gecko/2009032608 Firefox/3.0.8"
76.10.155.113 - - [31/Mar/2009:12:45:00 -0400] "GET /javascripts/base_1238187983.js HTTP/1.1" 200 97264 "http://isppractices.econsultation.ca/" "Mozilla/5.0 (Macintosh; U; Intel Mac OS X 10.5; en-US; rv:1.9.0.8) Gecko/2009032608 Firefox/3.0.8"
76.10.155.113 - - [31/Mar/2009:12:45:00 -0400] "GET /images/search_go_1.jpg HTTP/1.1" 200 665 "http://isppractices.econsultation.ca/" "Mozilla/5.0 (Macintosh; U; Intel Mac OS X 10.5; en-US; rv:1.9.0.8) Gecko/2009032608 Firefox/3.0.8"
76.10.155.113 - - [31/Mar/2009:12:45:00 -0400] "GET /images/feed-icon-14x14.png HTTP/1.1" 200 689 "http://isppractices.econsultation.ca/" "Mozilla/5.0 (Macintosh; U; Intel Mac OS X 10.5; en-US; rv:1.9.0.8) Gecko/2009032608 Firefox/3.0.8"
76.10.155.113 - - [31/Mar/2009:12:45:00 -0400] "GET /images/topNav_endCurve.png HTTP/1.1" 200 433 "http://isppractices.econsultation.ca/stylesheets/base_1238427290.css" "Mozilla/5.0 (Macintosh; U; Intel Mac OS X 10.5; en-US; rv:1.9.0.8) Gecko/2009032608 Firefox/3.0.8"
76.10.155.113 - - [31/Mar/2009:12:45:00 -0400] "GET /images/nanos_icon_23.png HTTP/1.1" 200 4797 "http://isppractices.econsultation.ca/" "Mozilla/5.0 (Macintosh; U; Intel Mac OS X 10.5; en-US; rv:1.9.0.8) Gecko/2009032608 Firefox/3.0.8"
76.10.155.113 - - [31/Mar/2009:12:45:00 -0400] "GET /images/CRTC_2_1300px.jpg HTTP/1.1" 200 72085 "http://isppractices.econsultation.ca/stylesheets/base_1238427290.css" "Mozilla/5.0 (Macintosh; U; Intel Mac OS X 10.5; en-US; rv:1.9.0.8) Gecko/2009032608 Firefox/3.0.8"
76.10.155.113 - - [31/Mar/2009:12:45:00 -0400] "GET /favicon.ico HTTP/1.1" 200 - "-" "Mozilla/5.0 (Macintosh; U; Intel Mac OS X 10.5; en-US; rv:1.9.0.8) Gecko/2009032608 Firefox/3.0.8"
70.64.128.113 - - [31/Mar/2009:12:45:09 -0400] "GET /stylesheets/print.css HTTP/1.1" 200 321 "http://isppractices.econsultation.ca/" "Mozilla/4.0 (compatible; MSIE 6.0; Windows NT 5.1; SV1; .NET CLR 1.1.4322; .NET CLR 2.0.50727; .NET CLR 3.0.04506.30)"
70.64.128.113 - - [31/Mar/2009:12:45:10 -0400] "GET /images/search_go_1.jpg HTTP/1.1" 200 665 "http://isppractices.econsultation.ca/" "Mozilla/4.0 (compatible; MSIE 6.0; Windows NT 5.1; SV1; .NET CLR 1.1.4322; .NET CLR 2.0.50727; .NET CLR 3.0.04506.30)"
70.64.128.113 - - [31/Mar/2009:12:45:10 -0400] "GET /images/feed-icon-14x14.png HTTP/1.1" 200 689 "http://isppractices.econsultation.ca/" "Mozilla/4.0 (compatible; MSIE 6.0; Windows NT 5.1; SV1; .NET CLR 1.1.4322; .NET CLR 2.0.50727; .NET CLR 3.0.04506.30)"
70.64.128.113 - - [31/Mar/2009:12:45:10 -0400] "GET /images/topNav_endCurve.png HTTP/1.1" 200 433 "-" "Mozilla/4.0 (compatible; MSIE 6.0; Windows NT 5.1; SV1; .NET CLR 1.1.4322; .NET CLR 2.0.50727; .NET CLR 3.0.04506.30)"
70.64.128.113 - - [31/Mar/2009:12:45:10 -0400] "GET /images/nanos_icon_23.png HTTP/1.1" 200 4797 "http://isppractices.econsultation.ca/" "Mozilla/4.0 (compatible; MSIE 6.0; Windows NT 5.1; SV1; .NET CLR 1.1.4322; .NET CLR 2.0.50727; .NET CLR 3.0.04506.30)"
70.64.128.113 - - [31/Mar/2009:12:45:10 -0400] "GET /images/CRTC_2_1300px.jpg HTTP/1.1" 200 72085 "http://isppractices.econsultation.ca/" "Mozilla/4.0 (compatible; MSIE 6.0; Windows NT 5.1; SV1; .NET CLR 1.1.4322; .NET CLR 2.0.50727; .NET CLR 3.0.04506.30)"
192.197.82.203 - - [31/Mar/2009:12:45:12 -0400] "GET / HTTP/1.1" 200 12723 "-" "Mozilla/4.0 (compatible; MSIE 7.0; Windows NT 5.1; InfoPath.1)"
192.197.82.203 - - [31/Mar/2009:12:45:13 -0400] "GET /stylesheets/base_1238427290.css HTTP/1.1" 200 30105 "http://pratiquesfsi.econsultation.ca/" "Mozilla/4.0 (compatible; MSIE 7.0; Windows NT 5.1; InfoPath.1)"
192.197.82.203 - - [31/Mar/2009:12:45:13 -0400] "GET /stylesheets/print.css HTTP/1.1" 200 321 "http://pratiquesfsi.econsultation.ca/" "Mozilla/4.0 (compatible; MSIE 7.0; Windows NT 5.1; InfoPath.1)"
192.197.82.203 - - [31/Mar/2009:12:45:13 -0400] "GET /stylesheets/redesign_IE.css HTTP/1.1" 200 4221 "http://pratiquesfsi.econsultation.ca/" "Mozilla/4.0 (compatible; MSIE 7.0; Windows NT 5.1; InfoPath.1)"
192.197.82.203 - - [31/Mar/2009:12:45:13 -0400] "GET /javascripts/base_1238187983.js HTTP/1.1" 200 97264 "http://pratiquesfsi.econsultation.ca/" "Mozilla/4.0 (compatible; MSIE 7.0; Windows NT 5.1; InfoPath.1)"
192.197.82.203 - - [31/Mar/2009:12:45:14 -0400] "GET /images/feed-icon-14x14.png HTTP/1.1" 200 689 "http://pratiquesfsi.econsultation.ca/" "Mozilla/4.0 (compatible; MSIE 7.0; Windows NT 5.1; InfoPath.1)"
192.197.82.203 - - [31/Mar/2009:12:45:14 -0400] "GET /images/search_go_1.jpg HTTP/1.1" 200 665 "http://pratiquesfsi.econsultation.ca/" "Mozilla/4.0 (compatible; MSIE 7.0; Windows NT 5.1; InfoPath.1)"
192.197.82.203 - - [31/Mar/2009:12:45:14 -0400] "GET /images/nanos_icon_23.png HTTP/1.1" 200 4797 "http://pratiquesfsi.econsultation.ca/" "Mozilla/4.0 (compatible; MSIE 7.0; Windows NT 5.1; InfoPath.1)"
192.197.82.203 - - [31/Mar/2009:12:45:14 -0400] "GET /images/topNav_endCurve.png HTTP/1.1" 200 433 "http://pratiquesfsi.econsultation.ca/" "Mozilla/4.0 (compatible; MSIE 7.0; Windows NT 5.1; InfoPath.1)"
192.197.82.203 - - [31/Mar/2009:12:45:14 -0400] "GET /images/CRTC_2_1300px.jpg HTTP/1.1" 200 72085 "http://pratiquesfsi.econsultation.ca/" "Mozilla/4.0 (compatible; MSIE 7.0; Windows NT 5.1; InfoPath.1)"
192.197.82.203 - - [31/Mar/2009:12:45:15 -0400] "GET /favicon.ico HTTP/1.1" 200 - "-" "Mozilla/4.0 (compatible; MSIE 7.0; Windows NT 5.1; InfoPath.1)"
206.248.172.224 - - [31/Mar/2009:12:45:16 -0400] "GET /images/topNav_endCurve_black.png HTTP/1.1" 200 447 "http://isppractices.econsultation.ca/stylesheets/base_1238427290.css" "Mozilla/5.0 (X11; U; Linux i686; en-US; rv:1.9.0.8) Gecko/2009032811 Firefox/3.0"
204.209.209.129 - - [31/Mar/2009:12:45:26 -0400] "GET /topics/show/7?lang=en HTTP/1.1" 200 29712 "-" "Mozilla/4.0 (compatible; MSIE 7.0; Windows NT 5.1; GTB5; .NET CLR 1.1.4322; InfoPath.2)"
206.248.172.224 - - [31/Mar/2009:12:45:27 -0400] "GET / HTTP/1.1" 200 16529 "http://www.crtc.gc.ca/eng/redirect.asp?URL=http://isppractices.econsultation.ca/" "Mozilla/5.0 (X11; U; Linux i686; en-US; rv:1.9.0.8) Gecko/2009032811 Firefox/3.0"
70.64.128.113 - - [31/Mar/2009:12:45:32 -0400] "GET /topics/show/7?root=308 HTTP/1.1" 200 29712 "http://isppractices.econsultation.ca/" "Mozilla/4.0 (compatible; MSIE 6.0; Windows NT 5.1; SV1; .NET CLR 1.1.4322; .NET CLR 2.0.50727; .NET CLR 3.0.04506.30)"
70.64.128.113 - - [31/Mar/2009:12:45:33 -0400] "GET /images/comment_bw.png HTTP/1.1" 200 384 "http://isppractices.econsultation.ca/topics/show/7?root=308" "Mozilla/4.0 (compatible; MSIE 6.0; Windows NT 5.1; SV1; .NET CLR 1.1.4322; .NET CLR 2.0.50727; .NET CLR 3.0.04506.30)"
70.64.128.113 - - [31/Mar/2009:12:45:33 -0400] "GET /images/arrows.png HTTP/1.1" 200 216 "http://isppractices.econsultation.ca/topics/show/7?root=308" "Mozilla/4.0 (compatible; MSIE 6.0; Windows NT 5.1; SV1; .NET CLR 1.1.4322; .NET CLR 2.0.50727; .NET CLR 3.0.04506.30)"
70.64.128.113 - - [31/Mar/2009:12:45:33 -0400] "GET /avatars/0000/0001/pic_nik_thumb.jpg?1237573168 HTTP/1.1" 200 5862 "http://isppractices.econsultation.ca/topics/show/7?root=308" "Mozilla/4.0 (compatible; MSIE 6.0; Windows NT 5.1; SV1; .NET CLR 1.1.4322; .NET CLR 2.0.50727; .NET CLR 3.0.04506.30)"
70.64.128.113 - - [31/Mar/2009:12:45:34 -0400] "POST /talk/mark/308 HTTP/1.1" 201 1 "http://isppractices.econsultation.ca/topics/show/7?root=308#comment_308" "Mozilla/4.0 (compatible; MSIE 6.0; Windows NT 5.1; SV1; .NET CLR 1.1.4322; .NET CLR 2.0.50727; .NET CLR 3.0.04506.30)"
204.209.209.129 - - [31/Mar/2009:12:45:34 -0400] "GET /profile/65026 HTTP/1.1" 200 13730 "http://isppractices.econsultation.ca/topics/show/7?lang=en" "Mozilla/4.0 (compatible; MSIE 7.0; Windows NT 5.1; GTB5; .NET CLR 1.1.4322; InfoPath.2)"
204.209.209.129 - - [31/Mar/2009:12:45:46 -0400] "GET /topics/show/7?lang=en HTTP/1.1" 200 29712 "-" "Mozilla/4.0 (compatible; MSIE 7.0; Windows NT 5.1; GTB5; .NET CLR 1.1.4322; InfoPath.2)"
204.209.209.129 - - [31/Mar/2009:12:45:49 -0400] "POST /talk/mark/303 HTTP/1.1" 201 1 "http://isppractices.econsultation.ca/topics/show/7?lang=en" "Mozilla/4.0 (compatible; MSIE 7.0; Windows NT 5.1; GTB5; .NET CLR 1.1.4322; InfoPath.2)"
206.248.172.224 - - [31/Mar/2009:12:45:57 -0400] "POST /login HTTP/1.1" 200 10221 "http://isppractices.econsultation.ca/" "Mozilla/5.0 (X11; U; Linux i686; en-US; rv:1.9.0.8) Gecko/2009032811 Firefox/3.0"
206.248.172.224 - - [31/Mar/2009:12:45:58 -0400] "GET /images/information.png HTTP/1.1" 200 918 "http://isppractices.econsultation.ca/stylesheets/base_1238427290.css" "Mozilla/5.0 (X11; U; Linux i686; en-US; rv:1.9.0.8) Gecko/2009032811 Firefox/3.0"
198.103.167.20 - - [31/Mar/2009:12:46:06 -0400] "GET / HTTP/1.1" 200 12723 "http://www.google.com/ig/gmailmax?hl=en&mid=138&th=1205d44cfcd08554" "Mozilla/5.0 (Windows; U; Windows NT 5.1; fr; rv:1.9.0.7) Gecko/2009021910 Firefox/3.0.7"
198.103.167.20 - - [31/Mar/2009:12:46:07 -0400] "GET /stylesheets/print.css HTTP/1.1" 200 321 "http://pratiquesfsi.econsultation.ca/" "Mozilla/5.0 (Windows; U; Windows NT 5.1; fr; rv:1.9.0.7) Gecko/2009021910 Firefox/3.0.7"
198.103.167.20 - - [31/Mar/2009:12:46:07 -0400] "GET /stylesheets/base_1238427290.css HTTP/1.1" 200 30105 "http://pratiquesfsi.econsultation.ca/" "Mozilla/5.0 (Windows; U; Windows NT 5.1; fr; rv:1.9.0.7) Gecko/2009021910 Firefox/3.0.7"
198.103.167.20 - - [31/Mar/2009:12:46:07 -0400] "GET /favicon.ico HTTP/1.1" 200 - "-" "Mozilla/5.0 (compatible; Google Desktop)"
198.103.167.20 - - [31/Mar/2009:12:46:07 -0400] "GET /javascripts/base_1238187983.js HTTP/1.1" 200 97264 "http://pratiquesfsi.econsultation.ca/" "Mozilla/5.0 (Windows; U; Windows NT 5.1; fr; rv:1.9.0.7) Gecko/2009021910 Firefox/3.0.7"
216.252.76.42 - - [31/Mar/2009:12:46:07 -0400] "GET /topics/show/10 HTTP/1.1" 200 13967 "http://isppractices.econsultation.ca/topics/show/8" "Mozilla/5.0 (Windows; U; Windows NT 6.0; en-US; rv:1.9.1b4pre) Gecko/20090328 Shiretoko/3.5b4pre"
198.103.167.20 - - [31/Mar/2009:12:46:08 -0400] "GET /images/search_go_1.jpg HTTP/1.1" 200 665 "http://pratiquesfsi.econsultation.ca/" "Mozilla/5.0 (Windows; U; Windows NT 5.1; fr; rv:1.9.0.7) Gecko/2009021910 Firefox/3.0.7"
198.103.167.20 - - [31/Mar/2009:12:46:08 -0400] "GET /images/feed-icon-14x14.png HTTP/1.1" 200 689 "http://pratiquesfsi.econsultation.ca/" "Mozilla/5.0 (Windows; U; Windows NT 5.1; fr; rv:1.9.0.7) Gecko/2009021910 Firefox/3.0.7"
198.103.167.20 - - [31/Mar/2009:12:46:08 -0400] "GET /images/topNav_endCurve.png HTTP/1.1" 200 433 "http://pratiquesfsi.econsultation.ca/stylesheets/base_1238427290.css" "Mozilla/5.0 (Windows; U; Windows NT 5.1; fr; rv:1.9.0.7) Gecko/2009021910 Firefox/3.0.7"
198.103.167.20 - - [31/Mar/2009:12:46:08 -0400] "GET /images/nanos_icon_23.png HTTP/1.1" 200 4797 "http://pratiquesfsi.econsultation.ca/" "Mozilla/5.0 (Windows; U; Windows NT 5.1; fr; rv:1.9.0.7) Gecko/2009021910 Firefox/3.0.7"
198.103.167.20 - - [31/Mar/2009:12:46:08 -0400] "GET /images/CRTC_2_1300px.jpg HTTP/1.1" 200 72085 "http://pratiquesfsi.econsultation.ca/stylesheets/base_1238427290.css" "Mozilla/5.0 (Windows; U; Windows NT 5.1; fr; rv:1.9.0.7) Gecko/2009021910 Firefox/3.0.7"
204.209.209.129 - - [31/Mar/2009:12:46:13 -0400] "GET /profile/65154 HTTP/1.1" 200 11248 "http://isppractices.econsultation.ca/topics/show/7?lang=en" "Mozilla/4.0 (compatible; MSIE 7.0; Windows NT 5.1; GTB5; .NET CLR 1.1.4322; InfoPath.2)"
204.209.209.129 - - [31/Mar/2009:12:46:15 -0400] "GET /topics/show/7?lang=en HTTP/1.1" 200 29712 "-" "Mozilla/4.0 (compatible; MSIE 7.0; Windows NT 5.1; GTB5; .NET CLR 1.1.4322; InfoPath.2)"
204.209.209.129 - - [31/Mar/2009:12:46:18 -0400] "POST /talk/mark/308 HTTP/1.1" 201 1 "http://isppractices.econsultation.ca/topics/show/7?lang=en" "Mozilla/4.0 (compatible; MSIE 7.0; Windows NT 5.1; GTB5; .NET CLR 1.1.4322; InfoPath.2)"
198.103.167.20 - - [31/Mar/2009:12:46:19 -0400] "GET /topics/show/9 HTTP/1.1" 200 16427 "http://pratiquesfsi.econsultation.ca/" "Mozilla/5.0 (Windows; U; Windows NT 5.1; fr; rv:1.9.0.7) Gecko/2009021910 Firefox/3.0.7"
198.103.167.20 - - [31/Mar/2009:12:46:20 -0400] "GET /images/comment_bw.png HTTP/1.1" 200 384 "http://pratiquesfsi.econsultation.ca/stylesheets/base_1238427290.css" "Mozilla/5.0 (Windows; U; Windows NT 5.1; fr; rv:1.9.0.7) Gecko/2009021910 Firefox/3.0.7"
198.103.167.20 - - [31/Mar/2009:12:46:20 -0400] "GET /avatars/0000/0001/pic_nik_thumb.jpg?1237573168 HTTP/1.1" 200 5862 "http://pratiquesfsi.econsultation.ca/topics/show/9" "Mozilla/5.0 (Windows; U; Windows NT 5.1; fr; rv:1.9.0.7) Gecko/2009021910 Firefox/3.0.7"
198.103.167.20 - - [31/Mar/2009:12:46:20 -0400] "GET /images/arrows.png HTTP/1.1" 200 216 "http://pratiquesfsi.econsultation.ca/stylesheets/base_1238427290.css" "Mozilla/5.0 (Windows; U; Windows NT 5.1; fr; rv:1.9.0.7) Gecko/2009021910 Firefox/3.0.7"
70.64.128.113 - - [31/Mar/2009:12:46:32 -0400] "GET / HTTP/1.1" 200 16529 "-" "Mozilla/4.0 (compatible; MSIE 6.0; Windows NT 5.1; SV1; .NET CLR 1.1.4322; .NET CLR 2.0.50727; .NET CLR 3.0.04506.30)"
70.64.128.113 - - [31/Mar/2009:12:46:39 -0400] "GET /topics/show/9?root=307 HTTP/1.1" 200 21026 "http://isppractices.econsultation.ca/" "Mozilla/4.0 (compatible; MSIE 6.0; Windows NT 5.1; SV1; .NET CLR 1.1.4322; .NET CLR 2.0.50727; .NET CLR 3.0.04506.30)"
70.64.128.113 - - [31/Mar/2009:12:46:41 -0400] "POST /talk/mark/307 HTTP/1.1" 201 1 "http://isppractices.econsultation.ca/topics/show/9?root=307#comment_307" "Mozilla/4.0 (compatible; MSIE 6.0; Windows NT 5.1; SV1; .NET CLR 1.1.4322; .NET CLR 2.0.50727; .NET CLR 3.0.04506.30)"
216.252.76.42 - - [31/Mar/2009:12:46:43 -0400] "GET /topics/show/11 HTTP/1.1" 200 12246 "http://isppractices.econsultation.ca/topics/show/10" "Mozilla/5.0 (Windows; U; Windows NT 6.0; en-US; rv:1.9.1b4pre) Gecko/20090328 Shiretoko/3.5b4pre"
206.248.172.224 - - [31/Mar/2009:12:46:59 -0400] "GET /verify/a631f6174b614cc019f8a1860e7616982b2bc601?lang=en HTTP/1.1" 302 104 "-" "Mozilla/5.0 (X11; U; Linux i686; en-US; rv:1.9.0.8) Gecko/2009032811 Firefox/3.0"
206.248.172.224 - - [31/Mar/2009:12:46:59 -0400] "GET / HTTP/1.1" 200 11569 "-" "Mozilla/5.0 (X11; U; Linux i686; en-US; rv:1.9.0.8) Gecko/2009032811 Firefox/3.0"
70.64.128.113 - - [31/Mar/2009:12:47:03 -0400] "GET / HTTP/1.1" 200 16529 "-" "Mozilla/4.0 (compatible; MSIE 6.0; Windows NT 5.1; SV1; .NET CLR 1.1.4322; .NET CLR 2.0.50727; .NET CLR 3.0.04506.30)"
70.64.128.113 - - [31/Mar/2009:12:47:09 -0400] "GET /topics/show/10?root=306 HTTP/1.1" 200 19846 "http://isppractices.econsultation.ca/" "Mozilla/4.0 (compatible; MSIE 6.0; Windows NT 5.1; SV1; .NET CLR 1.1.4322; .NET CLR 2.0.50727; .NET CLR 3.0.04506.30)"
70.64.128.113 - - [31/Mar/2009:12:47:10 -0400] "POST /talk/mark/306 HTTP/1.1" 201 1 "http://isppractices.econsultation.ca/topics/show/10?root=306#comment_306" "Mozilla/4.0 (compatible; MSIE 6.0; Windows NT 5.1; SV1; .NET CLR 1.1.4322; .NET CLR 2.0.50727; .NET CLR 3.0.04506.30)"
69.196.135.103 - - [31/Mar/2009:12:47:13 -0400] "GET / HTTP/1.0" 200 16529 "http://www.dslreports.com/forum/r22157825-CRTC-opens-online-consultation-on-throttling" "Mozilla/5.0 (Windows; U; Windows NT 6.0; en-US; rv:1.9.0.6) Gecko/2009011913 Firefox/3.0.6"
69.196.135.103 - - [31/Mar/2009:12:47:14 -0400] "GET /stylesheets/print.css HTTP/1.0" 200 321 "http://isppractices.econsultation.ca/" "Mozilla/5.0 (Windows; U; Windows NT 6.0; en-US; rv:1.9.0.6) Gecko/2009011913 Firefox/3.0.6"
69.196.135.103 - - [31/Mar/2009:12:47:14 -0400] "GET /stylesheets/base_1238427290.css HTTP/1.0" 200 30105 "http://isppractices.econsultation.ca/" "Mozilla/5.0 (Windows; U; Windows NT 6.0; en-US; rv:1.9.0.6) Gecko/2009011913 Firefox/3.0.6"
69.196.135.103 - - [31/Mar/2009:12:47:14 -0400] "GET /javascripts/base_1238187983.js HTTP/1.0" 200 97264 "http://isppractices.econsultation.ca/" "Mozilla/5.0 (Windows; U; Windows NT 6.0; en-US; rv:1.9.0.6) Gecko/2009011913 Firefox/3.0.6"
76.10.155.113 - - [31/Mar/2009:12:47:17 -0400] "GET /topics/show/7?root=308 HTTP/1.1" 200 29712 "http://isppractices.econsultation.ca/" "Mozilla/5.0 (Macintosh; U; Intel Mac OS X 10.5; en-US; rv:1.9.0.8) Gecko/2009032608 Firefox/3.0.8"
69.196.135.103 - - [31/Mar/2009:12:47:18 -0400] "GET /favicon.ico HTTP/1.0" 200 - "-" "Mozilla/5.0 (Windows; U; Windows NT 6.0; en-US; rv:1.9.0.6) Gecko/2009011913 Firefox/3.0.6"
69.196.135.103 - - [31/Mar/2009:12:47:18 -0400] "GET /images/search_go_1.jpg HTTP/1.0" 200 665 "http://isppractices.econsultation.ca/" "Mozilla/5.0 (Windows; U; Windows NT 6.0; en-US; rv:1.9.0.6) Gecko/2009011913 Firefox/3.0.6"
69.196.135.103 - - [31/Mar/2009:12:47:18 -0400] "GET /images/topNav_endCurve.png HTTP/1.0" 200 433 "http://isppractices.econsultation.ca/stylesheets/base_1238427290.css" "Mozilla/5.0 (Windows; U; Windows NT 6.0; en-US; rv:1.9.0.6) Gecko/2009011913 Firefox/3.0.6"
69.196.135.103 - - [31/Mar/2009:12:47:18 -0400] "GET /images/feed-icon-14x14.png HTTP/1.0" 200 689 "http://isppractices.econsultation.ca/" "Mozilla/5.0 (Windows; U; Windows NT 6.0; en-US; rv:1.9.0.6) Gecko/2009011913 Firefox/3.0.6"
76.10.155.113 - - [31/Mar/2009:12:47:18 -0400] "GET /images/comment_bw.png HTTP/1.1" 200 384 "http://isppractices.econsultation.ca/stylesheets/base_1238427290.css" "Mozilla/5.0 (Macintosh; U; Intel Mac OS X 10.5; en-US; rv:1.9.0.8) Gecko/2009032608 Firefox/3.0.8"
76.10.155.113 - - [31/Mar/2009:12:47:18 -0400] "GET /images/BOX-BACK.jpg HTTP/1.1" 200 1025 "http://isppractices.econsultation.ca/stylesheets/base_1238427290.css" "Mozilla/5.0 (Macintosh; U; Intel Mac OS X 10.5; en-US; rv:1.9.0.8) Gecko/2009032608 Firefox/3.0.8"
76.10.155.113 - - [31/Mar/2009:12:47:18 -0400] "GET /avatars/0000/0001/pic_nik_thumb.jpg?1237573168 HTTP/1.1" 200 5862 "http://isppractices.econsultation.ca/topics/show/7?root=308" "Mozilla/5.0 (Macintosh; U; Intel Mac OS X 10.5; en-US; rv:1.9.0.8) Gecko/2009032608 Firefox/3.0.8"
76.10.155.113 - - [31/Mar/2009:12:47:18 -0400] "GET /images/arrows.png HTTP/1.1" 200 216 "http://isppractices.econsultation.ca/stylesheets/base_1238427290.css" "Mozilla/5.0 (Macintosh; U; Intel Mac OS X 10.5; en-US; rv:1.9.0.8) Gecko/2009032608 Firefox/3.0.8"
69.196.135.103 - - [31/Mar/2009:12:47:18 -0400] "GET /images/CRTC_2_1300px.jpg HTTP/1.0" 200 72085 "http://isppractices.econsultation.ca/stylesheets/base_1238427290.css" "Mozilla/5.0 (Windows; U; Windows NT 6.0; en-US; rv:1.9.0.6) Gecko/2009011913 Firefox/3.0.6"
69.196.135.103 - - [31/Mar/2009:12:47:18 -0400] "GET /images/nanos_icon_23.png HTTP/1.0" 200 4797 "http://isppractices.econsultation.ca/" "Mozilla/5.0 (Windows; U; Windows NT 6.0; en-US; rv:1.9.0.6) Gecko/2009011913 Firefox/3.0.6"
76.10.155.113 - - [31/Mar/2009:12:47:18 -0400] "POST /talk/mark/308 HTTP/1.1" 201 1 "http://isppractices.econsultation.ca/topics/show/7?root=308" "Mozilla/5.0 (Macintosh; U; Intel Mac OS X 10.5; en-US; rv:1.9.0.8) Gecko/2009032608 Firefox/3.0.8"
204.209.209.129 - - [31/Mar/2009:12:47:25 -0400] "GET /topics/show/8 HTTP/1.1" 200 18882 "http://isppractices.econsultation.ca/topics/show/7?lang=en" "Mozilla/4.0 (compatible; MSIE 7.0; Windows NT 5.1; GTB5; .NET CLR 1.1.4322; InfoPath.2)"
216.252.76.42 - - [31/Mar/2009:12:47:25 -0400] "GET /topics/show/6 HTTP/1.1" 200 8753 "http://isppractices.econsultation.ca/topics/show/11" "Mozilla/5.0 (Windows; U; Windows NT 6.0; en-US; rv:1.9.1b4pre) Gecko/20090328 Shiretoko/3.5b4pre"
70.64.128.113 - - [31/Mar/2009:12:47:29 -0400] "GET / HTTP/1.1" 200 16529 "-" "Mozilla/4.0 (compatible; MSIE 6.0; Windows NT 5.1; SV1; .NET CLR 1.1.4322; .NET CLR 2.0.50727; .NET CLR 3.0.04506.30)"
69.159.198.20 - - [31/Mar/2009:12:47:31 -0400] "GET /topics/show/7?root=308 HTTP/1.1" 200 29712 "-" "Mozilla/5.0 (Windows; U; Windows NT 5.1; en-US; rv:1.9.0.7) Gecko/2009021910 Firefox/3.0.7"
69.159.198.20 - - [31/Mar/2009:12:47:32 -0400] "GET /images/comment_bw.png HTTP/1.1" 200 384 "-" "Mozilla/5.0 (Windows; U; Windows NT 5.1; en-US; rv:1.9.0.7) Gecko/2009021910 Firefox/3.0.7"
69.159.198.20 - - [31/Mar/2009:12:47:32 -0400] "GET /images/BOX-BACK.jpg HTTP/1.1" 200 1025 "-" "Mozilla/5.0 (Windows; U; Windows NT 5.1; en-US; rv:1.9.0.7) Gecko/2009021910 Firefox/3.0.7"
69.159.198.20 - - [31/Mar/2009:12:47:32 -0400] "GET /images/arrows.png HTTP/1.1" 200 216 "-" "Mozilla/5.0 (Windows; U; Windows NT 5.1; en-US; rv:1.9.0.7) Gecko/2009021910 Firefox/3.0.7"
69.159.198.20 - - [31/Mar/2009:12:47:32 -0400] "GET /avatars/0000/0001/pic_nik_thumb.jpg?1237573168 HTTP/1.1" 200 5862 "-" "Mozilla/5.0 (Windows; U; Windows NT 5.1; en-US; rv:1.9.0.7) Gecko/2009021910 Firefox/3.0.7"
69.159.198.20 - - [31/Mar/2009:12:47:33 -0400] "POST /talk/mark/308 HTTP/1.1" 201 1 "-" "Mozilla/5.0 (Windows; U; Windows NT 5.1; en-US; rv:1.9.0.7) Gecko/2009021910 Firefox/3.0.7"
206.248.172.224 - - [31/Mar/2009:12:47:34 -0400] "GET /javascripts/base_53.js HTTP/1.1" 200 97264 "http://newmedia.crtc.econsultation.ca/" "Mozilla/5.0 (X11; U; Linux i686; en-US; rv:1.9.0.8) Gecko/2009032811 Firefox/3.0"
70.64.128.113 - - [31/Mar/2009:12:47:37 -0400] "GET /topics/show/11?root=305 HTTP/1.1" 200 18125 "http://isppractices.econsultation.ca/" "Mozilla/4.0 (compatible; MSIE 6.0; Windows NT 5.1; SV1; .NET CLR 1.1.4322; .NET CLR 2.0.50727; .NET CLR 3.0.04506.30)"
70.64.128.113 - - [31/Mar/2009:12:47:38 -0400] "POST /talk/mark/305 HTTP/1.1" 201 1 "http://isppractices.econsultation.ca/topics/show/11?root=305#comment_305" "Mozilla/4.0 (compatible; MSIE 6.0; Windows NT 5.1; SV1; .NET CLR 1.1.4322; .NET CLR 2.0.50727; .NET CLR 3.0.04506.30)"
216.106.100.114 - - [31/Mar/2009:12:47:41 -0400] "GET / HTTP/1.1" 200 16529 "http://www.michaelgeist.ca/content/view/3790/125/" "Opera/9.64 (Windows NT 5.1; U; en) Presto/2.1.1"
206.248.172.224 - - [31/Mar/2009:12:47:42 -0400] "GET /verify/a631f6174b614cc019f8a1860e7616982b2bc601?lang=en HTTP/1.1" 302 104 "-" "Mozilla/5.0 (X11; U; Linux i686; en-US; rv:1.9.0.8) Gecko/2009032811 Firefox/3.0"
216.106.100.114 - - [31/Mar/2009:12:47:42 -0400] "GET /stylesheets/print.css HTTP/1.1" 200 321 "http://isppractices.econsultation.ca/" "Opera/9.64 (Windows NT 5.1; U; en) Presto/2.1.1"
206.248.172.224 - - [31/Mar/2009:12:47:42 -0400] "GET / HTTP/1.1" 200 11532 "-" "Mozilla/5.0 (X11; U; Linux i686; en-US; rv:1.9.0.8) Gecko/2009032811 Firefox/3.0"
216.106.100.114 - - [31/Mar/2009:12:47:42 -0400] "GET /stylesheets/base_1238427290.css HTTP/1.1" 200 30105 "http://isppractices.econsultation.ca/" "Opera/9.64 (Windows NT 5.1; U; en) Presto/2.1.1"
76.10.155.113 - - [31/Mar/2009:12:47:43 -0400] "GET /profile/65154 HTTP/1.1" 200 11248 "http://isppractices.econsultation.ca/topics/show/7?root=308" "Mozilla/5.0 (Macintosh; U; Intel Mac OS X 10.5; en-US; rv:1.9.0.8) Gecko/2009032608 Firefox/3.0.8"
216.106.100.114 - - [31/Mar/2009:12:47:42 -0400] "GET /javascripts/base_1238187983.js HTTP/1.1" 200 97264 "http://isppractices.econsultation.ca/" "Opera/9.64 (Windows NT 5.1; U; en) Presto/2.1.1"
216.106.100.114 - - [31/Mar/2009:12:47:46 -0400] "GET /favicon.ico HTTP/1.1" 200 - "http://isppractices.econsultation.ca/" "Opera/9.64 (Windows NT 5.1; U; en) Presto/2.1.1"
216.106.100.114 - - [31/Mar/2009:12:47:46 -0400] "GET /images/feed-icon-14x14.png HTTP/1.1" 200 689 "http://isppractices.econsultation.ca/" "Opera/9.64 (Windows NT 5.1; U; en) Presto/2.1.1"
216.106.100.114 - - [31/Mar/2009:12:47:46 -0400] "GET /images/search_go_1.jpg HTTP/1.1" 200 665 "http://isppractices.econsultation.ca/" "Opera/9.64 (Windows NT 5.1; U; en) Presto/2.1.1"
216.106.100.114 - - [31/Mar/2009:12:47:46 -0400] "GET /images/topNav_endCurve.png HTTP/1.1" 200 433 "http://isppractices.econsultation.ca/" "Opera/9.64 (Windows NT 5.1; U; en) Presto/2.1.1"
216.106.100.114 - - [31/Mar/2009:12:47:46 -0400] "GET /images/nanos_icon_23.png HTTP/1.1" 200 4797 "http://isppractices.econsultation.ca/" "Opera/9.64 (Windows NT 5.1; U; en) Presto/2.1.1"
70.64.128.113 - - [31/Mar/2009:12:47:46 -0400] "GET / HTTP/1.1" 200 16529 "-" "Mozilla/4.0 (compatible; MSIE 6.0; Windows NT 5.1; SV1; .NET CLR 1.1.4322; .NET CLR 2.0.50727; .NET CLR 3.0.04506.30)"
216.106.100.114 - - [31/Mar/2009:12:47:46 -0400] "GET /images/CRTC_2_1300px.jpg HTTP/1.1" 200 72085 "http://isppractices.econsultation.ca/" "Opera/9.64 (Windows NT 5.1; U; en) Presto/2.1.1"
216.106.100.114 - - [31/Mar/2009:12:47:48 -0400] "GET /images/nanos_icon_23.png HTTP/1.1" 200 4797 "http://isppractices.econsultation.ca/" "Opera/9.64 (Windows NT 5.1; U; en) Presto/2.1.1"
76.10.155.113 - - [31/Mar/2009:12:47:51 -0400] "GET /profile/65026 HTTP/1.1" 200 13730 "http://isppractices.econsultation.ca/topics/show/7?root=308" "Mozilla/5.0 (Macintosh; U; Intel Mac OS X 10.5; en-US; rv:1.9.0.8) Gecko/2009032608 Firefox/3.0.8"
76.10.155.113 - - [31/Mar/2009:12:47:51 -0400] "GET /images/topNav_endCurve_black.png HTTP/1.1" 200 447 "http://isppractices.econsultation.ca/stylesheets/base_1238427290.css" "Mozilla/5.0 (Macintosh; U; Intel Mac OS X 10.5; en-US; rv:1.9.0.8) Gecko/2009032608 Firefox/3.0.8"
69.196.147.210 - - [31/Mar/2009:12:47:54 -0400] "GET / HTTP/1.1" 200 16529 "http://www.newswire.ca/en/releases/archive/March2009/31/c5949.html" "Mozilla/5.0 (Windows; U; Windows NT 5.1; en-GB; rv:1.9.0.8) Gecko/2009032609 Firefox/3.0.8 (.NET CLR 3.5.30729)"
69.196.147.210 - - [31/Mar/2009:12:47:55 -0400] "GET /stylesheets/print.css HTTP/1.1" 200 321 "http://isppractices.econsultation.ca/" "Mozilla/5.0 (Windows; U; Windows NT 5.1; en-GB; rv:1.9.0.8) Gecko/2009032609 Firefox/3.0.8 (.NET CLR 3.5.30729)"
69.196.147.210 - - [31/Mar/2009:12:47:55 -0400] "GET /stylesheets/base_1238427290.css HTTP/1.1" 200 30105 "http://isppractices.econsultation.ca/" "Mozilla/5.0 (Windows; U; Windows NT 5.1; en-GB; rv:1.9.0.8) Gecko/2009032609 Firefox/3.0.8 (.NET CLR 3.5.30729)"
69.196.147.210 - - [31/Mar/2009:12:47:55 -0400] "GET /javascripts/base_1238187983.js HTTP/1.1" 200 97264 "http://isppractices.econsultation.ca/" "Mozilla/5.0 (Windows; U; Windows NT 5.1; en-GB; rv:1.9.0.8) Gecko/2009032609 Firefox/3.0.8 (.NET CLR 3.5.30729)"
69.196.147.210 - - [31/Mar/2009:12:47:56 -0400] "GET /favicon.ico HTTP/1.1" 200 - "-" "Mozilla/5.0 (Windows; U; Windows NT 5.1; en-GB; rv:1.9.0.8) Gecko/2009032609 Firefox/3.0.8 (.NET CLR 3.5.30729)"
69.196.147.210 - - [31/Mar/2009:12:47:56 -0400] "GET /images/search_go_1.jpg HTTP/1.1" 200 665 "http://isppractices.econsultation.ca/" "Mozilla/5.0 (Windows; U; Windows NT 5.1; en-GB; rv:1.9.0.8) Gecko/2009032609 Firefox/3.0.8 (.NET CLR 3.5.30729)"
69.196.147.210 - - [31/Mar/2009:12:47:56 -0400] "GET /images/feed-icon-14x14.png HTTP/1.1" 200 689 "http://isppractices.econsultation.ca/" "Mozilla/5.0 (Windows; U; Windows NT 5.1; en-GB; rv:1.9.0.8) Gecko/2009032609 Firefox/3.0.8 (.NET CLR 3.5.30729)"
69.196.147.210 - - [31/Mar/2009:12:47:56 -0400] "GET /images/nanos_icon_23.png HTTP/1.1" 200 4797 "http://isppractices.econsultation.ca/" "Mozilla/5.0 (Windows; U; Windows NT 5.1; en-GB; rv:1.9.0.8) Gecko/2009032609 Firefox/3.0.8 (.NET CLR 3.5.30729)"
69.196.147.210 - - [31/Mar/2009:12:47:56 -0400] "GET /images/topNav_endCurve.png HTTP/1.1" 200 433 "http://isppractices.econsultation.ca/stylesheets/base_1238427290.css" "Mozilla/5.0 (Windows; U; Windows NT 5.1; en-GB; rv:1.9.0.8) Gecko/2009032609 Firefox/3.0.8 (.NET CLR 3.5.30729)"
69.196.147.210 - - [31/Mar/2009:12:47:56 -0400] "GET /images/CRTC_2_1300px.jpg HTTP/1.1" 200 72085 "http://isppractices.econsultation.ca/stylesheets/base_1238427290.css" "Mozilla/5.0 (Windows; U; Windows NT 5.1; en-GB; rv:1.9.0.8) Gecko/2009032609 Firefox/3.0.8 (.NET CLR 3.5.30729)"
76.68.38.29 - - [31/Mar/2009:12:48:02 -0400] "GET / HTTP/1.1" 200 16529 "http://www.crtc.gc.ca/eng/redirect.asp?URL=http://isppractices.econsultation.ca/" "Mozilla/5.0 (Macintosh; U; Intel Mac OS X 10_4_11; en) AppleWebKit/525.27.1 (KHTML, like Gecko) Version/3.2.1 Safari/525.27.1"
76.68.38.29 - - [31/Mar/2009:12:48:03 -0400] "GET /stylesheets/print.css HTTP/1.1" 200 321 "http://isppractices.econsultation.ca/" "Mozilla/5.0 (Macintosh; U; Intel Mac OS X 10_4_11; en) AppleWebKit/525.27.1 (KHTML, like Gecko) Version/3.2.1 Safari/525.27.1"
76.68.38.29 - - [31/Mar/2009:12:48:03 -0400] "GET /favicon.ico HTTP/1.1" 200 - "http://isppractices.econsultation.ca/" "Mozilla/5.0 (Macintosh; U; Intel Mac OS X 10_4_11; en) AppleWebKit/525.27.1 (KHTML, like Gecko) Version/3.2.1 Safari/525.27.1"
76.68.38.29 - - [31/Mar/2009:12:48:03 -0400] "GET /stylesheets/base_1238427290.css HTTP/1.1" 200 30105 "http://isppractices.econsultation.ca/" "Mozilla/5.0 (Macintosh; U; Intel Mac OS X 10_4_11; en) AppleWebKit/525.27.1 (KHTML, like Gecko) Version/3.2.1 Safari/525.27.1"
76.68.38.29 - - [31/Mar/2009:12:48:03 -0400] "GET /javascripts/base_1238187983.js HTTP/1.1" 200 97264 "http://isppractices.econsultation.ca/" "Mozilla/5.0 (Macintosh; U; Intel Mac OS X 10_4_11; en) AppleWebKit/525.27.1 (KHTML, like Gecko) Version/3.2.1 Safari/525.27.1"
76.68.38.29 - - [31/Mar/2009:12:48:04 -0400] "GET /images/topNav_endCurve.png HTTP/1.1" 200 433 "http://isppractices.econsultation.ca/" "Mozilla/5.0 (Macintosh; U; Intel Mac OS X 10_4_11; en) AppleWebKit/525.27.1 (KHTML, like Gecko) Version/3.2.1 Safari/525.27.1"
76.68.38.29 - - [31/Mar/2009:12:48:04 -0400] "GET /images/search_go_1.jpg HTTP/1.1" 200 665 "http://isppractices.econsultation.ca/" "Mozilla/5.0 (Macintosh; U; Intel Mac OS X 10_4_11; en) AppleWebKit/525.27.1 (KHTML, like Gecko) Version/3.2.1 Safari/525.27.1"
76.68.38.29 - - [31/Mar/2009:12:48:04 -0400] "GET /images/feed-icon-14x14.png HTTP/1.1" 200 689 "http://isppractices.econsultation.ca/" "Mozilla/5.0 (Macintosh; U; Intel Mac OS X 10_4_11; en) AppleWebKit/525.27.1 (KHTML, like Gecko) Version/3.2.1 Safari/525.27.1"
76.68.38.29 - - [31/Mar/2009:12:48:04 -0400] "GET /images/CRTC_2_1300px.jpg HTTP/1.1" 200 72085 "http://isppractices.econsultation.ca/" "Mozilla/5.0 (Macintosh; U; Intel Mac OS X 10_4_11; en) AppleWebKit/525.27.1 (KHTML, like Gecko) Version/3.2.1 Safari/525.27.1"
76.68.38.29 - - [31/Mar/2009:12:48:04 -0400] "GET /images/nanos_icon_23.png HTTP/1.1" 200 4797 "http://isppractices.econsultation.ca/" "Mozilla/5.0 (Macintosh; U; Intel Mac OS X 10_4_11; en) AppleWebKit/525.27.1 (KHTML, like Gecko) Version/3.2.1 Safari/525.27.1"
76.10.155.113 - - [31/Mar/2009:12:48:08 -0400] "GET /topics/show/8?root=304 HTTP/1.1" 200 18882 "http://isppractices.econsultation.ca/profile/65026" "Mozilla/5.0 (Macintosh; U; Intel Mac OS X 10.5; en-US; rv:1.9.0.8) Gecko/2009032608 Firefox/3.0.8"
76.10.155.113 - - [31/Mar/2009:12:48:09 -0400] "POST /talk/mark/304 HTTP/1.1" 201 1 "http://isppractices.econsultation.ca/topics/show/8?root=304" "Mozilla/5.0 (Macintosh; U; Intel Mac OS X 10.5; en-US; rv:1.9.0.8) Gecko/2009032608 Firefox/3.0.8"
