64.42.217.69 - - [31/Mar/2009:11:31:32 -0400] "GET /images/topNav_endCurve.png HTTP/1.1" 200 433 "-" "Mozilla/4.0 (compatible; MSIE 6.0; Windows NT 5.1; SV1; .NET CLR 1.1.4322)"
64.42.217.69 - - [31/Mar/2009:11:31:32 -0400] "GET /images/nanos_icon_23.png HTTP/1.1" 200 4797 "http://isppractices.econsultation.ca/" "Mozilla/4.0 (compatible; MSIE 6.0; Windows NT 5.1; SV1; .NET CLR 1.1.4322)"
64.42.217.69 - - [31/Mar/2009:11:31:32 -0400] "GET /images/CRTC_2_1300px.jpg HTTP/1.1" 200 72085 "http://isppractices.econsultation.ca/" "Mozilla/4.0 (compatible; MSIE 6.0; Windows NT 5.1; SV1; .NET CLR 1.1.4322)"
216.252.76.42 - - [31/Mar/2009:11:31:44 -0400] "GET /topic/7/talk/new?parent_id=0 HTTP/1.1" 302 108 "http://isppractices.econsultation.ca/topics/show/7" "Mozilla/5.0 (Windows; U; Windows NT 6.0; en-US; rv:1.9.1b4pre) Gecko/20090328 Shiretoko/3.5b4pre"
216.252.76.42 - - [31/Mar/2009:11:31:44 -0400] "GET /login HTTP/1.1" 200 10114 "http://isppractices.econsultation.ca/topics/show/7" "Mozilla/5.0 (Windows; U; Windows NT 6.0; en-US; rv:1.9.1b4pre) Gecko/20090328 Shiretoko/3.5b4pre"
216.252.76.42 - - [31/Mar/2009:11:31:45 -0400] "GET /images/information.png HTTP/1.1" 200 918 "http://isppractices.econsultation.ca/stylesheets/base_1238427290.css" "Mozilla/5.0 (Windows; U; Windows NT 6.0; en-US; rv:1.9.1b4pre) Gecko/20090328 Shiretoko/3.5b4pre"
206.80.252.34 - - [31/Mar/2009:11:31:51 -0400] "GET /topics/show/7 HTTP/1.1" 200 18309 "http://isppractices.econsultation.ca/" "Mozilla/5.0 (Macintosh; U; Intel Mac OS X 10_5_6; en-us) AppleWebKit/528.16 (KHTML, like Gecko) Version/4.0 Safari/528.16"
206.80.252.34 - - [31/Mar/2009:11:31:51 -0400] "GET /images/comment_bw.png HTTP/1.1" 200 384 "http://isppractices.econsultation.ca/topics/show/7" "Mozilla/5.0 (Macintosh; U; Intel Mac OS X 10_5_6; en-us) AppleWebKit/528.16 (KHTML, like Gecko) Version/4.0 Safari/528.16"
206.80.252.34 - - [31/Mar/2009:11:31:51 -0400] "GET /images/arrows.png HTTP/1.1" 200 216 "http://isppractices.econsultation.ca/topics/show/7" "Mozilla/5.0 (Macintosh; U; Intel Mac OS X 10_5_6; en-us) AppleWebKit/528.16 (KHTML, like Gecko) Version/4.0 Safari/528.16"
206.80.252.34 - - [31/Mar/2009:11:31:51 -0400] "GET /images/BOX-BACK.jpg HTTP/1.1" 200 1025 "http://isppractices.econsultation.ca/topics/show/7" "Mozilla/5.0 (Macintosh; U; Intel Mac OS X 10_5_6; en-us) AppleWebKit/528.16 (KHTML, like Gecko) Version/4.0 Safari/528.16"
206.80.252.34 - - [31/Mar/2009:11:31:51 -0400] "GET /avatars/0000/0001/pic_nik_thumb.jpg?1237573168 HTTP/1.1" 200 5862 "http://isppractices.econsultation.ca/topics/show/7" "Mozilla/5.0 (Macintosh; U; Intel Mac OS X 10_5_6; en-us) AppleWebKit/528.16 (KHTML, like Gecko) Version/4.0 Safari/528.16"
206.80.252.34 - - [31/Mar/2009:11:31:57 -0400] "GET /topics/show/8 HTTP/1.1" 200 13161 "http://isppractices.econsultation.ca/topics/show/7" "Mozilla/5.0 (Macintosh; U; Intel Mac OS X 10_5_6; en-us) AppleWebKit/528.16 (KHTML, like Gecko) Version/4.0 Safari/528.16"
206.80.252.34 - - [31/Mar/2009:11:32:03 -0400] "GET /topics/show/9 HTTP/1.1" 200 15570 "http://isppractices.econsultation.ca/topics/show/8" "Mozilla/5.0 (Macintosh; U; Intel Mac OS X 10_5_6; en-us) AppleWebKit/528.16 (KHTML, like Gecko) Version/4.0 Safari/528.16"
67.212.16.56 - - [31/Mar/2009:11:32:05 -0400] "GET / HTTP/1.1" 200 12931 "-" "Mozilla/5.0 (X11; U; Linux x86_64; en-US; rv:1.9.0.8) Gecko/2009032712 Ubuntu/8.10 (intrepid) Firefox/3.0.8"
67.212.16.56 - - [31/Mar/2009:11:32:05 -0400] "GET /stylesheets/print.css HTTP/1.1" 200 321 "http://isppractices.econsultation.ca/" "Mozilla/5.0 (X11; U; Linux x86_64; en-US; rv:1.9.0.8) Gecko/2009032712 Ubuntu/8.10 (intrepid) Firefox/3.0.8"
67.212.16.56 - - [31/Mar/2009:11:32:05 -0400] "GET /stylesheets/base_1238427290.css HTTP/1.1" 200 30105 "http://isppractices.econsultation.ca/" "Mozilla/5.0 (X11; U; Linux x86_64; en-US; rv:1.9.0.8) Gecko/2009032712 Ubuntu/8.10 (intrepid) Firefox/3.0.8"
67.212.16.56 - - [31/Mar/2009:11:32:05 -0400] "GET /javascripts/base_1238187983.js HTTP/1.1" 200 97264 "http://isppractices.econsultation.ca/" "Mozilla/5.0 (X11; U; Linux x86_64; en-US; rv:1.9.0.8) Gecko/2009032712 Ubuntu/8.10 (intrepid) Firefox/3.0.8"
67.212.16.56 - - [31/Mar/2009:11:32:06 -0400] "GET /images/search_go_1.jpg HTTP/1.1" 200 665 "http://isppractices.econsultation.ca/" "Mozilla/5.0 (X11; U; Linux x86_64; en-US; rv:1.9.0.8) Gecko/2009032712 Ubuntu/8.10 (intrepid) Firefox/3.0.8"
67.212.16.56 - - [31/Mar/2009:11:32:06 -0400] "GET /images/feed-icon-14x14.png HTTP/1.1" 200 689 "http://isppractices.econsultation.ca/" "Mozilla/5.0 (X11; U; Linux x86_64; en-US; rv:1.9.0.8) Gecko/2009032712 Ubuntu/8.10 (intrepid) Firefox/3.0.8"
67.212.16.56 - - [31/Mar/2009:11:32:06 -0400] "GET /images/topNav_endCurve.png HTTP/1.1" 200 433 "http://isppractices.econsultation.ca/stylesheets/base_1238427290.css" "Mozilla/5.0 (X11; U; Linux x86_64; en-US; rv:1.9.0.8) Gecko/2009032712 Ubuntu/8.10 (intrepid) Firefox/3.0.8"
67.212.16.56 - - [31/Mar/2009:11:32:06 -0400] "GET /images/nanos_icon_23.png HTTP/1.1" 200 4797 "http://isppractices.econsultation.ca/" "Mozilla/5.0 (X11; U; Linux x86_64; en-US; rv:1.9.0.8) Gecko/2009032712 Ubuntu/8.10 (intrepid) Firefox/3.0.8"
67.212.16.56 - - [31/Mar/2009:11:32:06 -0400] "GET /images/CRTC_2_1300px.jpg HTTP/1.1" 200 72085 "http://isppractices.econsultation.ca/stylesheets/base_1238427290.css" "Mozilla/5.0 (X11; U; Linux x86_64; en-US; rv:1.9.0.8) Gecko/2009032712 Ubuntu/8.10 (intrepid) Firefox/3.0.8"
67.212.16.56 - - [31/Mar/2009:11:32:07 -0400] "GET /favicon.ico HTTP/1.1" 200 - "-" "Mozilla/5.0 (X11; U; Linux x86_64; en-US; rv:1.9.0.8) Gecko/2009032712 Ubuntu/8.10 (intrepid) Firefox/3.0.8"
216.252.76.42 - - [31/Mar/2009:11:32:12 -0400] "GET /register HTTP/1.1" 200 11101 "http://isppractices.econsultation.ca/login" "Mozilla/5.0 (Windows; U; Windows NT 6.0; en-US; rv:1.9.1b4pre) Gecko/20090328 Shiretoko/3.5b4pre"
216.252.76.42 - - [31/Mar/2009:11:32:31 -0400] "POST /register HTTP/1.1" 302 103 "http://isppractices.econsultation.ca/register" "Mozilla/5.0 (Windows; U; Windows NT 6.0; en-US; rv:1.9.1b4pre) Gecko/20090328 Shiretoko/3.5b4pre"
216.252.76.42 - - [31/Mar/2009:11:32:31 -0400] "GET / HTTP/1.1" 200 7906 "http://isppractices.econsultation.ca/register" "Mozilla/5.0 (Windows; U; Windows NT 6.0; en-US; rv:1.9.1b4pre) Gecko/20090328 Shiretoko/3.5b4pre"
216.252.76.42 - - [31/Mar/2009:11:32:41 -0400] "GET /topics/show/7 HTTP/1.1" 200 13263 "http://isppractices.econsultation.ca/" "Mozilla/5.0 (Windows; U; Windows NT 6.0; en-US; rv:1.9.1b4pre) Gecko/20090328 Shiretoko/3.5b4pre"
72.14.199.124 - - [31/Mar/2009:11:32:49 -0400] "GET /rss?lang=en HTTP/1.1" 302 104 "-" "Feedfetcher-Google; (+http://www.google.com/feedfetcher.html; 2 subscribers; feed-id=518107557527150018)"
72.14.199.124 - - [31/Mar/2009:11:32:53 -0400] "GET / HTTP/1.1" 200 11569 "-" "Feedfetcher-Google; (+http://www.google.com/feedfetcher.html; 2 subscribers; feed-id=518107557527150018)"
216.252.76.42 - - [31/Mar/2009:11:32:56 -0400] "GET /topic/7/talk/new?parent_id=0 HTTP/1.1" 200 6337 "http://isppractices.econsultation.ca/topics/show/7" "Mozilla/5.0 (Windows; U; Windows NT 6.0; en-US; rv:1.9.1b4pre) Gecko/20090328 Shiretoko/3.5b4pre"
64.26.128.206 - - [31/Mar/2009:11:32:58 -0400] "GET /topics/show/7?root=302 HTTP/1.1" 200 18309 "http://isppractices.econsultation.ca/" "Mozilla/5.0 (Macintosh; U; Intel Mac OS X 10.5; en-US; rv:1.9.0.3) Gecko/2008092414 Firefox/3.0.3"
64.26.128.206 - - [31/Mar/2009:11:32:58 -0400] "GET /images/comment_bw.png HTTP/1.1" 200 384 "http://isppractices.econsultation.ca/stylesheets/base_1238427290.css" "Mozilla/5.0 (Macintosh; U; Intel Mac OS X 10.5; en-US; rv:1.9.0.3) Gecko/2008092414 Firefox/3.0.3"
64.26.128.206 - - [31/Mar/2009:11:32:58 -0400] "GET /images/BOX-BACK.jpg HTTP/1.1" 200 1025 "http://isppractices.econsultation.ca/stylesheets/base_1238427290.css" "Mozilla/5.0 (Macintosh; U; Intel Mac OS X 10.5; en-US; rv:1.9.0.3) Gecko/2008092414 Firefox/3.0.3"
64.26.128.206 - - [31/Mar/2009:11:32:59 -0400] "GET /avatars/0000/0001/pic_nik_thumb.jpg?1237573168 HTTP/1.1" 200 5862 "http://isppractices.econsultation.ca/topics/show/7?root=302" "Mozilla/5.0 (Macintosh; U; Intel Mac OS X 10.5; en-US; rv:1.9.0.3) Gecko/2008092414 Firefox/3.0.3"
64.26.128.206 - - [31/Mar/2009:11:32:59 -0400] "GET /images/arrows.png HTTP/1.1" 200 216 "http://isppractices.econsultation.ca/stylesheets/base_1238427290.css" "Mozilla/5.0 (Macintosh; U; Intel Mac OS X 10.5; en-US; rv:1.9.0.3) Gecko/2008092414 Firefox/3.0.3"
64.26.128.206 - - [31/Mar/2009:11:32:59 -0400] "POST /talk/mark/302 HTTP/1.1" 201 1 "http://isppractices.econsultation.ca/topics/show/7?root=302" "Mozilla/5.0 (Macintosh; U; Intel Mac OS X 10.5; en-US; rv:1.9.0.3) Gecko/2008092414 Firefox/3.0.3"
150.70.84.44 - - [31/Mar/2009:11:33:12 -0400] "GET /topics/show/8 HTTP/1.0" 200 13161 "-" "Mozilla/4.0 (compatible; MSIE 6.0; Windows NT 5.1)"
64.26.128.206 - - [31/Mar/2009:11:33:19 -0400] "GET /images/topNav_endCurve_black.png HTTP/1.1" 200 447 "http://isppractices.econsultation.ca/stylesheets/base_1238427290.css" "Mozilla/5.0 (Macintosh; U; Intel Mac OS X 10.5; en-US; rv:1.9.0.3) Gecko/2008092414 Firefox/3.0.3"
150.70.84.44 - - [31/Mar/2009:11:33:27 -0400] "GET /topics/show/7 HTTP/1.0" 200 18309 "-" "Mozilla/4.0 (compatible; MSIE 6.0; Windows NT 5.1)"
209.226.73.4 - - [31/Mar/2009:11:33:58 -0400] "GET /topics/show/10 HTTP/1.1" 200 9780 "http://isppractices.econsultation.ca/topics/show/9" "Mozilla/5.0 (Windows; U; Windows NT 5.1; en-US; rv:1.9.0.8) Gecko/2009032609 Firefox/3.0.8"
216.123.211.13 - - [31/Mar/2009:11:34:05 -0400] "GET /topics/show/7 HTTP/1.0" 200 18309 "http://isppractices.econsultation.ca/topics/show/6" "Mozilla/4.0 (compatible; MSIE 6.0; Windows NT 5.1; SV1; .NET CLR 1.1.4322; .NET CLR 2.0.50727; InfoPath.1; MS-RTC LM 8)"
204.209.209.129 - - [31/Mar/2009:11:34:08 -0400] "GET /rss?lang=en HTTP/1.1" 200 3912 "-" "Windows-RSS-Platform/1.0 (MSIE 7.0; Windows NT 5.1)"
209.226.73.4 - - [31/Mar/2009:11:34:11 -0400] "GET /topics/show/11 HTTP/1.1" 200 8358 "http://isppractices.econsultation.ca/topics/show/10" "Mozilla/5.0 (Windows; U; Windows NT 5.1; en-US; rv:1.9.0.8) Gecko/2009032609 Firefox/3.0.8"
206.248.154.94 - - [31/Mar/2009:11:34:40 -0400] "GET /topics/show/8 HTTP/1.1" 200 13161 "http://isppractices.econsultation.ca/topics/show/7" "Mozilla/5.0 (Macintosh; U; Intel Mac OS X 10_5_6; en-us) AppleWebKit/528.16 (KHTML, like Gecko) Version/4.0 Safari/528.16"
216.123.211.13 - - [31/Mar/2009:11:34:43 -0400] "GET /topics/show/8 HTTP/1.0" 200 13161 "http://isppractices.econsultation.ca/topics/show/7" "Mozilla/4.0 (compatible; MSIE 6.0; Windows NT 5.1; SV1; .NET CLR 1.1.4322; .NET CLR 2.0.50727; InfoPath.1; MS-RTC LM 8)"
206.248.154.94 - - [31/Mar/2009:11:35:08 -0400] "GET /topics/show/11 HTTP/1.1" 200 13401 "http://isppractices.econsultation.ca/topics/show/8" "Mozilla/5.0 (Macintosh; U; Intel Mac OS X 10_5_6; en-us) AppleWebKit/528.16 (KHTML, like Gecko) Version/4.0 Safari/528.16"
216.123.211.13 - - [31/Mar/2009:11:35:13 -0400] "GET /topics/show/9 HTTP/1.0" 200 15570 "http://isppractices.econsultation.ca/topics/show/8" "Mozilla/4.0 (compatible; MSIE 6.0; Windows NT 5.1; SV1; .NET CLR 1.1.4322; .NET CLR 2.0.50727; InfoPath.1; MS-RTC LM 8)"
64.13.147.189 - - [31/Mar/2009:11:35:15 -0400] "HEAD / HTTP/1.1" 200 - "-" "Mozilla/5.0 (compatible; EllerdaleBot/ 1.0; +http://www.ellerdale.com/crawler.html)"
74.126.19.26 - - [31/Mar/2009:11:35:24 -0400] "HEAD / HTTP/1.1" 200 - "http://twitturls.com/" "Mozilla/5.0 (compatible; Twitturls; +http://twitturls.com)"
142.229.81.64 - - [31/Mar/2009:11:35:26 -0400] "GET / HTTP/1.1" 200 12931 "http://twitter.com/home" "Mozilla/4.0 (compatible; MSIE 6.0; Windows NT 5.1; SV1; .NET CLR 1.1.4322; .NET CLR 2.0.50727; .NET CLR 3.0.04506.30; InfoPath.1; MS-RTC LM 8)"
142.229.81.64 - - [31/Mar/2009:11:35:27 -0400] "GET /stylesheets/print.css HTTP/1.1" 304 - "http://isppractices.econsultation.ca/" "Mozilla/4.0 (compatible; MSIE 6.0; Windows NT 5.1; SV1; .NET CLR 1.1.4322; .NET CLR 2.0.50727; .NET CLR 3.0.04506.30; InfoPath.1; MS-RTC LM 8)"
142.229.81.64 - - [31/Mar/2009:11:35:27 -0400] "GET /javascripts/base_1238187983.js HTTP/1.1" 304 - "http://isppractices.econsultation.ca/" "Mozilla/4.0 (compatible; MSIE 6.0; Windows NT 5.1; SV1; .NET CLR 1.1.4322; .NET CLR 2.0.50727; .NET CLR 3.0.04506.30; InfoPath.1; MS-RTC LM 8)"
142.229.81.64 - - [31/Mar/2009:11:35:27 -0400] "GET /stylesheets/base_1238427290.css HTTP/1.1" 304 - "http://isppractices.econsultation.ca/" "Mozilla/4.0 (compatible; MSIE 6.0; Windows NT 5.1; SV1; .NET CLR 1.1.4322; .NET CLR 2.0.50727; .NET CLR 3.0.04506.30; InfoPath.1; MS-RTC LM 8)"
142.229.81.64 - - [31/Mar/2009:11:35:27 -0400] "GET /stylesheets/redesign_IE.css HTTP/1.1" 304 - "http://isppractices.econsultation.ca/" "Mozilla/4.0 (compatible; MSIE 6.0; Windows NT 5.1; SV1; .NET CLR 1.1.4322; .NET CLR 2.0.50727; .NET CLR 3.0.04506.30; InfoPath.1; MS-RTC LM 8)"
142.229.81.64 - - [31/Mar/2009:11:35:27 -0400] "GET /images/nanos_icon_23.png HTTP/1.1" 304 - "http://isppractices.econsultation.ca/" "Mozilla/4.0 (compatible; MSIE 6.0; Windows NT 5.1; SV1; .NET CLR 1.1.4322; .NET CLR 2.0.50727; .NET CLR 3.0.04506.30; InfoPath.1; MS-RTC LM 8)"
142.229.81.64 - - [31/Mar/2009:11:35:27 -0400] "GET /images/feed-icon-14x14.png HTTP/1.1" 304 - "http://isppractices.econsultation.ca/" "Mozilla/4.0 (compatible; MSIE 6.0; Windows NT 5.1; SV1; .NET CLR 1.1.4322; .NET CLR 2.0.50727; .NET CLR 3.0.04506.30; InfoPath.1; MS-RTC LM 8)"
142.229.81.64 - - [31/Mar/2009:11:35:27 -0400] "GET /images/search_go_1.jpg HTTP/1.1" 304 - "http://isppractices.econsultation.ca/" "Mozilla/4.0 (compatible; MSIE 6.0; Windows NT 5.1; SV1; .NET CLR 1.1.4322; .NET CLR 2.0.50727; .NET CLR 3.0.04506.30; InfoPath.1; MS-RTC LM 8)"
142.229.81.64 - - [31/Mar/2009:11:35:27 -0400] "GET /images/topNav_endCurve.png HTTP/1.1" 304 - "-" "Mozilla/4.0 (compatible; MSIE 6.0; Windows NT 5.1; SV1; .NET CLR 1.1.4322; .NET CLR 2.0.50727; .NET CLR 3.0.04506.30; InfoPath.1; MS-RTC LM 8)"
142.229.81.64 - - [31/Mar/2009:11:35:27 -0400] "GET /images/CRTC_2_1300px.jpg HTTP/1.1" 304 - "http://isppractices.econsultation.ca/" "Mozilla/4.0 (compatible; MSIE 6.0; Windows NT 5.1; SV1; .NET CLR 1.1.4322; .NET CLR 2.0.50727; .NET CLR 3.0.04506.30; InfoPath.1; MS-RTC LM 8)"
192.197.178.2 - - [31/Mar/2009:11:35:36 -0400] "GET /topics/show/11 HTTP/1.1" 200 13401 "http://isppractices.econsultation.ca/topics/show/10" "Mozilla/4.0 (compatible; MSIE 6.0; Windows NT 5.1; SV1; GTB5; .NET CLR 2.0.50727)"
206.132.183.55 - - [31/Mar/2009:11:35:40 -0400] "GET / HTTP/1.1" 200 12951 "-" "Mozilla/4.0 (compatible; MSIE 7.0; Windows NT 5.1)"
206.132.183.55 - - [31/Mar/2009:11:35:42 -0400] "GET /stylesheets/print.css HTTP/1.1" 200 321 "http://isppractices.econsultation.ca./" "Mozilla/4.0 (compatible; MSIE 7.0; Windows NT 5.1)"
206.132.183.55 - - [31/Mar/2009:11:35:41 -0400] "GET /stylesheets/base_1238427290.css HTTP/1.1" 200 30105 "http://isppractices.econsultation.ca./" "Mozilla/4.0 (compatible; MSIE 7.0; Windows NT 5.1)"
206.132.183.55 - - [31/Mar/2009:11:35:42 -0400] "GET /stylesheets/redesign_IE.css HTTP/1.1" 200 4221 "http://isppractices.econsultation.ca./" "Mozilla/4.0 (compatible; MSIE 7.0; Windows NT 5.1)"
206.132.183.55 - - [31/Mar/2009:11:35:42 -0400] "GET /javascripts/base_1238187983.js HTTP/1.1" 200 97264 "http://isppractices.econsultation.ca./" "Mozilla/4.0 (compatible; MSIE 7.0; Windows NT 5.1)"
206.132.183.55 - - [31/Mar/2009:11:35:43 -0400] "GET /images/search_go_1.jpg HTTP/1.1" 200 665 "http://isppractices.econsultation.ca./" "Mozilla/4.0 (compatible; MSIE 7.0; Windows NT 5.1)"
206.132.183.55 - - [31/Mar/2009:11:35:43 -0400] "GET /images/feed-icon-14x14.png HTTP/1.1" 200 689 "http://isppractices.econsultation.ca./" "Mozilla/4.0 (compatible; MSIE 7.0; Windows NT 5.1)"
206.132.183.55 - - [31/Mar/2009:11:35:43 -0400] "GET /images/nanos_icon_23.png HTTP/1.1" 200 4797 "http://isppractices.econsultation.ca./" "Mozilla/4.0 (compatible; MSIE 7.0; Windows NT 5.1)"
206.132.183.55 - - [31/Mar/2009:11:35:44 -0400] "GET /images/topNav_endCurve.png HTTP/1.1" 200 433 "http://isppractices.econsultation.ca./" "Mozilla/4.0 (compatible; MSIE 7.0; Windows NT 5.1)"
206.132.183.55 - - [31/Mar/2009:11:35:43 -0400] "GET /images/CRTC_2_1300px.jpg HTTP/1.1" 200 72085 "http://isppractices.econsultation.ca./" "Mozilla/4.0 (compatible; MSIE 7.0; Windows NT 5.1)"
206.132.183.55 - - [31/Mar/2009:11:35:45 -0400] "GET /favicon.ico HTTP/1.1" 200 - "-" "Mozilla/4.0 (compatible; MSIE 7.0; Windows NT 5.1)"
216.123.211.13 - - [31/Mar/2009:11:35:46 -0400] "GET /topics/show/10 HTTP/1.0" 200 14823 "http://isppractices.econsultation.ca/topics/show/9" "Mozilla/4.0 (compatible; MSIE 6.0; Windows NT 5.1; SV1; .NET CLR 1.1.4322; .NET CLR 2.0.50727; InfoPath.1; MS-RTC LM 8)"
142.229.81.64 - - [31/Mar/2009:11:35:57 -0400] "GET /stylesheets/base_1238427290.css HTTP/1.1" 304 - "http://isppractices.econsultation.ca/topics/show/7" "Mozilla/4.0 (compatible; MSIE 6.0; Windows NT 5.1; SV1; .NET CLR 1.1.4322; .NET CLR 2.0.50727; .NET CLR 3.0.04506.30; InfoPath.1; MS-RTC LM 8)"
142.229.81.64 - - [31/Mar/2009:11:35:56 -0400] "GET /topics/show/7 HTTP/1.1" 200 18309 "http://isppractices.econsultation.ca/" "Mozilla/4.0 (compatible; MSIE 6.0; Windows NT 5.1; SV1; .NET CLR 1.1.4322; .NET CLR 2.0.50727; .NET CLR 3.0.04506.30; InfoPath.1; MS-RTC LM 8)"
142.229.81.64 - - [31/Mar/2009:11:35:57 -0400] "GET /javascripts/base_1238187983.js HTTP/1.1" 304 - "http://isppractices.econsultation.ca/topics/show/7" "Mozilla/4.0 (compatible; MSIE 6.0; Windows NT 5.1; SV1; .NET CLR 1.1.4322; .NET CLR 2.0.50727; .NET CLR 3.0.04506.30; InfoPath.1; MS-RTC LM 8)"
142.229.81.64 - - [31/Mar/2009:11:35:57 -0400] "GET /stylesheets/print.css HTTP/1.1" 304 - "http://isppractices.econsultation.ca/topics/show/7" "Mozilla/4.0 (compatible; MSIE 6.0; Windows NT 5.1; SV1; .NET CLR 1.1.4322; .NET CLR 2.0.50727; .NET CLR 3.0.04506.30; InfoPath.1; MS-RTC LM 8)"
142.229.81.64 - - [31/Mar/2009:11:35:57 -0400] "GET /stylesheets/redesign_IE.css HTTP/1.1" 304 - "http://isppractices.econsultation.ca/topics/show/7" "Mozilla/4.0 (compatible; MSIE 6.0; Windows NT 5.1; SV1; .NET CLR 1.1.4322; .NET CLR 2.0.50727; .NET CLR 3.0.04506.30; InfoPath.1; MS-RTC LM 8)"
142.229.81.64 - - [31/Mar/2009:11:35:57 -0400] "GET /images/search_go_1.jpg HTTP/1.1" 304 - "http://isppractices.econsultation.ca/topics/show/7" "Mozilla/4.0 (compatible; MSIE 6.0; Windows NT 5.1; SV1; .NET CLR 1.1.4322; .NET CLR 2.0.50727; .NET CLR 3.0.04506.30; InfoPath.1; MS-RTC LM 8)"
142.229.81.64 - - [31/Mar/2009:11:35:57 -0400] "GET /images/feed-icon-14x14.png HTTP/1.1" 304 - "http://isppractices.econsultation.ca/topics/show/7" "Mozilla/4.0 (compatible; MSIE 6.0; Windows NT 5.1; SV1; .NET CLR 1.1.4322; .NET CLR 2.0.50727; .NET CLR 3.0.04506.30; InfoPath.1; MS-RTC LM 8)"
142.229.81.64 - - [31/Mar/2009:11:35:57 -0400] "GET /images/CRTC_2_1300px.jpg HTTP/1.1" 304 - "http://isppractices.econsultation.ca/topics/show/7" "Mozilla/4.0 (compatible; MSIE 6.0; Windows NT 5.1; SV1; .NET CLR 1.1.4322; .NET CLR 2.0.50727; .NET CLR 3.0.04506.30; InfoPath.1; MS-RTC LM 8)"
142.229.81.64 - - [31/Mar/2009:11:35:57 -0400] "GET /images/topNav_endCurve.png HTTP/1.1" 304 - "-" "Mozilla/4.0 (compatible; MSIE 6.0; Windows NT 5.1; SV1; .NET CLR 1.1.4322; .NET CLR 2.0.50727; .NET CLR 3.0.04506.30; InfoPath.1; MS-RTC LM 8)"
142.229.81.64 - - [31/Mar/2009:11:35:57 -0400] "GET /images/comment_bw.png HTTP/1.1" 200 384 "http://isppractices.econsultation.ca/topics/show/7" "Mozilla/4.0 (compatible; MSIE 6.0; Windows NT 5.1; SV1; .NET CLR 1.1.4322; .NET CLR 2.0.50727; .NET CLR 3.0.04506.30; InfoPath.1; MS-RTC LM 8)"
142.229.81.64 - - [31/Mar/2009:11:35:57 -0400] "GET /images/nanos_icon_23.png HTTP/1.1" 304 - "http://isppractices.econsultation.ca/topics/show/7" "Mozilla/4.0 (compatible; MSIE 6.0; Windows NT 5.1; SV1; .NET CLR 1.1.4322; .NET CLR 2.0.50727; .NET CLR 3.0.04506.30; InfoPath.1; MS-RTC LM 8)"
142.229.81.64 - - [31/Mar/2009:11:35:57 -0400] "GET /images/arrows.png HTTP/1.1" 200 216 "http://isppractices.econsultation.ca/topics/show/7" "Mozilla/4.0 (compatible; MSIE 6.0; Windows NT 5.1; SV1; .NET CLR 1.1.4322; .NET CLR 2.0.50727; .NET CLR 3.0.04506.30; InfoPath.1; MS-RTC LM 8)"
142.229.81.64 - - [31/Mar/2009:11:35:57 -0400] "GET /avatars/0000/0001/pic_nik_thumb.jpg?1237573168 HTTP/1.1" 200 5862 "http://isppractices.econsultation.ca/topics/show/7" "Mozilla/4.0 (compatible; MSIE 6.0; Windows NT 5.1; SV1; .NET CLR 1.1.4322; .NET CLR 2.0.50727; .NET CLR 3.0.04506.30; InfoPath.1; MS-RTC LM 8)"
192.197.178.2 - - [31/Mar/2009:11:35:58 -0400] "GET /topics/show/6 HTTP/1.1" 200 13799 "http://isppractices.econsultation.ca/topics/show/11" "Mozilla/4.0 (compatible; MSIE 6.0; Windows NT 5.1; SV1; GTB5; .NET CLR 2.0.50727)"
192.197.178.2 - - [31/Mar/2009:11:36:05 -0400] "GET /viewer/index/45 HTTP/1.1" 200 663 "http://isppractices.econsultation.ca/topics/show/6" "Mozilla/4.0 (compatible; MSIE 6.0; Windows NT 5.1; SV1; GTB5; .NET CLR 2.0.50727)"
192.197.178.2 - - [31/Mar/2009:11:36:05 -0400] "GET /viewer/header/45 HTTP/1.1" 200 1685 "http://isppractices.econsultation.ca/viewer/index/45" "Mozilla/4.0 (compatible; MSIE 6.0; Windows NT 5.1; SV1; GTB5; .NET CLR 2.0.50727)"
192.197.178.2 - - [31/Mar/2009:11:36:08 -0400] "GET /stylesheets/yahoo/fonts.css HTTP/1.1" 200 864 "http://isppractices.econsultation.ca/viewer/header/45" "Mozilla/4.0 (compatible; MSIE 6.0; Windows NT 5.1; SV1; GTB5; .NET CLR 2.0.50727)"
192.197.178.2 - - [31/Mar/2009:11:36:08 -0400] "GET /stylesheets/yahoo/reset.css HTTP/1.1" 200 556 "http://isppractices.econsultation.ca/viewer/header/45" "Mozilla/4.0 (compatible; MSIE 6.0; Windows NT 5.1; SV1; GTB5; .NET CLR 2.0.50727)"
192.197.178.2 - - [31/Mar/2009:11:36:09 -0400] "GET /stylesheets/ses.css HTTP/1.1" 200 12442 "http://isppractices.econsultation.ca/viewer/header/45" "Mozilla/4.0 (compatible; MSIE 6.0; Windows NT 5.1; SV1; GTB5; .NET CLR 2.0.50727)"
192.197.178.2 - - [31/Mar/2009:11:36:09 -0400] "GET /stylesheets/rating.css HTTP/1.1" 200 456 "http://isppractices.econsultation.ca/viewer/header/45" "Mozilla/4.0 (compatible; MSIE 6.0; Windows NT 5.1; SV1; GTB5; .NET CLR 2.0.50727)"
192.197.178.2 - - [31/Mar/2009:11:36:09 -0400] "GET /javascripts/prototype.js HTTP/1.1" 200 71263 "http://isppractices.econsultation.ca/viewer/header/45" "Mozilla/4.0 (compatible; MSIE 6.0; Windows NT 5.1; SV1; GTB5; .NET CLR 2.0.50727)"
192.197.178.2 - - [31/Mar/2009:11:36:09 -0400] "GET /javascripts/effects.js HTTP/1.1" 200 38200 "http://isppractices.econsultation.ca/viewer/header/45" "Mozilla/4.0 (compatible; MSIE 6.0; Windows NT 5.1; SV1; GTB5; .NET CLR 2.0.50727)"
192.197.178.2 - - [31/Mar/2009:11:36:09 -0400] "GET /javascripts/builder.js HTTP/1.1" 200 4330 "http://isppractices.econsultation.ca/viewer/header/45" "Mozilla/4.0 (compatible; MSIE 6.0; Windows NT 5.1; SV1; GTB5; .NET CLR 2.0.50727)"
192.197.178.2 - - [31/Mar/2009:11:36:09 -0400] "GET /javascripts/dialog.js HTTP/1.1" 200 4788 "http://isppractices.econsultation.ca/viewer/header/45" "Mozilla/4.0 (compatible; MSIE 6.0; Windows NT 5.1; SV1; GTB5; .NET CLR 2.0.50727)"
192.197.178.2 - - [31/Mar/2009:11:36:10 -0400] "GET /javascripts/application.js HTTP/1.1" 200 9262 "http://isppractices.econsultation.ca/viewer/header/45" "Mozilla/4.0 (compatible; MSIE 6.0; Windows NT 5.1; SV1; GTB5; .NET CLR 2.0.50727)"
216.123.211.13 - - [31/Mar/2009:11:36:17 -0400] "GET /topics/show/11 HTTP/1.0" 200 13401 "http://isppractices.econsultation.ca/topics/show/10" "Mozilla/4.0 (compatible; MSIE 6.0; Windows NT 5.1; SV1; .NET CLR 1.1.4322; .NET CLR 2.0.50727; InfoPath.1; MS-RTC LM 8)"
89.151.116.52 - - [31/Mar/2009:11:36:25 -0400] "GET / HTTP/1.1" 200 12931 "-" "Mozilla/5.0 (Windows; U; Windows NT 5.1; en-GB; rv:1.9.0.6) Gecko/2009011913 Firefox/3.0.6 TweetmemeBot"
89.151.116.52 - - [31/Mar/2009:11:36:26 -0400] "GET / HTTP/1.1" 200 12931 "-" "Mozilla/5.0 (Windows; U; Windows NT 5.1; en-GB; rv:1.9.0.6) Gecko/2009011913 Firefox/3.0.6 TweetmemeBot"
66.249.66.168 - - [31/Mar/2009:11:36:34 -0400] "GET /robots.txt HTTP/1.1" 200 99 "-" "Mozilla/5.0 (compatible; Googlebot/2.1; +http://www.google.com/bot.html)"
66.249.66.168 - - [31/Mar/2009:11:36:34 -0400] "GET / HTTP/1.1" 200 12931 "-" "Mozilla/5.0 (compatible; Googlebot/2.1; +http://www.google.com/bot.html)"
216.252.76.42 - - [31/Mar/2009:11:36:45 -0400] "POST /topic/7/talk/preview HTTP/1.1" 200 7759 "http://isppractices.econsultation.ca/topic/7/talk/new?parent_id=0" "Mozilla/5.0 (Windows; U; Windows NT 6.0; en-US; rv:1.9.1b4pre) Gecko/20090328 Shiretoko/3.5b4pre"
216.252.76.42 - - [31/Mar/2009:11:36:48 -0400] "POST /topic/7/talk/create HTTP/1.1" 302 128 "http://isppractices.econsultation.ca/topic/7/talk/preview" "Mozilla/5.0 (Windows; U; Windows NT 6.0; en-US; rv:1.9.1b4pre) Gecko/20090328 Shiretoko/3.5b4pre"
216.252.76.42 - - [31/Mar/2009:11:36:48 -0400] "GET /topics/show/7 HTTP/1.1" 200 16828 "http://isppractices.econsultation.ca/topic/7/talk/preview" "Mozilla/5.0 (Windows; U; Windows NT 6.0; en-US; rv:1.9.1b4pre) Gecko/20090328 Shiretoko/3.5b4pre"
216.123.211.13 - - [31/Mar/2009:11:36:56 -0400] "GET /viewer/index/68 HTTP/1.0" 200 657 "http://isppractices.econsultation.ca/topics/show/11" "Mozilla/4.0 (compatible; MSIE 6.0; Windows NT 5.1; SV1; .NET CLR 1.1.4322; .NET CLR 2.0.50727; InfoPath.1; MS-RTC LM 8)"
216.123.211.13 - - [31/Mar/2009:11:36:56 -0400] "GET /viewer/header/68 HTTP/1.0" 200 1685 "http://isppractices.econsultation.ca/viewer/index/68" "Mozilla/4.0 (compatible; MSIE 6.0; Windows NT 5.1; SV1; .NET CLR 1.1.4322; .NET CLR 2.0.50727; InfoPath.1; MS-RTC LM 8)"
216.123.211.13 - - [31/Mar/2009:11:36:56 -0400] "GET /stylesheets/yahoo/fonts.css HTTP/1.0" 200 864 "http://isppractices.econsultation.ca/viewer/header/68" "Mozilla/4.0 (compatible; MSIE 6.0; Windows NT 5.1; SV1; .NET CLR 1.1.4322; .NET CLR 2.0.50727; InfoPath.1; MS-RTC LM 8)"
216.123.211.13 - - [31/Mar/2009:11:36:56 -0400] "GET /stylesheets/ses.css HTTP/1.0" 200 12442 "http://isppractices.econsultation.ca/viewer/header/68" "Mozilla/4.0 (compatible; MSIE 6.0; Windows NT 5.1; SV1; .NET CLR 1.1.4322; .NET CLR 2.0.50727; InfoPath.1; MS-RTC LM 8)"
216.123.211.13 - - [31/Mar/2009:11:36:56 -0400] "GET /stylesheets/rating.css HTTP/1.0" 200 456 "http://isppractices.econsultation.ca/viewer/header/68" "Mozilla/4.0 (compatible; MSIE 6.0; Windows NT 5.1; SV1; .NET CLR 1.1.4322; .NET CLR 2.0.50727; InfoPath.1; MS-RTC LM 8)"
216.123.211.13 - - [31/Mar/2009:11:36:56 -0400] "GET /stylesheets/yahoo/reset.css HTTP/1.0" 200 556 "http://isppractices.econsultation.ca/viewer/header/68" "Mozilla/4.0 (compatible; MSIE 6.0; Windows NT 5.1; SV1; .NET CLR 1.1.4322; .NET CLR 2.0.50727; InfoPath.1; MS-RTC LM 8)"
216.123.211.13 - - [31/Mar/2009:11:36:56 -0400] "GET /javascripts/prototype.js HTTP/1.0" 200 71263 "http://isppractices.econsultation.ca/viewer/header/68" "Mozilla/4.0 (compatible; MSIE 6.0; Windows NT 5.1; SV1; .NET CLR 1.1.4322; .NET CLR 2.0.50727; InfoPath.1; MS-RTC LM 8)"
216.123.211.13 - - [31/Mar/2009:11:36:57 -0400] "GET /javascripts/effects.js HTTP/1.0" 200 38200 "http://isppractices.econsultation.ca/viewer/header/68" "Mozilla/4.0 (compatible; MSIE 6.0; Windows NT 5.1; SV1; .NET CLR 1.1.4322; .NET CLR 2.0.50727; InfoPath.1; MS-RTC LM 8)"
216.123.211.13 - - [31/Mar/2009:11:36:57 -0400] "GET /javascripts/builder.js HTTP/1.0" 200 4330 "http://isppractices.econsultation.ca/viewer/header/68" "Mozilla/4.0 (compatible; MSIE 6.0; Windows NT 5.1; SV1; .NET CLR 1.1.4322; .NET CLR 2.0.50727; InfoPath.1; MS-RTC LM 8)"
216.123.211.13 - - [31/Mar/2009:11:36:57 -0400] "GET /javascripts/dialog.js HTTP/1.0" 200 4788 "http://isppractices.econsultation.ca/viewer/header/68" "Mozilla/4.0 (compatible; MSIE 6.0; Windows NT 5.1; SV1; .NET CLR 1.1.4322; .NET CLR 2.0.50727; InfoPath.1; MS-RTC LM 8)"
216.123.211.13 - - [31/Mar/2009:11:36:57 -0400] "GET /javascripts/application.js HTTP/1.0" 200 9262 "http://isppractices.econsultation.ca/viewer/header/68" "Mozilla/4.0 (compatible; MSIE 6.0; Windows NT 5.1; SV1; .NET CLR 1.1.4322; .NET CLR 2.0.50727; InfoPath.1; MS-RTC LM 8)"
99.240.94.33 - - [31/Mar/2009:11:37:26 -0400] "GET / HTTP/1.1" 200 13247 "http://www.crtc.gc.ca/eng/redirect.asp?URL=http://isppractices.econsultation.ca/" "Mozilla/5.0 (Macintosh; U; Intel Mac OS X 10.5; en-US; rv:1.9.0.4) Gecko/2008102920 Firefox/3.0.4"
99.240.94.33 - - [31/Mar/2009:11:37:26 -0400] "GET /stylesheets/print.css HTTP/1.1" 200 321 "http://isppractices.econsultation.ca/" "Mozilla/5.0 (Macintosh; U; Intel Mac OS X 10.5; en-US; rv:1.9.0.4) Gecko/2008102920 Firefox/3.0.4"
99.240.94.33 - - [31/Mar/2009:11:37:26 -0400] "GET /stylesheets/base_1238427290.css HTTP/1.1" 200 30105 "http://isppractices.econsultation.ca/" "Mozilla/5.0 (Macintosh; U; Intel Mac OS X 10.5; en-US; rv:1.9.0.4) Gecko/2008102920 Firefox/3.0.4"
99.240.94.33 - - [31/Mar/2009:11:37:26 -0400] "GET /javascripts/base_1238187983.js HTTP/1.1" 200 97264 "http://isppractices.econsultation.ca/" "Mozilla/5.0 (Macintosh; U; Intel Mac OS X 10.5; en-US; rv:1.9.0.4) Gecko/2008102920 Firefox/3.0.4"
99.240.94.33 - - [31/Mar/2009:11:37:27 -0400] "GET /favicon.ico HTTP/1.1" 200 - "-" "Mozilla/5.0 (Macintosh; U; Intel Mac OS X 10.5; en-US; rv:1.9.0.4) Gecko/2008102920 Firefox/3.0.4"
99.240.94.33 - - [31/Mar/2009:11:37:27 -0400] "GET /images/search_go_1.jpg HTTP/1.1" 200 665 "http://isppractices.econsultation.ca/" "Mozilla/5.0 (Macintosh; U; Intel Mac OS X 10.5; en-US; rv:1.9.0.4) Gecko/2008102920 Firefox/3.0.4"
99.240.94.33 - - [31/Mar/2009:11:37:27 -0400] "GET /images/feed-icon-14x14.png HTTP/1.1" 200 689 "http://isppractices.econsultation.ca/" "Mozilla/5.0 (Macintosh; U; Intel Mac OS X 10.5; en-US; rv:1.9.0.4) Gecko/2008102920 Firefox/3.0.4"
99.240.94.33 - - [31/Mar/2009:11:37:27 -0400] "GET /images/topNav_endCurve.png HTTP/1.1" 200 433 "http://isppractices.econsultation.ca/stylesheets/base_1238427290.css" "Mozilla/5.0 (Macintosh; U; Intel Mac OS X 10.5; en-US; rv:1.9.0.4) Gecko/2008102920 Firefox/3.0.4"
99.240.94.33 - - [31/Mar/2009:11:37:27 -0400] "GET /images/nanos_icon_23.png HTTP/1.1" 200 4797 "http://isppractices.econsultation.ca/" "Mozilla/5.0 (Macintosh; U; Intel Mac OS X 10.5; en-US; rv:1.9.0.4) Gecko/2008102920 Firefox/3.0.4"
99.240.94.33 - - [31/Mar/2009:11:37:27 -0400] "GET /images/CRTC_2_1300px.jpg HTTP/1.1" 200 72085 "http://isppractices.econsultation.ca/stylesheets/base_1238427290.css" "Mozilla/5.0 (Macintosh; U; Intel Mac OS X 10.5; en-US; rv:1.9.0.4) Gecko/2008102920 Firefox/3.0.4"
142.229.81.64 - - [31/Mar/2009:11:37:47 -0400] "GET /viewer/index/74 HTTP/1.1" 200 689 "http://isppractices.econsultation.ca/topics/show/7" "Mozilla/4.0 (compatible; MSIE 6.0; Windows NT 5.1; SV1; .NET CLR 1.1.4322; .NET CLR 2.0.50727; .NET CLR 3.0.04506.30; InfoPath.1; MS-RTC LM 8)"
198.103.61.2 - - [31/Mar/2009:11:37:47 -0400] "GET / HTTP/1.1" 200 11569 "http://www.google.com/search?q=crtc+e-consultation&rls=com.microsoft:en-us&ie=UTF-8&oe=UTF-8&startIndex=&startPage=1" "Mozilla/4.0 (compatible; MSIE 7.0; Windows NT 5.1; .NET CLR 1.1.4322; .NET CLR 2.0.50727; .NET CLR 3.0.04506.30; .NET CLR 3.0.04506.648)"
142.229.81.64 - - [31/Mar/2009:11:37:48 -0400] "GET /viewer/header/74 HTTP/1.1" 200 1685 "http://isppractices.econsultation.ca/viewer/index/74" "Mozilla/4.0 (compatible; MSIE 6.0; Windows NT 5.1; SV1; .NET CLR 1.1.4322; .NET CLR 2.0.50727; .NET CLR 3.0.04506.30; InfoPath.1; MS-RTC LM 8)"
142.229.81.64 - - [31/Mar/2009:11:37:48 -0400] "GET /stylesheets/yahoo/fonts.css HTTP/1.1" 200 864 "http://isppractices.econsultation.ca/viewer/header/74" "Mozilla/4.0 (compatible; MSIE 6.0; Windows NT 5.1; SV1; .NET CLR 1.1.4322; .NET CLR 2.0.50727; .NET CLR 3.0.04506.30; InfoPath.1; MS-RTC LM 8)"
142.229.81.64 - - [31/Mar/2009:11:37:48 -0400] "GET /stylesheets/yahoo/reset.css HTTP/1.1" 200 556 "http://isppractices.econsultation.ca/viewer/header/74" "Mozilla/4.0 (compatible; MSIE 6.0; Windows NT 5.1; SV1; .NET CLR 1.1.4322; .NET CLR 2.0.50727; .NET CLR 3.0.04506.30; InfoPath.1; MS-RTC LM 8)"
142.229.81.64 - - [31/Mar/2009:11:37:48 -0400] "GET /stylesheets/rating.css HTTP/1.1" 200 456 "http://isppractices.econsultation.ca/viewer/header/74" "Mozilla/4.0 (compatible; MSIE 6.0; Windows NT 5.1; SV1; .NET CLR 1.1.4322; .NET CLR 2.0.50727; .NET CLR 3.0.04506.30; InfoPath.1; MS-RTC LM 8)"
142.229.81.64 - - [31/Mar/2009:11:37:48 -0400] "GET /stylesheets/ses.css HTTP/1.1" 200 12442 "http://isppractices.econsultation.ca/viewer/header/74" "Mozilla/4.0 (compatible; MSIE 6.0; Windows NT 5.1; SV1; .NET CLR 1.1.4322; .NET CLR 2.0.50727; .NET CLR 3.0.04506.30; InfoPath.1; MS-RTC LM 8)"
198.103.61.2 - - [31/Mar/2009:11:37:48 -0400] "GET /stylesheets/base_110.css HTTP/1.1" 200 30108 "http://newmedia.crtc.econsultation.ca/" "Mozilla/4.0 (compatible; MSIE 7.0; Windows NT 5.1; .NET CLR 1.1.4322; .NET CLR 2.0.50727; .NET CLR 3.0.04506.30; .NET CLR 3.0.04506.648)"
198.103.61.2 - - [31/Mar/2009:11:37:48 -0400] "GET /stylesheets/redesign_IE.css HTTP/1.1" 200 4221 "http://newmedia.crtc.econsultation.ca/" "Mozilla/4.0 (compatible; MSIE 7.0; Windows NT 5.1; .NET CLR 1.1.4322; .NET CLR 2.0.50727; .NET CLR 3.0.04506.30; .NET CLR 3.0.04506.648)"
198.103.61.2 - - [31/Mar/2009:11:37:48 -0400] "GET /stylesheets/print.css HTTP/1.1" 200 321 "http://newmedia.crtc.econsultation.ca/" "Mozilla/4.0 (compatible; MSIE 7.0; Windows NT 5.1; .NET CLR 1.1.4322; .NET CLR 2.0.50727; .NET CLR 3.0.04506.30; .NET CLR 3.0.04506.648)"
142.229.81.64 - - [31/Mar/2009:11:37:48 -0400] "GET /javascripts/prototype.js HTTP/1.1" 200 71263 "http://isppractices.econsultation.ca/viewer/header/74" "Mozilla/4.0 (compatible; MSIE 6.0; Windows NT 5.1; SV1; .NET CLR 1.1.4322; .NET CLR 2.0.50727; .NET CLR 3.0.04506.30; InfoPath.1; MS-RTC LM 8)"
198.103.61.2 - - [31/Mar/2009:11:37:48 -0400] "GET /javascripts/base_53.js HTTP/1.1" 200 97264 "http://newmedia.crtc.econsultation.ca/" "Mozilla/4.0 (compatible; MSIE 7.0; Windows NT 5.1; .NET CLR 1.1.4322; .NET CLR 2.0.50727; .NET CLR 3.0.04506.30; .NET CLR 3.0.04506.648)"
198.103.61.2 - - [31/Mar/2009:11:37:49 -0400] "GET /images/search_go_1.jpg HTTP/1.1" 200 665 "http://newmedia.crtc.econsultation.ca/" "Mozilla/4.0 (compatible; MSIE 7.0; Windows NT 5.1; .NET CLR 1.1.4322; .NET CLR 2.0.50727; .NET CLR 3.0.04506.30; .NET CLR 3.0.04506.648)"
198.103.61.2 - - [31/Mar/2009:11:37:49 -0400] "GET /images/feed-icon-14x14.png HTTP/1.1" 200 689 "http://newmedia.crtc.econsultation.ca/" "Mozilla/4.0 (compatible; MSIE 7.0; Windows NT 5.1; .NET CLR 1.1.4322; .NET CLR 2.0.50727; .NET CLR 3.0.04506.30; .NET CLR 3.0.04506.648)"
198.103.61.2 - - [31/Mar/2009:11:37:49 -0400] "GET /images/nanos_icon_23.png HTTP/1.1" 200 4797 "http://newmedia.crtc.econsultation.ca/" "Mozilla/4.0 (compatible; MSIE 7.0; Windows NT 5.1; .NET CLR 1.1.4322; .NET CLR 2.0.50727; .NET CLR 3.0.04506.30; .NET CLR 3.0.04506.648)"
142.229.81.64 - - [31/Mar/2009:11:37:49 -0400] "GET /javascripts/effects.js HTTP/1.1" 200 38200 "http://isppractices.econsultation.ca/viewer/header/74" "Mozilla/4.0 (compatible; MSIE 6.0; Windows NT 5.1; SV1; .NET CLR 1.1.4322; .NET CLR 2.0.50727; .NET CLR 3.0.04506.30; InfoPath.1; MS-RTC LM 8)"
198.103.61.2 - - [31/Mar/2009:11:37:49 -0400] "GET /images/CRTC_2_1300px.jpg HTTP/1.1" 200 72085 "http://newmedia.crtc.econsultation.ca/" "Mozilla/4.0 (compatible; MSIE 7.0; Windows NT 5.1; .NET CLR 1.1.4322; .NET CLR 2.0.50727; .NET CLR 3.0.04506.30; .NET CLR 3.0.04506.648)"
198.103.61.2 - - [31/Mar/2009:11:37:49 -0400] "GET /images/topNav_endCurve.png HTTP/1.1" 200 433 "http://newmedia.crtc.econsultation.ca/" "Mozilla/4.0 (compatible; MSIE 7.0; Windows NT 5.1; .NET CLR 1.1.4322; .NET CLR 2.0.50727; .NET CLR 3.0.04506.30; .NET CLR 3.0.04506.648)"
142.229.81.64 - - [31/Mar/2009:11:37:49 -0400] "GET /javascripts/builder.js HTTP/1.1" 200 4330 "http://isppractices.econsultation.ca/viewer/header/74" "Mozilla/4.0 (compatible; MSIE 6.0; Windows NT 5.1; SV1; .NET CLR 1.1.4322; .NET CLR 2.0.50727; .NET CLR 3.0.04506.30; InfoPath.1; MS-RTC LM 8)"
198.103.61.2 - - [31/Mar/2009:11:37:49 -0400] "GET /images/error.png HTTP/1.1" 200 737 "http://newmedia.crtc.econsultation.ca/" "Mozilla/4.0 (compatible; MSIE 7.0; Windows NT 5.1; .NET CLR 1.1.4322; .NET CLR 2.0.50727; .NET CLR 3.0.04506.30; .NET CLR 3.0.04506.648)"
142.229.81.64 - - [31/Mar/2009:11:37:49 -0400] "GET /javascripts/dialog.js HTTP/1.1" 200 4788 "http://isppractices.econsultation.ca/viewer/header/74" "Mozilla/4.0 (compatible; MSIE 6.0; Windows NT 5.1; SV1; .NET CLR 1.1.4322; .NET CLR 2.0.50727; .NET CLR 3.0.04506.30; InfoPath.1; MS-RTC LM 8)"
142.229.81.64 - - [31/Mar/2009:11:37:49 -0400] "GET /javascripts/application.js HTTP/1.1" 200 9262 "http://isppractices.econsultation.ca/viewer/header/74" "Mozilla/4.0 (compatible; MSIE 6.0; Windows NT 5.1; SV1; .NET CLR 1.1.4322; .NET CLR 2.0.50727; .NET CLR 3.0.04506.30; InfoPath.1; MS-RTC LM 8)"
198.103.61.2 - - [31/Mar/2009:11:37:50 -0400] "GET /favicon.ico HTTP/1.1" 200 - "-" "Mozilla/4.0 (compatible; MSIE 7.0; Windows NT 5.1; .NET CLR 1.1.4322; .NET CLR 2.0.50727; .NET CLR 3.0.04506.30; .NET CLR 3.0.04506.648)"
99.255.92.172 - - [31/Mar/2009:11:37:57 -0400] "GET / HTTP/1.1" 200 13247 "http://www.dslreports.com/forum/r22157825-CRTC-opens-online-consultation-on-throttling" "Mozilla/5.0 (Windows; U; Windows NT 5.1; en-US; rv:1.9.0.8) Gecko/2009032609 Firefox/3.0.8"
99.255.92.172 - - [31/Mar/2009:11:37:57 -0400] "GET /stylesheets/print.css HTTP/1.1" 200 321 "http://isppractices.econsultation.ca/" "Mozilla/5.0 (Windows; U; Windows NT 5.1; en-US; rv:1.9.0.8) Gecko/2009032609 Firefox/3.0.8"
99.255.92.172 - - [31/Mar/2009:11:37:57 -0400] "GET /stylesheets/base_1238427290.css HTTP/1.1" 200 30105 "http://isppractices.econsultation.ca/" "Mozilla/5.0 (Windows; U; Windows NT 5.1; en-US; rv:1.9.0.8) Gecko/2009032609 Firefox/3.0.8"
99.255.92.172 - - [31/Mar/2009:11:37:57 -0400] "GET /javascripts/base_1238187983.js HTTP/1.1" 200 97264 "http://isppractices.econsultation.ca/" "Mozilla/5.0 (Windows; U; Windows NT 5.1; en-US; rv:1.9.0.8) Gecko/2009032609 Firefox/3.0.8"
99.255.92.172 - - [31/Mar/2009:11:37:57 -0400] "GET /favicon.ico HTTP/1.1" 200 - "-" "Mozilla/5.0 (Windows; U; Windows NT 5.1; en-US; rv:1.9.0.8) Gecko/2009032609 Firefox/3.0.8"
99.255.92.172 - - [31/Mar/2009:11:37:57 -0400] "GET /images/search_go_1.jpg HTTP/1.1" 200 665 "http://isppractices.econsultation.ca/" "Mozilla/5.0 (Windows; U; Windows NT 5.1; en-US; rv:1.9.0.8) Gecko/2009032609 Firefox/3.0.8"
99.255.92.172 - - [31/Mar/2009:11:37:57 -0400] "GET /images/feed-icon-14x14.png HTTP/1.1" 200 689 "http://isppractices.econsultation.ca/" "Mozilla/5.0 (Windows; U; Windows NT 5.1; en-US; rv:1.9.0.8) Gecko/2009032609 Firefox/3.0.8"
99.255.92.172 - - [31/Mar/2009:11:37:57 -0400] "GET /images/nanos_icon_23.png HTTP/1.1" 200 4797 "http://isppractices.econsultation.ca/" "Mozilla/5.0 (Windows; U; Windows NT 5.1; en-US; rv:1.9.0.8) Gecko/2009032609 Firefox/3.0.8"
99.255.92.172 - - [31/Mar/2009:11:37:57 -0400] "GET /images/topNav_endCurve.png HTTP/1.1" 200 433 "http://isppractices.econsultation.ca/stylesheets/base_1238427290.css" "Mozilla/5.0 (Windows; U; Windows NT 5.1; en-US; rv:1.9.0.8) Gecko/2009032609 Firefox/3.0.8"
99.255.92.172 - - [31/Mar/2009:11:37:57 -0400] "GET /images/CRTC_2_1300px.jpg HTTP/1.1" 200 72085 "http://isppractices.econsultation.ca/stylesheets/base_1238427290.css" "Mozilla/5.0 (Windows; U; Windows NT 5.1; en-US; rv:1.9.0.8) Gecko/2009032609 Firefox/3.0.8"
198.103.61.2 - - [31/Mar/2009:11:38:02 -0400] "GET /moderation_policy HTTP/1.1" 302 104 "http://www.google.com/search?q=crtc+e-consultation&rls=com.microsoft:en-us&ie=UTF-8&oe=UTF-8&startIndex=&startPage=1" "Mozilla/4.0 (compatible; MSIE 7.0; Windows NT 5.1; .NET CLR 1.1.4322; .NET CLR 2.0.50727; .NET CLR 3.0.04506.30; .NET CLR 3.0.04506.648)"
198.103.61.2 - - [31/Mar/2009:11:38:02 -0400] "GET / HTTP/1.1" 200 11569 "http://www.google.com/search?q=crtc+e-consultation&rls=com.microsoft:en-us&ie=UTF-8&oe=UTF-8&startIndex=&startPage=1" "Mozilla/4.0 (compatible; MSIE 7.0; Windows NT 5.1; .NET CLR 1.1.4322; .NET CLR 2.0.50727; .NET CLR 3.0.04506.30; .NET CLR 3.0.04506.648)"
216.123.211.13 - - [31/Mar/2009:11:38:06 -0400] "GET /viewer/index/69 HTTP/1.0" 200 645 "http://isppractices.econsultation.ca/topics/show/11" "Mozilla/4.0 (compatible; MSIE 6.0; Windows NT 5.1; SV1; .NET CLR 1.1.4322; .NET CLR 2.0.50727; InfoPath.1; MS-RTC LM 8)"
216.123.211.13 - - [31/Mar/2009:11:38:06 -0400] "GET /viewer/header/69 HTTP/1.0" 200 1685 "http://isppractices.econsultation.ca/viewer/index/69" "Mozilla/4.0 (compatible; MSIE 6.0; Windows NT 5.1; SV1; .NET CLR 1.1.4322; .NET CLR 2.0.50727; InfoPath.1; MS-RTC LM 8)"
216.252.76.42 - - [31/Mar/2009:11:38:09 -0400] "GET /topics/show/8 HTTP/1.1" 200 8115 "http://isppractices.econsultation.ca/topics/show/7" "Mozilla/5.0 (Windows; U; Windows NT 6.0; en-US; rv:1.9.1b4pre) Gecko/20090328 Shiretoko/3.5b4pre"
142.229.81.64 - - [31/Mar/2009:11:38:12 -0400] "GET / HTTP/1.1" 200 13247 "http://isppractices.econsultation.ca/topics/show/7" "Mozilla/4.0 (compatible; MSIE 6.0; Windows NT 5.1; SV1; .NET CLR 1.1.4322; .NET CLR 2.0.50727; .NET CLR 3.0.04506.30; InfoPath.1; MS-RTC LM 8)"
142.229.81.64 - - [31/Mar/2009:11:38:12 -0400] "GET /stylesheets/base_1238427290.css HTTP/1.1" 304 - "http://isppractices.econsultation.ca/" "Mozilla/4.0 (compatible; MSIE 6.0; Windows NT 5.1; SV1; .NET CLR 1.1.4322; .NET CLR 2.0.50727; .NET CLR 3.0.04506.30; InfoPath.1; MS-RTC LM 8)"
142.229.81.64 - - [31/Mar/2009:11:38:12 -0400] "GET /javascripts/base_1238187983.js HTTP/1.1" 304 - "http://isppractices.econsultation.ca/" "Mozilla/4.0 (compatible; MSIE 6.0; Windows NT 5.1; SV1; .NET CLR 1.1.4322; .NET CLR 2.0.50727; .NET CLR 3.0.04506.30; InfoPath.1; MS-RTC LM 8)"
142.229.81.64 - - [31/Mar/2009:11:38:12 -0400] "GET /stylesheets/print.css HTTP/1.1" 304 - "http://isppractices.econsultation.ca/" "Mozilla/4.0 (compatible; MSIE 6.0; Windows NT 5.1; SV1; .NET CLR 1.1.4322; .NET CLR 2.0.50727; .NET CLR 3.0.04506.30; InfoPath.1; MS-RTC LM 8)"
142.229.81.64 - - [31/Mar/2009:11:38:12 -0400] "GET /stylesheets/redesign_IE.css HTTP/1.1" 304 - "http://isppractices.econsultation.ca/" "Mozilla/4.0 (compatible; MSIE 6.0; Windows NT 5.1; SV1; .NET CLR 1.1.4322; .NET CLR 2.0.50727; .NET CLR 3.0.04506.30; InfoPath.1; MS-RTC LM 8)"
142.229.81.64 - - [31/Mar/2009:11:38:13 -0400] "GET /images/search_go_1.jpg HTTP/1.1" 304 - "http://isppractices.econsultation.ca/" "Mozilla/4.0 (compatible; MSIE 6.0; Windows NT 5.1; SV1; .NET CLR 1.1.4322; .NET CLR 2.0.50727; .NET CLR 3.0.04506.30; InfoPath.1; MS-RTC LM 8)"
142.229.81.64 - - [31/Mar/2009:11:38:13 -0400] "GET /images/feed-icon-14x14.png HTTP/1.1" 304 - "http://isppractices.econsultation.ca/" "Mozilla/4.0 (compatible; MSIE 6.0; Windows NT 5.1; SV1; .NET CLR 1.1.4322; .NET CLR 2.0.50727; .NET CLR 3.0.04506.30; InfoPath.1; MS-RTC LM 8)"
142.229.81.64 - - [31/Mar/2009:11:38:13 -0400] "GET /images/topNav_endCurve.png HTTP/1.1" 304 - "-" "Mozilla/4.0 (compatible; MSIE 6.0; Windows NT 5.1; SV1; .NET CLR 1.1.4322; .NET CLR 2.0.50727; .NET CLR 3.0.04506.30; InfoPath.1; MS-RTC LM 8)"
142.229.81.64 - - [31/Mar/2009:11:38:13 -0400] "GET /images/nanos_icon_23.png HTTP/1.1" 304 - "http://isppractices.econsultation.ca/" "Mozilla/4.0 (compatible; MSIE 6.0; Windows NT 5.1; SV1; .NET CLR 1.1.4322; .NET CLR 2.0.50727; .NET CLR 3.0.04506.30; InfoPath.1; MS-RTC LM 8)"
142.229.81.64 - - [31/Mar/2009:11:38:13 -0400] "GET /images/CRTC_2_1300px.jpg HTTP/1.1" 304 - "http://isppractices.econsultation.ca/" "Mozilla/4.0 (compatible; MSIE 6.0; Windows NT 5.1; SV1; .NET CLR 1.1.4322; .NET CLR 2.0.50727; .NET CLR 3.0.04506.30; InfoPath.1; MS-RTC LM 8)"
198.103.61.2 - - [31/Mar/2009:11:38:14 -0400] "GET / HTTP/1.1" 200 12129 "http://www.google.com/search?q=crtc+e-consultation&rls=com.microsoft:en-us&ie=UTF-8&oe=UTF-8&startIndex=&startPage=1" "Mozilla/4.0 (compatible; MSIE 7.0; Windows NT 5.1; .NET CLR 1.1.4322; .NET CLR 2.0.50727; .NET CLR 3.0.04506.30; .NET CLR 3.0.04506.648)"
198.103.61.2 - - [31/Mar/2009:11:38:15 -0400] "GET /stylesheets/base_110.css HTTP/1.1" 200 30108 "http://nouveaumedia.crtc.econsultation.ca/" "Mozilla/4.0 (compatible; MSIE 7.0; Windows NT 5.1; .NET CLR 1.1.4322; .NET CLR 2.0.50727; .NET CLR 3.0.04506.30; .NET CLR 3.0.04506.648)"
198.103.61.2 - - [31/Mar/2009:11:38:15 -0400] "GET /stylesheets/redesign_IE.css HTTP/1.1" 200 4221 "http://nouveaumedia.crtc.econsultation.ca/" "Mozilla/4.0 (compatible; MSIE 7.0; Windows NT 5.1; .NET CLR 1.1.4322; .NET CLR 2.0.50727; .NET CLR 3.0.04506.30; .NET CLR 3.0.04506.648)"
198.103.61.2 - - [31/Mar/2009:11:38:15 -0400] "GET /stylesheets/print.css HTTP/1.1" 200 321 "http://nouveaumedia.crtc.econsultation.ca/" "Mozilla/4.0 (compatible; MSIE 7.0; Windows NT 5.1; .NET CLR 1.1.4322; .NET CLR 2.0.50727; .NET CLR 3.0.04506.30; .NET CLR 3.0.04506.648)"
198.103.61.2 - - [31/Mar/2009:11:38:15 -0400] "GET /javascripts/base_53.js HTTP/1.1" 200 97264 "http://nouveaumedia.crtc.econsultation.ca/" "Mozilla/4.0 (compatible; MSIE 7.0; Windows NT 5.1; .NET CLR 1.1.4322; .NET CLR 2.0.50727; .NET CLR 3.0.04506.30; .NET CLR 3.0.04506.648)"
198.103.61.2 - - [31/Mar/2009:11:38:15 -0400] "GET /images/search_go_1.jpg HTTP/1.1" 200 665 "http://nouveaumedia.crtc.econsultation.ca/" "Mozilla/4.0 (compatible; MSIE 7.0; Windows NT 5.1; .NET CLR 1.1.4322; .NET CLR 2.0.50727; .NET CLR 3.0.04506.30; .NET CLR 3.0.04506.648)"
198.103.61.2 - - [31/Mar/2009:11:38:16 -0400] "GET /images/feed-icon-14x14.png HTTP/1.1" 200 689 "http://nouveaumedia.crtc.econsultation.ca/" "Mozilla/4.0 (compatible; MSIE 7.0; Windows NT 5.1; .NET CLR 1.1.4322; .NET CLR 2.0.50727; .NET CLR 3.0.04506.30; .NET CLR 3.0.04506.648)"
198.103.61.2 - - [31/Mar/2009:11:38:16 -0400] "GET /images/nanos_icon_23.png HTTP/1.1" 200 4797 "http://nouveaumedia.crtc.econsultation.ca/" "Mozilla/4.0 (compatible; MSIE 7.0; Windows NT 5.1; .NET CLR 1.1.4322; .NET CLR 2.0.50727; .NET CLR 3.0.04506.30; .NET CLR 3.0.04506.648)"
198.103.61.2 - - [31/Mar/2009:11:38:16 -0400] "GET /images/topNav_endCurve.png HTTP/1.1" 200 433 "http://nouveaumedia.crtc.econsultation.ca/" "Mozilla/4.0 (compatible; MSIE 7.0; Windows NT 5.1; .NET CLR 1.1.4322; .NET CLR 2.0.50727; .NET CLR 3.0.04506.30; .NET CLR 3.0.04506.648)"
198.103.61.2 - - [31/Mar/2009:11:38:16 -0400] "GET /images/error.png HTTP/1.1" 200 737 "http://nouveaumedia.crtc.econsultation.ca/" "Mozilla/4.0 (compatible; MSIE 7.0; Windows NT 5.1; .NET CLR 1.1.4322; .NET CLR 2.0.50727; .NET CLR 3.0.04506.30; .NET CLR 3.0.04506.648)"
198.103.61.2 - - [31/Mar/2009:11:38:15 -0400] "GET /images/CRTC_2_1300px.jpg HTTP/1.1" 200 72085 "http://nouveaumedia.crtc.econsultation.ca/" "Mozilla/4.0 (compatible; MSIE 7.0; Windows NT 5.1; .NET CLR 1.1.4322; .NET CLR 2.0.50727; .NET CLR 3.0.04506.30; .NET CLR 3.0.04506.648)"
198.103.61.2 - - [31/Mar/2009:11:38:16 -0400] "GET /favicon.ico HTTP/1.1" 200 - "-" "Mozilla/4.0 (compatible; MSIE 7.0; Windows NT 5.1; .NET CLR 1.1.4322; .NET CLR 2.0.50727; .NET CLR 3.0.04506.30; .NET CLR 3.0.04506.648)"
216.252.76.42 - - [31/Mar/2009:11:38:23 -0400] "GET /topic/8/talk/new?parent_id=0 HTTP/1.1" 200 6327 "http://isppractices.econsultation.ca/topics/show/8" "Mozilla/5.0 (Windows; U; Windows NT 6.0; en-US; rv:1.9.1b4pre) Gecko/20090328 Shiretoko/3.5b4pre"
216.123.211.13 - - [31/Mar/2009:11:38:28 -0400] "GET /topics/show/10 HTTP/1.0" 200 14823 "http://isppractices.econsultation.ca/topics/show/11" "Mozilla/4.0 (compatible; MSIE 6.0; Windows NT 5.1; SV1; .NET CLR 1.1.4322; .NET CLR 2.0.50727; InfoPath.1; MS-RTC LM 8)"
198.103.61.2 - - [31/Mar/2009:11:38:30 -0400] "GET / HTTP/1.1" 200 12129 "http://nouveaumedia.crtc.econsultation.ca/" "Mozilla/4.0 (compatible; MSIE 7.0; Windows NT 5.1; .NET CLR 1.1.4322; .NET CLR 2.0.50727; .NET CLR 3.0.04506.30; .NET CLR 3.0.04506.648)"
130.63.202.49 - - [31/Mar/2009:11:38:41 -0400] "GET / HTTP/1.1" 200 13247 "http://www.dslreports.com/forum/r22157825-CRTC-opens-online-consultation-on-throttling" "Mozilla/4.0 (compatible; MSIE 8.0; Windows NT 5.1; Trident/4.0; .NET CLR 1.1.4322; .NET CLR 2.0.50727; .NET CLR 3.0.04506.30; .NET CLR 3.0.04506.648)"
130.63.202.49 - - [31/Mar/2009:11:38:42 -0400] "GET /stylesheets/base_1238427290.css HTTP/1.1" 200 30105 "http://isppractices.econsultation.ca/" "Mozilla/4.0 (compatible; MSIE 8.0; Windows NT 5.1; Trident/4.0; .NET CLR 1.1.4322; .NET CLR 2.0.50727; .NET CLR 3.0.04506.30; .NET CLR 3.0.04506.648)"
130.63.202.49 - - [31/Mar/2009:11:38:42 -0400] "GET /stylesheets/print.css HTTP/1.1" 200 321 "http://isppractices.econsultation.ca/" "Mozilla/4.0 (compatible; MSIE 8.0; Windows NT 5.1; Trident/4.0; .NET CLR 1.1.4322; .NET CLR 2.0.50727; .NET CLR 3.0.04506.30; .NET CLR 3.0.04506.648)"
130.63.202.49 - - [31/Mar/2009:11:38:42 -0400] "GET /stylesheets/redesign_IE.css HTTP/1.1" 200 4221 "http://isppractices.econsultation.ca/" "Mozilla/4.0 (compatible; MSIE 8.0; Windows NT 5.1; Trident/4.0; .NET CLR 1.1.4322; .NET CLR 2.0.50727; .NET CLR 3.0.04506.30; .NET CLR 3.0.04506.648)"
130.63.202.49 - - [31/Mar/2009:11:38:42 -0400] "GET /javascripts/base_1238187983.js HTTP/1.1" 200 97264 "http://isppractices.econsultation.ca/" "Mozilla/4.0 (compatible; MSIE 8.0; Windows NT 5.1; Trident/4.0; .NET CLR 1.1.4322; .NET CLR 2.0.50727; .NET CLR 3.0.04506.30; .NET CLR 3.0.04506.648)"
130.63.202.49 - - [31/Mar/2009:11:38:42 -0400] "GET /images/feed-icon-14x14.png HTTP/1.1" 200 689 "http://isppractices.econsultation.ca/" "Mozilla/4.0 (compatible; MSIE 8.0; Windows NT 5.1; Trident/4.0; .NET CLR 1.1.4322; .NET CLR 2.0.50727; .NET CLR 3.0.04506.30; .NET CLR 3.0.04506.648)"
130.63.202.49 - - [31/Mar/2009:11:38:42 -0400] "GET /images/search_go_1.jpg HTTP/1.1" 200 665 "http://isppractices.econsultation.ca/" "Mozilla/4.0 (compatible; MSIE 8.0; Windows NT 5.1; Trident/4.0; .NET CLR 1.1.4322; .NET CLR 2.0.50727; .NET CLR 3.0.04506.30; .NET CLR 3.0.04506.648)"
