131.137.245.200 - - [31/Mar/2009:13:30:57 -0400] "GET /topics/show/11 HTTP/1.0" 200 18589 "http://isppractices.econsultation.ca/topics/show/10" "Mozilla/4.0 (compatible; MSIE 6.0; Windows NT 5.1; SV1; .NET CLR 2.0.50727; InfoPath.1)"
209.226.137.106 - - [31/Mar/2009:13:30:58 -0400] "POST /rater/create/comment_rating/309 HTTP/1.1" 302 129 "http://isppractices.econsultation.ca/topics/show/10" "Mozilla/5.0 (Windows; U; Windows NT 5.1; en-US; rv:1.9.0.8) Gecko/2009032609 Firefox/3.0.8 (.NET CLR 3.5.30729)"
209.226.137.106 - - [31/Mar/2009:13:30:58 -0400] "GET /topics/show/10 HTTP/1.1" 200 30166 "http://isppractices.econsultation.ca/topics/show/10" "Mozilla/5.0 (Windows; U; Windows NT 5.1; en-US; rv:1.9.0.8) Gecko/2009032609 Firefox/3.0.8 (.NET CLR 3.5.30729)"
204.174.12.18 - - [31/Mar/2009:13:31:02 -0400] "POST /topic/9/talk/new?parent_id=0 HTTP/1.1" 200 1208 "http://isppractices.econsultation.ca/topics/show/9" "Mozilla/5.0 (Windows; U; Windows NT 6.0; en-US; rv:1.9.0.7) Gecko/2009021910 Firefox/3.0.7"
131.137.245.199 - - [31/Mar/2009:13:31:04 -0400] "GET /images/topNav_endCurve_black.png HTTP/1.0" 200 447 "-" "Mozilla/4.0 (compatible; MSIE 6.0; Windows NT 5.1; SV1; .NET CLR 2.0.50727; InfoPath.1)"
174.6.150.240 - - [31/Mar/2009:13:31:06 -0400] "GET /topics/show/6 HTTP/1.0" 200 13799 "http://isppractices.econsultation.ca/topics/show/6" "Mozilla/5.0 (Windows; U; Windows NT 5.1; en-US; rv:1.9.0.8) Gecko/2009032609 Firefox/3.0.8"
174.6.150.240 - - [31/Mar/2009:13:31:08 -0400] "GET /topics/show/7 HTTP/1.0" 200 44583 "http://isppractices.econsultation.ca/topics/show/6" "Mozilla/5.0 (Windows; U; Windows NT 5.1; en-US; rv:1.9.0.8) Gecko/2009032609 Firefox/3.0.8"
64.199.1.7 - - [31/Mar/2009:13:31:10 -0400] "GET / HTTP/1.0" 200 17209 "-" "Mozilla/5.0 (Windows; U; Windows NT 5.1; en-US; rv:1.9.0.8) Gecko/2009032609 Firefox/3.0.8"
64.199.1.7 - - [31/Mar/2009:13:31:11 -0400] "GET /stylesheets/print.css HTTP/1.0" 200 321 "http://isppractices.econsultation.ca/" "Mozilla/5.0 (Windows; U; Windows NT 5.1; en-US; rv:1.9.0.8) Gecko/2009032609 Firefox/3.0.8"
64.199.1.7 - - [31/Mar/2009:13:31:11 -0400] "GET /stylesheets/base_1238427290.css HTTP/1.0" 200 30105 "http://isppractices.econsultation.ca/" "Mozilla/5.0 (Windows; U; Windows NT 5.1; en-US; rv:1.9.0.8) Gecko/2009032609 Firefox/3.0.8"
64.199.1.7 - - [31/Mar/2009:13:31:11 -0400] "GET /javascripts/base_1238187983.js HTTP/1.0" 200 97264 "http://isppractices.econsultation.ca/" "Mozilla/5.0 (Windows; U; Windows NT 5.1; en-US; rv:1.9.0.8) Gecko/2009032609 Firefox/3.0.8"
64.199.1.7 - - [31/Mar/2009:13:31:11 -0400] "GET /favicon.ico HTTP/1.0" 200 - "-" "Mozilla/5.0 (Windows; U; Windows NT 5.1; en-US; rv:1.9.0.8) Gecko/2009032609 Firefox/3.0.8"
64.199.1.7 - - [31/Mar/2009:13:31:11 -0400] "GET /images/search_go_1.jpg HTTP/1.0" 200 665 "http://isppractices.econsultation.ca/" "Mozilla/5.0 (Windows; U; Windows NT 5.1; en-US; rv:1.9.0.8) Gecko/2009032609 Firefox/3.0.8"
64.199.1.7 - - [31/Mar/2009:13:31:11 -0400] "GET /images/feed-icon-14x14.png HTTP/1.0" 200 689 "http://isppractices.econsultation.ca/" "Mozilla/5.0 (Windows; U; Windows NT 5.1; en-US; rv:1.9.0.8) Gecko/2009032609 Firefox/3.0.8"
64.199.1.7 - - [31/Mar/2009:13:31:11 -0400] "GET /images/topNav_endCurve.png HTTP/1.0" 200 433 "http://isppractices.econsultation.ca/stylesheets/base_1238427290.css" "Mozilla/5.0 (Windows; U; Windows NT 5.1; en-US; rv:1.9.0.8) Gecko/2009032609 Firefox/3.0.8"
64.199.1.7 - - [31/Mar/2009:13:31:11 -0400] "GET /images/nanos_icon_23.png HTTP/1.0" 200 4797 "http://isppractices.econsultation.ca/" "Mozilla/5.0 (Windows; U; Windows NT 5.1; en-US; rv:1.9.0.8) Gecko/2009032609 Firefox/3.0.8"
64.199.1.7 - - [31/Mar/2009:13:31:11 -0400] "GET /images/CRTC_2_1300px.jpg HTTP/1.0" 200 72085 "http://isppractices.econsultation.ca/stylesheets/base_1238427290.css" "Mozilla/5.0 (Windows; U; Windows NT 5.1; en-US; rv:1.9.0.8) Gecko/2009032609 Firefox/3.0.8"
208.38.59.162 - - [31/Mar/2009:13:31:13 -0400] "GET /images/topNav_endCurve_black.png HTTP/1.0" 200 447 "http://isppractices.econsultation.ca/stylesheets/base_1238427290.css" "Mozilla/5.0 (Windows; U; Windows NT 5.1; en-US; rv:1.9.0.5) Gecko/2008120122 Firefox/3.0.5"
66.209.52.78 - - [31/Mar/2009:13:31:15 -0400] "GET /topics/show/7 HTTP/1.1" 200 44583 "http://isppractices.econsultation.ca/topics/show/6" "Mozilla/5.0 (Windows; U; Windows NT 5.1; en-US; rv:1.9.0.7) Gecko/2009021910 Firefox/3.0.7"
66.209.52.78 - - [31/Mar/2009:13:31:16 -0400] "GET /images/BOX-BACK.jpg HTTP/1.1" 200 1025 "http://isppractices.econsultation.ca/stylesheets/base_1238427290.css" "Mozilla/5.0 (Windows; U; Windows NT 5.1; en-US; rv:1.9.0.7) Gecko/2009021910 Firefox/3.0.7"
199.198.223.106 - - [31/Mar/2009:13:31:16 -0400] "GET / HTTP/1.0" 200 17209 "-" "Mozilla/5.0 (Windows; U; Windows NT 5.1; en-US; rv:1.9.0.7) Gecko/2009021910 Firefox/3.0.7"
174.6.150.240 - - [31/Mar/2009:13:31:20 -0400] "GET /topics/show/8 HTTP/1.0" 200 29126 "http://isppractices.econsultation.ca/topics/show/7" "Mozilla/5.0 (Windows; U; Windows NT 5.1; en-US; rv:1.9.0.8) Gecko/2009032609 Firefox/3.0.8"
209.226.137.107 - - [31/Mar/2009:13:31:26 -0400] "POST /rater/create/comment_rating/315 HTTP/1.1" 302 129 "http://isppractices.econsultation.ca/topics/show/10" "Mozilla/5.0 (Windows; U; Windows NT 5.1; en-US; rv:1.9.0.8) Gecko/2009032609 Firefox/3.0.8 (.NET CLR 3.5.30729)"
142.245.193.10 - - [31/Mar/2009:13:31:26 -0400] "GET /topics/show/11 HTTP/1.1" 200 18589 "http://isppractices.econsultation.ca/topics/show/9" "Mozilla/4.0 (compatible; MSIE 6.0; Windows NT 5.1; SV1; 9LA; .NET CLR 1.0.3705; .NET CLR 1.1.4322; .NET CLR 2.0.50727)"
208.115.138.254 - - [31/Mar/2009:13:31:26 -0400] "GET /topics/show/11 HTTP/1.1" 200 18589 "-" "Mozilla/4.0"
209.226.137.107 - - [31/Mar/2009:13:31:26 -0400] "GET /topics/show/10 HTTP/1.1" 200 29380 "http://isppractices.econsultation.ca/topics/show/10" "Mozilla/5.0 (Windows; U; Windows NT 5.1; en-US; rv:1.9.0.8) Gecko/2009032609 Firefox/3.0.8 (.NET CLR 3.5.30729)"
142.160.2.66 - - [31/Mar/2009:13:31:28 -0400] "GET /topics/show/10 HTTP/1.0" 200 30872 "http://isppractices.econsultation.ca/topics/show/10" "Mozilla/4.0 (compatible; MSIE 6.0; Windows NT 5.1; SV1; .NET CLR 1.1.4322; InfoPath.1; MS-RTC LM 8; .NET CLR 2.0.50727; .NET CLR 3.0.4506.2152; .NET CLR 3.5.30729)"
142.160.2.66 - - [31/Mar/2009:13:31:28 -0400] "GET /stylesheets/print.css HTTP/1.0" 304 - "http://isppractices.econsultation.ca/topics/show/10" "Mozilla/4.0 (compatible; MSIE 6.0; Windows NT 5.1; SV1; .NET CLR 1.1.4322; InfoPath.1; MS-RTC LM 8; .NET CLR 2.0.50727; .NET CLR 3.0.4506.2152; .NET CLR 3.5.30729)"
142.160.2.66 - - [31/Mar/2009:13:31:28 -0400] "GET /javascripts/base_1238187983.js HTTP/1.0" 304 - "http://isppractices.econsultation.ca/topics/show/10" "Mozilla/4.0 (compatible; MSIE 6.0; Windows NT 5.1; SV1; .NET CLR 1.1.4322; InfoPath.1; MS-RTC LM 8; .NET CLR 2.0.50727; .NET CLR 3.0.4506.2152; .NET CLR 3.5.30729)"
142.160.2.66 - - [31/Mar/2009:13:31:28 -0400] "GET /stylesheets/base_1238427290.css HTTP/1.0" 304 - "http://isppractices.econsultation.ca/topics/show/10" "Mozilla/4.0 (compatible; MSIE 6.0; Windows NT 5.1; SV1; .NET CLR 1.1.4322; InfoPath.1; MS-RTC LM 8; .NET CLR 2.0.50727; .NET CLR 3.0.4506.2152; .NET CLR 3.5.30729)"
142.160.2.66 - - [31/Mar/2009:13:31:28 -0400] "GET /stylesheets/redesign_IE.css HTTP/1.0" 304 - "http://isppractices.econsultation.ca/topics/show/10" "Mozilla/4.0 (compatible; MSIE 6.0; Windows NT 5.1; SV1; .NET CLR 1.1.4322; InfoPath.1; MS-RTC LM 8; .NET CLR 2.0.50727; .NET CLR 3.0.4506.2152; .NET CLR 3.5.30729)"
142.160.2.66 - - [31/Mar/2009:13:31:29 -0400] "GET /images/feed-icon-14x14.png HTTP/1.0" 304 - "http://isppractices.econsultation.ca/topics/show/10" "Mozilla/4.0 (compatible; MSIE 6.0; Windows NT 5.1; SV1; .NET CLR 1.1.4322; InfoPath.1; MS-RTC LM 8; .NET CLR 2.0.50727; .NET CLR 3.0.4506.2152; .NET CLR 3.5.30729)"
142.160.2.66 - - [31/Mar/2009:13:31:29 -0400] "GET /images/search_go_1.jpg HTTP/1.0" 304 - "http://isppractices.econsultation.ca/topics/show/10" "Mozilla/4.0 (compatible; MSIE 6.0; Windows NT 5.1; SV1; .NET CLR 1.1.4322; InfoPath.1; MS-RTC LM 8; .NET CLR 2.0.50727; .NET CLR 3.0.4506.2152; .NET CLR 3.5.30729)"
142.160.2.66 - - [31/Mar/2009:13:31:29 -0400] "GET /images/CRTC_2_1300px.jpg HTTP/1.0" 304 - "http://isppractices.econsultation.ca/topics/show/10" "Mozilla/4.0 (compatible; MSIE 6.0; Windows NT 5.1; SV1; .NET CLR 1.1.4322; InfoPath.1; MS-RTC LM 8; .NET CLR 2.0.50727; .NET CLR 3.0.4506.2152; .NET CLR 3.5.30729)"
142.160.2.66 - - [31/Mar/2009:13:31:29 -0400] "GET /images/comment_bw.png HTTP/1.0" 304 - "http://isppractices.econsultation.ca/topics/show/10" "Mozilla/4.0 (compatible; MSIE 6.0; Windows NT 5.1; SV1; .NET CLR 1.1.4322; InfoPath.1; MS-RTC LM 8; .NET CLR 2.0.50727; .NET CLR 3.0.4506.2152; .NET CLR 3.5.30729)"
142.160.2.66 - - [31/Mar/2009:13:31:29 -0400] "GET /images/topNav_endCurve.png HTTP/1.0" 304 - "-" "Mozilla/4.0 (compatible; MSIE 6.0; Windows NT 5.1; SV1; .NET CLR 1.1.4322; InfoPath.1; MS-RTC LM 8; .NET CLR 2.0.50727; .NET CLR 3.0.4506.2152; .NET CLR 3.5.30729)"
142.160.2.66 - - [31/Mar/2009:13:31:29 -0400] "GET /avatars/0000/0001/pic_nik_thumb.jpg?1237573168 HTTP/1.0" 304 - "http://isppractices.econsultation.ca/topics/show/10" "Mozilla/4.0 (compatible; MSIE 6.0; Windows NT 5.1; SV1; .NET CLR 1.1.4322; InfoPath.1; MS-RTC LM 8; .NET CLR 2.0.50727; .NET CLR 3.0.4506.2152; .NET CLR 3.5.30729)"
142.160.2.66 - - [31/Mar/2009:13:31:29 -0400] "GET /images/arrows.png HTTP/1.0" 304 - "http://isppractices.econsultation.ca/topics/show/10" "Mozilla/4.0 (compatible; MSIE 6.0; Windows NT 5.1; SV1; .NET CLR 1.1.4322; InfoPath.1; MS-RTC LM 8; .NET CLR 2.0.50727; .NET CLR 3.0.4506.2152; .NET CLR 3.5.30729)"
142.160.2.66 - - [31/Mar/2009:13:31:29 -0400] "GET /images/nanos_icon_23.png HTTP/1.0" 304 - "http://isppractices.econsultation.ca/topics/show/10" "Mozilla/4.0 (compatible; MSIE 6.0; Windows NT 5.1; SV1; .NET CLR 1.1.4322; InfoPath.1; MS-RTC LM 8; .NET CLR 2.0.50727; .NET CLR 3.0.4506.2152; .NET CLR 3.5.30729)"
72.14.173.138 - - [31/Mar/2009:13:31:31 -0400] "GET / HTTP/1.1" 200 17209 "-" "Mozilla/5.0 (Windows; U; Windows NT 5.1; en-US; rv:1.9.0.8) Gecko/2009032609 Firefox/3.0.8 (.NET CLR 3.5.30729)"
72.14.173.138 - - [31/Mar/2009:13:31:32 -0400] "GET /stylesheets/base_1238427290.css HTTP/1.1" 200 30105 "http://isppractices.econsultation.ca/" "Mozilla/5.0 (Windows; U; Windows NT 5.1; en-US; rv:1.9.0.8) Gecko/2009032609 Firefox/3.0.8 (.NET CLR 3.5.30729)"
72.14.173.138 - - [31/Mar/2009:13:31:32 -0400] "GET /stylesheets/print.css HTTP/1.1" 200 321 "http://isppractices.econsultation.ca/" "Mozilla/5.0 (Windows; U; Windows NT 5.1; en-US; rv:1.9.0.8) Gecko/2009032609 Firefox/3.0.8 (.NET CLR 3.5.30729)"
72.14.173.138 - - [31/Mar/2009:13:31:32 -0400] "GET /javascripts/base_1238187983.js HTTP/1.1" 200 97264 "http://isppractices.econsultation.ca/" "Mozilla/5.0 (Windows; U; Windows NT 5.1; en-US; rv:1.9.0.8) Gecko/2009032609 Firefox/3.0.8 (.NET CLR 3.5.30729)"
142.160.2.66 - - [31/Mar/2009:13:31:31 -0400] "GET /topics/show/10 HTTP/1.0" 200 30872 "http://isppractices.econsultation.ca/topics/show/10" "Mozilla/4.0 (compatible; MSIE 6.0; Windows NT 5.1; SV1; .NET CLR 1.1.4322; InfoPath.1; MS-RTC LM 8; .NET CLR 2.0.50727; .NET CLR 3.0.4506.2152; .NET CLR 3.5.30729)"
72.14.173.138 - - [31/Mar/2009:13:31:32 -0400] "GET /favicon.ico HTTP/1.1" 200 - "-" "Mozilla/5.0 (Windows; U; Windows NT 5.1; en-US; rv:1.9.0.8) Gecko/2009032609 Firefox/3.0.8 (.NET CLR 3.5.30729)"
142.160.2.66 - - [31/Mar/2009:13:31:32 -0400] "GET /javascripts/base_1238187983.js HTTP/1.0" 304 - "http://isppractices.econsultation.ca/topics/show/10" "Mozilla/4.0 (compatible; MSIE 6.0; Windows NT 5.1; SV1; .NET CLR 1.1.4322; InfoPath.1; MS-RTC LM 8; .NET CLR 2.0.50727; .NET CLR 3.0.4506.2152; .NET CLR 3.5.30729)"
72.14.173.138 - - [31/Mar/2009:13:31:32 -0400] "GET /images/search_go_1.jpg HTTP/1.1" 200 665 "http://isppractices.econsultation.ca/" "Mozilla/5.0 (Windows; U; Windows NT 5.1; en-US; rv:1.9.0.8) Gecko/2009032609 Firefox/3.0.8 (.NET CLR 3.5.30729)"
72.14.173.138 - - [31/Mar/2009:13:31:32 -0400] "GET /images/feed-icon-14x14.png HTTP/1.1" 200 689 "http://isppractices.econsultation.ca/" "Mozilla/5.0 (Windows; U; Windows NT 5.1; en-US; rv:1.9.0.8) Gecko/2009032609 Firefox/3.0.8 (.NET CLR 3.5.30729)"
72.14.173.138 - - [31/Mar/2009:13:31:32 -0400] "GET /images/nanos_icon_23.png HTTP/1.1" 200 4797 "http://isppractices.econsultation.ca/" "Mozilla/5.0 (Windows; U; Windows NT 5.1; en-US; rv:1.9.0.8) Gecko/2009032609 Firefox/3.0.8 (.NET CLR 3.5.30729)"
142.160.2.66 - - [31/Mar/2009:13:31:32 -0400] "GET /stylesheets/base_1238427290.css HTTP/1.0" 304 - "http://isppractices.econsultation.ca/topics/show/10" "Mozilla/4.0 (compatible; MSIE 6.0; Windows NT 5.1; SV1; .NET CLR 1.1.4322; InfoPath.1; MS-RTC LM 8; .NET CLR 2.0.50727; .NET CLR 3.0.4506.2152; .NET CLR 3.5.30729)"
142.160.2.66 - - [31/Mar/2009:13:31:32 -0400] "GET /stylesheets/print.css HTTP/1.0" 304 - "http://isppractices.econsultation.ca/topics/show/10" "Mozilla/4.0 (compatible; MSIE 6.0; Windows NT 5.1; SV1; .NET CLR 1.1.4322; InfoPath.1; MS-RTC LM 8; .NET CLR 2.0.50727; .NET CLR 3.0.4506.2152; .NET CLR 3.5.30729)"
72.14.173.138 - - [31/Mar/2009:13:31:32 -0400] "GET /images/CRTC_2_1300px.jpg HTTP/1.1" 200 72085 "http://isppractices.econsultation.ca/stylesheets/base_1238427290.css" "Mozilla/5.0 (Windows; U; Windows NT 5.1; en-US; rv:1.9.0.8) Gecko/2009032609 Firefox/3.0.8 (.NET CLR 3.5.30729)"
72.14.173.138 - - [31/Mar/2009:13:31:33 -0400] "GET /images/topNav_endCurve.png HTTP/1.1" 200 433 "http://isppractices.econsultation.ca/stylesheets/base_1238427290.css" "Mozilla/5.0 (Windows; U; Windows NT 5.1; en-US; rv:1.9.0.8) Gecko/2009032609 Firefox/3.0.8 (.NET CLR 3.5.30729)"
142.160.2.66 - - [31/Mar/2009:13:31:33 -0400] "GET /stylesheets/redesign_IE.css HTTP/1.0" 304 - "http://isppractices.econsultation.ca/topics/show/10" "Mozilla/4.0 (compatible; MSIE 6.0; Windows NT 5.1; SV1; .NET CLR 1.1.4322; InfoPath.1; MS-RTC LM 8; .NET CLR 2.0.50727; .NET CLR 3.0.4506.2152; .NET CLR 3.5.30729)"
142.160.2.66 - - [31/Mar/2009:13:31:33 -0400] "GET /images/search_go_1.jpg HTTP/1.0" 304 - "http://isppractices.econsultation.ca/topics/show/10" "Mozilla/4.0 (compatible; MSIE 6.0; Windows NT 5.1; SV1; .NET CLR 1.1.4322; InfoPath.1; MS-RTC LM 8; .NET CLR 2.0.50727; .NET CLR 3.0.4506.2152; .NET CLR 3.5.30729)"
142.160.2.66 - - [31/Mar/2009:13:31:33 -0400] "GET /images/feed-icon-14x14.png HTTP/1.0" 304 - "http://isppractices.econsultation.ca/topics/show/10" "Mozilla/4.0 (compatible; MSIE 6.0; Windows NT 5.1; SV1; .NET CLR 1.1.4322; InfoPath.1; MS-RTC LM 8; .NET CLR 2.0.50727; .NET CLR 3.0.4506.2152; .NET CLR 3.5.30729)"
142.160.2.66 - - [31/Mar/2009:13:31:33 -0400] "GET /images/CRTC_2_1300px.jpg HTTP/1.0" 304 - "http://isppractices.econsultation.ca/topics/show/10" "Mozilla/4.0 (compatible; MSIE 6.0; Windows NT 5.1; SV1; .NET CLR 1.1.4322; InfoPath.1; MS-RTC LM 8; .NET CLR 2.0.50727; .NET CLR 3.0.4506.2152; .NET CLR 3.5.30729)"
142.160.2.66 - - [31/Mar/2009:13:31:33 -0400] "GET /images/comment_bw.png HTTP/1.0" 304 - "http://isppractices.econsultation.ca/topics/show/10" "Mozilla/4.0 (compatible; MSIE 6.0; Windows NT 5.1; SV1; .NET CLR 1.1.4322; InfoPath.1; MS-RTC LM 8; .NET CLR 2.0.50727; .NET CLR 3.0.4506.2152; .NET CLR 3.5.30729)"
142.160.2.66 - - [31/Mar/2009:13:31:33 -0400] "GET /images/topNav_endCurve.png HTTP/1.0" 304 - "-" "Mozilla/4.0 (compatible; MSIE 6.0; Windows NT 5.1; SV1; .NET CLR 1.1.4322; InfoPath.1; MS-RTC LM 8; .NET CLR 2.0.50727; .NET CLR 3.0.4506.2152; .NET CLR 3.5.30729)"
142.160.2.66 - - [31/Mar/2009:13:31:33 -0400] "GET /images/nanos_icon_23.png HTTP/1.0" 304 - "http://isppractices.econsultation.ca/topics/show/10" "Mozilla/4.0 (compatible; MSIE 6.0; Windows NT 5.1; SV1; .NET CLR 1.1.4322; InfoPath.1; MS-RTC LM 8; .NET CLR 2.0.50727; .NET CLR 3.0.4506.2152; .NET CLR 3.5.30729)"
142.160.2.66 - - [31/Mar/2009:13:31:33 -0400] "GET /images/arrows.png HTTP/1.0" 304 - "http://isppractices.econsultation.ca/topics/show/10" "Mozilla/4.0 (compatible; MSIE 6.0; Windows NT 5.1; SV1; .NET CLR 1.1.4322; InfoPath.1; MS-RTC LM 8; .NET CLR 2.0.50727; .NET CLR 3.0.4506.2152; .NET CLR 3.5.30729)"
142.160.2.66 - - [31/Mar/2009:13:31:33 -0400] "GET /avatars/0000/0001/pic_nik_thumb.jpg?1237573168 HTTP/1.0" 304 - "http://isppractices.econsultation.ca/topics/show/10" "Mozilla/4.0 (compatible; MSIE 6.0; Windows NT 5.1; SV1; .NET CLR 1.1.4322; InfoPath.1; MS-RTC LM 8; .NET CLR 2.0.50727; .NET CLR 3.0.4506.2152; .NET CLR 3.5.30729)"
199.212.17.130 - - [31/Mar/2009:13:31:34 -0400] "GET / HTTP/1.1" 200 17209 "http://www.crtc.gc.ca/eng/redirect.asp?URL=http://isppractices.econsultation.ca/" "Mozilla/4.0 (compatible; MSIE 6.0; Windows NT 5.1; SV1; .NET CLR 1.1.4322; .NET CLR 2.0.50727)"
199.212.17.130 - - [31/Mar/2009:13:31:34 -0400] "GET /stylesheets/print.css HTTP/1.1" 200 321 "http://isppractices.econsultation.ca/" "Mozilla/4.0 (compatible; MSIE 6.0; Windows NT 5.1; SV1; .NET CLR 1.1.4322; .NET CLR 2.0.50727)"
199.212.17.130 - - [31/Mar/2009:13:31:34 -0400] "GET /stylesheets/base_1238427290.css HTTP/1.1" 200 30105 "http://isppractices.econsultation.ca/" "Mozilla/4.0 (compatible; MSIE 6.0; Windows NT 5.1; SV1; .NET CLR 1.1.4322; .NET CLR 2.0.50727)"
199.212.17.130 - - [31/Mar/2009:13:31:34 -0400] "GET /stylesheets/redesign_IE.css HTTP/1.1" 200 4221 "http://isppractices.econsultation.ca/" "Mozilla/4.0 (compatible; MSIE 6.0; Windows NT 5.1; SV1; .NET CLR 1.1.4322; .NET CLR 2.0.50727)"
209.226.137.108 - - [31/Mar/2009:13:31:34 -0400] "GET /topics/show/11 HTTP/1.1" 200 18589 "http://isppractices.econsultation.ca/topics/show/10" "Mozilla/5.0 (Windows; U; Windows NT 5.1; en-US; rv:1.9.0.8) Gecko/2009032609 Firefox/3.0.8 (.NET CLR 3.5.30729)"
199.212.17.130 - - [31/Mar/2009:13:31:34 -0400] "GET /javascripts/base_1238187983.js HTTP/1.1" 200 97264 "http://isppractices.econsultation.ca/" "Mozilla/4.0 (compatible; MSIE 6.0; Windows NT 5.1; SV1; .NET CLR 1.1.4322; .NET CLR 2.0.50727)"
199.212.17.130 - - [31/Mar/2009:13:31:35 -0400] "GET /images/search_go_1.jpg HTTP/1.1" 200 665 "http://isppractices.econsultation.ca/" "Mozilla/4.0 (compatible; MSIE 6.0; Windows NT 5.1; SV1; .NET CLR 1.1.4322; .NET CLR 2.0.50727)"
199.212.17.130 - - [31/Mar/2009:13:31:35 -0400] "GET /images/nanos_icon_23.png HTTP/1.1" 200 4797 "http://isppractices.econsultation.ca/" "Mozilla/4.0 (compatible; MSIE 6.0; Windows NT 5.1; SV1; .NET CLR 1.1.4322; .NET CLR 2.0.50727)"
199.212.17.130 - - [31/Mar/2009:13:31:35 -0400] "GET /images/feed-icon-14x14.png HTTP/1.1" 200 689 "http://isppractices.econsultation.ca/" "Mozilla/4.0 (compatible; MSIE 6.0; Windows NT 5.1; SV1; .NET CLR 1.1.4322; .NET CLR 2.0.50727)"
199.212.17.130 - - [31/Mar/2009:13:31:35 -0400] "GET /images/CRTC_2_1300px.jpg HTTP/1.1" 200 72085 "http://isppractices.econsultation.ca/" "Mozilla/4.0 (compatible; MSIE 6.0; Windows NT 5.1; SV1; .NET CLR 1.1.4322; .NET CLR 2.0.50727)"
199.212.17.130 - - [31/Mar/2009:13:31:35 -0400] "GET /images/topNav_endCurve.png HTTP/1.1" 200 433 "-" "Mozilla/4.0 (compatible; MSIE 6.0; Windows NT 5.1; SV1; .NET CLR 1.1.4322; .NET CLR 2.0.50727)"
142.229.81.180 - - [31/Mar/2009:13:31:36 -0400] "GET /images/busy.gif HTTP/1.1" 304 - "http://isppractices.econsultation.ca/topics/show/9" "Mozilla/4.0 (compatible; MSIE 7.0; Windows NT 6.0; SV1; SLCC1; .NET CLR 2.0.50727; .NET CLR 3.0.04506; InfoPath.2; MS-RTC LM 8)"
142.229.81.180 - - [31/Mar/2009:13:31:36 -0400] "POST /topic/9/talk/preview HTTP/1.1" 200 2101 "http://isppractices.econsultation.ca/topics/show/9" "Mozilla/4.0 (compatible; MSIE 7.0; Windows NT 6.0; SV1; SLCC1; .NET CLR 2.0.50727; .NET CLR 3.0.04506; InfoPath.2; MS-RTC LM 8)"
142.160.2.66 - - [31/Mar/2009:13:31:36 -0400] "POST /talk/mark/315 HTTP/1.0" 201 1 "http://isppractices.econsultation.ca/topics/show/10" "Mozilla/4.0 (compatible; MSIE 6.0; Windows NT 5.1; SV1; .NET CLR 1.1.4322; InfoPath.1; MS-RTC LM 8; .NET CLR 2.0.50727; .NET CLR 3.0.4506.2152; .NET CLR 3.5.30729)"
142.245.193.10 - - [31/Mar/2009:13:31:37 -0400] "POST /talk/mark/305 HTTP/1.1" 201 1 "http://isppractices.econsultation.ca/topics/show/11" "Mozilla/4.0 (compatible; MSIE 6.0; Windows NT 5.1; SV1; 9LA; .NET CLR 1.0.3705; .NET CLR 1.1.4322; .NET CLR 2.0.50727)"
208.115.138.254 - - [31/Mar/2009:13:31:37 -0400] "GET /talk/mark/305 HTTP/1.1" 201 1 "-" "Mozilla/4.0"
142.229.81.180 - - [31/Mar/2009:13:31:37 -0400] "GET /images/busy.gif HTTP/1.1" 304 - "http://isppractices.econsultation.ca/topics/show/9" "Mozilla/4.0 (compatible; MSIE 7.0; Windows NT 6.0; SV1; SLCC1; .NET CLR 2.0.50727; .NET CLR 3.0.04506; InfoPath.2; MS-RTC LM 8)"
142.229.81.180 - - [31/Mar/2009:13:31:37 -0400] "POST /topic/9/talk/create HTTP/1.1" 200 3318 "http://isppractices.econsultation.ca/topics/show/9" "Mozilla/4.0 (compatible; MSIE 7.0; Windows NT 6.0; SV1; SLCC1; .NET CLR 2.0.50727; .NET CLR 3.0.04506; InfoPath.2; MS-RTC LM 8)"
198.103.61.2 - - [31/Mar/2009:13:31:41 -0400] "POST /talk/mark/314 HTTP/1.1" 201 1 "http://isppractices.econsultation.ca/topics/show/8" "Mozilla/5.0 (Windows; U; Windows NT 5.0; en-US; rv:1.9.0.8) Gecko/2009032609 Firefox/3.0.8"
174.6.150.240 - - [31/Mar/2009:13:31:40 -0400] "GET /topics/show/9 HTTP/1.0" 200 30551 "http://isppractices.econsultation.ca/topics/show/8" "Mozilla/5.0 (Windows; U; Windows NT 5.1; en-US; rv:1.9.0.8) Gecko/2009032609 Firefox/3.0.8"
199.212.17.130 - - [31/Mar/2009:13:31:41 -0400] "GET /topics/show/10 HTTP/1.1" 200 31256 "http://isppractices.econsultation.ca/" "Mozilla/4.0 (compatible; MSIE 6.0; Windows NT 5.1; SV1; .NET CLR 1.1.4322; .NET CLR 2.0.50727)"
199.212.17.130 - - [31/Mar/2009:13:31:42 -0400] "GET /images/comment_bw.png HTTP/1.1" 200 384 "http://isppractices.econsultation.ca/topics/show/10" "Mozilla/4.0 (compatible; MSIE 6.0; Windows NT 5.1; SV1; .NET CLR 1.1.4322; .NET CLR 2.0.50727)"
199.212.17.130 - - [31/Mar/2009:13:31:42 -0400] "GET /avatars/0000/0001/pic_nik_thumb.jpg?1237573168 HTTP/1.1" 200 5862 "http://isppractices.econsultation.ca/topics/show/10" "Mozilla/4.0 (compatible; MSIE 6.0; Windows NT 5.1; SV1; .NET CLR 1.1.4322; .NET CLR 2.0.50727)"
199.212.17.130 - - [31/Mar/2009:13:31:42 -0400] "GET /images/arrows.png HTTP/1.1" 200 216 "http://isppractices.econsultation.ca/topics/show/10" "Mozilla/4.0 (compatible; MSIE 6.0; Windows NT 5.1; SV1; .NET CLR 1.1.4322; .NET CLR 2.0.50727)"
142.160.2.66 - - [31/Mar/2009:13:31:42 -0400] "POST /talk/mark/309 HTTP/1.0" 201 1 "http://isppractices.econsultation.ca/topics/show/10" "Mozilla/4.0 (compatible; MSIE 6.0; Windows NT 5.1; SV1; .NET CLR 1.1.4322; InfoPath.1; MS-RTC LM 8; .NET CLR 2.0.50727; .NET CLR 3.0.4506.2152; .NET CLR 3.5.30729)"
199.212.17.130 - - [31/Mar/2009:13:31:46 -0400] "GET / HTTP/1.1" 200 17209 "http://www.crtc.gc.ca/eng/redirect.asp?URL=http://isppractices.econsultation.ca/" "Mozilla/4.0 (compatible; MSIE 6.0; Windows NT 5.1; SV1; .NET CLR 1.1.4322; .NET CLR 2.0.50727)"
64.26.143.249 - - [31/Mar/2009:13:31:56 -0400] "GET / HTTP/1.1" 200 17209 "http://www.crtc.gc.ca/eng/redirect.asp?URL=http://isppractices.econsultation.ca/" "Mozilla/5.0 (Windows; U; Windows NT 5.1; en-US; rv:1.9.0.6) Gecko/2009011913 Firefox/3.0.6 (.NET CLR 3.5.30729)"
64.26.143.249 - - [31/Mar/2009:13:31:56 -0400] "GET /stylesheets/print.css HTTP/1.1" 200 321 "http://isppractices.econsultation.ca/" "Mozilla/5.0 (Windows; U; Windows NT 5.1; en-US; rv:1.9.0.6) Gecko/2009011913 Firefox/3.0.6 (.NET CLR 3.5.30729)"
64.26.143.249 - - [31/Mar/2009:13:31:56 -0400] "GET /stylesheets/base_1238427290.css HTTP/1.1" 200 30105 "http://isppractices.econsultation.ca/" "Mozilla/5.0 (Windows; U; Windows NT 5.1; en-US; rv:1.9.0.6) Gecko/2009011913 Firefox/3.0.6 (.NET CLR 3.5.30729)"
64.26.143.249 - - [31/Mar/2009:13:31:56 -0400] "GET /javascripts/base_1238187983.js HTTP/1.1" 200 97264 "http://isppractices.econsultation.ca/" "Mozilla/5.0 (Windows; U; Windows NT 5.1; en-US; rv:1.9.0.6) Gecko/2009011913 Firefox/3.0.6 (.NET CLR 3.5.30729)"
64.26.143.249 - - [31/Mar/2009:13:31:57 -0400] "GET /favicon.ico HTTP/1.1" 200 - "-" "Mozilla/5.0 (Windows; U; Windows NT 5.1; en-US; rv:1.9.0.6) Gecko/2009011913 Firefox/3.0.6 (.NET CLR 3.5.30729)"
64.26.143.249 - - [31/Mar/2009:13:31:57 -0400] "GET /images/search_go_1.jpg HTTP/1.1" 200 665 "http://isppractices.econsultation.ca/" "Mozilla/5.0 (Windows; U; Windows NT 5.1; en-US; rv:1.9.0.6) Gecko/2009011913 Firefox/3.0.6 (.NET CLR 3.5.30729)"
64.26.143.249 - - [31/Mar/2009:13:31:57 -0400] "GET /images/feed-icon-14x14.png HTTP/1.1" 200 689 "http://isppractices.econsultation.ca/" "Mozilla/5.0 (Windows; U; Windows NT 5.1; en-US; rv:1.9.0.6) Gecko/2009011913 Firefox/3.0.6 (.NET CLR 3.5.30729)"
64.26.143.249 - - [31/Mar/2009:13:31:57 -0400] "GET /images/nanos_icon_23.png HTTP/1.1" 200 4797 "http://isppractices.econsultation.ca/" "Mozilla/5.0 (Windows; U; Windows NT 5.1; en-US; rv:1.9.0.6) Gecko/2009011913 Firefox/3.0.6 (.NET CLR 3.5.30729)"
64.26.143.249 - - [31/Mar/2009:13:31:57 -0400] "GET /images/topNav_endCurve.png HTTP/1.1" 200 433 "http://isppractices.econsultation.ca/stylesheets/base_1238427290.css" "Mozilla/5.0 (Windows; U; Windows NT 5.1; en-US; rv:1.9.0.6) Gecko/2009011913 Firefox/3.0.6 (.NET CLR 3.5.30729)"
64.26.143.249 - - [31/Mar/2009:13:31:57 -0400] "GET /images/CRTC_2_1300px.jpg HTTP/1.1" 200 72085 "http://isppractices.econsultation.ca/stylesheets/base_1238427290.css" "Mozilla/5.0 (Windows; U; Windows NT 5.1; en-US; rv:1.9.0.6) Gecko/2009011913 Firefox/3.0.6 (.NET CLR 3.5.30729)"
208.97.125.138 - - [31/Mar/2009:13:32:00 -0400] "POST /topic/9/talk/preview HTTP/1.1" 200 2788 "http://isppractices.econsultation.ca/topics/show/9" "Mozilla/5.0 (Windows; U; Windows NT 5.1; en-US; rv:1.9.0.8) Gecko/2009032609 Firefox/3.0.8"
142.245.193.10 - - [31/Mar/2009:13:32:00 -0400] "GET /images/busy.gif HTTP/1.1" 200 2209 "http://isppractices.econsultation.ca/topics/show/11" "Mozilla/4.0 (compatible; MSIE 6.0; Windows NT 5.1; SV1; 9LA; .NET CLR 1.0.3705; .NET CLR 1.1.4322; .NET CLR 2.0.50727)"
142.245.193.10 - - [31/Mar/2009:13:32:00 -0400] "POST /topic/11/talk/new?parent_id=305 HTTP/1.1" 200 1227 "http://isppractices.econsultation.ca/topics/show/11" "Mozilla/4.0 (compatible; MSIE 6.0; Windows NT 5.1; SV1; 9LA; .NET CLR 1.0.3705; .NET CLR 1.1.4322; .NET CLR 2.0.50727)"
99.241.113.190 - - [31/Mar/2009:13:32:03 -0400] "POST /topic/10/talk/preview HTTP/1.1" 200 2627 "http://isppractices.econsultation.ca/topics/show/10" "Mozilla/5.0 (Windows; U; Windows NT 5.1; en-US) AppleWebKit/530.1 (KHTML, like Gecko) Chrome/2.0.169.1 Safari/530.1"
208.115.138.254 - - [31/Mar/2009:13:32:04 -0400] "GET /topic/11/talk/new HTTP/1.1" 302 108 "-" "Mozilla/4.0"
208.115.138.254 - - [31/Mar/2009:13:32:04 -0400] "GET /login HTTP/1.1" 200 10114 "-" "Mozilla/4.0"
174.6.150.240 - - [31/Mar/2009:13:32:05 -0400] "POST /talk/mark/307 HTTP/1.0" 201 1 "http://isppractices.econsultation.ca/topics/show/9" "Mozilla/5.0 (Windows; U; Windows NT 5.1; en-US; rv:1.9.0.8) Gecko/2009032609 Firefox/3.0.8"
132.206.94.241 - - [31/Mar/2009:13:32:08 -0400] "GET / HTTP/1.1" 200 17209 "-" "Mozilla/5.0 (Windows; U; Windows NT 5.1; en-GB; rv:1.9.0.1) Gecko/2008070208 Firefox/3.0.1 (.NET CLR 3.5.30729)"
132.206.94.241 - - [31/Mar/2009:13:32:09 -0400] "GET /stylesheets/print.css HTTP/1.1" 200 321 "http://isppractices.econsultation.ca/" "Mozilla/5.0 (Windows; U; Windows NT 5.1; en-GB; rv:1.9.0.1) Gecko/2008070208 Firefox/3.0.1 (.NET CLR 3.5.30729)"
132.206.94.241 - - [31/Mar/2009:13:32:09 -0400] "GET /favicon.ico HTTP/1.1" 200 - "-" "Mozilla/5.0 (Windows; U; Windows NT 5.1; en-GB; rv:1.9.0.1) Gecko/2008070208 Firefox/3.0.1 (.NET CLR 3.5.30729)"
132.206.94.241 - - [31/Mar/2009:13:32:09 -0400] "GET /images/search_go_1.jpg HTTP/1.1" 200 665 "http://isppractices.econsultation.ca/" "Mozilla/5.0 (Windows; U; Windows NT 5.1; en-GB; rv:1.9.0.1) Gecko/2008070208 Firefox/3.0.1 (.NET CLR 3.5.30729)"
132.206.94.241 - - [31/Mar/2009:13:32:09 -0400] "GET /images/feed-icon-14x14.png HTTP/1.1" 200 689 "http://isppractices.econsultation.ca/" "Mozilla/5.0 (Windows; U; Windows NT 5.1; en-GB; rv:1.9.0.1) Gecko/2008070208 Firefox/3.0.1 (.NET CLR 3.5.30729)"
132.206.94.241 - - [31/Mar/2009:13:32:09 -0400] "GET /images/nanos_icon_23.png HTTP/1.1" 200 4797 "http://isppractices.econsultation.ca/" "Mozilla/5.0 (Windows; U; Windows NT 5.1; en-GB; rv:1.9.0.1) Gecko/2008070208 Firefox/3.0.1 (.NET CLR 3.5.30729)"
198.103.61.2 - - [31/Mar/2009:13:32:09 -0400] "GET /topics/show/9 HTTP/1.1" 200 25512 "http://isppractices.econsultation.ca/topics/show/8" "Mozilla/5.0 (Windows; U; Windows NT 5.0; en-US; rv:1.9.0.8) Gecko/2009032609 Firefox/3.0.8"
142.229.81.180 - - [31/Mar/2009:13:32:10 -0400] "GET /stylesheets/base_1238427290.css HTTP/1.1" 304 - "http://isppractices.econsultation.ca/topics/show/10" "Mozilla/4.0 (compatible; MSIE 7.0; Windows NT 6.0; SV1; SLCC1; .NET CLR 2.0.50727; .NET CLR 3.0.04506; InfoPath.2; MS-RTC LM 8)"
142.229.81.180 - - [31/Mar/2009:13:32:09 -0400] "GET /topics/show/10 HTTP/1.1" 200 26209 "http://isppractices.econsultation.ca/topics/show/9" "Mozilla/4.0 (compatible; MSIE 7.0; Windows NT 6.0; SV1; SLCC1; .NET CLR 2.0.50727; .NET CLR 3.0.04506; InfoPath.2; MS-RTC LM 8)"
142.229.81.180 - - [31/Mar/2009:13:32:10 -0400] "GET /stylesheets/print.css HTTP/1.1" 304 - "http://isppractices.econsultation.ca/topics/show/10" "Mozilla/4.0 (compatible; MSIE 7.0; Windows NT 6.0; SV1; SLCC1; .NET CLR 2.0.50727; .NET CLR 3.0.04506; InfoPath.2; MS-RTC LM 8)"
142.229.81.180 - - [31/Mar/2009:13:32:10 -0400] "GET /javascripts/base_1238187983.js HTTP/1.1" 304 - "http://isppractices.econsultation.ca/topics/show/10" "Mozilla/4.0 (compatible; MSIE 7.0; Windows NT 6.0; SV1; SLCC1; .NET CLR 2.0.50727; .NET CLR 3.0.04506; InfoPath.2; MS-RTC LM 8)"
142.229.81.180 - - [31/Mar/2009:13:32:10 -0400] "GET /stylesheets/redesign_IE.css HTTP/1.1" 304 - "http://isppractices.econsultation.ca/topics/show/10" "Mozilla/4.0 (compatible; MSIE 7.0; Windows NT 6.0; SV1; SLCC1; .NET CLR 2.0.50727; .NET CLR 3.0.04506; InfoPath.2; MS-RTC LM 8)"
142.229.81.180 - - [31/Mar/2009:13:32:10 -0400] "GET /images/search_go_1.jpg HTTP/1.1" 304 - "http://isppractices.econsultation.ca/topics/show/10" "Mozilla/4.0 (compatible; MSIE 7.0; Windows NT 6.0; SV1; SLCC1; .NET CLR 2.0.50727; .NET CLR 3.0.04506; InfoPath.2; MS-RTC LM 8)"
142.229.81.180 - - [31/Mar/2009:13:32:10 -0400] "GET /images/feed-icon-14x14.png HTTP/1.1" 304 - "http://isppractices.econsultation.ca/topics/show/10" "Mozilla/4.0 (compatible; MSIE 7.0; Windows NT 6.0; SV1; SLCC1; .NET CLR 2.0.50727; .NET CLR 3.0.04506; InfoPath.2; MS-RTC LM 8)"
142.229.81.180 - - [31/Mar/2009:13:32:10 -0400] "GET /images/CRTC_2_1300px.jpg HTTP/1.1" 304 - "http://isppractices.econsultation.ca/topics/show/10" "Mozilla/4.0 (compatible; MSIE 7.0; Windows NT 6.0; SV1; SLCC1; .NET CLR 2.0.50727; .NET CLR 3.0.04506; InfoPath.2; MS-RTC LM 8)"
142.229.81.180 - - [31/Mar/2009:13:32:10 -0400] "GET /images/BOX-BACK.jpg HTTP/1.1" 304 - "http://isppractices.econsultation.ca/topics/show/10" "Mozilla/4.0 (compatible; MSIE 7.0; Windows NT 6.0; SV1; SLCC1; .NET CLR 2.0.50727; .NET CLR 3.0.04506; InfoPath.2; MS-RTC LM 8)"
142.229.81.180 - - [31/Mar/2009:13:32:10 -0400] "GET /images/topNav_endCurve.png HTTP/1.1" 304 - "http://isppractices.econsultation.ca/topics/show/10" "Mozilla/4.0 (compatible; MSIE 7.0; Windows NT 6.0; SV1; SLCC1; .NET CLR 2.0.50727; .NET CLR 3.0.04506; InfoPath.2; MS-RTC LM 8)"
142.229.81.180 - - [31/Mar/2009:13:32:10 -0400] "GET /images/comment_bw.png HTTP/1.1" 304 - "http://isppractices.econsultation.ca/topics/show/10" "Mozilla/4.0 (compatible; MSIE 7.0; Windows NT 6.0; SV1; SLCC1; .NET CLR 2.0.50727; .NET CLR 3.0.04506; InfoPath.2; MS-RTC LM 8)"
142.229.81.180 - - [31/Mar/2009:13:32:10 -0400] "GET /images/nanos_icon_23.png HTTP/1.1" 304 - "http://isppractices.econsultation.ca/topics/show/10" "Mozilla/4.0 (compatible; MSIE 7.0; Windows NT 6.0; SV1; SLCC1; .NET CLR 2.0.50727; .NET CLR 3.0.04506; InfoPath.2; MS-RTC LM 8)"
142.229.81.180 - - [31/Mar/2009:13:32:10 -0400] "GET /avatars/0000/0001/pic_nik_thumb.jpg?1237573168 HTTP/1.1" 304 - "http://isppractices.econsultation.ca/topics/show/10" "Mozilla/4.0 (compatible; MSIE 7.0; Windows NT 6.0; SV1; SLCC1; .NET CLR 2.0.50727; .NET CLR 3.0.04506; InfoPath.2; MS-RTC LM 8)"
142.229.81.180 - - [31/Mar/2009:13:32:10 -0400] "GET /images/arrows.png HTTP/1.1" 304 - "http://isppractices.econsultation.ca/topics/show/10" "Mozilla/4.0 (compatible; MSIE 7.0; Windows NT 6.0; SV1; SLCC1; .NET CLR 2.0.50727; .NET CLR 3.0.04506; InfoPath.2; MS-RTC LM 8)"
132.206.94.241 - - [31/Mar/2009:13:32:09 -0400] "GET /stylesheets/base_1238427290.css HTTP/1.1" 200 30105 "http://isppractices.econsultation.ca/" "Mozilla/5.0 (Windows; U; Windows NT 5.1; en-GB; rv:1.9.0.1) Gecko/2008070208 Firefox/3.0.1 (.NET CLR 3.5.30729)"
132.206.94.241 - - [31/Mar/2009:13:32:12 -0400] "GET /images/topNav_endCurve.png HTTP/1.1" 200 433 "http://isppractices.econsultation.ca/stylesheets/base_1238427290.css" "Mozilla/5.0 (Windows; U; Windows NT 5.1; en-GB; rv:1.9.0.1) Gecko/2008070208 Firefox/3.0.1 (.NET CLR 3.5.30729)"
132.206.94.241 - - [31/Mar/2009:13:32:12 -0400] "GET /images/CRTC_2_1300px.jpg HTTP/1.1" 200 72085 "http://isppractices.econsultation.ca/stylesheets/base_1238427290.css" "Mozilla/5.0 (Windows; U; Windows NT 5.1; en-GB; rv:1.9.0.1) Gecko/2008070208 Firefox/3.0.1 (.NET CLR 3.5.30729)"
199.198.223.106 - - [31/Mar/2009:13:32:12 -0400] "GET /topics/show/6 HTTP/1.0" 200 13799 "http://isppractices.econsultation.ca/" "Mozilla/5.0 (Windows; U; Windows NT 5.1; en-US; rv:1.9.0.7) Gecko/2009021910 Firefox/3.0.7"
199.198.223.106 - - [31/Mar/2009:13:32:12 -0400] "GET /avatars/0000/0001/pic_nik_thumb.jpg?1237573168 HTTP/1.0" 200 5862 "http://isppractices.econsultation.ca/topics/show/6" "Mozilla/5.0 (Windows; U; Windows NT 5.1; en-US; rv:1.9.0.7) Gecko/2009021910 Firefox/3.0.7"
198.103.61.2 - - [31/Mar/2009:13:32:12 -0400] "POST /talk/mark/307 HTTP/1.1" 201 1 "http://isppractices.econsultation.ca/topics/show/9" "Mozilla/5.0 (Windows; U; Windows NT 5.0; en-US; rv:1.9.0.8) Gecko/2009032609 Firefox/3.0.8"
199.198.223.106 - - [31/Mar/2009:13:32:13 -0400] "GET /images/comment_bw.png HTTP/1.0" 200 384 "http://isppractices.econsultation.ca/stylesheets/base_1238427290.css" "Mozilla/5.0 (Windows; U; Windows NT 5.1; en-US; rv:1.9.0.7) Gecko/2009021910 Firefox/3.0.7"
199.198.223.106 - - [31/Mar/2009:13:32:13 -0400] "GET /images/arrows.png HTTP/1.0" 200 216 "http://isppractices.econsultation.ca/stylesheets/base_1238427290.css" "Mozilla/5.0 (Windows; U; Windows NT 5.1; en-US; rv:1.9.0.7) Gecko/2009021910 Firefox/3.0.7"
199.198.223.106 - - [31/Mar/2009:13:32:14 -0400] "GET /topics/show/7 HTTP/1.0" 200 44583 "http://isppractices.econsultation.ca/topics/show/6" "Mozilla/5.0 (Windows; U; Windows NT 5.1; en-US; rv:1.9.0.7) Gecko/2009021910 Firefox/3.0.7"
199.198.223.106 - - [31/Mar/2009:13:32:15 -0400] "GET /images/BOX-BACK.jpg HTTP/1.0" 200 1025 "http://isppractices.econsultation.ca/stylesheets/base_1238427290.css" "Mozilla/5.0 (Windows; U; Windows NT 5.1; en-US; rv:1.9.0.7) Gecko/2009021910 Firefox/3.0.7"
66.249.66.168 - - [31/Mar/2009:13:32:14 -0400] "GET / HTTP/1.1" 200 17209 "-" "Mozilla/5.0 (compatible; Googlebot/2.1; +http://www.google.com/bot.html)"
69.196.147.210 - - [31/Mar/2009:13:32:19 -0400] "POST /talk/mark/303 HTTP/1.1" 201 1 "http://isppractices.econsultation.ca/topics/show/7" "Mozilla/5.0 (Windows; U; Windows NT 5.1; en-GB; rv:1.9.0.8) Gecko/2009032609 Firefox/3.0.8 (.NET CLR 3.5.30729)"
174.6.150.240 - - [31/Mar/2009:13:32:19 -0400] "POST /talk/mark/313 HTTP/1.0" 201 1 "http://isppractices.econsultation.ca/topics/show/9" "Mozilla/5.0 (Windows; U; Windows NT 5.1; en-US; rv:1.9.0.8) Gecko/2009032609 Firefox/3.0.8"
99.241.113.190 - - [31/Mar/2009:13:32:20 -0400] "POST /topic/10/talk/create HTTP/1.1" 200 2609 "http://isppractices.econsultation.ca/topics/show/10" "Mozilla/5.0 (Windows; U; Windows NT 5.1; en-US) AppleWebKit/530.1 (KHTML, like Gecko) Chrome/2.0.169.1 Safari/530.1"
216.252.76.42 - - [31/Mar/2009:13:32:21 -0400] "GET / HTTP/1.1" 200 12137 "http://isppractices.econsultation.ca/topics/show/9" "Mozilla/5.0 (Windows; U; Windows NT 6.0; en-US; rv:1.9.1b4pre) Gecko/20090328 Shiretoko/3.5b4pre"
99.241.113.190 - - [31/Mar/2009:13:32:22 -0400] "POST /topic/10/talk/create HTTP/1.1" 200 3602 "http://isppractices.econsultation.ca/topics/show/10" "Mozilla/5.0 (Windows; U; Windows NT 5.1; en-US) AppleWebKit/530.1 (KHTML, like Gecko) Chrome/2.0.169.1 Safari/530.1"
216.221.75.64 - - [31/Mar/2009:13:32:24 -0400] "GET / HTTP/1.1" 200 17210 "http://www.financialpost.com/story.html?id=1448224" "Mozilla/5.0 (Windows; U; Windows NT 5.1; en-US; rv:1.9.0.8) Gecko/2009032609 Firefox/3.0.8"
216.221.75.64 - - [31/Mar/2009:13:32:25 -0400] "GET /stylesheets/print.css HTTP/1.1" 200 321 "http://isppractices.econsultation.ca/" "Mozilla/5.0 (Windows; U; Windows NT 5.1; en-US; rv:1.9.0.8) Gecko/2009032609 Firefox/3.0.8"
216.221.75.64 - - [31/Mar/2009:13:32:25 -0400] "GET /stylesheets/base_1238427290.css HTTP/1.1" 200 30105 "http://isppractices.econsultation.ca/" "Mozilla/5.0 (Windows; U; Windows NT 5.1; en-US; rv:1.9.0.8) Gecko/2009032609 Firefox/3.0.8"
216.221.75.64 - - [31/Mar/2009:13:32:25 -0400] "GET /javascripts/base_1238187983.js HTTP/1.1" 200 97264 "http://isppractices.econsultation.ca/" "Mozilla/5.0 (Windows; U; Windows NT 5.1; en-US; rv:1.9.0.8) Gecko/2009032609 Firefox/3.0.8"
216.221.75.64 - - [31/Mar/2009:13:32:25 -0400] "GET /favicon.ico HTTP/1.1" 200 - "-" "Mozilla/5.0 (compatible; Google Desktop)"
216.221.75.64 - - [31/Mar/2009:13:32:25 -0400] "GET /favicon.ico HTTP/1.1" 200 - "-" "Mozilla/5.0 (Windows; U; Windows NT 5.1; en-US; rv:1.9.0.8) Gecko/2009032609 Firefox/3.0.8"
216.221.75.64 - - [31/Mar/2009:13:32:25 -0400] "GET /images/search_go_1.jpg HTTP/1.1" 200 665 "http://isppractices.econsultation.ca/" "Mozilla/5.0 (Windows; U; Windows NT 5.1; en-US; rv:1.9.0.8) Gecko/2009032609 Firefox/3.0.8"
216.221.75.64 - - [31/Mar/2009:13:32:25 -0400] "GET /images/feed-icon-14x14.png HTTP/1.1" 200 689 "http://isppractices.econsultation.ca/" "Mozilla/5.0 (Windows; U; Windows NT 5.1; en-US; rv:1.9.0.8) Gecko/2009032609 Firefox/3.0.8"
216.221.75.64 - - [31/Mar/2009:13:32:25 -0400] "GET /images/nanos_icon_23.png HTTP/1.1" 200 4797 "http://isppractices.econsultation.ca/" "Mozilla/5.0 (Windows; U; Windows NT 5.1; en-US; rv:1.9.0.8) Gecko/2009032609 Firefox/3.0.8"
216.221.75.64 - - [31/Mar/2009:13:32:25 -0400] "GET /images/topNav_endCurve.png HTTP/1.1" 200 433 "http://isppractices.econsultation.ca/stylesheets/base_1238427290.css" "Mozilla/5.0 (Windows; U; Windows NT 5.1; en-US; rv:1.9.0.8) Gecko/2009032609 Firefox/3.0.8"
216.221.75.64 - - [31/Mar/2009:13:32:25 -0400] "GET /images/CRTC_2_1300px.jpg HTTP/1.1" 200 72085 "http://isppractices.econsultation.ca/stylesheets/base_1238427290.css" "Mozilla/5.0 (Windows; U; Windows NT 5.1; en-US; rv:1.9.0.8) Gecko/2009032609 Firefox/3.0.8"
216.252.76.42 - - [31/Mar/2009:13:32:26 -0400] "GET /topics/show/9?root=317 HTTP/1.1" 200 25047 "http://isppractices.econsultation.ca/" "Mozilla/5.0 (Windows; U; Windows NT 6.0; en-US; rv:1.9.1b4pre) Gecko/20090328 Shiretoko/3.5b4pre"
208.97.125.138 - - [31/Mar/2009:13:32:28 -0400] "POST /topic/9/talk/create HTTP/1.1" 200 3660 "http://isppractices.econsultation.ca/topics/show/9" "Mozilla/5.0 (Windows; U; Windows NT 5.1; en-US; rv:1.9.0.8) Gecko/2009032609 Firefox/3.0.8"
99.241.113.190 - - [31/Mar/2009:13:32:35 -0400] "POST /talk/mark/306 HTTP/1.1" 201 1 "http://isppractices.econsultation.ca/topics/show/10" "Mozilla/5.0 (Windows; U; Windows NT 5.1; en-US) AppleWebKit/530.1 (KHTML, like Gecko) Chrome/2.0.169.1 Safari/530.1"
216.95.209.234 - - [31/Mar/2009:13:32:41 -0400] "POST /talk/mark/315 HTTP/1.1" 201 1 "http://isppractices.econsultation.ca/topics/show/10" "Mozilla/5.0 (Windows; U; Windows NT 5.1; en-US; rv:1.9.0.6) Gecko/2009011913 Firefox/3.0.6 (.NET CLR 3.5.30729)"
208.97.125.138 - - [31/Mar/2009:13:32:48 -0400] "POST /topics/show_comments/9/307 HTTP/1.1" 200 251 "http://isppractices.econsultation.ca/topics/show/9" "Mozilla/5.0 (Windows; U; Windows NT 5.1; en-US; rv:1.9.0.8) Gecko/2009032609 Firefox/3.0.8"
69.196.147.210 - - [31/Mar/2009:13:32:51 -0400] "POST /talk/mark/308 HTTP/1.1" 201 1 "http://isppractices.econsultation.ca/topics/show/7" "Mozilla/5.0 (Windows; U; Windows NT 5.1; en-GB; rv:1.9.0.8) Gecko/2009032609 Firefox/3.0.8 (.NET CLR 3.5.30729)"
199.198.223.106 - - [31/Mar/2009:13:32:57 -0400] "GET /images/busy.gif HTTP/1.0" 200 2209 "http://isppractices.econsultation.ca/topics/show/7" "Mozilla/5.0 (Windows; U; Windows NT 5.1; en-US; rv:1.9.0.7) Gecko/2009021910 Firefox/3.0.7"
199.198.223.106 - - [31/Mar/2009:13:32:57 -0400] "POST /topics/show_comments/7/302 HTTP/1.0" 200 251 "http://isppractices.econsultation.ca/topics/show/7" "Mozilla/5.0 (Windows; U; Windows NT 5.1; en-US; rv:1.9.0.7) Gecko/2009021910 Firefox/3.0.7"
208.97.125.138 - - [31/Mar/2009:13:33:00 -0400] "POST /talk/mark/307 HTTP/1.1" 201 1 "http://isppractices.econsultation.ca/topics/show/9" "Mozilla/5.0 (Windows; U; Windows NT 5.1; en-US; rv:1.9.0.8) Gecko/2009032609 Firefox/3.0.8"
198.103.61.2 - - [31/Mar/2009:13:33:08 -0400] "POST /talk/mark/313 HTTP/1.1" 201 1 "http://isppractices.econsultation.ca/topics/show/9" "Mozilla/5.0 (Windows; U; Windows NT 5.0; en-US; rv:1.9.0.8) Gecko/2009032609 Firefox/3.0.8"
72.204.34.217 - - [31/Mar/2009:13:33:09 -0400] "GET / HTTP/1.1" 200 17207 "-" "Mozilla/5.0 (Windows; U; Windows NT 5.1; en-US; rv:1.9.0.8) Gecko/2009032609 Firefox/3.0.8 (.NET CLR 3.5.30729)"
72.204.34.217 - - [31/Mar/2009:13:33:10 -0400] "GET /stylesheets/print.css HTTP/1.1" 200 321 "http://isppractices.econsultation.ca/" "Mozilla/5.0 (Windows; U; Windows NT 5.1; en-US; rv:1.9.0.8) Gecko/2009032609 Firefox/3.0.8 (.NET CLR 3.5.30729)"
72.204.34.217 - - [31/Mar/2009:13:33:10 -0400] "GET /stylesheets/base_1238427290.css HTTP/1.1" 200 30105 "http://isppractices.econsultation.ca/" "Mozilla/5.0 (Windows; U; Windows NT 5.1; en-US; rv:1.9.0.8) Gecko/2009032609 Firefox/3.0.8 (.NET CLR 3.5.30729)"
174.6.150.240 - - [31/Mar/2009:13:33:10 -0400] "POST /talk/mark/317 HTTP/1.0" 201 1 "http://isppractices.econsultation.ca/topics/show/9" "Mozilla/5.0 (Windows; U; Windows NT 5.1; en-US; rv:1.9.0.8) Gecko/2009032609 Firefox/3.0.8"
72.204.34.217 - - [31/Mar/2009:13:33:10 -0400] "GET /javascripts/base_1238187983.js HTTP/1.1" 200 97264 "http://isppractices.econsultation.ca/" "Mozilla/5.0 (Windows; U; Windows NT 5.1; en-US; rv:1.9.0.8) Gecko/2009032609 Firefox/3.0.8 (.NET CLR 3.5.30729)"
72.204.34.217 - - [31/Mar/2009:13:33:11 -0400] "GET /favicon.ico HTTP/1.1" 200 - "-" "Mozilla/5.0 (Windows; U; Windows NT 5.1; en-US; rv:1.9.0.8) Gecko/2009032609 Firefox/3.0.8 (.NET CLR 3.5.30729)"
72.204.34.217 - - [31/Mar/2009:13:33:11 -0400] "GET /images/search_go_1.jpg HTTP/1.1" 200 665 "http://isppractices.econsultation.ca/" "Mozilla/5.0 (Windows; U; Windows NT 5.1; en-US; rv:1.9.0.8) Gecko/2009032609 Firefox/3.0.8 (.NET CLR 3.5.30729)"
72.204.34.217 - - [31/Mar/2009:13:33:11 -0400] "GET /images/feed-icon-14x14.png HTTP/1.1" 200 689 "http://isppractices.econsultation.ca/" "Mozilla/5.0 (Windows; U; Windows NT 5.1; en-US; rv:1.9.0.8) Gecko/2009032609 Firefox/3.0.8 (.NET CLR 3.5.30729)"
72.204.34.217 - - [31/Mar/2009:13:33:11 -0400] "GET /images/nanos_icon_23.png HTTP/1.1" 200 4797 "http://isppractices.econsultation.ca/" "Mozilla/5.0 (Windows; U; Windows NT 5.1; en-US; rv:1.9.0.8) Gecko/2009032609 Firefox/3.0.8 (.NET CLR 3.5.30729)"
72.204.34.217 - - [31/Mar/2009:13:33:11 -0400] "GET /images/topNav_endCurve.png HTTP/1.1" 200 433 "http://isppractices.econsultation.ca/stylesheets/base_1238427290.css" "Mozilla/5.0 (Windows; U; Windows NT 5.1; en-US; rv:1.9.0.8) Gecko/2009032609 Firefox/3.0.8 (.NET CLR 3.5.30729)"
72.204.34.217 - - [31/Mar/2009:13:33:11 -0400] "GET /images/CRTC_2_1300px.jpg HTTP/1.1" 200 72085 "http://isppractices.econsultation.ca/stylesheets/base_1238427290.css" "Mozilla/5.0 (Windows; U; Windows NT 5.1; en-US; rv:1.9.0.8) Gecko/2009032609 Firefox/3.0.8 (.NET CLR 3.5.30729)"
199.198.223.106 - - [31/Mar/2009:13:33:13 -0400] "POST /talk/mark/303 HTTP/1.0" 201 1 "http://isppractices.econsultation.ca/topics/show/7" "Mozilla/5.0 (Windows; U; Windows NT 5.1; en-US; rv:1.9.0.7) Gecko/2009021910 Firefox/3.0.7"
66.209.52.78 - - [31/Mar/2009:13:33:13 -0400] "GET /topics/show/8 HTTP/1.1" 200 29126 "http://isppractices.econsultation.ca/topics/show/7" "Mozilla/5.0 (Windows; U; Windows NT 5.1; en-US; rv:1.9.0.7) Gecko/2009021910 Firefox/3.0.7"
99.241.113.190 - - [31/Mar/2009:13:33:21 -0400] "GET /topics/show/11 HTTP/1.1" 200 13542 "http://isppractices.econsultation.ca/topics/show/10" "Mozilla/5.0 (Windows; U; Windows NT 5.1; en-US) AppleWebKit/530.1 (KHTML, like Gecko) Chrome/2.0.169.1 Safari/530.1"
220.181.32.77 - - [31/Mar/2009:13:33:32 -0400] "GET /robots.txt HTTP/1.1" 200 99 "-" "Baiduspider+(+http://www.baidu.com/search/spider.htm)"
66.209.52.78 - - [31/Mar/2009:13:33:33 -0400] "POST /talk/mark/304 HTTP/1.1" 201 1 "http://isppractices.econsultation.ca/topics/show/8" "Mozilla/5.0 (Windows; U; Windows NT 5.1; en-US; rv:1.9.0.7) Gecko/2009021910 Firefox/3.0.7"
99.241.113.190 - - [31/Mar/2009:13:33:37 -0400] "POST /talk/mark/305 HTTP/1.1" 201 1 "http://isppractices.econsultation.ca/topics/show/11" "Mozilla/5.0 (Windows; U; Windows NT 5.1; en-US) AppleWebKit/530.1 (KHTML, like Gecko) Chrome/2.0.169.1 Safari/530.1"
206.248.128.78 - - [31/Mar/2009:13:33:37 -0400] "GET /topics/show/7?root=303 HTTP/1.1" 200 44583 "http://isppractices.econsultation.ca/" "Mozilla/5.0 (X11; U; Linux i686; en-US; rv:1.9.0.8) Gecko/2009032711 Ubuntu/8.04 (hardy) Firefox/3.0.8"
206.248.128.78 - - [31/Mar/2009:13:33:38 -0400] "GET /images/comment_bw.png HTTP/1.1" 200 384 "http://isppractices.econsultation.ca/stylesheets/base_1238427290.css" "Mozilla/5.0 (X11; U; Linux i686; en-US; rv:1.9.0.8) Gecko/2009032711 Ubuntu/8.04 (hardy) Firefox/3.0.8"
206.248.128.78 - - [31/Mar/2009:13:33:38 -0400] "GET /images/BOX-BACK.jpg HTTP/1.1" 200 1025 "http://isppractices.econsultation.ca/stylesheets/base_1238427290.css" "Mozilla/5.0 (X11; U; Linux i686; en-US; rv:1.9.0.8) Gecko/2009032711 Ubuntu/8.04 (hardy) Firefox/3.0.8"
206.248.128.78 - - [31/Mar/2009:13:33:38 -0400] "GET /avatars/0000/0001/pic_nik_thumb.jpg?1237573168 HTTP/1.1" 200 5862 "http://isppractices.econsultation.ca/topics/show/7?root=303" "Mozilla/5.0 (X11; U; Linux i686; en-US; rv:1.9.0.8) Gecko/2009032711 Ubuntu/8.04 (hardy) Firefox/3.0.8"
206.248.128.78 - - [31/Mar/2009:13:33:38 -0400] "GET /images/arrows.png HTTP/1.1" 200 216 "http://isppractices.econsultation.ca/stylesheets/base_1238427290.css" "Mozilla/5.0 (X11; U; Linux i686; en-US; rv:1.9.0.8) Gecko/2009032711 Ubuntu/8.04 (hardy) Firefox/3.0.8"
206.248.128.78 - - [31/Mar/2009:13:33:38 -0400] "POST /talk/mark/303 HTTP/1.1" 201 1 "http://isppractices.econsultation.ca/topics/show/7?root=303" "Mozilla/5.0 (X11; U; Linux i686; en-US; rv:1.9.0.8) Gecko/2009032711 Ubuntu/8.04 (hardy) Firefox/3.0.8"
142.229.81.180 - - [31/Mar/2009:13:33:40 -0400] "POST /talk/mark/306 HTTP/1.1" 201 1 "http://isppractices.econsultation.ca/topics/show/10" "Mozilla/4.0 (compatible; MSIE 7.0; Windows NT 6.0; SV1; SLCC1; .NET CLR 2.0.50727; .NET CLR 3.0.04506; InfoPath.2; MS-RTC LM 8)"
99.241.113.190 - - [31/Mar/2009:13:33:40 -0400] "POST /rater/create/comment_rating/305 HTTP/1.1" 200 225 "http://isppractices.econsultation.ca/topics/show/11" "Mozilla/5.0 (Windows; U; Windows NT 5.1; en-US) AppleWebKit/530.1 (KHTML, like Gecko) Chrome/2.0.169.1 Safari/530.1"
65.94.48.64 - - [31/Mar/2009:13:33:41 -0400] "GET /register HTTP/1.1" 200 11101 "http://isppractices.econsultation.ca/" "Mozilla/5.0 (Windows; U; Windows NT 5.1; en-US; rv:1.9.0.8) Gecko/2009032609 Firefox/3.0.8"
99.241.113.190 - - [31/Mar/2009:13:33:43 -0400] "POST /topic/11/talk/new?parent_id=0 HTTP/1.1" 200 1213 "http://isppractices.econsultation.ca/topics/show/11" "Mozilla/5.0 (Windows; U; Windows NT 5.1; en-US) AppleWebKit/530.1 (KHTML, like Gecko) Chrome/2.0.169.1 Safari/530.1"
199.198.223.106 - - [31/Mar/2009:13:33:45 -0400] "POST /rater/create/comment_rating/303 HTTP/1.0" 200 225 "http://isppractices.econsultation.ca/topics/show/7" "Mozilla/5.0 (Windows; U; Windows NT 5.1; en-US; rv:1.9.0.7) Gecko/2009021910 Firefox/3.0.7"
216.95.209.234 - - [31/Mar/2009:13:33:51 -0400] "GET /topics/show/7 HTTP/1.1" 200 44583 "http://isppractices.econsultation.ca/topics/show/10" "Mozilla/5.0 (Windows; U; Windows NT 5.1; en-US; rv:1.9.0.6) Gecko/2009011913 Firefox/3.0.6 (.NET CLR 3.5.30729)"
142.229.81.180 - - [31/Mar/2009:13:34:04 -0400] "POST /rater/create/comment_rating/306 HTTP/1.1" 200 225 "http://isppractices.econsultation.ca/topics/show/10" "Mozilla/4.0 (compatible; MSIE 7.0; Windows NT 6.0; SV1; SLCC1; .NET CLR 2.0.50727; .NET CLR 3.0.04506; InfoPath.2; MS-RTC LM 8)"
208.97.125.138 - - [31/Mar/2009:13:34:09 -0400] "GET /rss?lang=en HTTP/1.1" 200 3912 "-" "Mozilla/5.0 (Windows; U; Windows NT 5.1; en-US; rv:1.9.0.8) Gecko/2009032609 Firefox/3.0.8"
99.241.84.37 - - [31/Mar/2009:13:34:09 -0400] "GET / HTTP/1.1" 200 17207 "http://www.reddit.com/?count=25&after=t3_88vbq" "Mozilla/5.0 (Windows; U; Windows NT 6.0; en-US; rv:1.9.0.8) Gecko/2009032609 Firefox/3.0.8"
99.241.84.37 - - [31/Mar/2009:13:34:10 -0400] "GET /stylesheets/print.css HTTP/1.1" 200 321 "http://isppractices.econsultation.ca/" "Mozilla/5.0 (Windows; U; Windows NT 6.0; en-US; rv:1.9.0.8) Gecko/2009032609 Firefox/3.0.8"
99.241.84.37 - - [31/Mar/2009:13:34:10 -0400] "GET /stylesheets/base_1238427290.css HTTP/1.1" 200 30105 "http://isppractices.econsultation.ca/" "Mozilla/5.0 (Windows; U; Windows NT 6.0; en-US; rv:1.9.0.8) Gecko/2009032609 Firefox/3.0.8"
99.241.84.37 - - [31/Mar/2009:13:34:10 -0400] "GET /javascripts/base_1238187983.js HTTP/1.1" 200 97264 "http://isppractices.econsultation.ca/" "Mozilla/5.0 (Windows; U; Windows NT 6.0; en-US; rv:1.9.0.8) Gecko/2009032609 Firefox/3.0.8"
