209.29.100.186 - - [31/Mar/2009:17:16:08 -0400] "GET /stylesheets/styles.css HTTP/1.1" 304 - "http://www.gardinerconsultation.ca/" "Mozilla/5.0 (Windows; U; Windows NT 5.1; en-US; rv:1.9.0.8) Gecko/2009032609 Firefox/3.0.8"
209.29.100.186 - - [31/Mar/2009:17:16:10 -0400] "GET /images/headerbg_blue.jpg HTTP/1.1" 304 - "http://www.gardinerconsultation.ca/stylesheets/styles.css" "Mozilla/5.0 (Windows; U; Windows NT 5.1; en-US; rv:1.9.0.8) Gecko/2009032609 Firefox/3.0.8"
209.29.100.186 - - [31/Mar/2009:17:16:00 -0400] "GET / HTTP/1.1" 200 17978 "-" "Mozilla/5.0 (Windows; U; Windows NT 5.1; en-US; rv:1.9.0.8) Gecko/2009032609 Firefox/3.0.8"
173.33.224.79 - - [31/Mar/2009:17:17:38 -0400] "GET /topics/show/5 HTTP/1.1" 200 9632 "http://www.gardinerconsultation.ca/topics/show/4" "Mozilla/4.0 (compatible; MSIE 8.0; Windows NT 5.1; Trident/4.0; .NET CLR 1.1.4322; .NET CLR 2.0.50727)"
209.29.100.186 - - [31/Mar/2009:17:17:49 -0400] "GET /topics/show/14?root=21 HTTP/1.1" 200 53497 "http://www.gardinerconsultation.ca/" "Mozilla/5.0 (Windows; U; Windows NT 5.1; en-US; rv:1.9.0.8) Gecko/2009032609 Firefox/3.0.8"
209.29.100.186 - - [31/Mar/2009:17:17:54 -0400] "POST /talk/mark/37 HTTP/1.1" 201 1 "http://www.gardinerconsultation.ca/topics/show/14?root=21" "Mozilla/5.0 (Windows; U; Windows NT 5.1; en-US; rv:1.9.0.8) Gecko/2009032609 Firefox/3.0.8"
173.33.224.79 - - [31/Mar/2009:17:19:26 -0400] "GET /topics/show/6 HTTP/1.1" 200 9681 "http://www.gardinerconsultation.ca/topics/show/5" "Mozilla/4.0 (compatible; MSIE 8.0; Windows NT 5.1; Trident/4.0; .NET CLR 1.1.4322; .NET CLR 2.0.50727)"
209.29.100.186 - - [31/Mar/2009:17:20:05 -0400] "GET /topics/show/13?lang=en&root=45 HTTP/1.1" 200 82558 "-" "Mozilla/5.0 (Windows; U; Windows NT 5.1; en-US; rv:1.9.0.8) Gecko/2009032609 Firefox/3.0.8"
209.29.100.186 - - [31/Mar/2009:17:20:29 -0400] "POST /talk/mark/48 HTTP/1.1" 201 1 "http://www.gardinerconsultation.ca/topics/show/13?lang=en&root=45" "Mozilla/5.0 (Windows; U; Windows NT 5.1; en-US; rv:1.9.0.8) Gecko/2009032609 Firefox/3.0.8"
209.29.100.186 - - [31/Mar/2009:17:20:45 -0400] "POST /talk/mark/46 HTTP/1.1" 201 1 "http://www.gardinerconsultation.ca/topics/show/13?lang=en&root=45" "Mozilla/5.0 (Windows; U; Windows NT 5.1; en-US; rv:1.9.0.8) Gecko/2009032609 Firefox/3.0.8"
209.29.100.186 - - [31/Mar/2009:17:20:47 -0400] "POST /topic/13/talk/new?parent_id=46 HTTP/1.1" 200 1170 "http://www.gardinerconsultation.ca/topics/show/13?lang=en&root=45" "Mozilla/5.0 (Windows; U; Windows NT 5.1; en-US; rv:1.9.0.8) Gecko/2009032609 Firefox/3.0.8"
173.33.224.79 - - [31/Mar/2009:17:21:34 -0400] "GET /topics/show/7 HTTP/1.1" 200 11341 "http://www.gardinerconsultation.ca/topics/show/6" "Mozilla/4.0 (compatible; MSIE 8.0; Windows NT 5.1; Trident/4.0; .NET CLR 1.1.4322; .NET CLR 2.0.50727)"
173.33.224.79 - - [31/Mar/2009:17:21:34 -0400] "GET /stylesheets/reset.css HTTP/1.1" 304 - "http://www.gardinerconsultation.ca/topics/show/7" "Mozilla/4.0 (compatible; MSIE 8.0; Windows NT 5.1; Trident/4.0; .NET CLR 1.1.4322; .NET CLR 2.0.50727)"
173.33.224.79 - - [31/Mar/2009:17:21:34 -0400] "GET /stylesheets/styles.css HTTP/1.1" 304 - "http://www.gardinerconsultation.ca/topics/show/7" "Mozilla/4.0 (compatible; MSIE 8.0; Windows NT 5.1; Trident/4.0; .NET CLR 1.1.4322; .NET CLR 2.0.50727)"
173.33.224.79 - - [31/Mar/2009:17:21:34 -0400] "GET /stylesheets/lightview.css HTTP/1.1" 304 - "http://www.gardinerconsultation.ca/topics/show/7" "Mozilla/4.0 (compatible; MSIE 8.0; Windows NT 5.1; Trident/4.0; .NET CLR 1.1.4322; .NET CLR 2.0.50727)"
173.33.224.79 - - [31/Mar/2009:17:21:34 -0400] "GET /javascripts/base_1236178901.js HTTP/1.1" 304 - "http://www.gardinerconsultation.ca/topics/show/7" "Mozilla/4.0 (compatible; MSIE 8.0; Windows NT 5.1; Trident/4.0; .NET CLR 1.1.4322; .NET CLR 2.0.50727)"
173.33.224.79 - - [31/Mar/2009:17:21:34 -0400] "GET /javascripts/anylinkcssmenu.js HTTP/1.1" 304 - "http://www.gardinerconsultation.ca/topics/show/7" "Mozilla/4.0 (compatible; MSIE 8.0; Windows NT 5.1; Trident/4.0; .NET CLR 1.1.4322; .NET CLR 2.0.50727)"
173.33.224.79 - - [31/Mar/2009:17:21:34 -0400] "GET /stylesheets/anylinkcssmenu.css HTTP/1.1" 304 - "http://www.gardinerconsultation.ca/topics/show/7" "Mozilla/4.0 (compatible; MSIE 8.0; Windows NT 5.1; Trident/4.0; .NET CLR 1.1.4322; .NET CLR 2.0.50727)"
173.33.224.79 - - [31/Mar/2009:17:21:34 -0400] "GET /images/WT_logo.gif?1236965760 HTTP/1.1" 304 - "http://www.gardinerconsultation.ca/topics/show/7" "Mozilla/4.0 (compatible; MSIE 8.0; Windows NT 5.1; Trident/4.0; .NET CLR 1.1.4322; .NET CLR 2.0.50727)"
173.33.224.79 - - [31/Mar/2009:17:21:34 -0400] "GET /images/pagebackground-blue.jpg?1237554466 HTTP/1.1" 304 - "http://www.gardinerconsultation.ca/topics/show/7" "Mozilla/4.0 (compatible; MSIE 8.0; Windows NT 5.1; Trident/4.0; .NET CLR 1.1.4322; .NET CLR 2.0.50727)"
173.33.224.79 - - [31/Mar/2009:17:21:34 -0400] "GET /images/bg.gif HTTP/1.1" 304 - "http://www.gardinerconsultation.ca/topics/show/7" "Mozilla/4.0 (compatible; MSIE 8.0; Windows NT 5.1; Trident/4.0; .NET CLR 1.1.4322; .NET CLR 2.0.50727)"
173.33.224.79 - - [31/Mar/2009:17:21:34 -0400] "GET /images/headerbg_blue.jpg HTTP/1.1" 304 - "http://www.gardinerconsultation.ca/topics/show/7" "Mozilla/4.0 (compatible; MSIE 8.0; Windows NT 5.1; Trident/4.0; .NET CLR 1.1.4322; .NET CLR 2.0.50727)"
173.33.224.79 - - [31/Mar/2009:17:21:34 -0400] "GET /images/footerbg.gif HTTP/1.1" 304 - "http://www.gardinerconsultation.ca/topics/show/7" "Mozilla/4.0 (compatible; MSIE 8.0; Windows NT 5.1; Trident/4.0; .NET CLR 1.1.4322; .NET CLR 2.0.50727)"
173.33.224.79 - - [31/Mar/2009:17:21:34 -0400] "GET /images/navbg.gif HTTP/1.1" 304 - "http://www.gardinerconsultation.ca/topics/show/7" "Mozilla/4.0 (compatible; MSIE 8.0; Windows NT 5.1; Trident/4.0; .NET CLR 1.1.4322; .NET CLR 2.0.50727)"
99.237.179.252 - - [31/Mar/2009:17:23:28 -0400] "GET / HTTP/1.1" 200 17978 "http://finance.groups.yahoo.com/group/ontroads/message/17193" "Mozilla/5.0 (Windows; U; Windows NT 5.1; en-US; rv:1.9.0.8) Gecko/2009032609 Firefox/3.0.8"
99.237.179.252 - - [31/Mar/2009:17:23:29 -0400] "GET /stylesheets/styles.css HTTP/1.1" 200 12376 "http://www.gardinerconsultation.ca/" "Mozilla/5.0 (Windows; U; Windows NT 5.1; en-US; rv:1.9.0.8) Gecko/2009032609 Firefox/3.0.8"
99.237.179.252 - - [31/Mar/2009:17:23:29 -0400] "GET /stylesheets/reset.css HTTP/1.1" 200 519 "http://www.gardinerconsultation.ca/" "Mozilla/5.0 (Windows; U; Windows NT 5.1; en-US; rv:1.9.0.8) Gecko/2009032609 Firefox/3.0.8"
99.237.179.252 - - [31/Mar/2009:17:23:29 -0400] "GET /stylesheets/lightview.css HTTP/1.1" 200 7844 "http://www.gardinerconsultation.ca/" "Mozilla/5.0 (Windows; U; Windows NT 5.1; en-US; rv:1.9.0.8) Gecko/2009032609 Firefox/3.0.8"
99.237.179.252 - - [31/Mar/2009:17:23:29 -0400] "GET /javascripts/base_1236178901.js HTTP/1.1" 200 97264 "http://www.gardinerconsultation.ca/" "Mozilla/5.0 (Windows; U; Windows NT 5.1; en-US; rv:1.9.0.8) Gecko/2009032609 Firefox/3.0.8"
99.237.179.252 - - [31/Mar/2009:17:23:29 -0400] "GET /stylesheets/anylinkcssmenu.css HTTP/1.1" 200 1433 "http://www.gardinerconsultation.ca/" "Mozilla/5.0 (Windows; U; Windows NT 5.1; en-US; rv:1.9.0.8) Gecko/2009032609 Firefox/3.0.8"
99.237.179.252 - - [31/Mar/2009:17:23:29 -0400] "GET /javascripts/anylinkcssmenu.js HTTP/1.1" 200 8203 "http://www.gardinerconsultation.ca/" "Mozilla/5.0 (Windows; U; Windows NT 5.1; en-US; rv:1.9.0.8) Gecko/2009032609 Firefox/3.0.8"
99.237.179.252 - - [31/Mar/2009:17:23:29 -0400] "GET /images/bg.gif HTTP/1.1" 200 972 "http://www.gardinerconsultation.ca/stylesheets/styles.css" "Mozilla/5.0 (Windows; U; Windows NT 5.1; en-US; rv:1.9.0.8) Gecko/2009032609 Firefox/3.0.8"
99.237.179.252 - - [31/Mar/2009:17:23:29 -0400] "GET /images/WT_logo.gif?1236965760 HTTP/1.1" 200 4708 "http://www.gardinerconsultation.ca/" "Mozilla/5.0 (Windows; U; Windows NT 5.1; en-US; rv:1.9.0.8) Gecko/2009032609 Firefox/3.0.8"
99.237.179.252 - - [31/Mar/2009:17:23:29 -0400] "GET /images/pagebackground-blue.jpg?1237554466 HTTP/1.1" 200 17383 "http://www.gardinerconsultation.ca/" "Mozilla/5.0 (Windows; U; Windows NT 5.1; en-US; rv:1.9.0.8) Gecko/2009032609 Firefox/3.0.8"
99.237.179.252 - - [31/Mar/2009:17:23:29 -0400] "GET /images/bg_bannerGradient.jpg HTTP/1.1" 200 420 "http://www.gardinerconsultation.ca/stylesheets/styles.css" "Mozilla/5.0 (Windows; U; Windows NT 5.1; en-US; rv:1.9.0.8) Gecko/2009032609 Firefox/3.0.8"
99.237.179.252 - - [31/Mar/2009:17:23:29 -0400] "GET /images/star.png HTTP/1.1" 200 795 "http://www.gardinerconsultation.ca/" "Mozilla/5.0 (Windows; U; Windows NT 5.1; en-US; rv:1.9.0.8) Gecko/2009032609 Firefox/3.0.8"
99.237.179.252 - - [31/Mar/2009:17:23:29 -0400] "GET /images/footerbg.gif HTTP/1.1" 200 14497 "http://www.gardinerconsultation.ca/stylesheets/styles.css" "Mozilla/5.0 (Windows; U; Windows NT 5.1; en-US; rv:1.9.0.8) Gecko/2009032609 Firefox/3.0.8"
99.237.179.252 - - [31/Mar/2009:17:23:30 -0400] "GET /images/headerbg_blue.jpg HTTP/1.1" 200 15448 "http://www.gardinerconsultation.ca/stylesheets/styles.css" "Mozilla/5.0 (Windows; U; Windows NT 5.1; en-US; rv:1.9.0.8) Gecko/2009032609 Firefox/3.0.8"
99.237.179.252 - - [31/Mar/2009:17:23:31 -0400] "GET /images/navbg.gif HTTP/1.1" 200 270 "http://www.gardinerconsultation.ca/stylesheets/styles.css" "Mozilla/5.0 (Windows; U; Windows NT 5.1; en-US; rv:1.9.0.8) Gecko/2009032609 Firefox/3.0.8"
99.237.179.252 - - [31/Mar/2009:17:23:31 -0400] "GET /favicon.ico HTTP/1.1" 200 - "-" "Mozilla/5.0 (Windows; U; Windows NT 5.1; en-US; rv:1.9.0.8) Gecko/2009032609 Firefox/3.0.8"
99.237.179.252 - - [31/Mar/2009:17:23:31 -0400] "GET /favicon.ico HTTP/1.1" 200 - "-" "Mozilla/5.0 (Windows; U; Windows NT 5.1; en-US; rv:1.9.0.8) Gecko/2009032609 Firefox/3.0.8"
173.33.224.79 - - [31/Mar/2009:17:23:39 -0400] "GET /topics/show/4 HTTP/1.1" 200 11356 "http://www.gardinerconsultation.ca/topics/show/7" "Mozilla/4.0 (compatible; MSIE 8.0; Windows NT 5.1; Trident/4.0; .NET CLR 1.1.4322; .NET CLR 2.0.50727)"
99.231.139.85 - - [31/Mar/2009:17:23:53 -0400] "GET /stylesheets/styles.css HTTP/1.1" 200 12376 "http://www.gardinerconsultation.ca/" "Mozilla/4.0 (compatible; MSIE 7.0; Windows NT 5.1; GTB5; .NET CLR 1.1.4322; .NET CLR 2.0.50727; .NET CLR 3.0.4506.2152; .NET CLR 3.5.30729)"
99.231.139.85 - - [31/Mar/2009:17:23:53 -0400] "GET / HTTP/1.1" 200 17978 "http://www.waterfrontoronto.ca/index.php?home=true" "Mozilla/4.0 (compatible; MSIE 7.0; Windows NT 5.1; GTB5; .NET CLR 1.1.4322; .NET CLR 2.0.50727; .NET CLR 3.0.4506.2152; .NET CLR 3.5.30729)"
99.231.139.85 - - [31/Mar/2009:17:23:53 -0400] "GET /stylesheets/reset.css HTTP/1.1" 200 519 "http://www.gardinerconsultation.ca/" "Mozilla/4.0 (compatible; MSIE 7.0; Windows NT 5.1; GTB5; .NET CLR 1.1.4322; .NET CLR 2.0.50727; .NET CLR 3.0.4506.2152; .NET CLR 3.5.30729)"
99.231.139.85 - - [31/Mar/2009:17:23:53 -0400] "GET /stylesheets/lightview.css HTTP/1.1" 200 7844 "http://www.gardinerconsultation.ca/" "Mozilla/4.0 (compatible; MSIE 7.0; Windows NT 5.1; GTB5; .NET CLR 1.1.4322; .NET CLR 2.0.50727; .NET CLR 3.0.4506.2152; .NET CLR 3.5.30729)"
99.231.139.85 - - [31/Mar/2009:17:23:53 -0400] "GET /javascripts/base_1236178901.js HTTP/1.1" 200 97264 "http://www.gardinerconsultation.ca/" "Mozilla/4.0 (compatible; MSIE 7.0; Windows NT 5.1; GTB5; .NET CLR 1.1.4322; .NET CLR 2.0.50727; .NET CLR 3.0.4506.2152; .NET CLR 3.5.30729)"
99.231.139.85 - - [31/Mar/2009:17:23:54 -0400] "GET /stylesheets/anylinkcssmenu.css HTTP/1.1" 200 1433 "http://www.gardinerconsultation.ca/" "Mozilla/4.0 (compatible; MSIE 7.0; Windows NT 5.1; GTB5; .NET CLR 1.1.4322; .NET CLR 2.0.50727; .NET CLR 3.0.4506.2152; .NET CLR 3.5.30729)"
99.231.139.85 - - [31/Mar/2009:17:23:54 -0400] "GET /javascripts/anylinkcssmenu.js HTTP/1.1" 200 8203 "http://www.gardinerconsultation.ca/" "Mozilla/4.0 (compatible; MSIE 7.0; Windows NT 5.1; GTB5; .NET CLR 1.1.4322; .NET CLR 2.0.50727; .NET CLR 3.0.4506.2152; .NET CLR 3.5.30729)"
99.231.139.85 - - [31/Mar/2009:17:23:54 -0400] "GET /images/bg.gif HTTP/1.1" 200 972 "http://www.gardinerconsultation.ca/" "Mozilla/4.0 (compatible; MSIE 7.0; Windows NT 5.1; GTB5; .NET CLR 1.1.4322; .NET CLR 2.0.50727; .NET CLR 3.0.4506.2152; .NET CLR 3.5.30729)"
99.231.139.85 - - [31/Mar/2009:17:23:54 -0400] "GET /images/WT_logo.gif?1236965760 HTTP/1.1" 200 4708 "http://www.gardinerconsultation.ca/" "Mozilla/4.0 (compatible; MSIE 7.0; Windows NT 5.1; GTB5; .NET CLR 1.1.4322; .NET CLR 2.0.50727; .NET CLR 3.0.4506.2152; .NET CLR 3.5.30729)"
99.231.139.85 - - [31/Mar/2009:17:23:54 -0400] "GET /images/navbg.gif HTTP/1.1" 200 270 "http://www.gardinerconsultation.ca/" "Mozilla/4.0 (compatible; MSIE 7.0; Windows NT 5.1; GTB5; .NET CLR 1.1.4322; .NET CLR 2.0.50727; .NET CLR 3.0.4506.2152; .NET CLR 3.5.30729)"
99.231.139.85 - - [31/Mar/2009:17:23:54 -0400] "GET /images/bg_bannerGradient.jpg HTTP/1.1" 200 420 "http://www.gardinerconsultation.ca/" "Mozilla/4.0 (compatible; MSIE 7.0; Windows NT 5.1; GTB5; .NET CLR 1.1.4322; .NET CLR 2.0.50727; .NET CLR 3.0.4506.2152; .NET CLR 3.5.30729)"
99.231.139.85 - - [31/Mar/2009:17:23:54 -0400] "GET /images/star.png HTTP/1.1" 200 795 "http://www.gardinerconsultation.ca/" "Mozilla/4.0 (compatible; MSIE 7.0; Windows NT 5.1; GTB5; .NET CLR 1.1.4322; .NET CLR 2.0.50727; .NET CLR 3.0.4506.2152; .NET CLR 3.5.30729)"
99.231.139.85 - - [31/Mar/2009:17:23:54 -0400] "GET /images/headerbg_blue.jpg HTTP/1.1" 200 15448 "http://www.gardinerconsultation.ca/" "Mozilla/4.0 (compatible; MSIE 7.0; Windows NT 5.1; GTB5; .NET CLR 1.1.4322; .NET CLR 2.0.50727; .NET CLR 3.0.4506.2152; .NET CLR 3.5.30729)"
99.231.139.85 - - [31/Mar/2009:17:23:54 -0400] "GET /images/pagebackground-blue.jpg?1237554466 HTTP/1.1" 200 17383 "http://www.gardinerconsultation.ca/" "Mozilla/4.0 (compatible; MSIE 7.0; Windows NT 5.1; GTB5; .NET CLR 1.1.4322; .NET CLR 2.0.50727; .NET CLR 3.0.4506.2152; .NET CLR 3.5.30729)"
99.231.139.85 - - [31/Mar/2009:17:23:54 -0400] "GET /images/footerbg.gif HTTP/1.1" 200 14497 "http://www.gardinerconsultation.ca/" "Mozilla/4.0 (compatible; MSIE 7.0; Windows NT 5.1; GTB5; .NET CLR 1.1.4322; .NET CLR 2.0.50727; .NET CLR 3.0.4506.2152; .NET CLR 3.5.30729)"
99.231.139.85 - - [31/Mar/2009:17:23:55 -0400] "GET /favicon.ico HTTP/1.1" 200 - "-" "Mozilla/4.0 (compatible; MSIE 7.0; Windows NT 5.1; GTB5; .NET CLR 1.1.4322; .NET CLR 2.0.50727; .NET CLR 3.0.4506.2152; .NET CLR 3.5.30729)"
209.29.100.186 - - [31/Mar/2009:17:24:23 -0400] "POST /topic/13/talk/preview HTTP/1.1" 200 2547 "http://www.gardinerconsultation.ca/topics/show/13?lang=en&root=45" "Mozilla/5.0 (Windows; U; Windows NT 5.1; en-US; rv:1.9.0.8) Gecko/2009032609 Firefox/3.0.8"
209.29.100.186 - - [31/Mar/2009:17:24:50 -0400] "POST /login HTTP/1.1" 200 202 "http://www.gardinerconsultation.ca/topics/show/13?lang=en&root=45" "Mozilla/5.0 (Windows; U; Windows NT 5.1; en-US; rv:1.9.0.8) Gecko/2009032609 Firefox/3.0.8"
209.29.100.186 - - [31/Mar/2009:17:25:02 -0400] "GET /verify/3702f403fede5bdccbff06e399a6fb1da5af5790?lang=en HTTP/1.1" 302 101 "-" "Mozilla/5.0 (Windows; U; Windows NT 5.1; en-US; rv:1.9.0.8) Gecko/2009032609 Firefox/3.0.8"
209.29.100.186 - - [31/Mar/2009:17:25:03 -0400] "GET / HTTP/1.1" 200 13068 "-" "Mozilla/5.0 (Windows; U; Windows NT 5.1; en-US; rv:1.9.0.8) Gecko/2009032609 Firefox/3.0.8"
99.231.139.85 - - [31/Mar/2009:17:25:07 -0400] "POST /login HTTP/1.1" 200 11779 "http://www.gardinerconsultation.ca/" "Mozilla/4.0 (compatible; MSIE 7.0; Windows NT 5.1; GTB5; .NET CLR 1.1.4322; .NET CLR 2.0.50727; .NET CLR 3.0.4506.2152; .NET CLR 3.5.30729)"
209.29.100.186 - - [31/Mar/2009:17:25:15 -0400] "GET /verify/3702f403fede5bdccbff06e399a6fb1da5af5790?lang=en HTTP/1.1" 302 101 "-" "Mozilla/5.0 (Windows; U; Windows NT 5.1; en-US; rv:1.9.0.8) Gecko/2009032609 Firefox/3.0.8"
99.231.139.85 - - [31/Mar/2009:17:25:16 -0400] "GET /register HTTP/1.1" 200 12763 "http://www.gardinerconsultation.ca/login" "Mozilla/4.0 (compatible; MSIE 7.0; Windows NT 5.1; GTB5; .NET CLR 1.1.4322; .NET CLR 2.0.50727; .NET CLR 3.0.4506.2152; .NET CLR 3.5.30729)"
209.29.100.186 - - [31/Mar/2009:17:25:15 -0400] "GET / HTTP/1.1" 200 13011 "-" "Mozilla/5.0 (Windows; U; Windows NT 5.1; en-US; rv:1.9.0.8) Gecko/2009032609 Firefox/3.0.8"
209.29.100.186 - - [31/Mar/2009:17:25:21 -0400] "GET /account/resend_verification?email=beowulfr%40interlog.com HTTP/1.1" 302 100 "http://www.gardinerconsultation.ca/topics/show/13?lang=en&root=45" "Mozilla/5.0 (Windows; U; Windows NT 5.1; en-US; rv:1.9.0.8) Gecko/2009032609 Firefox/3.0.8"
209.29.100.186 - - [31/Mar/2009:17:25:21 -0400] "GET / HTTP/1.1" 200 13011 "http://www.gardinerconsultation.ca/topics/show/13?lang=en&root=45" "Mozilla/5.0 (Windows; U; Windows NT 5.1; en-US; rv:1.9.0.8) Gecko/2009032609 Firefox/3.0.8"
209.29.100.186 - - [31/Mar/2009:17:25:32 -0400] "GET /verify/3702f403fede5bdccbff06e399a6fb1da5af5790?lang=en HTTP/1.1" 302 101 "-" "Mozilla/5.0 (Windows; U; Windows NT 5.1; en-US; rv:1.9.0.8) Gecko/2009032609 Firefox/3.0.8"
209.29.100.186 - - [31/Mar/2009:17:25:32 -0400] "GET / HTTP/1.1" 200 13011 "-" "Mozilla/5.0 (Windows; U; Windows NT 5.1; en-US; rv:1.9.0.8) Gecko/2009032609 Firefox/3.0.8"
99.237.179.252 - - [31/Mar/2009:17:25:58 -0400] "GET /favicon.ico HTTP/1.1" 200 - "-" "Mozilla/5.0 (Windows; U; Windows NT 5.1; en-US; rv:1.9.0.8) Gecko/2009032609 Firefox/3.0.8"
99.231.139.85 - - [31/Mar/2009:17:26:05 -0400] "POST /register HTTP/1.1" 302 101 "http://www.gardinerconsultation.ca/register" "Mozilla/4.0 (compatible; MSIE 7.0; Windows NT 5.1; GTB5; .NET CLR 1.1.4322; .NET CLR 2.0.50727; .NET CLR 3.0.4506.2152; .NET CLR 3.5.30729)"
99.231.139.85 - - [31/Mar/2009:17:26:06 -0400] "GET / HTTP/1.1" 200 13058 "http://www.gardinerconsultation.ca/register" "Mozilla/4.0 (compatible; MSIE 7.0; Windows NT 5.1; GTB5; .NET CLR 1.1.4322; .NET CLR 2.0.50727; .NET CLR 3.0.4506.2152; .NET CLR 3.5.30729)"
99.237.179.252 - - [31/Mar/2009:17:26:06 -0400] "GET /topics/show/14 HTTP/1.1" 200 44307 "http://www.gardinerconsultation.ca/" "Mozilla/5.0 (Windows; U; Windows NT 5.1; en-US; rv:1.9.0.8) Gecko/2009032609 Firefox/3.0.8"
99.237.179.252 - - [31/Mar/2009:17:26:07 -0400] "GET /stylesheets/reset.css HTTP/1.1" 200 519 "http://www.gardinerconsultation.ca/topics/show/14" "Mozilla/5.0 (Windows; U; Windows NT 5.1; en-US; rv:1.9.0.8) Gecko/2009032609 Firefox/3.0.8"
99.237.179.252 - - [31/Mar/2009:17:26:07 -0400] "GET /stylesheets/lightview.css HTTP/1.1" 200 7844 "http://www.gardinerconsultation.ca/topics/show/14" "Mozilla/5.0 (Windows; U; Windows NT 5.1; en-US; rv:1.9.0.8) Gecko/2009032609 Firefox/3.0.8"
99.237.179.252 - - [31/Mar/2009:17:26:07 -0400] "GET /stylesheets/styles.css HTTP/1.1" 200 12376 "http://www.gardinerconsultation.ca/topics/show/14" "Mozilla/5.0 (Windows; U; Windows NT 5.1; en-US; rv:1.9.0.8) Gecko/2009032609 Firefox/3.0.8"
99.237.179.252 - - [31/Mar/2009:17:26:07 -0400] "GET /javascripts/base_1236178901.js HTTP/1.1" 200 97264 "http://www.gardinerconsultation.ca/topics/show/14" "Mozilla/5.0 (Windows; U; Windows NT 5.1; en-US; rv:1.9.0.8) Gecko/2009032609 Firefox/3.0.8"
99.237.179.252 - - [31/Mar/2009:17:26:07 -0400] "GET /stylesheets/anylinkcssmenu.css HTTP/1.1" 200 1433 "http://www.gardinerconsultation.ca/topics/show/14" "Mozilla/5.0 (Windows; U; Windows NT 5.1; en-US; rv:1.9.0.8) Gecko/2009032609 Firefox/3.0.8"
99.237.179.252 - - [31/Mar/2009:17:26:07 -0400] "GET /javascripts/anylinkcssmenu.js HTTP/1.1" 200 8203 "http://www.gardinerconsultation.ca/topics/show/14" "Mozilla/5.0 (Windows; U; Windows NT 5.1; en-US; rv:1.9.0.8) Gecko/2009032609 Firefox/3.0.8"
99.237.179.252 - - [31/Mar/2009:17:26:07 -0400] "GET /images/arrow.gif HTTP/1.1" 200 97 "http://www.gardinerconsultation.ca/stylesheets/styles.css" "Mozilla/5.0 (Windows; U; Windows NT 5.1; en-US; rv:1.9.0.8) Gecko/2009032609 Firefox/3.0.8"
99.237.179.252 - - [31/Mar/2009:17:26:07 -0400] "GET /avatars/0000/0001/pic_nik_thumb.jpg?1237573168 HTTP/1.1" 200 5862 "http://www.gardinerconsultation.ca/topics/show/14" "Mozilla/5.0 (Windows; U; Windows NT 5.1; en-US; rv:1.9.0.8) Gecko/2009032609 Firefox/3.0.8"
209.29.100.186 - - [31/Mar/2009:17:26:05 -0400] "GET /topics/show/15?root=22 HTTP/1.1" 200 48839 "http://www.gardinerconsultation.ca/" "Mozilla/5.0 (Windows; U; Windows NT 5.1; en-US; rv:1.9.0.8) Gecko/2009032609 Firefox/3.0.8"
209.29.100.186 - - [31/Mar/2009:17:26:13 -0400] "POST /talk/mark/55 HTTP/1.1" 201 1 "http://www.gardinerconsultation.ca/topics/show/15?root=22" "Mozilla/5.0 (Windows; U; Windows NT 5.1; en-US; rv:1.9.0.8) Gecko/2009032609 Firefox/3.0.8"
216.99.53.234 - - [31/Mar/2009:17:26:18 -0400] "GET /stylesheets/styles.css HTTP/1.1" 200 12376 "http://www.gardinerconsultation.ca/topics/show/13?lang=en&root=18" "Mozilla/4.0 (compatible; MSIE 7.0; Windows NT 6.0; SLCC1; .NET CLR 2.0.50727; Media Center PC 5.0; .NET CLR 3.0.04506)"
216.99.53.234 - - [31/Mar/2009:17:26:16 -0400] "GET /topics/show/13?lang=en&root=18 HTTP/1.1" 200 82969 "-" "Mozilla/4.0 (compatible; MSIE 7.0; Windows NT 6.0; SLCC1; .NET CLR 2.0.50727; Media Center PC 5.0; .NET CLR 3.0.04506)"
216.99.53.234 - - [31/Mar/2009:17:26:18 -0400] "GET /stylesheets/reset.css HTTP/1.1" 200 519 "http://www.gardinerconsultation.ca/topics/show/13?lang=en&root=18" "Mozilla/4.0 (compatible; MSIE 7.0; Windows NT 6.0; SLCC1; .NET CLR 2.0.50727; Media Center PC 5.0; .NET CLR 3.0.04506)"
216.99.53.234 - - [31/Mar/2009:17:26:18 -0400] "GET /stylesheets/lightview.css HTTP/1.1" 200 7844 "http://www.gardinerconsultation.ca/topics/show/13?lang=en&root=18" "Mozilla/4.0 (compatible; MSIE 7.0; Windows NT 6.0; SLCC1; .NET CLR 2.0.50727; Media Center PC 5.0; .NET CLR 3.0.04506)"
216.99.53.234 - - [31/Mar/2009:17:26:18 -0400] "GET /javascripts/base_1236178901.js HTTP/1.1" 200 97264 "http://www.gardinerconsultation.ca/topics/show/13?lang=en&root=18" "Mozilla/4.0 (compatible; MSIE 7.0; Windows NT 6.0; SLCC1; .NET CLR 2.0.50727; Media Center PC 5.0; .NET CLR 3.0.04506)"
216.99.53.234 - - [31/Mar/2009:17:26:19 -0400] "GET /stylesheets/anylinkcssmenu.css HTTP/1.1" 200 1433 "http://www.gardinerconsultation.ca/topics/show/13?lang=en&root=18" "Mozilla/4.0 (compatible; MSIE 7.0; Windows NT 6.0; SLCC1; .NET CLR 2.0.50727; Media Center PC 5.0; .NET CLR 3.0.04506)"
216.99.53.234 - - [31/Mar/2009:17:26:19 -0400] "GET /javascripts/anylinkcssmenu.js HTTP/1.1" 200 8203 "http://www.gardinerconsultation.ca/topics/show/13?lang=en&root=18" "Mozilla/4.0 (compatible; MSIE 7.0; Windows NT 6.0; SLCC1; .NET CLR 2.0.50727; Media Center PC 5.0; .NET CLR 3.0.04506)"
216.99.53.234 - - [31/Mar/2009:17:26:19 -0400] "GET /images/pagebackground-blue.jpg?1237554466 HTTP/1.1" 200 17383 "http://www.gardinerconsultation.ca/topics/show/13?lang=en&root=18" "Mozilla/4.0 (compatible; MSIE 7.0; Windows NT 6.0; SLCC1; .NET CLR 2.0.50727; Media Center PC 5.0; .NET CLR 3.0.04506)"
216.99.53.234 - - [31/Mar/2009:17:26:19 -0400] "GET /images/WT_logo.gif?1236965760 HTTP/1.1" 200 4708 "http://www.gardinerconsultation.ca/topics/show/13?lang=en&root=18" "Mozilla/4.0 (compatible; MSIE 7.0; Windows NT 6.0; SLCC1; .NET CLR 2.0.50727; Media Center PC 5.0; .NET CLR 3.0.04506)"
216.99.53.234 - - [31/Mar/2009:17:26:19 -0400] "GET /images/bg.gif HTTP/1.1" 200 972 "http://www.gardinerconsultation.ca/topics/show/13?lang=en&root=18" "Mozilla/4.0 (compatible; MSIE 7.0; Windows NT 6.0; SLCC1; .NET CLR 2.0.50727; Media Center PC 5.0; .NET CLR 3.0.04506)"
216.99.53.234 - - [31/Mar/2009:17:26:19 -0400] "GET /images/headerbg_blue.jpg HTTP/1.1" 200 15448 "http://www.gardinerconsultation.ca/topics/show/13?lang=en&root=18" "Mozilla/4.0 (compatible; MSIE 7.0; Windows NT 6.0; SLCC1; .NET CLR 2.0.50727; Media Center PC 5.0; .NET CLR 3.0.04506)"
216.99.53.234 - - [31/Mar/2009:17:26:19 -0400] "GET /images/arrow.gif HTTP/1.1" 200 97 "http://www.gardinerconsultation.ca/topics/show/13?lang=en&root=18" "Mozilla/4.0 (compatible; MSIE 7.0; Windows NT 6.0; SLCC1; .NET CLR 2.0.50727; Media Center PC 5.0; .NET CLR 3.0.04506)"
216.99.53.234 - - [31/Mar/2009:17:26:19 -0400] "GET /images/star.png HTTP/1.1" 200 795 "http://www.gardinerconsultation.ca/topics/show/13?lang=en&root=18" "Mozilla/4.0 (compatible; MSIE 7.0; Windows NT 6.0; SLCC1; .NET CLR 2.0.50727; Media Center PC 5.0; .NET CLR 3.0.04506)"
216.99.53.234 - - [31/Mar/2009:17:26:19 -0400] "GET /images/navbg.gif HTTP/1.1" 200 270 "http://www.gardinerconsultation.ca/topics/show/13?lang=en&root=18" "Mozilla/4.0 (compatible; MSIE 7.0; Windows NT 6.0; SLCC1; .NET CLR 2.0.50727; Media Center PC 5.0; .NET CLR 3.0.04506)"
216.99.53.234 - - [31/Mar/2009:17:26:19 -0400] "GET /avatars/0000/0001/pic_nik_thumb.jpg?1237573168 HTTP/1.1" 200 5862 "http://www.gardinerconsultation.ca/topics/show/13?lang=en&root=18" "Mozilla/4.0 (compatible; MSIE 7.0; Windows NT 6.0; SLCC1; .NET CLR 2.0.50727; Media Center PC 5.0; .NET CLR 3.0.04506)"
216.99.53.234 - - [31/Mar/2009:17:26:19 -0400] "GET /images/bg_bannerGradient.jpg HTTP/1.1" 200 420 "http://www.gardinerconsultation.ca/topics/show/13?lang=en&root=18" "Mozilla/4.0 (compatible; MSIE 7.0; Windows NT 6.0; SLCC1; .NET CLR 2.0.50727; Media Center PC 5.0; .NET CLR 3.0.04506)"
216.99.53.234 - - [31/Mar/2009:17:26:19 -0400] "GET /images/footerbg.gif HTTP/1.1" 200 14497 "http://www.gardinerconsultation.ca/topics/show/13?lang=en&root=18" "Mozilla/4.0 (compatible; MSIE 7.0; Windows NT 6.0; SLCC1; .NET CLR 2.0.50727; Media Center PC 5.0; .NET CLR 3.0.04506)"
216.99.53.234 - - [31/Mar/2009:17:26:21 -0400] "GET /favicon.ico HTTP/1.1" 200 - "-" "Mozilla/4.0 (compatible; MSIE 7.0; Windows NT 6.0; SLCC1; .NET CLR 2.0.50727; Media Center PC 5.0; .NET CLR 3.0.04506)"
216.99.53.234 - - [31/Mar/2009:17:26:21 -0400] "POST /talk/mark/50 HTTP/1.1" 201 1 "http://www.gardinerconsultation.ca/topics/show/13?lang=en&root=18#comment_50" "Mozilla/4.0 (compatible; MSIE 7.0; Windows NT 6.0; SLCC1; .NET CLR 2.0.50727; Media Center PC 5.0; .NET CLR 3.0.04506)"
99.231.139.85 - - [31/Mar/2009:17:26:38 -0400] "GET /topics/show/14 HTTP/1.1" 200 39366 "http://www.gardinerconsultation.ca/" "Mozilla/4.0 (compatible; MSIE 7.0; Windows NT 5.1; GTB5; .NET CLR 1.1.4322; .NET CLR 2.0.50727; .NET CLR 3.0.4506.2152; .NET CLR 3.5.30729)"
99.231.139.85 - - [31/Mar/2009:17:26:38 -0400] "GET /images/arrow.gif HTTP/1.1" 200 97 "http://www.gardinerconsultation.ca/topics/show/14" "Mozilla/4.0 (compatible; MSIE 7.0; Windows NT 5.1; GTB5; .NET CLR 1.1.4322; .NET CLR 2.0.50727; .NET CLR 3.0.4506.2152; .NET CLR 3.5.30729)"
99.231.139.85 - - [31/Mar/2009:17:26:39 -0400] "GET /avatars/0000/0001/pic_nik_thumb.jpg?1237573168 HTTP/1.1" 200 5862 "http://www.gardinerconsultation.ca/topics/show/14" "Mozilla/4.0 (compatible; MSIE 7.0; Windows NT 5.1; GTB5; .NET CLR 1.1.4322; .NET CLR 2.0.50727; .NET CLR 3.0.4506.2152; .NET CLR 3.5.30729)"
209.29.100.186 - - [31/Mar/2009:17:26:48 -0400] "POST /talk/mark/29 HTTP/1.1" 201 1 "http://www.gardinerconsultation.ca/topics/show/15?root=22" "Mozilla/5.0 (Windows; U; Windows NT 5.1; en-US; rv:1.9.0.8) Gecko/2009032609 Firefox/3.0.8"
209.29.100.186 - - [31/Mar/2009:17:27:01 -0400] "POST /talk/mark/28 HTTP/1.1" 201 1 "http://www.gardinerconsultation.ca/topics/show/15?root=22" "Mozilla/5.0 (Windows; U; Windows NT 5.1; en-US; rv:1.9.0.8) Gecko/2009032609 Firefox/3.0.8"
216.99.53.234 - - [31/Mar/2009:17:27:10 -0400] "POST /talk/mark/18 HTTP/1.1" 201 1 "http://www.gardinerconsultation.ca/topics/show/13?lang=en&root=18#comment_50" "Mozilla/4.0 (compatible; MSIE 7.0; Windows NT 6.0; SLCC1; .NET CLR 2.0.50727; Media Center PC 5.0; .NET CLR 3.0.04506)"
72.30.87.107 - - [31/Mar/2009:17:27:21 -0400] "GET /profile/822 HTTP/1.0" 200 13374 "-" "Mozilla/5.0 (compatible; Yahoo! Slurp/3.0; http://help.yahoo.com/help/us/ysearch/slurp)"
99.231.139.85 - - [31/Mar/2009:17:27:29 -0400] "GET /images/busy.gif HTTP/1.1" 200 2209 "http://www.gardinerconsultation.ca/topics/show/14" "Mozilla/4.0 (compatible; MSIE 7.0; Windows NT 5.1; GTB5; .NET CLR 1.1.4322; .NET CLR 2.0.50727; .NET CLR 3.0.4506.2152; .NET CLR 3.5.30729)"
99.231.139.85 - - [31/Mar/2009:17:27:29 -0400] "POST /topic/14/talk/new?parent_id=0 HTTP/1.1" 200 1163 "http://www.gardinerconsultation.ca/topics/show/14" "Mozilla/4.0 (compatible; MSIE 7.0; Windows NT 5.1; GTB5; .NET CLR 1.1.4322; .NET CLR 2.0.50727; .NET CLR 3.0.4506.2152; .NET CLR 3.5.30729)"
209.29.100.186 - - [31/Mar/2009:17:27:33 -0400] "POST /talk/mark/53 HTTP/1.1" 201 1 "http://www.gardinerconsultation.ca/topics/show/15?root=22" "Mozilla/5.0 (Windows; U; Windows NT 5.1; en-US; rv:1.9.0.8) Gecko/2009032609 Firefox/3.0.8"
216.99.53.234 - - [31/Mar/2009:17:27:49 -0400] "POST /talk/mark/18 HTTP/1.1" 201 1 "http://www.gardinerconsultation.ca/topics/show/13?lang=en&root=18#comment_50" "Mozilla/4.0 (compatible; MSIE 7.0; Windows NT 6.0; SLCC1; .NET CLR 2.0.50727; Media Center PC 5.0; .NET CLR 3.0.04506)"
216.99.53.234 - - [31/Mar/2009:17:28:35 -0400] "POST /talk/mark/11 HTTP/1.1" 201 1 "http://www.gardinerconsultation.ca/topics/show/13?lang=en&root=18#comment_18" "Mozilla/4.0 (compatible; MSIE 7.0; Windows NT 6.0; SLCC1; .NET CLR 2.0.50727; Media Center PC 5.0; .NET CLR 3.0.04506)"
209.29.100.186 - - [31/Mar/2009:17:29:38 -0400] "POST /talk/mark/44 HTTP/1.1" 201 1 "http://www.gardinerconsultation.ca/topics/show/15?root=22" "Mozilla/5.0 (Windows; U; Windows NT 5.1; en-US; rv:1.9.0.8) Gecko/2009032609 Firefox/3.0.8"
209.29.100.186 - - [31/Mar/2009:17:29:51 -0400] "POST /talk/mark/22 HTTP/1.1" 201 1 "http://www.gardinerconsultation.ca/topics/show/15?root=22" "Mozilla/5.0 (Windows; U; Windows NT 5.1; en-US; rv:1.9.0.8) Gecko/2009032609 Firefox/3.0.8"
209.29.100.186 - - [31/Mar/2009:17:29:57 -0400] "POST /talk/mark/15 HTTP/1.1" 201 1 "http://www.gardinerconsultation.ca/topics/show/15?root=22" "Mozilla/5.0 (Windows; U; Windows NT 5.1; en-US; rv:1.9.0.8) Gecko/2009032609 Firefox/3.0.8"
74.12.120.128 - - [31/Mar/2009:17:30:04 -0400] "GET /topics/show/19 HTTP/1.1" 200 14840 "http://www.facebook.com/ext/share.php?sid=74253324048&h=2vuyv&u=0V19n&ref=nf" "Mozilla/4.0 (compatible; MSIE 8.0; Windows NT 5.1; Trident/4.0; Mozilla/4.0 (compatible; MSIE 6.0; Windows NT 5.1; SV1) ; .NET CLR 1.1.4322; .NET CLR 2.0.50727; .NET CLR 3.0.04506.30)"
74.12.120.128 - - [31/Mar/2009:17:30:05 -0400] "GET /stylesheets/styles.css HTTP/1.1" 200 12376 "http://www.gardinerconsultation.ca/topics/show/19" "Mozilla/4.0 (compatible; MSIE 8.0; Windows NT 5.1; Trident/4.0; Mozilla/4.0 (compatible; MSIE 6.0; Windows NT 5.1; SV1) ; .NET CLR 1.1.4322; .NET CLR 2.0.50727; .NET CLR 3.0.04506.30)"
74.12.120.128 - - [31/Mar/2009:17:30:05 -0400] "GET /stylesheets/reset.css HTTP/1.1" 200 519 "http://www.gardinerconsultation.ca/topics/show/19" "Mozilla/4.0 (compatible; MSIE 8.0; Windows NT 5.1; Trident/4.0; Mozilla/4.0 (compatible; MSIE 6.0; Windows NT 5.1; SV1) ; .NET CLR 1.1.4322; .NET CLR 2.0.50727; .NET CLR 3.0.04506.30)"
74.12.120.128 - - [31/Mar/2009:17:30:05 -0400] "GET /stylesheets/lightview.css HTTP/1.1" 200 7844 "http://www.gardinerconsultation.ca/topics/show/19" "Mozilla/4.0 (compatible; MSIE 8.0; Windows NT 5.1; Trident/4.0; Mozilla/4.0 (compatible; MSIE 6.0; Windows NT 5.1; SV1) ; .NET CLR 1.1.4322; .NET CLR 2.0.50727; .NET CLR 3.0.04506.30)"
74.12.120.128 - - [31/Mar/2009:17:30:05 -0400] "GET /stylesheets/anylinkcssmenu.css HTTP/1.1" 200 1433 "http://www.gardinerconsultation.ca/topics/show/19" "Mozilla/4.0 (compatible; MSIE 8.0; Windows NT 5.1; Trident/4.0; Mozilla/4.0 (compatible; MSIE 6.0; Windows NT 5.1; SV1) ; .NET CLR 1.1.4322; .NET CLR 2.0.50727; .NET CLR 3.0.04506.30)"
74.12.120.128 - - [31/Mar/2009:17:30:05 -0400] "GET /javascripts/anylinkcssmenu.js HTTP/1.1" 200 8203 "http://www.gardinerconsultation.ca/topics/show/19" "Mozilla/4.0 (compatible; MSIE 8.0; Windows NT 5.1; Trident/4.0; Mozilla/4.0 (compatible; MSIE 6.0; Windows NT 5.1; SV1) ; .NET CLR 1.1.4322; .NET CLR 2.0.50727; .NET CLR 3.0.04506.30)"
74.12.120.128 - - [31/Mar/2009:17:30:05 -0400] "GET /javascripts/base_1236178901.js HTTP/1.1" 200 97264 "http://www.gardinerconsultation.ca/topics/show/19" "Mozilla/4.0 (compatible; MSIE 8.0; Windows NT 5.1; Trident/4.0; Mozilla/4.0 (compatible; MSIE 6.0; Windows NT 5.1; SV1) ; .NET CLR 1.1.4322; .NET CLR 2.0.50727; .NET CLR 3.0.04506.30)"
74.12.120.128 - - [31/Mar/2009:17:30:06 -0400] "GET /images/bg.gif HTTP/1.1" 200 972 "http://www.gardinerconsultation.ca/topics/show/19" "Mozilla/4.0 (compatible; MSIE 8.0; Windows NT 5.1; Trident/4.0; Mozilla/4.0 (compatible; MSIE 6.0; Windows NT 5.1; SV1) ; .NET CLR 1.1.4322; .NET CLR 2.0.50727; .NET CLR 3.0.04506.30)"
74.12.120.128 - - [31/Mar/2009:17:30:06 -0400] "GET /images/pagebackground-blue.jpg?1237554466 HTTP/1.1" 200 17383 "http://www.gardinerconsultation.ca/topics/show/19" "Mozilla/4.0 (compatible; MSIE 8.0; Windows NT 5.1; Trident/4.0; Mozilla/4.0 (compatible; MSIE 6.0; Windows NT 5.1; SV1) ; .NET CLR 1.1.4322; .NET CLR 2.0.50727; .NET CLR 3.0.04506.30)"
74.12.120.128 - - [31/Mar/2009:17:30:06 -0400] "GET /images/WT_logo.gif?1236965760 HTTP/1.1" 200 4708 "http://www.gardinerconsultation.ca/topics/show/19" "Mozilla/4.0 (compatible; MSIE 8.0; Windows NT 5.1; Trident/4.0; Mozilla/4.0 (compatible; MSIE 6.0; Windows NT 5.1; SV1) ; .NET CLR 1.1.4322; .NET CLR 2.0.50727; .NET CLR 3.0.04506.30)"
74.12.120.128 - - [31/Mar/2009:17:30:06 -0400] "GET /images/navbg.gif HTTP/1.1" 200 270 "http://www.gardinerconsultation.ca/topics/show/19" "Mozilla/4.0 (compatible; MSIE 8.0; Windows NT 5.1; Trident/4.0; Mozilla/4.0 (compatible; MSIE 6.0; Windows NT 5.1; SV1) ; .NET CLR 1.1.4322; .NET CLR 2.0.50727; .NET CLR 3.0.04506.30)"
74.12.120.128 - - [31/Mar/2009:17:30:06 -0400] "GET /images/star.png HTTP/1.1" 200 795 "http://www.gardinerconsultation.ca/topics/show/19" "Mozilla/4.0 (compatible; MSIE 8.0; Windows NT 5.1; Trident/4.0; Mozilla/4.0 (compatible; MSIE 6.0; Windows NT 5.1; SV1) ; .NET CLR 1.1.4322; .NET CLR 2.0.50727; .NET CLR 3.0.04506.30)"
74.12.120.128 - - [31/Mar/2009:17:30:06 -0400] "GET /images/bg_bannerGradient.jpg HTTP/1.1" 200 420 "http://www.gardinerconsultation.ca/topics/show/19" "Mozilla/4.0 (compatible; MSIE 8.0; Windows NT 5.1; Trident/4.0; Mozilla/4.0 (compatible; MSIE 6.0; Windows NT 5.1; SV1) ; .NET CLR 1.1.4322; .NET CLR 2.0.50727; .NET CLR 3.0.04506.30)"
74.12.120.128 - - [31/Mar/2009:17:30:06 -0400] "GET /images/footerbg.gif HTTP/1.1" 200 14497 "http://www.gardinerconsultation.ca/topics/show/19" "Mozilla/4.0 (compatible; MSIE 8.0; Windows NT 5.1; Trident/4.0; Mozilla/4.0 (compatible; MSIE 6.0; Windows NT 5.1; SV1) ; .NET CLR 1.1.4322; .NET CLR 2.0.50727; .NET CLR 3.0.04506.30)"
74.12.120.128 - - [31/Mar/2009:17:30:06 -0400] "GET /images/headerbg_blue.jpg HTTP/1.1" 200 15448 "http://www.gardinerconsultation.ca/topics/show/19" "Mozilla/4.0 (compatible; MSIE 8.0; Windows NT 5.1; Trident/4.0; Mozilla/4.0 (compatible; MSIE 6.0; Windows NT 5.1; SV1) ; .NET CLR 1.1.4322; .NET CLR 2.0.50727; .NET CLR 3.0.04506.30)"
209.29.100.186 - - [31/Mar/2009:17:30:07 -0400] "POST /talk/mark/8 HTTP/1.1" 201 1 "http://www.gardinerconsultation.ca/topics/show/15?root=22" "Mozilla/5.0 (Windows; U; Windows NT 5.1; en-US; rv:1.9.0.8) Gecko/2009032609 Firefox/3.0.8"
209.29.100.186 - - [31/Mar/2009:17:30:38 -0400] "POST /talk/mark/44 HTTP/1.1" 201 1 "http://www.gardinerconsultation.ca/topics/show/15?root=22" "Mozilla/5.0 (Windows; U; Windows NT 5.1; en-US; rv:1.9.0.8) Gecko/2009032609 Firefox/3.0.8"
209.29.100.186 - - [31/Mar/2009:17:30:53 -0400] "GET / HTTP/1.1" 200 13011 "http://www.gardinerconsultation.ca/topics/show/15?root=22" "Mozilla/5.0 (Windows; U; Windows NT 5.1; en-US; rv:1.9.0.8) Gecko/2009032609 Firefox/3.0.8"
209.29.100.186 - - [31/Mar/2009:17:31:11 -0400] "POST /talk/mark/6 HTTP/1.1" 201 1 "http://www.gardinerconsultation.ca/topics/show/14?root=21" "Mozilla/5.0 (Windows; U; Windows NT 5.1; en-US; rv:1.9.0.8) Gecko/2009032609 Firefox/3.0.8"
209.29.100.186 - - [31/Mar/2009:17:31:22 -0400] "POST /talk/mark/14 HTTP/1.1" 201 1 "http://www.gardinerconsultation.ca/topics/show/14?root=21" "Mozilla/5.0 (Windows; U; Windows NT 5.1; en-US; rv:1.9.0.8) Gecko/2009032609 Firefox/3.0.8"
209.183.16.217 - - [31/Mar/2009:17:36:52 -0400] "GET / HTTP/1.1" 200 17978 "-" "Mozilla/5.0 (Macintosh; U; Intel Mac OS X 10_5_6; en-us) AppleWebKit/528.16 (KHTML, like Gecko) Version/4.0 Safari/528.16"
209.183.16.217 - - [31/Mar/2009:17:36:52 -0400] "GET /stylesheets/anylinkcssmenu.css HTTP/1.1" 304 - "http://www.gardinerconsultation.ca/" "Mozilla/5.0 (Macintosh; U; Intel Mac OS X 10_5_6; en-us) AppleWebKit/528.16 (KHTML, like Gecko) Version/4.0 Safari/528.16"
209.183.16.217 - - [31/Mar/2009:17:36:52 -0400] "GET /stylesheets/styles.css HTTP/1.1" 304 - "http://www.gardinerconsultation.ca/" "Mozilla/5.0 (Macintosh; U; Intel Mac OS X 10_5_6; en-us) AppleWebKit/528.16 (KHTML, like Gecko) Version/4.0 Safari/528.16"
209.183.16.217 - - [31/Mar/2009:17:36:53 -0400] "GET /images/headerbg_blue.jpg HTTP/1.1" 304 - "http://www.gardinerconsultation.ca/" "Mozilla/5.0 (Macintosh; U; Intel Mac OS X 10_5_6; en-us) AppleWebKit/528.16 (KHTML, like Gecko) Version/4.0 Safari/528.16"
209.183.16.217 - - [31/Mar/2009:17:36:53 -0400] "GET /images/pagebackground-blue.jpg?1237554466 HTTP/1.1" 304 - "http://www.gardinerconsultation.ca/" "Mozilla/5.0 (Macintosh; U; Intel Mac OS X 10_5_6; en-us) AppleWebKit/528.16 (KHTML, like Gecko) Version/4.0 Safari/528.16"
209.183.16.217 - - [31/Mar/2009:17:36:52 -0400] "GET / HTTP/1.1" 200 17978 "-" "Mozilla/5.0 (Macintosh; U; Intel Mac OS X 10_5_6; en-us) AppleWebKit/528.16 (KHTML, like Gecko) Version/4.0 Safari/528.16"
173.33.236.56 - - [31/Mar/2009:17:37:19 -0400] "GET / HTTP/1.1" 200 17978 "http://www.facebook.com/profile.php?v=feed&id=48910460" "Mozilla/5.0 (Macintosh; U; Intel Mac OS X 10_5_6; en-us) AppleWebKit/528.16 (KHTML, like Gecko) Version/4.0 Safari/528.16"
173.33.236.56 - - [31/Mar/2009:17:37:19 -0400] "GET /stylesheets/styles.css HTTP/1.1" 200 12376 "http://www.gardinerconsultation.ca/" "Mozilla/5.0 (Macintosh; U; Intel Mac OS X 10_5_6; en-us) AppleWebKit/528.16 (KHTML, like Gecko) Version/4.0 Safari/528.16"
173.33.236.56 - - [31/Mar/2009:17:37:19 -0400] "GET /stylesheets/reset.css HTTP/1.1" 200 519 "http://www.gardinerconsultation.ca/" "Mozilla/5.0 (Macintosh; U; Intel Mac OS X 10_5_6; en-us) AppleWebKit/528.16 (KHTML, like Gecko) Version/4.0 Safari/528.16"
173.33.236.56 - - [31/Mar/2009:17:37:19 -0400] "GET /stylesheets/lightview.css HTTP/1.1" 200 7844 "http://www.gardinerconsultation.ca/" "Mozilla/5.0 (Macintosh; U; Intel Mac OS X 10_5_6; en-us) AppleWebKit/528.16 (KHTML, like Gecko) Version/4.0 Safari/528.16"
173.33.236.56 - - [31/Mar/2009:17:37:19 -0400] "GET /stylesheets/anylinkcssmenu.css HTTP/1.1" 200 1433 "http://www.gardinerconsultation.ca/" "Mozilla/5.0 (Macintosh; U; Intel Mac OS X 10_5_6; en-us) AppleWebKit/528.16 (KHTML, like Gecko) Version/4.0 Safari/528.16"
173.33.236.56 - - [31/Mar/2009:17:37:19 -0400] "GET /javascripts/anylinkcssmenu.js HTTP/1.1" 200 8203 "http://www.gardinerconsultation.ca/" "Mozilla/5.0 (Macintosh; U; Intel Mac OS X 10_5_6; en-us) AppleWebKit/528.16 (KHTML, like Gecko) Version/4.0 Safari/528.16"
173.33.236.56 - - [31/Mar/2009:17:37:19 -0400] "GET /javascripts/base_1236178901.js HTTP/1.1" 200 97264 "http://www.gardinerconsultation.ca/" "Mozilla/5.0 (Macintosh; U; Intel Mac OS X 10_5_6; en-us) AppleWebKit/528.16 (KHTML, like Gecko) Version/4.0 Safari/528.16"
173.33.236.56 - - [31/Mar/2009:17:37:19 -0400] "GET /images/bg_bannerGradient.jpg HTTP/1.1" 200 420 "http://www.gardinerconsultation.ca/" "Mozilla/5.0 (Macintosh; U; Intel Mac OS X 10_5_6; en-us) AppleWebKit/528.16 (KHTML, like Gecko) Version/4.0 Safari/528.16"
173.33.236.56 - - [31/Mar/2009:17:37:19 -0400] "GET /images/WT_logo.gif?1236965760 HTTP/1.1" 200 4708 "http://www.gardinerconsultation.ca/" "Mozilla/5.0 (Macintosh; U; Intel Mac OS X 10_5_6; en-us) AppleWebKit/528.16 (KHTML, like Gecko) Version/4.0 Safari/528.16"
173.33.236.56 - - [31/Mar/2009:17:37:19 -0400] "GET /images/pagebackground-blue.jpg?1237554466 HTTP/1.1" 200 17383 "http://www.gardinerconsultation.ca/" "Mozilla/5.0 (Macintosh; U; Intel Mac OS X 10_5_6; en-us) AppleWebKit/528.16 (KHTML, like Gecko) Version/4.0 Safari/528.16"
173.33.236.56 - - [31/Mar/2009:17:37:19 -0400] "GET /images/footerbg.gif HTTP/1.1" 200 14497 "http://www.gardinerconsultation.ca/" "Mozilla/5.0 (Macintosh; U; Intel Mac OS X 10_5_6; en-us) AppleWebKit/528.16 (KHTML, like Gecko) Version/4.0 Safari/528.16"
173.33.236.56 - - [31/Mar/2009:17:37:19 -0400] "GET /images/headerbg_blue.jpg HTTP/1.1" 200 15448 "http://www.gardinerconsultation.ca/" "Mozilla/5.0 (Macintosh; U; Intel Mac OS X 10_5_6; en-us) AppleWebKit/528.16 (KHTML, like Gecko) Version/4.0 Safari/528.16"
173.33.236.56 - - [31/Mar/2009:17:37:19 -0400] "GET /images/navbg.gif HTTP/1.1" 200 270 "http://www.gardinerconsultation.ca/" "Mozilla/5.0 (Macintosh; U; Intel Mac OS X 10_5_6; en-us) AppleWebKit/528.16 (KHTML, like Gecko) Version/4.0 Safari/528.16"
173.33.236.56 - - [31/Mar/2009:17:37:19 -0400] "GET /images/bg.gif HTTP/1.1" 200 972 "http://www.gardinerconsultation.ca/" "Mozilla/5.0 (Macintosh; U; Intel Mac OS X 10_5_6; en-us) AppleWebKit/528.16 (KHTML, like Gecko) Version/4.0 Safari/528.16"
173.33.236.56 - - [31/Mar/2009:17:37:19 -0400] "GET /images/star.png HTTP/1.1" 200 795 "http://www.gardinerconsultation.ca/" "Mozilla/5.0 (Macintosh; U; Intel Mac OS X 10_5_6; en-us) AppleWebKit/528.16 (KHTML, like Gecko) Version/4.0 Safari/528.16"
173.33.236.56 - - [31/Mar/2009:17:37:20 -0400] "GET /favicon.ico HTTP/1.1" 200 - "http://www.gardinerconsultation.ca/" "Mozilla/5.0 (Macintosh; U; Intel Mac OS X 10_5_6; en-us) AppleWebKit/528.16 (KHTML, like Gecko) Version/4.0 Safari/528.16"
209.183.16.217 - - [31/Mar/2009:17:38:38 -0400] "GET / HTTP/1.1" 200 17978 "-" "Mozilla/5.0 (Macintosh; U; Intel Mac OS X 10_5_6; en-us) AppleWebKit/528.16 (KHTML, like Gecko) Version/4.0 Safari/528.16"
209.183.16.217 - - [31/Mar/2009:17:38:52 -0400] "GET / HTTP/1.1" 200 17978 "-" "Mozilla/5.0 (Macintosh; U; Intel Mac OS X 10_5_6; en-us) AppleWebKit/528.16 (KHTML, like Gecko) Version/4.0 Safari/528.16"
99.231.212.35 - - [31/Mar/2009:17:47:01 -0400] "GET / HTTP/1.1" 200 17978 "http://www.waterfrontoronto.ca/dynamic.php?first=442ee40e416d7" "Mozilla/5.0 (Macintosh; U; Intel Mac OS X 10.5; en-US; rv:1.9.0.8) Gecko/2009032608 Firefox/3.0.8"
99.231.212.35 - - [31/Mar/2009:17:47:01 -0400] "GET /stylesheets/styles.css HTTP/1.1" 200 12376 "http://www.gardinerconsultation.ca/" "Mozilla/5.0 (Macintosh; U; Intel Mac OS X 10.5; en-US; rv:1.9.0.8) Gecko/2009032608 Firefox/3.0.8"
99.231.212.35 - - [31/Mar/2009:17:47:01 -0400] "GET /stylesheets/reset.css HTTP/1.1" 200 519 "http://www.gardinerconsultation.ca/" "Mozilla/5.0 (Macintosh; U; Intel Mac OS X 10.5; en-US; rv:1.9.0.8) Gecko/2009032608 Firefox/3.0.8"
99.231.212.35 - - [31/Mar/2009:17:47:01 -0400] "GET /stylesheets/lightview.css HTTP/1.1" 200 7844 "http://www.gardinerconsultation.ca/" "Mozilla/5.0 (Macintosh; U; Intel Mac OS X 10.5; en-US; rv:1.9.0.8) Gecko/2009032608 Firefox/3.0.8"
99.231.212.35 - - [31/Mar/2009:17:47:01 -0400] "GET /javascripts/base_1236178901.js HTTP/1.1" 200 97264 "http://www.gardinerconsultation.ca/" "Mozilla/5.0 (Macintosh; U; Intel Mac OS X 10.5; en-US; rv:1.9.0.8) Gecko/2009032608 Firefox/3.0.8"
99.231.212.35 - - [31/Mar/2009:17:47:02 -0400] "GET /favicon.ico HTTP/1.1" 200 - "-" "Mozilla/5.0 (Macintosh; U; Intel Mac OS X 10.5; en-US; rv:1.9.0.8) Gecko/2009032608 Firefox/3.0.8"
99.231.212.35 - - [31/Mar/2009:17:47:02 -0400] "GET /stylesheets/anylinkcssmenu.css HTTP/1.1" 200 1433 "http://www.gardinerconsultation.ca/" "Mozilla/5.0 (Macintosh; U; Intel Mac OS X 10.5; en-US; rv:1.9.0.8) Gecko/2009032608 Firefox/3.0.8"
99.231.212.35 - - [31/Mar/2009:17:47:02 -0400] "GET /javascripts/anylinkcssmenu.js HTTP/1.1" 200 8203 "http://www.gardinerconsultation.ca/" "Mozilla/5.0 (Macintosh; U; Intel Mac OS X 10.5; en-US; rv:1.9.0.8) Gecko/2009032608 Firefox/3.0.8"
99.231.212.35 - - [31/Mar/2009:17:47:02 -0400] "GET /images/WT_logo.gif?1236965760 HTTP/1.1" 200 4708 "http://www.gardinerconsultation.ca/" "Mozilla/5.0 (Macintosh; U; Intel Mac OS X 10.5; en-US; rv:1.9.0.8) Gecko/2009032608 Firefox/3.0.8"
99.231.212.35 - - [31/Mar/2009:17:47:02 -0400] "GET /images/bg.gif HTTP/1.1" 200 972 "http://www.gardinerconsultation.ca/stylesheets/styles.css" "Mozilla/5.0 (Macintosh; U; Intel Mac OS X 10.5; en-US; rv:1.9.0.8) Gecko/2009032608 Firefox/3.0.8"
99.231.212.35 - - [31/Mar/2009:17:47:02 -0400] "GET /images/star.png HTTP/1.1" 200 795 "http://www.gardinerconsultation.ca/" "Mozilla/5.0 (Macintosh; U; Intel Mac OS X 10.5; en-US; rv:1.9.0.8) Gecko/2009032608 Firefox/3.0.8"
99.231.212.35 - - [31/Mar/2009:17:47:02 -0400] "GET /images/navbg.gif HTTP/1.1" 200 270 "http://www.gardinerconsultation.ca/stylesheets/styles.css" "Mozilla/5.0 (Macintosh; U; Intel Mac OS X 10.5; en-US; rv:1.9.0.8) Gecko/2009032608 Firefox/3.0.8"
99.231.212.35 - - [31/Mar/2009:17:47:02 -0400] "GET /images/bg_bannerGradient.jpg HTTP/1.1" 200 420 "http://www.gardinerconsultation.ca/stylesheets/styles.css" "Mozilla/5.0 (Macintosh; U; Intel Mac OS X 10.5; en-US; rv:1.9.0.8) Gecko/2009032608 Firefox/3.0.8"
99.231.212.35 - - [31/Mar/2009:17:47:02 -0400] "GET /images/pagebackground-blue.jpg?1237554466 HTTP/1.1" 200 17383 "http://www.gardinerconsultation.ca/" "Mozilla/5.0 (Macintosh; U; Intel Mac OS X 10.5; en-US; rv:1.9.0.8) Gecko/2009032608 Firefox/3.0.8"
99.231.212.35 - - [31/Mar/2009:17:47:02 -0400] "GET /images/headerbg_blue.jpg HTTP/1.1" 200 15448 "http://www.gardinerconsultation.ca/stylesheets/styles.css" "Mozilla/5.0 (Macintosh; U; Intel Mac OS X 10.5; en-US; rv:1.9.0.8) Gecko/2009032608 Firefox/3.0.8"
99.231.212.35 - - [31/Mar/2009:17:47:02 -0400] "GET /images/footerbg.gif HTTP/1.1" 200 14497 "http://www.gardinerconsultation.ca/stylesheets/styles.css" "Mozilla/5.0 (Macintosh; U; Intel Mac OS X 10.5; en-US; rv:1.9.0.8) Gecko/2009032608 Firefox/3.0.8"
99.231.139.85 - - [31/Mar/2009:17:49:47 -0400] "POST /topic/14/talk/preview HTTP/1.1" 200 6451 "http://www.gardinerconsultation.ca/topics/show/14" "Mozilla/4.0 (compatible; MSIE 7.0; Windows NT 5.1; GTB5; .NET CLR 1.1.4322; .NET CLR 2.0.50727; .NET CLR 3.0.4506.2152; .NET CLR 3.5.30729)"
204.187.150.30 - - [31/Mar/2009:17:50:47 -0400] "GET /stylesheets/anylinkcssmenu.css HTTP/1.1" 304 - "-" "Mozilla/4.0 (compatible;)"
99.231.139.85 - - [31/Mar/2009:17:50:53 -0400] "POST /topic/14/talk/create HTTP/1.1" 200 5132 "http://www.gardinerconsultation.ca/topics/show/14" "Mozilla/4.0 (compatible; MSIE 7.0; Windows NT 5.1; GTB5; .NET CLR 1.1.4322; .NET CLR 2.0.50727; .NET CLR 3.0.4506.2152; .NET CLR 3.5.30729)"
99.231.139.85 - - [31/Mar/2009:17:51:24 -0400] "GET /verify/6041f36448ab9adafd671157f6905e041072e71a?lang=en HTTP/1.1" 302 101 "-" "Mozilla/4.0 (compatible; MSIE 7.0; Windows NT 5.1; GTB5; .NET CLR 1.1.4322; .NET CLR 2.0.50727; .NET CLR 3.0.4506.2152; .NET CLR 3.5.30729)"
99.231.139.85 - - [31/Mar/2009:17:51:24 -0400] "GET / HTTP/1.1" 200 13067 "-" "Mozilla/4.0 (compatible; MSIE 7.0; Windows NT 5.1; GTB5; .NET CLR 1.1.4322; .NET CLR 2.0.50727; .NET CLR 3.0.4506.2152; .NET CLR 3.5.30729)"
99.231.139.85 - - [31/Mar/2009:17:51:24 -0400] "GET /stylesheets/styles.css HTTP/1.1" 304 - "http://www.gardinerconsultation.ca/" "Mozilla/4.0 (compatible; MSIE 7.0; Windows NT 5.1; GTB5; .NET CLR 1.1.4322; .NET CLR 2.0.50727; .NET CLR 3.0.4506.2152; .NET CLR 3.5.30729)"
99.231.139.85 - - [31/Mar/2009:17:51:24 -0400] "GET /stylesheets/reset.css HTTP/1.1" 304 - "http://www.gardinerconsultation.ca/" "Mozilla/4.0 (compatible; MSIE 7.0; Windows NT 5.1; GTB5; .NET CLR 1.1.4322; .NET CLR 2.0.50727; .NET CLR 3.0.4506.2152; .NET CLR 3.5.30729)"
99.231.139.85 - - [31/Mar/2009:17:51:24 -0400] "GET /stylesheets/lightview.css HTTP/1.1" 304 - "http://www.gardinerconsultation.ca/" "Mozilla/4.0 (compatible; MSIE 7.0; Windows NT 5.1; GTB5; .NET CLR 1.1.4322; .NET CLR 2.0.50727; .NET CLR 3.0.4506.2152; .NET CLR 3.5.30729)"
99.231.139.85 - - [31/Mar/2009:17:51:24 -0400] "GET /javascripts/base_1236178901.js HTTP/1.1" 304 - "http://www.gardinerconsultation.ca/" "Mozilla/4.0 (compatible; MSIE 7.0; Windows NT 5.1; GTB5; .NET CLR 1.1.4322; .NET CLR 2.0.50727; .NET CLR 3.0.4506.2152; .NET CLR 3.5.30729)"
99.231.139.85 - - [31/Mar/2009:17:51:24 -0400] "GET /stylesheets/anylinkcssmenu.css HTTP/1.1" 304 - "http://www.gardinerconsultation.ca/" "Mozilla/4.0 (compatible; MSIE 7.0; Windows NT 5.1; GTB5; .NET CLR 1.1.4322; .NET CLR 2.0.50727; .NET CLR 3.0.4506.2152; .NET CLR 3.5.30729)"
99.231.139.85 - - [31/Mar/2009:17:51:24 -0400] "GET /javascripts/anylinkcssmenu.js HTTP/1.1" 304 - "http://www.gardinerconsultation.ca/" "Mozilla/4.0 (compatible; MSIE 7.0; Windows NT 5.1; GTB5; .NET CLR 1.1.4322; .NET CLR 2.0.50727; .NET CLR 3.0.4506.2152; .NET CLR 3.5.30729)"
99.231.139.85 - - [31/Mar/2009:17:51:24 -0400] "GET /images/bg.gif HTTP/1.1" 304 - "http://www.gardinerconsultation.ca/" "Mozilla/4.0 (compatible; MSIE 7.0; Windows NT 5.1; GTB5; .NET CLR 1.1.4322; .NET CLR 2.0.50727; .NET CLR 3.0.4506.2152; .NET CLR 3.5.30729)"
99.231.139.85 - - [31/Mar/2009:17:51:24 -0400] "GET /images/WT_logo.gif?1236965760 HTTP/1.1" 304 - "http://www.gardinerconsultation.ca/" "Mozilla/4.0 (compatible; MSIE 7.0; Windows NT 5.1; GTB5; .NET CLR 1.1.4322; .NET CLR 2.0.50727; .NET CLR 3.0.4506.2152; .NET CLR 3.5.30729)"
99.231.139.85 - - [31/Mar/2009:17:51:24 -0400] "GET /images/headerbg_blue.jpg HTTP/1.1" 304 - "http://www.gardinerconsultation.ca/" "Mozilla/4.0 (compatible; MSIE 7.0; Windows NT 5.1; GTB5; .NET CLR 1.1.4322; .NET CLR 2.0.50727; .NET CLR 3.0.4506.2152; .NET CLR 3.5.30729)"
99.231.139.85 - - [31/Mar/2009:17:51:24 -0400] "GET /images/navbg.gif HTTP/1.1" 304 - "http://www.gardinerconsultation.ca/" "Mozilla/4.0 (compatible; MSIE 7.0; Windows NT 5.1; GTB5; .NET CLR 1.1.4322; .NET CLR 2.0.50727; .NET CLR 3.0.4506.2152; .NET CLR 3.5.30729)"
99.231.139.85 - - [31/Mar/2009:17:51:24 -0400] "GET /images/pagebackground-blue.jpg?1237554466 HTTP/1.1" 304 - "http://www.gardinerconsultation.ca/" "Mozilla/4.0 (compatible; MSIE 7.0; Windows NT 5.1; GTB5; .NET CLR 1.1.4322; .NET CLR 2.0.50727; .NET CLR 3.0.4506.2152; .NET CLR 3.5.30729)"
