206.130.173.56 - - [31/Mar/2009:11:22:36 -0400] "GET /topics/show/20 HTTP/1.1" 200 13296 "http://www.gardinerconsultation.ca/topics/show/19" "Mozilla/4.0 (compatible; MSIE 6.0; Windows NT 5.1; SV1; .NET CLR 1.1.4322)"
209.213.228.82 - - [31/Mar/2009:11:22:44 -0400] "GET /topics/show/15 HTTP/1.1" 200 43555 "http://www.gardinerconsultation.ca/topics/show/21" "Mozilla/4.0 (compatible; MSIE 7.0; Windows NT 5.1; .NET CLR 1.1.4322; .NET CLR 2.0.50727)"
69.158.149.88 - - [31/Mar/2009:11:22:47 -0400] "GET /topics/show/13?root=18 HTTP/1.1" 200 74177 "http://www.gardinerconsultation.ca/" "Mozilla/5.0 (Macintosh; U; Intel Mac OS X 10_5_6; en-us) AppleWebKit/525.27.1 (KHTML, like Gecko) Version/3.2.1 Safari/525.27.1"
69.158.149.88 - - [31/Mar/2009:11:22:51 -0400] "GET /stylesheets/reset.css HTTP/1.1" 200 519 "http://www.gardinerconsultation.ca/topics/show/13?root=18#comment_18" "Mozilla/5.0 (Macintosh; U; Intel Mac OS X 10_5_6; en-us) AppleWebKit/525.27.1 (KHTML, like Gecko) Version/3.2.1 Safari/525.27.1"
69.158.149.88 - - [31/Mar/2009:11:22:51 -0400] "GET /favicon.ico HTTP/1.1" 200 - "http://www.gardinerconsultation.ca/topics/show/13?root=18" "Mozilla/5.0 (Macintosh; U; Intel Mac OS X 10_5_6; en-us) AppleWebKit/525.27.1 (KHTML, like Gecko) Version/3.2.1 Safari/525.27.1"
69.158.149.88 - - [31/Mar/2009:11:22:51 -0400] "GET /stylesheets/lightview.css HTTP/1.1" 200 7844 "http://www.gardinerconsultation.ca/topics/show/13?root=18#comment_18" "Mozilla/5.0 (Macintosh; U; Intel Mac OS X 10_5_6; en-us) AppleWebKit/525.27.1 (KHTML, like Gecko) Version/3.2.1 Safari/525.27.1"
69.158.149.88 - - [31/Mar/2009:11:22:51 -0400] "GET /stylesheets/styles.css HTTP/1.1" 200 12376 "http://www.gardinerconsultation.ca/topics/show/13?root=18#comment_18" "Mozilla/5.0 (Macintosh; U; Intel Mac OS X 10_5_6; en-us) AppleWebKit/525.27.1 (KHTML, like Gecko) Version/3.2.1 Safari/525.27.1"
69.158.149.88 - - [31/Mar/2009:11:22:51 -0400] "GET /javascripts/base_1236178901.js HTTP/1.1" 200 97264 "http://www.gardinerconsultation.ca/topics/show/13?root=18#comment_18" "Mozilla/5.0 (Macintosh; U; Intel Mac OS X 10_5_6; en-us) AppleWebKit/525.27.1 (KHTML, like Gecko) Version/3.2.1 Safari/525.27.1"
69.158.149.88 - - [31/Mar/2009:11:22:52 -0400] "GET /javascripts/anylinkcssmenu.js HTTP/1.1" 200 8203 "http://www.gardinerconsultation.ca/topics/show/13?root=18#comment_18" "Mozilla/5.0 (Macintosh; U; Intel Mac OS X 10_5_6; en-us) AppleWebKit/525.27.1 (KHTML, like Gecko) Version/3.2.1 Safari/525.27.1"
69.158.149.88 - - [31/Mar/2009:11:22:52 -0400] "GET /stylesheets/anylinkcssmenu.css HTTP/1.1" 200 1433 "http://www.gardinerconsultation.ca/topics/show/13?root=18#comment_18" "Mozilla/5.0 (Macintosh; U; Intel Mac OS X 10_5_6; en-us) AppleWebKit/525.27.1 (KHTML, like Gecko) Version/3.2.1 Safari/525.27.1"
69.158.149.88 - - [31/Mar/2009:11:22:53 -0400] "GET /images/WT_logo.gif?1236965760 HTTP/1.1" 200 4708 "http://www.gardinerconsultation.ca/topics/show/13?root=18#comment_18" "Mozilla/5.0 (Macintosh; U; Intel Mac OS X 10_5_6; en-us) AppleWebKit/525.27.1 (KHTML, like Gecko) Version/3.2.1 Safari/525.27.1"
69.158.149.88 - - [31/Mar/2009:11:22:53 -0400] "GET /images/navbg.gif HTTP/1.1" 200 270 "http://www.gardinerconsultation.ca/topics/show/13?root=18#comment_18" "Mozilla/5.0 (Macintosh; U; Intel Mac OS X 10_5_6; en-us) AppleWebKit/525.27.1 (KHTML, like Gecko) Version/3.2.1 Safari/525.27.1"
69.158.149.88 - - [31/Mar/2009:11:22:53 -0400] "GET /images/pagebackground-blue.jpg?1237554466 HTTP/1.1" 200 17383 "http://www.gardinerconsultation.ca/topics/show/13?root=18#comment_18" "Mozilla/5.0 (Macintosh; U; Intel Mac OS X 10_5_6; en-us) AppleWebKit/525.27.1 (KHTML, like Gecko) Version/3.2.1 Safari/525.27.1"
69.158.149.88 - - [31/Mar/2009:11:22:53 -0400] "GET /images/bg.gif HTTP/1.1" 200 972 "http://www.gardinerconsultation.ca/topics/show/13?root=18#comment_18" "Mozilla/5.0 (Macintosh; U; Intel Mac OS X 10_5_6; en-us) AppleWebKit/525.27.1 (KHTML, like Gecko) Version/3.2.1 Safari/525.27.1"
69.158.149.88 - - [31/Mar/2009:11:22:53 -0400] "GET /images/arrow.gif HTTP/1.1" 200 97 "http://www.gardinerconsultation.ca/topics/show/13?root=18#comment_18" "Mozilla/5.0 (Macintosh; U; Intel Mac OS X 10_5_6; en-us) AppleWebKit/525.27.1 (KHTML, like Gecko) Version/3.2.1 Safari/525.27.1"
69.158.149.88 - - [31/Mar/2009:11:22:53 -0400] "GET /images/headerbg_blue.jpg HTTP/1.1" 200 15448 "http://www.gardinerconsultation.ca/topics/show/13?root=18#comment_18" "Mozilla/5.0 (Macintosh; U; Intel Mac OS X 10_5_6; en-us) AppleWebKit/525.27.1 (KHTML, like Gecko) Version/3.2.1 Safari/525.27.1"
69.158.149.88 - - [31/Mar/2009:11:22:53 -0400] "GET /images/footerbg.gif HTTP/1.1" 200 14497 "http://www.gardinerconsultation.ca/topics/show/13?root=18#comment_18" "Mozilla/5.0 (Macintosh; U; Intel Mac OS X 10_5_6; en-us) AppleWebKit/525.27.1 (KHTML, like Gecko) Version/3.2.1 Safari/525.27.1"
69.158.149.88 - - [31/Mar/2009:11:22:53 -0400] "GET /images/bg_bannerGradient.jpg HTTP/1.1" 200 420 "http://www.gardinerconsultation.ca/topics/show/13?root=18#comment_18" "Mozilla/5.0 (Macintosh; U; Intel Mac OS X 10_5_6; en-us) AppleWebKit/525.27.1 (KHTML, like Gecko) Version/3.2.1 Safari/525.27.1"
69.158.149.88 - - [31/Mar/2009:11:22:53 -0400] "GET /avatars/0000/0001/pic_nik_thumb.jpg?1237573168 HTTP/1.1" 200 5862 "http://www.gardinerconsultation.ca/topics/show/13?root=18#comment_18" "Mozilla/5.0 (Macintosh; U; Intel Mac OS X 10_5_6; en-us) AppleWebKit/525.27.1 (KHTML, like Gecko) Version/3.2.1 Safari/525.27.1"
69.158.149.88 - - [31/Mar/2009:11:22:53 -0400] "POST /talk/mark/18 HTTP/1.1" 201 1 "http://www.gardinerconsultation.ca/topics/show/13?root=18" "Mozilla/5.0 (Macintosh; U; Intel Mac OS X 10_5_6; en-us) AppleWebKit/525.27.1 (KHTML, like Gecko) Version/3.2.1 Safari/525.27.1"
206.130.173.56 - - [31/Mar/2009:11:22:55 -0400] "GET /topics/show/4 HTTP/1.1" 200 16297 "http://www.gardinerconsultation.ca/topics/show/20" "Mozilla/4.0 (compatible; MSIE 6.0; Windows NT 5.1; SV1; .NET CLR 1.1.4322)"
67.208.9.121 - - [31/Mar/2009:11:23:06 -0400] "GET /stylesheets/styles.css HTTP/1.1" 200 12376 "http://www.gardinerconsultation.ca/" "Mozilla/4.0 (compatible; MSIE 7.0; Windows NT 6.0; SLCC1; .NET CLR 2.0.50727; Media Center PC 5.0; InfoPath.2; .NET CLR 3.5.30729; .NET CLR 3.0.30618)"
67.208.9.121 - - [31/Mar/2009:11:23:05 -0400] "GET / HTTP/1.1" 200 17985 "http://www.waterfrontoronto.ca/dynamic.php?first=442ee40e416d7" "Mozilla/4.0 (compatible; MSIE 7.0; Windows NT 6.0; SLCC1; .NET CLR 2.0.50727; Media Center PC 5.0; InfoPath.2; .NET CLR 3.5.30729; .NET CLR 3.0.30618)"
67.208.9.121 - - [31/Mar/2009:11:23:06 -0400] "GET /stylesheets/reset.css HTTP/1.1" 200 519 "http://www.gardinerconsultation.ca/" "Mozilla/4.0 (compatible; MSIE 7.0; Windows NT 6.0; SLCC1; .NET CLR 2.0.50727; Media Center PC 5.0; InfoPath.2; .NET CLR 3.5.30729; .NET CLR 3.0.30618)"
67.208.9.121 - - [31/Mar/2009:11:23:06 -0400] "GET /stylesheets/lightview.css HTTP/1.1" 200 7844 "http://www.gardinerconsultation.ca/" "Mozilla/4.0 (compatible; MSIE 7.0; Windows NT 6.0; SLCC1; .NET CLR 2.0.50727; Media Center PC 5.0; InfoPath.2; .NET CLR 3.5.30729; .NET CLR 3.0.30618)"
67.208.9.121 - - [31/Mar/2009:11:23:06 -0400] "GET /javascripts/base_1236178901.js HTTP/1.1" 200 97264 "http://www.gardinerconsultation.ca/" "Mozilla/4.0 (compatible; MSIE 7.0; Windows NT 6.0; SLCC1; .NET CLR 2.0.50727; Media Center PC 5.0; InfoPath.2; .NET CLR 3.5.30729; .NET CLR 3.0.30618)"
67.208.9.121 - - [31/Mar/2009:11:23:07 -0400] "GET /stylesheets/anylinkcssmenu.css HTTP/1.1" 200 1433 "http://www.gardinerconsultation.ca/" "Mozilla/4.0 (compatible; MSIE 7.0; Windows NT 6.0; SLCC1; .NET CLR 2.0.50727; Media Center PC 5.0; InfoPath.2; .NET CLR 3.5.30729; .NET CLR 3.0.30618)"
67.208.9.121 - - [31/Mar/2009:11:23:07 -0400] "GET /javascripts/anylinkcssmenu.js HTTP/1.1" 200 8203 "http://www.gardinerconsultation.ca/" "Mozilla/4.0 (compatible; MSIE 7.0; Windows NT 6.0; SLCC1; .NET CLR 2.0.50727; Media Center PC 5.0; InfoPath.2; .NET CLR 3.5.30729; .NET CLR 3.0.30618)"
67.208.9.121 - - [31/Mar/2009:11:23:07 -0400] "GET /images/WT_logo.gif?1236965760 HTTP/1.1" 200 4708 "http://www.gardinerconsultation.ca/" "Mozilla/4.0 (compatible; MSIE 7.0; Windows NT 6.0; SLCC1; .NET CLR 2.0.50727; Media Center PC 5.0; InfoPath.2; .NET CLR 3.5.30729; .NET CLR 3.0.30618)"
67.208.9.121 - - [31/Mar/2009:11:23:07 -0400] "GET /images/pagebackground-blue.jpg?1237554466 HTTP/1.1" 200 17383 "http://www.gardinerconsultation.ca/" "Mozilla/4.0 (compatible; MSIE 7.0; Windows NT 6.0; SLCC1; .NET CLR 2.0.50727; Media Center PC 5.0; InfoPath.2; .NET CLR 3.5.30729; .NET CLR 3.0.30618)"
67.208.9.121 - - [31/Mar/2009:11:23:07 -0400] "GET /images/bg.gif HTTP/1.1" 200 972 "http://www.gardinerconsultation.ca/" "Mozilla/4.0 (compatible; MSIE 7.0; Windows NT 6.0; SLCC1; .NET CLR 2.0.50727; Media Center PC 5.0; InfoPath.2; .NET CLR 3.5.30729; .NET CLR 3.0.30618)"
67.208.9.121 - - [31/Mar/2009:11:23:07 -0400] "GET /images/headerbg_blue.jpg HTTP/1.1" 200 15448 "http://www.gardinerconsultation.ca/" "Mozilla/4.0 (compatible; MSIE 7.0; Windows NT 6.0; SLCC1; .NET CLR 2.0.50727; Media Center PC 5.0; InfoPath.2; .NET CLR 3.5.30729; .NET CLR 3.0.30618)"
67.208.9.121 - - [31/Mar/2009:11:23:07 -0400] "GET /images/star.png HTTP/1.1" 200 795 "http://www.gardinerconsultation.ca/" "Mozilla/4.0 (compatible; MSIE 7.0; Windows NT 6.0; SLCC1; .NET CLR 2.0.50727; Media Center PC 5.0; InfoPath.2; .NET CLR 3.5.30729; .NET CLR 3.0.30618)"
67.208.9.121 - - [31/Mar/2009:11:23:07 -0400] "GET /images/navbg.gif HTTP/1.1" 200 270 "http://www.gardinerconsultation.ca/" "Mozilla/4.0 (compatible; MSIE 7.0; Windows NT 6.0; SLCC1; .NET CLR 2.0.50727; Media Center PC 5.0; InfoPath.2; .NET CLR 3.5.30729; .NET CLR 3.0.30618)"
67.208.9.121 - - [31/Mar/2009:11:23:08 -0400] "GET /images/footerbg.gif HTTP/1.1" 200 14497 "http://www.gardinerconsultation.ca/" "Mozilla/4.0 (compatible; MSIE 7.0; Windows NT 6.0; SLCC1; .NET CLR 2.0.50727; Media Center PC 5.0; InfoPath.2; .NET CLR 3.5.30729; .NET CLR 3.0.30618)"
67.208.9.121 - - [31/Mar/2009:11:23:08 -0400] "GET /images/bg_bannerGradient.jpg HTTP/1.1" 200 420 "http://www.gardinerconsultation.ca/" "Mozilla/4.0 (compatible; MSIE 7.0; Windows NT 6.0; SLCC1; .NET CLR 2.0.50727; Media Center PC 5.0; InfoPath.2; .NET CLR 3.5.30729; .NET CLR 3.0.30618)"
206.130.173.56 - - [31/Mar/2009:11:23:13 -0400] "GET /topics/show/5 HTTP/1.1" 200 14573 "http://www.gardinerconsultation.ca/topics/show/4" "Mozilla/4.0 (compatible; MSIE 6.0; Windows NT 5.1; SV1; .NET CLR 1.1.4322)"
69.158.149.88 - - [31/Mar/2009:11:23:17 -0400] "GET /images/busy.gif HTTP/1.1" 200 2209 "http://www.gardinerconsultation.ca/topics/show/13?root=18#comment_18" "Mozilla/5.0 (Macintosh; U; Intel Mac OS X 10_5_6; en-us) AppleWebKit/525.27.1 (KHTML, like Gecko) Version/3.2.1 Safari/525.27.1"
69.158.149.88 - - [31/Mar/2009:11:23:17 -0400] "POST /topics/show_comments/13/46 HTTP/1.1" 200 3180 "http://www.gardinerconsultation.ca/topics/show/13?root=18" "Mozilla/5.0 (Macintosh; U; Intel Mac OS X 10_5_6; en-us) AppleWebKit/525.27.1 (KHTML, like Gecko) Version/3.2.1 Safari/525.27.1"
69.158.149.88 - - [31/Mar/2009:11:23:17 -0400] "POST /talk/mark/18 HTTP/1.1" 201 1 "http://www.gardinerconsultation.ca/topics/show/13?root=18" "Mozilla/5.0 (Macintosh; U; Intel Mac OS X 10_5_6; en-us) AppleWebKit/525.27.1 (KHTML, like Gecko) Version/3.2.1 Safari/525.27.1"
67.208.9.120 - - [31/Mar/2009:11:23:18 -0400] "GET /favicon.ico HTTP/1.1" 200 - "-" "Mozilla/4.0 (compatible; MSIE 7.0; Windows NT 6.0; SLCC1; .NET CLR 2.0.50727; Media Center PC 5.0; InfoPath.2; .NET CLR 3.5.30729; .NET CLR 3.0.30618)"
209.213.228.82 - - [31/Mar/2009:11:23:23 -0400] "GET /images/busy.gif HTTP/1.1" 200 2209 "http://www.gardinerconsultation.ca/topics/show/15" "Mozilla/4.0 (compatible; MSIE 7.0; Windows NT 5.1; .NET CLR 1.1.4322; .NET CLR 2.0.50727)"
209.213.228.82 - - [31/Mar/2009:11:23:23 -0400] "POST /topics/show_comments/15/8 HTTP/1.1" 200 3603 "http://www.gardinerconsultation.ca/topics/show/15" "Mozilla/4.0 (compatible; MSIE 7.0; Windows NT 5.1; .NET CLR 1.1.4322; .NET CLR 2.0.50727)"
209.213.228.82 - - [31/Mar/2009:11:23:30 -0400] "POST /talk/mark/8 HTTP/1.1" 201 1 "http://www.gardinerconsultation.ca/topics/show/15" "Mozilla/4.0 (compatible; MSIE 7.0; Windows NT 5.1; .NET CLR 1.1.4322; .NET CLR 2.0.50727)"
207.219.52.250 - - [31/Mar/2009:11:23:48 -0400] "GET / HTTP/1.1" 200 17985 "http://sn104w.snt104.mail.live.com/mail/InboxLight.aspx?FolderID=00000000-0000-0000-0000-000000000005&InboxSortAscending=False&InboxSortBy=Date&n=1071562340" "Mozilla/4.0 (compatible; MSIE 6.0; Windows NT 5.1; SV1; .NET CLR 1.1.4322)"
207.219.52.250 - - [31/Mar/2009:11:23:48 -0400] "GET /stylesheets/styles.css HTTP/1.1" 200 12376 "http://www.gardinerconsultation.ca/" "Mozilla/4.0 (compatible; MSIE 6.0; Windows NT 5.1; SV1; .NET CLR 1.1.4322)"
207.219.52.250 - - [31/Mar/2009:11:23:48 -0400] "GET /stylesheets/reset.css HTTP/1.1" 200 519 "http://www.gardinerconsultation.ca/" "Mozilla/4.0 (compatible; MSIE 6.0; Windows NT 5.1; SV1; .NET CLR 1.1.4322)"
207.219.52.250 - - [31/Mar/2009:11:23:48 -0400] "GET /stylesheets/styles-ie6.css HTTP/1.1" 200 129 "http://www.gardinerconsultation.ca/" "Mozilla/4.0 (compatible; MSIE 6.0; Windows NT 5.1; SV1; .NET CLR 1.1.4322)"
207.219.52.250 - - [31/Mar/2009:11:23:48 -0400] "GET /stylesheets/lightview.css HTTP/1.1" 200 7844 "http://www.gardinerconsultation.ca/" "Mozilla/4.0 (compatible; MSIE 6.0; Windows NT 5.1; SV1; .NET CLR 1.1.4322)"
207.219.52.250 - - [31/Mar/2009:11:23:48 -0400] "GET /javascripts/base_1236178901.js HTTP/1.1" 200 97264 "http://www.gardinerconsultation.ca/" "Mozilla/4.0 (compatible; MSIE 6.0; Windows NT 5.1; SV1; .NET CLR 1.1.4322)"
207.219.52.250 - - [31/Mar/2009:11:23:49 -0400] "GET /javascripts/anylinkcssmenu.js HTTP/1.1" 200 8203 "http://www.gardinerconsultation.ca/" "Mozilla/4.0 (compatible; MSIE 6.0; Windows NT 5.1; SV1; .NET CLR 1.1.4322)"
207.219.52.250 - - [31/Mar/2009:11:23:49 -0400] "GET /stylesheets/anylinkcssmenu.css HTTP/1.1" 200 1433 "http://www.gardinerconsultation.ca/" "Mozilla/4.0 (compatible; MSIE 6.0; Windows NT 5.1; SV1; .NET CLR 1.1.4322)"
207.219.52.250 - - [31/Mar/2009:11:23:49 -0400] "GET /images/WT_logo.gif?1236965760 HTTP/1.1" 200 4708 "http://www.gardinerconsultation.ca/" "Mozilla/4.0 (compatible; MSIE 6.0; Windows NT 5.1; SV1; .NET CLR 1.1.4322)"
207.219.52.250 - - [31/Mar/2009:11:23:49 -0400] "GET /images/star.png HTTP/1.1" 200 795 "http://www.gardinerconsultation.ca/" "Mozilla/4.0 (compatible; MSIE 6.0; Windows NT 5.1; SV1; .NET CLR 1.1.4322)"
207.219.52.250 - - [31/Mar/2009:11:23:49 -0400] "GET /images/pagebackground-blue.jpg?1237554466 HTTP/1.1" 200 17383 "http://www.gardinerconsultation.ca/" "Mozilla/4.0 (compatible; MSIE 6.0; Windows NT 5.1; SV1; .NET CLR 1.1.4322)"
207.219.52.250 - - [31/Mar/2009:11:23:49 -0400] "GET /images/bg.gif HTTP/1.1" 200 972 "http://www.gardinerconsultation.ca/" "Mozilla/4.0 (compatible; MSIE 6.0; Windows NT 5.1; SV1; .NET CLR 1.1.4322)"
207.219.52.250 - - [31/Mar/2009:11:23:49 -0400] "GET /images/headerbg_blue.jpg HTTP/1.1" 200 15448 "http://www.gardinerconsultation.ca/" "Mozilla/4.0 (compatible; MSIE 6.0; Windows NT 5.1; SV1; .NET CLR 1.1.4322)"
207.219.52.250 - - [31/Mar/2009:11:23:49 -0400] "GET /images/navbg.gif HTTP/1.1" 200 270 "http://www.gardinerconsultation.ca/" "Mozilla/4.0 (compatible; MSIE 6.0; Windows NT 5.1; SV1; .NET CLR 1.1.4322)"
207.219.52.250 - - [31/Mar/2009:11:23:49 -0400] "GET /images/bg_bannerGradient.jpg HTTP/1.1" 200 420 "http://www.gardinerconsultation.ca/" "Mozilla/4.0 (compatible; MSIE 6.0; Windows NT 5.1; SV1; .NET CLR 1.1.4322)"
207.219.52.250 - - [31/Mar/2009:11:23:49 -0400] "GET /images/footerbg.gif HTTP/1.1" 200 14497 "http://www.gardinerconsultation.ca/" "Mozilla/4.0 (compatible; MSIE 6.0; Windows NT 5.1; SV1; .NET CLR 1.1.4322)"
192.30.202.15 - - [31/Mar/2009:11:23:52 -0400] "POST /topic/13/talk/preview HTTP/1.0" 200 1836 "http://www.gardinerconsultation.ca/topics/show/13?lang=en&root=13#comment_41" "Mozilla/4.0 (compatible; MSIE 6.0; Windows NT 5.1; SV1; .NET CLR 1.1.4322)"
192.30.202.15 - - [31/Mar/2009:11:23:54 -0400] "POST /topic/13/talk/create HTTP/1.0" 200 2097 "http://www.gardinerconsultation.ca/topics/show/13?lang=en&root=13#comment_41" "Mozilla/4.0 (compatible; MSIE 6.0; Windows NT 5.1; SV1; .NET CLR 1.1.4322)"
192.30.202.15 - - [31/Mar/2009:11:23:56 -0400] "POST /talk/mark/32 HTTP/1.0" 201 1 "http://www.gardinerconsultation.ca/topics/show/13?lang=en&root=13#comment_41" "Mozilla/4.0 (compatible; MSIE 6.0; Windows NT 5.1; SV1; .NET CLR 1.1.4322)"
67.208.9.121 - - [31/Mar/2009:11:23:59 -0400] "GET /images/arrow.gif HTTP/1.1" 200 97 "http://www.gardinerconsultation.ca/topics/show/13" "Mozilla/4.0 (compatible; MSIE 7.0; Windows NT 6.0; SLCC1; .NET CLR 2.0.50727; Media Center PC 5.0; InfoPath.2; .NET CLR 3.5.30729; .NET CLR 3.0.30618)"
67.208.9.121 - - [31/Mar/2009:11:23:57 -0400] "GET /topics/show/13 HTTP/1.1" 200 79967 "http://www.gardinerconsultation.ca/" "Mozilla/4.0 (compatible; MSIE 7.0; Windows NT 6.0; SLCC1; .NET CLR 2.0.50727; Media Center PC 5.0; InfoPath.2; .NET CLR 3.5.30729; .NET CLR 3.0.30618)"
67.208.9.121 - - [31/Mar/2009:11:24:00 -0400] "GET /avatars/0000/0001/pic_nik_thumb.jpg?1237573168 HTTP/1.1" 200 5862 "http://www.gardinerconsultation.ca/topics/show/13" "Mozilla/4.0 (compatible; MSIE 7.0; Windows NT 6.0; SLCC1; .NET CLR 2.0.50727; Media Center PC 5.0; InfoPath.2; .NET CLR 3.5.30729; .NET CLR 3.0.30618)"
69.158.149.88 - - [31/Mar/2009:11:24:02 -0400] "POST /talk/mark/47 HTTP/1.1" 201 1 "http://www.gardinerconsultation.ca/topics/show/13?root=18" "Mozilla/5.0 (Macintosh; U; Intel Mac OS X 10_5_6; en-us) AppleWebKit/525.27.1 (KHTML, like Gecko) Version/3.2.1 Safari/525.27.1"
209.213.228.82 - - [31/Mar/2009:11:24:02 -0400] "POST /topics/show_comments/15/8 HTTP/1.1" 200 3603 "http://www.gardinerconsultation.ca/topics/show/15" "Mozilla/4.0 (compatible; MSIE 7.0; Windows NT 5.1; .NET CLR 1.1.4322; .NET CLR 2.0.50727)"
209.213.228.82 - - [31/Mar/2009:11:24:04 -0400] "POST /talk/mark/40 HTTP/1.1" 201 1 "http://www.gardinerconsultation.ca/topics/show/15" "Mozilla/4.0 (compatible; MSIE 7.0; Windows NT 5.1; .NET CLR 1.1.4322; .NET CLR 2.0.50727)"
207.219.52.250 - - [31/Mar/2009:11:24:18 -0400] "GET /images/arrow.gif HTTP/1.1" 200 97 "http://www.gardinerconsultation.ca/topics/show/13?root=12" "Mozilla/4.0 (compatible; MSIE 6.0; Windows NT 5.1; SV1; .NET CLR 1.1.4322)"
207.219.52.250 - - [31/Mar/2009:11:24:17 -0400] "GET /topics/show/13?root=12 HTTP/1.1" 200 82657 "http://www.gardinerconsultation.ca/" "Mozilla/4.0 (compatible; MSIE 6.0; Windows NT 5.1; SV1; .NET CLR 1.1.4322)"
207.219.52.250 - - [31/Mar/2009:11:24:18 -0400] "GET /avatars/0000/0001/pic_nik_thumb.jpg?1237573168 HTTP/1.1" 200 5862 "http://www.gardinerconsultation.ca/topics/show/13?root=12" "Mozilla/4.0 (compatible; MSIE 6.0; Windows NT 5.1; SV1; .NET CLR 1.1.4322)"
69.158.149.88 - - [31/Mar/2009:11:24:19 -0400] "POST /topic/13/talk/new?parent_id=47 HTTP/1.1" 200 1170 "http://www.gardinerconsultation.ca/topics/show/13?root=18" "Mozilla/5.0 (Macintosh; U; Intel Mac OS X 10_5_6; en-us) AppleWebKit/525.27.1 (KHTML, like Gecko) Version/3.2.1 Safari/525.27.1"
207.219.52.250 - - [31/Mar/2009:11:24:21 -0400] "POST /talk/mark/12 HTTP/1.1" 201 1 "http://www.gardinerconsultation.ca/topics/show/13?root=12#comment_12" "Mozilla/4.0 (compatible; MSIE 6.0; Windows NT 5.1; SV1; .NET CLR 1.1.4322)"
69.158.149.88 - - [31/Mar/2009:11:24:29 -0400] "POST /topic/13/talk/new?parent_id=18 HTTP/1.1" 200 1170 "http://www.gardinerconsultation.ca/topics/show/13?root=18" "Mozilla/5.0 (Macintosh; U; Intel Mac OS X 10_5_6; en-us) AppleWebKit/525.27.1 (KHTML, like Gecko) Version/3.2.1 Safari/525.27.1"
99.231.89.210 - - [31/Mar/2009:11:25:01 -0400] "GET / HTTP/1.1" 200 17986 "http://www.waterfrontoronto.ca/dynamic.php?first=43fa75b221b08&second=4644b9f62b745&third=442ee40e416d7" "Mozilla/5.0 (Windows; U; Windows NT 6.0; en-US; rv:1.9.0.8) Gecko/2009032609 Firefox/3.0.8"
99.231.89.210 - - [31/Mar/2009:11:25:02 -0400] "GET /stylesheets/styles.css HTTP/1.1" 200 12376 "http://www.gardinerconsultation.ca/" "Mozilla/5.0 (Windows; U; Windows NT 6.0; en-US; rv:1.9.0.8) Gecko/2009032609 Firefox/3.0.8"
99.231.89.210 - - [31/Mar/2009:11:25:02 -0400] "GET /stylesheets/reset.css HTTP/1.1" 200 519 "http://www.gardinerconsultation.ca/" "Mozilla/5.0 (Windows; U; Windows NT 6.0; en-US; rv:1.9.0.8) Gecko/2009032609 Firefox/3.0.8"
99.231.89.210 - - [31/Mar/2009:11:25:02 -0400] "GET /stylesheets/lightview.css HTTP/1.1" 200 7844 "http://www.gardinerconsultation.ca/" "Mozilla/5.0 (Windows; U; Windows NT 6.0; en-US; rv:1.9.0.8) Gecko/2009032609 Firefox/3.0.8"
99.231.89.210 - - [31/Mar/2009:11:25:02 -0400] "GET /javascripts/base_1236178901.js HTTP/1.1" 200 97264 "http://www.gardinerconsultation.ca/" "Mozilla/5.0 (Windows; U; Windows NT 6.0; en-US; rv:1.9.0.8) Gecko/2009032609 Firefox/3.0.8"
99.231.89.210 - - [31/Mar/2009:11:25:02 -0400] "GET /favicon.ico HTTP/1.1" 200 - "-" "Mozilla/5.0 (Windows; U; Windows NT 6.0; en-US; rv:1.9.0.8) Gecko/2009032609 Firefox/3.0.8"
99.231.89.210 - - [31/Mar/2009:11:25:02 -0400] "GET /stylesheets/anylinkcssmenu.css HTTP/1.1" 200 1433 "http://www.gardinerconsultation.ca/" "Mozilla/5.0 (Windows; U; Windows NT 6.0; en-US; rv:1.9.0.8) Gecko/2009032609 Firefox/3.0.8"
99.231.89.210 - - [31/Mar/2009:11:25:02 -0400] "GET /javascripts/anylinkcssmenu.js HTTP/1.1" 200 8203 "http://www.gardinerconsultation.ca/" "Mozilla/5.0 (Windows; U; Windows NT 6.0; en-US; rv:1.9.0.8) Gecko/2009032609 Firefox/3.0.8"
99.231.89.210 - - [31/Mar/2009:11:25:02 -0400] "GET /images/bg.gif HTTP/1.1" 200 972 "http://www.gardinerconsultation.ca/stylesheets/styles.css" "Mozilla/5.0 (Windows; U; Windows NT 6.0; en-US; rv:1.9.0.8) Gecko/2009032609 Firefox/3.0.8"
99.231.89.210 - - [31/Mar/2009:11:25:02 -0400] "GET /images/WT_logo.gif?1236965760 HTTP/1.1" 200 4708 "http://www.gardinerconsultation.ca/" "Mozilla/5.0 (Windows; U; Windows NT 6.0; en-US; rv:1.9.0.8) Gecko/2009032609 Firefox/3.0.8"
99.231.89.210 - - [31/Mar/2009:11:25:02 -0400] "GET /images/star.png HTTP/1.1" 200 795 "http://www.gardinerconsultation.ca/" "Mozilla/5.0 (Windows; U; Windows NT 6.0; en-US; rv:1.9.0.8) Gecko/2009032609 Firefox/3.0.8"
99.231.89.210 - - [31/Mar/2009:11:25:02 -0400] "GET /images/bg_bannerGradient.jpg HTTP/1.1" 200 420 "http://www.gardinerconsultation.ca/stylesheets/styles.css" "Mozilla/5.0 (Windows; U; Windows NT 6.0; en-US; rv:1.9.0.8) Gecko/2009032609 Firefox/3.0.8"
99.231.89.210 - - [31/Mar/2009:11:25:02 -0400] "GET /images/navbg.gif HTTP/1.1" 200 270 "http://www.gardinerconsultation.ca/stylesheets/styles.css" "Mozilla/5.0 (Windows; U; Windows NT 6.0; en-US; rv:1.9.0.8) Gecko/2009032609 Firefox/3.0.8"
99.231.89.210 - - [31/Mar/2009:11:25:02 -0400] "GET /images/footerbg.gif HTTP/1.1" 200 14497 "http://www.gardinerconsultation.ca/stylesheets/styles.css" "Mozilla/5.0 (Windows; U; Windows NT 6.0; en-US; rv:1.9.0.8) Gecko/2009032609 Firefox/3.0.8"
99.231.89.210 - - [31/Mar/2009:11:25:02 -0400] "GET /images/pagebackground-blue.jpg?1237554466 HTTP/1.1" 200 17383 "http://www.gardinerconsultation.ca/" "Mozilla/5.0 (Windows; U; Windows NT 6.0; en-US; rv:1.9.0.8) Gecko/2009032609 Firefox/3.0.8"
99.231.89.210 - - [31/Mar/2009:11:25:02 -0400] "GET /images/headerbg_blue.jpg HTTP/1.1" 200 15448 "http://www.gardinerconsultation.ca/stylesheets/styles.css" "Mozilla/5.0 (Windows; U; Windows NT 6.0; en-US; rv:1.9.0.8) Gecko/2009032609 Firefox/3.0.8"
207.219.52.250 - - [31/Mar/2009:11:25:10 -0400] "POST /talk/mark/45 HTTP/1.1" 201 1 "http://www.gardinerconsultation.ca/topics/show/13?root=12#comment_12" "Mozilla/4.0 (compatible; MSIE 6.0; Windows NT 5.1; SV1; .NET CLR 1.1.4322)"
67.208.9.121 - - [31/Mar/2009:11:25:25 -0400] "GET /topics/show/14 HTTP/1.1" 200 43939 "http://www.gardinerconsultation.ca/topics/show/13" "Mozilla/4.0 (compatible; MSIE 7.0; Windows NT 6.0; SLCC1; .NET CLR 2.0.50727; Media Center PC 5.0; InfoPath.2; .NET CLR 3.5.30729; .NET CLR 3.0.30618)"
192.30.202.15 - - [31/Mar/2009:11:25:46 -0400] "POST /talk/mark/27 HTTP/1.0" 201 1 "http://www.gardinerconsultation.ca/topics/show/13?lang=en&root=13#comment_41" "Mozilla/4.0 (compatible; MSIE 6.0; Windows NT 5.1; SV1; .NET CLR 1.1.4322)"
206.130.173.56 - - [31/Mar/2009:11:25:52 -0400] "GET /topics/show/7 HTTP/1.1" 200 16282 "http://www.gardinerconsultation.ca/topics/show/5" "Mozilla/4.0 (compatible; MSIE 6.0; Windows NT 5.1; SV1; .NET CLR 1.1.4322)"
192.30.202.15 - - [31/Mar/2009:11:26:20 -0400] "POST /talk/mark/20 HTTP/1.0" 201 1 "http://www.gardinerconsultation.ca/topics/show/13?lang=en&root=13#comment_41" "Mozilla/4.0 (compatible; MSIE 6.0; Windows NT 5.1; SV1; .NET CLR 1.1.4322)"
38.104.156.126 - - [31/Mar/2009:11:26:38 -0400] "GET / HTTP/1.1" 200 17986 "http://www.google.ca/search?hl=en&client=firefox-a&rls=org.mozilla%3Aen-US%3Aofficial&hs=TAg&q=gardiner+consultation&btnG=Search&meta=" "Mozilla/5.0 (Macintosh; U; Intel Mac OS X 10.5; en-US; rv:1.9.0.5) Gecko/2008120121 Firefox/3.0.5"
38.104.156.126 - - [31/Mar/2009:11:26:38 -0400] "GET /stylesheets/styles.css HTTP/1.1" 200 12376 "http://www.gardinerconsultation.ca/" "Mozilla/5.0 (Macintosh; U; Intel Mac OS X 10.5; en-US; rv:1.9.0.5) Gecko/2008120121 Firefox/3.0.5"
38.104.156.126 - - [31/Mar/2009:11:26:38 -0400] "GET /stylesheets/reset.css HTTP/1.1" 200 519 "http://www.gardinerconsultation.ca/" "Mozilla/5.0 (Macintosh; U; Intel Mac OS X 10.5; en-US; rv:1.9.0.5) Gecko/2008120121 Firefox/3.0.5"
38.104.156.126 - - [31/Mar/2009:11:26:38 -0400] "GET /stylesheets/lightview.css HTTP/1.1" 200 7844 "http://www.gardinerconsultation.ca/" "Mozilla/5.0 (Macintosh; U; Intel Mac OS X 10.5; en-US; rv:1.9.0.5) Gecko/2008120121 Firefox/3.0.5"
38.104.156.126 - - [31/Mar/2009:11:26:38 -0400] "GET /javascripts/base_1236178901.js HTTP/1.1" 200 97264 "http://www.gardinerconsultation.ca/" "Mozilla/5.0 (Macintosh; U; Intel Mac OS X 10.5; en-US; rv:1.9.0.5) Gecko/2008120121 Firefox/3.0.5"
38.104.156.126 - - [31/Mar/2009:11:26:39 -0400] "GET /favicon.ico HTTP/1.1" 200 - "-" "Mozilla/5.0 (Macintosh; U; Intel Mac OS X 10.5; en-US; rv:1.9.0.5) Gecko/2008120121 Firefox/3.0.5"
38.104.156.126 - - [31/Mar/2009:11:26:39 -0400] "GET /stylesheets/anylinkcssmenu.css HTTP/1.1" 200 1433 "http://www.gardinerconsultation.ca/" "Mozilla/5.0 (Macintosh; U; Intel Mac OS X 10.5; en-US; rv:1.9.0.5) Gecko/2008120121 Firefox/3.0.5"
38.104.156.126 - - [31/Mar/2009:11:26:39 -0400] "GET /javascripts/anylinkcssmenu.js HTTP/1.1" 200 8203 "http://www.gardinerconsultation.ca/" "Mozilla/5.0 (Macintosh; U; Intel Mac OS X 10.5; en-US; rv:1.9.0.5) Gecko/2008120121 Firefox/3.0.5"
38.104.156.126 - - [31/Mar/2009:11:26:39 -0400] "GET /images/bg.gif HTTP/1.1" 200 972 "http://www.gardinerconsultation.ca/stylesheets/styles.css" "Mozilla/5.0 (Macintosh; U; Intel Mac OS X 10.5; en-US; rv:1.9.0.5) Gecko/2008120121 Firefox/3.0.5"
38.104.156.126 - - [31/Mar/2009:11:26:39 -0400] "GET /images/WT_logo.gif?1236965760 HTTP/1.1" 200 4708 "http://www.gardinerconsultation.ca/" "Mozilla/5.0 (Macintosh; U; Intel Mac OS X 10.5; en-US; rv:1.9.0.5) Gecko/2008120121 Firefox/3.0.5"
38.104.156.126 - - [31/Mar/2009:11:26:39 -0400] "GET /images/star.png HTTP/1.1" 200 795 "http://www.gardinerconsultation.ca/" "Mozilla/5.0 (Macintosh; U; Intel Mac OS X 10.5; en-US; rv:1.9.0.5) Gecko/2008120121 Firefox/3.0.5"
38.104.156.126 - - [31/Mar/2009:11:26:39 -0400] "GET /images/bg_bannerGradient.jpg HTTP/1.1" 200 420 "http://www.gardinerconsultation.ca/stylesheets/styles.css" "Mozilla/5.0 (Macintosh; U; Intel Mac OS X 10.5; en-US; rv:1.9.0.5) Gecko/2008120121 Firefox/3.0.5"
38.104.156.126 - - [31/Mar/2009:11:26:39 -0400] "GET /images/footerbg.gif HTTP/1.1" 200 14497 "http://www.gardinerconsultation.ca/stylesheets/styles.css" "Mozilla/5.0 (Macintosh; U; Intel Mac OS X 10.5; en-US; rv:1.9.0.5) Gecko/2008120121 Firefox/3.0.5"
38.104.156.126 - - [31/Mar/2009:11:26:39 -0400] "GET /images/headerbg_blue.jpg HTTP/1.1" 200 15448 "http://www.gardinerconsultation.ca/stylesheets/styles.css" "Mozilla/5.0 (Macintosh; U; Intel Mac OS X 10.5; en-US; rv:1.9.0.5) Gecko/2008120121 Firefox/3.0.5"
38.104.156.126 - - [31/Mar/2009:11:26:39 -0400] "GET /images/navbg.gif HTTP/1.1" 200 270 "http://www.gardinerconsultation.ca/stylesheets/styles.css" "Mozilla/5.0 (Macintosh; U; Intel Mac OS X 10.5; en-US; rv:1.9.0.5) Gecko/2008120121 Firefox/3.0.5"
38.104.156.126 - - [31/Mar/2009:11:26:39 -0400] "GET /images/pagebackground-blue.jpg?1237554466 HTTP/1.1" 200 17383 "http://www.gardinerconsultation.ca/" "Mozilla/5.0 (Macintosh; U; Intel Mac OS X 10.5; en-US; rv:1.9.0.5) Gecko/2008120121 Firefox/3.0.5"
192.30.202.15 - - [31/Mar/2009:11:26:54 -0400] "POST /topic/13/talk/new?parent_id=20 HTTP/1.0" 200 1170 "http://www.gardinerconsultation.ca/topics/show/13?lang=en&root=13#comment_41" "Mozilla/4.0 (compatible; MSIE 6.0; Windows NT 5.1; SV1; .NET CLR 1.1.4322)"
216.154.161.253 - - [31/Mar/2009:11:27:50 -0400] "GET /topics/show/20 HTTP/1.1" 200 8355 "http://www.gardinerconsultation.ca/topics/show/18" "Mozilla/4.0 (compatible; MSIE 7.0; Windows NT 5.1; GTB5; .NET CLR 1.1.4322)"
192.30.202.15 - - [31/Mar/2009:11:27:58 -0400] "POST /topic/13/talk/preview HTTP/1.0" 200 1886 "http://www.gardinerconsultation.ca/topics/show/13?lang=en&root=13#comment_41" "Mozilla/4.0 (compatible; MSIE 6.0; Windows NT 5.1; SV1; .NET CLR 1.1.4322)"
192.30.202.15 - - [31/Mar/2009:11:28:02 -0400] "POST /topic/13/talk/create HTTP/1.0" 200 2122 "http://www.gardinerconsultation.ca/topics/show/13?lang=en&root=13#comment_41" "Mozilla/4.0 (compatible; MSIE 6.0; Windows NT 5.1; SV1; .NET CLR 1.1.4322)"
192.30.202.15 - - [31/Mar/2009:11:28:07 -0400] "POST /topics/show_comments/13/20 HTTP/1.0" 200 5283 "http://www.gardinerconsultation.ca/topics/show/13?lang=en&root=13#comment_41" "Mozilla/4.0 (compatible; MSIE 6.0; Windows NT 5.1; SV1; .NET CLR 1.1.4322)"
192.30.202.15 - - [31/Mar/2009:11:28:07 -0400] "POST /talk/mark/41 HTTP/1.0" 201 1 "http://www.gardinerconsultation.ca/topics/show/13?lang=en&root=13#comment_41" "Mozilla/4.0 (compatible; MSIE 6.0; Windows NT 5.1; SV1; .NET CLR 1.1.4322)"
216.154.161.253 - - [31/Mar/2009:11:28:13 -0400] "GET /topics/show/19 HTTP/1.1" 200 9899 "http://www.gardinerconsultation.ca/topics/show/20" "Mozilla/4.0 (compatible; MSIE 7.0; Windows NT 5.1; GTB5; .NET CLR 1.1.4322)"
208.115.138.254 - - [31/Mar/2009:11:28:18 -0400] "GET / HTTP/1.1" 200 17986 "-" "Mozilla/4.0"
38.99.162.162 - - [31/Mar/2009:11:28:19 -0400] "GET / HTTP/1.1" 200 17986 "-" "Mozilla/4.0 (compatible; MSIE 7.0; Windows NT 5.1; .NET CLR 1.1.4322; .NET CLR 2.0.50727; .NET CLR 3.0.04506.30; .NET CLR 3.0.04506.648; InfoPath.1; .NET CLR 3.0.4506.2152; .NET CLR 3.5.30729)"
38.99.162.162 - - [31/Mar/2009:11:28:19 -0400] "GET /images/WT_logo.gif?1236965760 HTTP/1.1" 200 4708 "-" "Mozilla/4.0 (compatible;)"
38.99.162.162 - - [31/Mar/2009:11:28:19 -0400] "GET /javascripts/anylinkcssmenu.js HTTP/1.1" 200 8203 "-" "Mozilla/4.0 (compatible;)"
38.99.162.162 - - [31/Mar/2009:11:28:19 -0400] "GET /stylesheets/reset.css HTTP/1.1" 200 519 "-" "Mozilla/4.0 (compatible;)"
38.99.162.162 - - [31/Mar/2009:11:28:19 -0400] "GET /stylesheets/lightview.css HTTP/1.1" 200 7844 "-" "Mozilla/4.0 (compatible;)"
38.99.162.162 - - [31/Mar/2009:11:28:19 -0400] "GET /stylesheets/anylinkcssmenu.css HTTP/1.1" 200 1433 "-" "Mozilla/4.0 (compatible;)"
38.99.162.162 - - [31/Mar/2009:11:28:19 -0400] "GET /javascripts/base_1236178901.js HTTP/1.1" 200 97264 "-" "Mozilla/4.0 (compatible;)"
38.99.162.162 - - [31/Mar/2009:11:28:20 -0400] "GET /favicon.ico HTTP/1.1" 200 - "-" "Mozilla/4.0 (compatible;)"
38.99.162.162 - - [31/Mar/2009:11:28:21 -0400] "GET /stylesheets/styles.css HTTP/1.1" 200 12376 "-" "Mozilla/4.0 (compatible;)"
208.115.138.254 - - [31/Mar/2009:11:28:21 -0400] "GET /rss HTTP/1.1" 200 12603 "-" "Mozilla/4.0"
38.99.162.162 - - [31/Mar/2009:11:28:21 -0400] "GET /images/star.png HTTP/1.1" 200 795 "-" "Mozilla/4.0 (compatible;)"
38.99.162.162 - - [31/Mar/2009:11:28:21 -0400] "GET /rss?lang=en HTTP/1.1" 200 12603 "-" "Mozilla/4.0 (compatible;)"
38.99.162.162 - - [31/Mar/2009:11:28:21 -0400] "GET /images/pagebackground-blue.jpg?1237554466 HTTP/1.1" 200 17383 "-" "Mozilla/4.0 (compatible;)"
38.99.162.162 - - [31/Mar/2009:11:28:21 -0400] "GET /images/bg.gif HTTP/1.1" 200 972 "http://www.gardinerconsultation.ca/" "Mozilla/4.0 (compatible; MSIE 7.0; Windows NT 5.1; .NET CLR 1.1.4322; .NET CLR 2.0.50727; .NET CLR 3.0.04506.30; .NET CLR 3.0.04506.648; InfoPath.1; .NET CLR 3.0.4506.2152; .NET CLR 3.5.30729)"
38.99.162.162 - - [31/Mar/2009:11:28:21 -0400] "GET /images/headerbg_blue.jpg HTTP/1.1" 200 15448 "http://www.gardinerconsultation.ca/" "Mozilla/4.0 (compatible; MSIE 7.0; Windows NT 5.1; .NET CLR 1.1.4322; .NET CLR 2.0.50727; .NET CLR 3.0.04506.30; .NET CLR 3.0.04506.648; InfoPath.1; .NET CLR 3.0.4506.2152; .NET CLR 3.5.30729)"
38.99.162.162 - - [31/Mar/2009:11:28:21 -0400] "GET /images/navbg.gif HTTP/1.1" 200 270 "http://www.gardinerconsultation.ca/" "Mozilla/4.0 (compatible; MSIE 7.0; Windows NT 5.1; .NET CLR 1.1.4322; .NET CLR 2.0.50727; .NET CLR 3.0.04506.30; .NET CLR 3.0.04506.648; InfoPath.1; .NET CLR 3.0.4506.2152; .NET CLR 3.5.30729)"
38.99.162.162 - - [31/Mar/2009:11:28:21 -0400] "GET /images/bg_bannerGradient.jpg HTTP/1.1" 200 420 "http://www.gardinerconsultation.ca/" "Mozilla/4.0 (compatible; MSIE 7.0; Windows NT 5.1; .NET CLR 1.1.4322; .NET CLR 2.0.50727; .NET CLR 3.0.04506.30; .NET CLR 3.0.04506.648; InfoPath.1; .NET CLR 3.0.4506.2152; .NET CLR 3.5.30729)"
38.99.162.162 - - [31/Mar/2009:11:28:21 -0400] "GET /images/footerbg.gif HTTP/1.1" 200 14497 "http://www.gardinerconsultation.ca/" "Mozilla/4.0 (compatible; MSIE 7.0; Windows NT 5.1; .NET CLR 1.1.4322; .NET CLR 2.0.50727; .NET CLR 3.0.04506.30; .NET CLR 3.0.04506.648; InfoPath.1; .NET CLR 3.0.4506.2152; .NET CLR 3.5.30729)"
192.30.202.15 - - [31/Mar/2009:11:28:22 -0400] "POST /topic/13/talk/new?parent_id=41 HTTP/1.0" 200 1170 "http://www.gardinerconsultation.ca/topics/show/13?lang=en&root=13#comment_41" "Mozilla/4.0 (compatible; MSIE 6.0; Windows NT 5.1; SV1; .NET CLR 1.1.4322)"
206.130.173.56 - - [31/Mar/2009:11:28:23 -0400] "GET /topics/show/5 HTTP/1.1" 200 14573 "http://www.gardinerconsultation.ca/topics/show/4" "Mozilla/4.0 (compatible; MSIE 6.0; Windows NT 5.1; SV1; .NET CLR 1.1.4322)"
206.130.173.56 - - [31/Mar/2009:11:28:29 -0400] "GET /topics/show/13 HTTP/1.1" 200 79966 "http://www.gardinerconsultation.ca/topics/show/5" "Mozilla/4.0 (compatible; MSIE 6.0; Windows NT 5.1; SV1; .NET CLR 1.1.4322)"
216.154.161.253 - - [31/Mar/2009:11:28:53 -0400] "GET /topics/show/13 HTTP/1.1" 200 75025 "http://www.gardinerconsultation.ca/topics/show/19" "Mozilla/4.0 (compatible; MSIE 7.0; Windows NT 5.1; GTB5; .NET CLR 1.1.4322)"
216.154.161.253 - - [31/Mar/2009:11:28:59 -0400] "GET /avatars/0000/0001/pic_nik_thumb.jpg?1237573168 HTTP/1.1" 200 5862 "http://www.gardinerconsultation.ca/topics/show/13" "Mozilla/4.0 (compatible; MSIE 7.0; Windows NT 5.1; GTB5; .NET CLR 1.1.4322)"
208.115.138.254 - - [31/Mar/2009:11:29:04 -0400] "GET /topics/show/13 HTTP/1.1" 200 79966 "-" "Mozilla/4.0"
38.99.162.162 - - [31/Mar/2009:11:29:07 -0400] "GET /rss?lang=en HTTP/1.1" 200 12603 "-" "Mozilla/4.0 (compatible;)"
38.99.162.162 - - [31/Mar/2009:11:29:06 -0400] "GET /topics/show/13 HTTP/1.1" 200 79966 "http://www.gardinerconsultation.ca/" "Mozilla/4.0 (compatible; MSIE 7.0; Windows NT 5.1; .NET CLR 1.1.4322; .NET CLR 2.0.50727; .NET CLR 3.0.04506.30; .NET CLR 3.0.04506.648; InfoPath.1; .NET CLR 3.0.4506.2152; .NET CLR 3.5.30729)"
38.99.162.162 - - [31/Mar/2009:11:29:07 -0400] "GET /avatars/0000/0001/pic_nik_thumb.jpg?1237573168 HTTP/1.1" 200 5862 "-" "Mozilla/4.0 (compatible;)"
38.99.162.162 - - [31/Mar/2009:11:29:08 -0400] "GET /images/arrow.gif HTTP/1.1" 200 97 "http://www.gardinerconsultation.ca/topics/show/13" "Mozilla/4.0 (compatible; MSIE 7.0; Windows NT 5.1; .NET CLR 1.1.4322; .NET CLR 2.0.50727; .NET CLR 3.0.04506.30; .NET CLR 3.0.04506.648; InfoPath.1; .NET CLR 3.0.4506.2152; .NET CLR 3.5.30729)"
69.158.149.88 - - [31/Mar/2009:11:29:55 -0400] "POST /topic/13/talk/preview HTTP/1.1" 200 2643 "http://www.gardinerconsultation.ca/topics/show/13?root=18" "Mozilla/5.0 (Macintosh; U; Intel Mac OS X 10_5_6; en-us) AppleWebKit/525.27.1 (KHTML, like Gecko) Version/3.2.1 Safari/525.27.1"
69.158.149.88 - - [31/Mar/2009:11:29:59 -0400] "POST /topic/13/talk/create HTTP/1.1" 200 2510 "http://www.gardinerconsultation.ca/topics/show/13?root=18" "Mozilla/5.0 (Macintosh; U; Intel Mac OS X 10_5_6; en-us) AppleWebKit/525.27.1 (KHTML, like Gecko) Version/3.2.1 Safari/525.27.1"
206.130.173.56 - - [31/Mar/2009:11:30:03 -0400] "POST /talk/mark/45 HTTP/1.1" 201 1 "http://www.gardinerconsultation.ca/topics/show/13" "Mozilla/4.0 (compatible; MSIE 6.0; Windows NT 5.1; SV1; .NET CLR 1.1.4322)"
69.158.149.88 - - [31/Mar/2009:11:30:07 -0400] "GET /stylesheets/styles.css HTTP/1.1" 200 12376 "http://www.gardinerconsultation.ca/topics/show/13?root=18#comment_18" "Mozilla/5.0 (Macintosh; U; Intel Mac OS X 10_5_6; en-us) AppleWebKit/525.27.1 (KHTML, like Gecko) Version/3.2.1 Safari/525.27.1"
69.158.149.88 - - [31/Mar/2009:11:30:07 -0400] "GET /stylesheets/lightview.css HTTP/1.1" 200 7844 "http://www.gardinerconsultation.ca/topics/show/13?root=18#comment_18" "Mozilla/5.0 (Macintosh; U; Intel Mac OS X 10_5_6; en-us) AppleWebKit/525.27.1 (KHTML, like Gecko) Version/3.2.1 Safari/525.27.1"
69.158.149.88 - - [31/Mar/2009:11:30:06 -0400] "GET /topics/show/13?root=18 HTTP/1.1" 200 76360 "http://www.gardinerconsultation.ca/" "Mozilla/5.0 (Macintosh; U; Intel Mac OS X 10_5_6; en-us) AppleWebKit/525.27.1 (KHTML, like Gecko) Version/3.2.1 Safari/525.27.1"
69.158.149.88 - - [31/Mar/2009:11:30:07 -0400] "GET /stylesheets/reset.css HTTP/1.1" 200 519 "http://www.gardinerconsultation.ca/topics/show/13?root=18#comment_18" "Mozilla/5.0 (Macintosh; U; Intel Mac OS X 10_5_6; en-us) AppleWebKit/525.27.1 (KHTML, like Gecko) Version/3.2.1 Safari/525.27.1"
69.158.149.88 - - [31/Mar/2009:11:30:07 -0400] "GET /favicon.ico HTTP/1.1" 200 - "http://www.gardinerconsultation.ca/topics/show/13?root=18" "Mozilla/5.0 (Macintosh; U; Intel Mac OS X 10_5_6; en-us) AppleWebKit/525.27.1 (KHTML, like Gecko) Version/3.2.1 Safari/525.27.1"
69.158.149.88 - - [31/Mar/2009:11:30:07 -0400] "GET /javascripts/base_1236178901.js HTTP/1.1" 200 97264 "http://www.gardinerconsultation.ca/topics/show/13?root=18#comment_18" "Mozilla/5.0 (Macintosh; U; Intel Mac OS X 10_5_6; en-us) AppleWebKit/525.27.1 (KHTML, like Gecko) Version/3.2.1 Safari/525.27.1"
69.158.149.88 - - [31/Mar/2009:11:30:08 -0400] "GET /stylesheets/anylinkcssmenu.css HTTP/1.1" 200 1433 "http://www.gardinerconsultation.ca/topics/show/13?root=18#comment_18" "Mozilla/5.0 (Macintosh; U; Intel Mac OS X 10_5_6; en-us) AppleWebKit/525.27.1 (KHTML, like Gecko) Version/3.2.1 Safari/525.27.1"
69.158.149.88 - - [31/Mar/2009:11:30:08 -0400] "GET /javascripts/anylinkcssmenu.js HTTP/1.1" 200 8203 "http://www.gardinerconsultation.ca/topics/show/13?root=18#comment_18" "Mozilla/5.0 (Macintosh; U; Intel Mac OS X 10_5_6; en-us) AppleWebKit/525.27.1 (KHTML, like Gecko) Version/3.2.1 Safari/525.27.1"
69.158.149.88 - - [31/Mar/2009:11:30:08 -0400] "GET /images/footerbg.gif HTTP/1.1" 200 14497 "http://www.gardinerconsultation.ca/topics/show/13?root=18#comment_18" "Mozilla/5.0 (Macintosh; U; Intel Mac OS X 10_5_6; en-us) AppleWebKit/525.27.1 (KHTML, like Gecko) Version/3.2.1 Safari/525.27.1"
69.158.149.88 - - [31/Mar/2009:11:30:08 -0400] "GET /images/arrow.gif HTTP/1.1" 200 97 "http://www.gardinerconsultation.ca/topics/show/13?root=18#comment_18" "Mozilla/5.0 (Macintosh; U; Intel Mac OS X 10_5_6; en-us) AppleWebKit/525.27.1 (KHTML, like Gecko) Version/3.2.1 Safari/525.27.1"
69.158.149.88 - - [31/Mar/2009:11:30:08 -0400] "GET /images/navbg.gif HTTP/1.1" 200 270 "http://www.gardinerconsultation.ca/topics/show/13?root=18#comment_18" "Mozilla/5.0 (Macintosh; U; Intel Mac OS X 10_5_6; en-us) AppleWebKit/525.27.1 (KHTML, like Gecko) Version/3.2.1 Safari/525.27.1"
69.158.149.88 - - [31/Mar/2009:11:30:08 -0400] "GET /avatars/0000/0001/pic_nik_thumb.jpg?1237573168 HTTP/1.1" 200 5862 "http://www.gardinerconsultation.ca/topics/show/13?root=18#comment_18" "Mozilla/5.0 (Macintosh; U; Intel Mac OS X 10_5_6; en-us) AppleWebKit/525.27.1 (KHTML, like Gecko) Version/3.2.1 Safari/525.27.1"
69.158.149.88 - - [31/Mar/2009:11:30:08 -0400] "GET /images/pagebackground-blue.jpg?1237554466 HTTP/1.1" 200 17383 "http://www.gardinerconsultation.ca/topics/show/13?root=18#comment_18" "Mozilla/5.0 (Macintosh; U; Intel Mac OS X 10_5_6; en-us) AppleWebKit/525.27.1 (KHTML, like Gecko) Version/3.2.1 Safari/525.27.1"
69.158.149.88 - - [31/Mar/2009:11:30:08 -0400] "GET /images/WT_logo.gif?1236965760 HTTP/1.1" 200 4708 "http://www.gardinerconsultation.ca/topics/show/13?root=18#comment_18" "Mozilla/5.0 (Macintosh; U; Intel Mac OS X 10_5_6; en-us) AppleWebKit/525.27.1 (KHTML, like Gecko) Version/3.2.1 Safari/525.27.1"
69.158.149.88 - - [31/Mar/2009:11:30:08 -0400] "GET /images/bg.gif HTTP/1.1" 200 972 "http://www.gardinerconsultation.ca/topics/show/13?root=18#comment_18" "Mozilla/5.0 (Macintosh; U; Intel Mac OS X 10_5_6; en-us) AppleWebKit/525.27.1 (KHTML, like Gecko) Version/3.2.1 Safari/525.27.1"
69.158.149.88 - - [31/Mar/2009:11:30:08 -0400] "POST /talk/mark/18 HTTP/1.1" 201 1 "http://www.gardinerconsultation.ca/topics/show/13?root=18" "Mozilla/5.0 (Macintosh; U; Intel Mac OS X 10_5_6; en-us) AppleWebKit/525.27.1 (KHTML, like Gecko) Version/3.2.1 Safari/525.27.1"
69.158.149.88 - - [31/Mar/2009:11:30:08 -0400] "GET /images/bg_bannerGradient.jpg HTTP/1.1" 200 420 "http://www.gardinerconsultation.ca/topics/show/13?root=18#comment_18" "Mozilla/5.0 (Macintosh; U; Intel Mac OS X 10_5_6; en-us) AppleWebKit/525.27.1 (KHTML, like Gecko) Version/3.2.1 Safari/525.27.1"
69.158.149.88 - - [31/Mar/2009:11:30:08 -0400] "GET /images/headerbg_blue.jpg HTTP/1.1" 200 15448 "http://www.gardinerconsultation.ca/topics/show/13?root=18#comment_18" "Mozilla/5.0 (Macintosh; U; Intel Mac OS X 10_5_6; en-us) AppleWebKit/525.27.1 (KHTML, like Gecko) Version/3.2.1 Safari/525.27.1"
66.249.73.230 - - [31/Mar/2009:11:30:12 -0400] "GET /topic/15/talk/new?parent_id=44 HTTP/1.1" 302 106 "-" "Mozilla/5.0 (compatible; Googlebot/2.1; +http://www.google.com/bot.html)"
192.30.202.15 - - [31/Mar/2009:11:30:23 -0400] "POST /topic/13/talk/preview HTTP/1.0" 200 1921 "http://www.gardinerconsultation.ca/topics/show/13?lang=en&root=13#comment_41" "Mozilla/4.0 (compatible; MSIE 6.0; Windows NT 5.1; SV1; .NET CLR 1.1.4322)"
192.30.202.15 - - [31/Mar/2009:11:30:29 -0400] "POST /topic/13/talk/create HTTP/1.0" 200 2125 "http://www.gardinerconsultation.ca/topics/show/13?lang=en&root=13#comment_41" "Mozilla/4.0 (compatible; MSIE 6.0; Windows NT 5.1; SV1; .NET CLR 1.1.4322)"
192.30.202.15 - - [31/Mar/2009:11:30:35 -0400] "POST /talk/mark/18 HTTP/1.0" 201 1 "http://www.gardinerconsultation.ca/topics/show/13?lang=en&root=13#comment_41" "Mozilla/4.0 (compatible; MSIE 6.0; Windows NT 5.1; SV1; .NET CLR 1.1.4322)"
192.30.202.15 - - [31/Mar/2009:11:30:49 -0400] "GET /topics/show/13?lang=en&root=13 HTTP/1.0" 200 80717 "http://email.vif.com/horde/imp/message.php?mailbox=INBOX&index=72258" "Mozilla/4.0 (compatible; MSIE 6.0; Windows NT 5.1; SV1; .NET CLR 1.1.4322)"
192.30.202.15 - - [31/Mar/2009:11:30:50 -0400] "GET /stylesheets/styles.css HTTP/1.0" 200 12376 "http://www.gardinerconsultation.ca/topics/show/13?lang=en&root=13" "Mozilla/4.0 (compatible; MSIE 6.0; Windows NT 5.1; SV1; .NET CLR 1.1.4322)"
192.30.202.15 - - [31/Mar/2009:11:30:50 -0400] "GET /stylesheets/reset.css HTTP/1.0" 200 519 "http://www.gardinerconsultation.ca/topics/show/13?lang=en&root=13" "Mozilla/4.0 (compatible; MSIE 6.0; Windows NT 5.1; SV1; .NET CLR 1.1.4322)"
192.30.202.15 - - [31/Mar/2009:11:30:50 -0400] "GET /stylesheets/lightview.css HTTP/1.0" 200 7844 "http://www.gardinerconsultation.ca/topics/show/13?lang=en&root=13" "Mozilla/4.0 (compatible; MSIE 6.0; Windows NT 5.1; SV1; .NET CLR 1.1.4322)"
192.30.202.15 - - [31/Mar/2009:11:30:50 -0400] "GET /stylesheets/styles-ie6.css HTTP/1.0" 200 129 "http://www.gardinerconsultation.ca/topics/show/13?lang=en&root=13" "Mozilla/4.0 (compatible; MSIE 6.0; Windows NT 5.1; SV1; .NET CLR 1.1.4322)"
192.30.202.15 - - [31/Mar/2009:11:30:50 -0400] "GET /javascripts/base_1236178901.js HTTP/1.0" 200 97264 "http://www.gardinerconsultation.ca/topics/show/13?lang=en&root=13" "Mozilla/4.0 (compatible; MSIE 6.0; Windows NT 5.1; SV1; .NET CLR 1.1.4322)"
192.30.202.15 - - [31/Mar/2009:11:30:50 -0400] "GET /stylesheets/anylinkcssmenu.css HTTP/1.0" 200 1433 "http://www.gardinerconsultation.ca/topics/show/13?lang=en&root=13" "Mozilla/4.0 (compatible; MSIE 6.0; Windows NT 5.1; SV1; .NET CLR 1.1.4322)"
192.30.202.15 - - [31/Mar/2009:11:30:50 -0400] "GET /javascripts/anylinkcssmenu.js HTTP/1.0" 200 8203 "http://www.gardinerconsultation.ca/topics/show/13?lang=en&root=13" "Mozilla/4.0 (compatible; MSIE 6.0; Windows NT 5.1; SV1; .NET CLR 1.1.4322)"
192.30.202.15 - - [31/Mar/2009:11:30:50 -0400] "GET /images/WT_logo.gif?1236965760 HTTP/1.0" 200 4708 "http://www.gardinerconsultation.ca/topics/show/13?lang=en&root=13" "Mozilla/4.0 (compatible; MSIE 6.0; Windows NT 5.1; SV1; .NET CLR 1.1.4322)"
192.30.202.15 - - [31/Mar/2009:11:30:50 -0400] "GET /images/bg.gif HTTP/1.0" 200 972 "http://www.gardinerconsultation.ca/topics/show/13?lang=en&root=13" "Mozilla/4.0 (compatible; MSIE 6.0; Windows NT 5.1; SV1; .NET CLR 1.1.4322)"
192.30.202.15 - - [31/Mar/2009:11:30:50 -0400] "GET /images/navbg.gif HTTP/1.0" 200 270 "http://www.gardinerconsultation.ca/topics/show/13?lang=en&root=13" "Mozilla/4.0 (compatible; MSIE 6.0; Windows NT 5.1; SV1; .NET CLR 1.1.4322)"
192.30.202.15 - - [31/Mar/2009:11:30:50 -0400] "GET /images/arrow.gif HTTP/1.0" 200 97 "http://www.gardinerconsultation.ca/topics/show/13?lang=en&root=13" "Mozilla/4.0 (compatible; MSIE 6.0; Windows NT 5.1; SV1; .NET CLR 1.1.4322)"
192.30.202.15 - - [31/Mar/2009:11:30:50 -0400] "GET /images/pagebackground-blue.jpg?1237554466 HTTP/1.0" 200 17383 "http://www.gardinerconsultation.ca/topics/show/13?lang=en&root=13" "Mozilla/4.0 (compatible; MSIE 6.0; Windows NT 5.1; SV1; .NET CLR 1.1.4322)"
192.30.202.15 - - [31/Mar/2009:11:30:50 -0400] "GET /images/headerbg_blue.jpg HTTP/1.0" 200 15448 "http://www.gardinerconsultation.ca/topics/show/13?lang=en&root=13" "Mozilla/4.0 (compatible; MSIE 6.0; Windows NT 5.1; SV1; .NET CLR 1.1.4322)"
192.30.202.15 - - [31/Mar/2009:11:30:50 -0400] "GET /avatars/0000/0001/pic_nik_thumb.jpg?1237573168 HTTP/1.0" 200 5862 "http://www.gardinerconsultation.ca/topics/show/13?lang=en&root=13" "Mozilla/4.0 (compatible; MSIE 6.0; Windows NT 5.1; SV1; .NET CLR 1.1.4322)"
192.30.202.15 - - [31/Mar/2009:11:30:50 -0400] "GET /images/bg_bannerGradient.jpg HTTP/1.0" 200 420 "http://www.gardinerconsultation.ca/topics/show/13?lang=en&root=13" "Mozilla/4.0 (compatible; MSIE 6.0; Windows NT 5.1; SV1; .NET CLR 1.1.4322)"
192.30.202.15 - - [31/Mar/2009:11:30:50 -0400] "GET /images/footerbg.gif HTTP/1.0" 200 14497 "http://www.gardinerconsultation.ca/topics/show/13?lang=en&root=13" "Mozilla/4.0 (compatible; MSIE 6.0; Windows NT 5.1; SV1; .NET CLR 1.1.4322)"
192.30.202.15 - - [31/Mar/2009:11:30:50 -0400] "GET /images/bg.gif HTTP/1.0" 200 972 "http://www.gardinerconsultation.ca/topics/show/13?lang=en&root=13" "Mozilla/4.0 (compatible; MSIE 6.0; Windows NT 5.1; SV1; .NET CLR 1.1.4322)"
192.30.202.15 - - [31/Mar/2009:11:30:50 -0400] "GET /images/headerbg_blue.jpg HTTP/1.0" 200 15448 "http://www.gardinerconsultation.ca/topics/show/13?lang=en&root=13" "Mozilla/4.0 (compatible; MSIE 6.0; Windows NT 5.1; SV1; .NET CLR 1.1.4322)"
192.30.202.15 - - [31/Mar/2009:11:30:50 -0400] "GET /images/arrow.gif HTTP/1.0" 200 97 "http://www.gardinerconsultation.ca/topics/show/13?lang=en&root=13" "Mozilla/4.0 (compatible; MSIE 6.0; Windows NT 5.1; SV1; .NET CLR 1.1.4322)"
192.30.202.15 - - [31/Mar/2009:11:30:50 -0400] "GET /images/navbg.gif HTTP/1.0" 200 270 "http://www.gardinerconsultation.ca/topics/show/13?lang=en&root=13" "Mozilla/4.0 (compatible; MSIE 6.0; Windows NT 5.1; SV1; .NET CLR 1.1.4322)"
192.30.202.15 - - [31/Mar/2009:11:30:50 -0400] "GET /images/arrow.gif HTTP/1.0" 200 97 "http://www.gardinerconsultation.ca/topics/show/13?lang=en&root=13" "Mozilla/4.0 (compatible; MSIE 6.0; Windows NT 5.1; SV1; .NET CLR 1.1.4322)"
192.30.202.15 - - [31/Mar/2009:11:30:50 -0400] "GET /images/arrow.gif HTTP/1.0" 200 97 "http://www.gardinerconsultation.ca/topics/show/13?lang=en&root=13" "Mozilla/4.0 (compatible; MSIE 6.0; Windows NT 5.1; SV1; .NET CLR 1.1.4322)"
192.30.202.15 - - [31/Mar/2009:11:30:50 -0400] "GET /images/arrow.gif HTTP/1.0" 200 97 "http://www.gardinerconsultation.ca/topics/show/13?lang=en&root=13" "Mozilla/4.0 (compatible; MSIE 6.0; Windows NT 5.1; SV1; .NET CLR 1.1.4322)"
192.30.202.15 - - [31/Mar/2009:11:30:50 -0400] "GET /images/arrow.gif HTTP/1.0" 200 97 "http://www.gardinerconsultation.ca/topics/show/13?lang=en&root=13" "Mozilla/4.0 (compatible; MSIE 6.0; Windows NT 5.1; SV1; .NET CLR 1.1.4322)"
192.30.202.15 - - [31/Mar/2009:11:30:50 -0400] "GET /images/arrow.gif HTTP/1.0" 200 97 "http://www.gardinerconsultation.ca/topics/show/13?lang=en&root=13" "Mozilla/4.0 (compatible; MSIE 6.0; Windows NT 5.1; SV1; .NET CLR 1.1.4322)"
192.30.202.15 - - [31/Mar/2009:11:30:50 -0400] "GET /images/bg_bannerGradient.jpg HTTP/1.0" 200 420 "http://www.gardinerconsultation.ca/topics/show/13?lang=en&root=13" "Mozilla/4.0 (compatible; MSIE 6.0; Windows NT 5.1; SV1; .NET CLR 1.1.4322)"
192.30.202.15 - - [31/Mar/2009:11:30:50 -0400] "GET /images/bg_bannerGradient.jpg HTTP/1.0" 200 420 "http://www.gardinerconsultation.ca/topics/show/13?lang=en&root=13" "Mozilla/4.0 (compatible; MSIE 6.0; Windows NT 5.1; SV1; .NET CLR 1.1.4322)"
192.30.202.15 - - [31/Mar/2009:11:30:50 -0400] "GET /images/bg_bannerGradient.jpg HTTP/1.0" 200 420 "http://www.gardinerconsultation.ca/topics/show/13?lang=en&root=13" "Mozilla/4.0 (compatible; MSIE 6.0; Windows NT 5.1; SV1; .NET CLR 1.1.4322)"
