192.30.202.15 - - [31/Mar/2009:11:30:50 -0400] "GET /images/bg_bannerGradient.jpg HTTP/1.0" 200 420 "http://www.gardinerconsultation.ca/topics/show/13?lang=en&root=13" "Mozilla/4.0 (compatible; MSIE 6.0; Windows NT 5.1; SV1; .NET CLR 1.1.4322)"
192.30.202.15 - - [31/Mar/2009:11:30:50 -0400] "GET /images/bg_bannerGradient.jpg HTTP/1.0" 200 420 "http://www.gardinerconsultation.ca/topics/show/13?lang=en&root=13" "Mozilla/4.0 (compatible; MSIE 6.0; Windows NT 5.1; SV1; .NET CLR 1.1.4322)"
192.30.202.15 - - [31/Mar/2009:11:30:50 -0400] "GET /images/arrow.gif HTTP/1.0" 200 97 "http://www.gardinerconsultation.ca/topics/show/13?lang=en&root=13" "Mozilla/4.0 (compatible; MSIE 6.0; Windows NT 5.1; SV1; .NET CLR 1.1.4322)"
192.30.202.15 - - [31/Mar/2009:11:30:51 -0400] "GET /images/arrow.gif HTTP/1.0" 200 97 "http://www.gardinerconsultation.ca/topics/show/13?lang=en&root=13" "Mozilla/4.0 (compatible; MSIE 6.0; Windows NT 5.1; SV1; .NET CLR 1.1.4322)"
192.30.202.15 - - [31/Mar/2009:11:30:51 -0400] "GET /images/arrow.gif HTTP/1.0" 200 97 "http://www.gardinerconsultation.ca/topics/show/13?lang=en&root=13" "Mozilla/4.0 (compatible; MSIE 6.0; Windows NT 5.1; SV1; .NET CLR 1.1.4322)"
192.30.202.15 - - [31/Mar/2009:11:30:52 -0400] "GET /images/arrow.gif HTTP/1.0" 200 97 "http://www.gardinerconsultation.ca/topics/show/13?lang=en&root=13" "Mozilla/4.0 (compatible; MSIE 6.0; Windows NT 5.1; SV1; .NET CLR 1.1.4322)"
192.30.202.15 - - [31/Mar/2009:11:30:52 -0400] "GET /images/arrow.gif HTTP/1.0" 200 97 "http://www.gardinerconsultation.ca/topics/show/13?lang=en&root=13" "Mozilla/4.0 (compatible; MSIE 6.0; Windows NT 5.1; SV1; .NET CLR 1.1.4322)"
192.30.202.15 - - [31/Mar/2009:11:30:52 -0400] "GET /images/arrow.gif HTTP/1.0" 200 97 "http://www.gardinerconsultation.ca/topics/show/13?lang=en&root=13" "Mozilla/4.0 (compatible; MSIE 6.0; Windows NT 5.1; SV1; .NET CLR 1.1.4322)"
192.30.202.15 - - [31/Mar/2009:11:30:52 -0400] "GET /images/arrow.gif HTTP/1.0" 200 97 "http://www.gardinerconsultation.ca/topics/show/13?lang=en&root=13" "Mozilla/4.0 (compatible; MSIE 6.0; Windows NT 5.1; SV1; .NET CLR 1.1.4322)"
192.30.202.15 - - [31/Mar/2009:11:30:52 -0400] "GET /images/arrow.gif HTTP/1.0" 200 97 "http://www.gardinerconsultation.ca/topics/show/13?lang=en&root=13" "Mozilla/4.0 (compatible; MSIE 6.0; Windows NT 5.1; SV1; .NET CLR 1.1.4322)"
192.30.202.15 - - [31/Mar/2009:11:30:52 -0400] "GET /images/arrow.gif HTTP/1.0" 200 97 "http://www.gardinerconsultation.ca/topics/show/13?lang=en&root=13" "Mozilla/4.0 (compatible; MSIE 6.0; Windows NT 5.1; SV1; .NET CLR 1.1.4322)"
192.30.202.15 - - [31/Mar/2009:11:30:52 -0400] "GET /images/arrow.gif HTTP/1.0" 200 97 "http://www.gardinerconsultation.ca/topics/show/13?lang=en&root=13" "Mozilla/4.0 (compatible; MSIE 6.0; Windows NT 5.1; SV1; .NET CLR 1.1.4322)"
192.30.202.15 - - [31/Mar/2009:11:30:52 -0400] "GET /images/arrow.gif HTTP/1.0" 200 97 "http://www.gardinerconsultation.ca/topics/show/13?lang=en&root=13" "Mozilla/4.0 (compatible; MSIE 6.0; Windows NT 5.1; SV1; .NET CLR 1.1.4322)"
192.30.202.15 - - [31/Mar/2009:11:30:52 -0400] "GET /images/arrow.gif HTTP/1.0" 200 97 "http://www.gardinerconsultation.ca/topics/show/13?lang=en&root=13" "Mozilla/4.0 (compatible; MSIE 6.0; Windows NT 5.1; SV1; .NET CLR 1.1.4322)"
192.30.202.15 - - [31/Mar/2009:11:30:53 -0400] "POST /talk/mark/41 HTTP/1.0" 201 1 "http://www.gardinerconsultation.ca/topics/show/13?lang=en&root=13" "Mozilla/4.0 (compatible; MSIE 6.0; Windows NT 5.1; SV1; .NET CLR 1.1.4322)"
192.30.202.15 - - [31/Mar/2009:11:30:53 -0400] "GET /images/footerbg.gif HTTP/1.0" 200 14497 "http://www.gardinerconsultation.ca/topics/show/13?lang=en&root=13" "Mozilla/4.0 (compatible; MSIE 6.0; Windows NT 5.1; SV1; .NET CLR 1.1.4322)"
192.30.202.15 - - [31/Mar/2009:11:31:08 -0400] "POST /talk/mark/32 HTTP/1.0" 201 1 "http://www.gardinerconsultation.ca/topics/show/13?lang=en&root=13#comment_41" "Mozilla/4.0 (compatible; MSIE 6.0; Windows NT 5.1; SV1; .NET CLR 1.1.4322)"
207.219.52.250 - - [31/Mar/2009:11:31:34 -0400] "POST /talk/mark/46 HTTP/1.1" 201 1 "http://www.gardinerconsultation.ca/topics/show/13?root=12#comment_12" "Mozilla/4.0 (compatible; MSIE 6.0; Windows NT 5.1; SV1; .NET CLR 1.1.4322)"
192.30.202.15 - - [31/Mar/2009:11:31:36 -0400] "POST /talk/mark/27 HTTP/1.0" 201 1 "http://www.gardinerconsultation.ca/topics/show/13?lang=en&root=13#comment_41" "Mozilla/4.0 (compatible; MSIE 6.0; Windows NT 5.1; SV1; .NET CLR 1.1.4322)"
207.219.52.250 - - [31/Mar/2009:11:31:40 -0400] "POST /talk/mark/32 HTTP/1.1" 201 1 "http://www.gardinerconsultation.ca/topics/show/13?root=12#comment_12" "Mozilla/4.0 (compatible; MSIE 6.0; Windows NT 5.1; SV1; .NET CLR 1.1.4322)"
192.30.202.15 - - [31/Mar/2009:11:31:44 -0400] "POST /talk/mark/24 HTTP/1.0" 201 1 "http://www.gardinerconsultation.ca/topics/show/13?lang=en&root=13#comment_41" "Mozilla/4.0 (compatible; MSIE 6.0; Windows NT 5.1; SV1; .NET CLR 1.1.4322)"
207.219.52.250 - - [31/Mar/2009:11:31:49 -0400] "POST /talk/mark/24 HTTP/1.1" 201 1 "http://www.gardinerconsultation.ca/topics/show/13?root=12#comment_12" "Mozilla/4.0 (compatible; MSIE 6.0; Windows NT 5.1; SV1; .NET CLR 1.1.4322)"
207.219.52.250 - - [31/Mar/2009:11:32:06 -0400] "POST /talk/mark/20 HTTP/1.1" 201 1 "http://www.gardinerconsultation.ca/topics/show/13?root=12#comment_12" "Mozilla/4.0 (compatible; MSIE 6.0; Windows NT 5.1; SV1; .NET CLR 1.1.4322)"
207.219.52.250 - - [31/Mar/2009:11:32:09 -0400] "POST /talk/mark/18 HTTP/1.1" 201 1 "http://www.gardinerconsultation.ca/topics/show/13?root=12#comment_12" "Mozilla/4.0 (compatible; MSIE 6.0; Windows NT 5.1; SV1; .NET CLR 1.1.4322)"
207.219.52.250 - - [31/Mar/2009:11:32:18 -0400] "POST /talk/mark/17 HTTP/1.1" 201 1 "http://www.gardinerconsultation.ca/topics/show/13?root=12#comment_12" "Mozilla/4.0 (compatible; MSIE 6.0; Windows NT 5.1; SV1; .NET CLR 1.1.4322)"
192.30.202.15 - - [31/Mar/2009:11:32:24 -0400] "POST /rater/create/comment_rating/24 HTTP/1.0" 200 163 "http://www.gardinerconsultation.ca/topics/show/13?lang=en&root=13#comment_41" "Mozilla/4.0 (compatible; MSIE 6.0; Windows NT 5.1; SV1; .NET CLR 1.1.4322)"
76.64.141.180 - - [31/Mar/2009:11:32:26 -0400] "GET / HTTP/1.1" 200 17986 "http://toronto.ctv.ca/" "Mozilla/4.0 (compatible; MSIE 7.0; Windows NT 6.0; GTB5; SLCC1; .NET CLR 2.0.50727; Media Center PC 5.0; Tablet PC 2.0; .NET CLR 3.5.30729; .NET CLR 3.0.30618)"
76.64.141.180 - - [31/Mar/2009:11:32:27 -0400] "GET /stylesheets/styles.css HTTP/1.1" 200 12376 "http://www.gardinerconsultation.ca/" "Mozilla/4.0 (compatible; MSIE 7.0; Windows NT 6.0; GTB5; SLCC1; .NET CLR 2.0.50727; Media Center PC 5.0; Tablet PC 2.0; .NET CLR 3.5.30729; .NET CLR 3.0.30618)"
76.64.141.180 - - [31/Mar/2009:11:32:27 -0400] "GET /stylesheets/reset.css HTTP/1.1" 200 519 "http://www.gardinerconsultation.ca/" "Mozilla/4.0 (compatible; MSIE 7.0; Windows NT 6.0; GTB5; SLCC1; .NET CLR 2.0.50727; Media Center PC 5.0; Tablet PC 2.0; .NET CLR 3.5.30729; .NET CLR 3.0.30618)"
76.64.141.180 - - [31/Mar/2009:11:32:27 -0400] "GET /stylesheets/lightview.css HTTP/1.1" 200 7844 "http://www.gardinerconsultation.ca/" "Mozilla/4.0 (compatible; MSIE 7.0; Windows NT 6.0; GTB5; SLCC1; .NET CLR 2.0.50727; Media Center PC 5.0; Tablet PC 2.0; .NET CLR 3.5.30729; .NET CLR 3.0.30618)"
192.30.202.15 - - [31/Mar/2009:11:32:27 -0400] "POST /talk/mark/20 HTTP/1.0" 201 1 "http://www.gardinerconsultation.ca/topics/show/13?lang=en&root=13#comment_41" "Mozilla/4.0 (compatible; MSIE 6.0; Windows NT 5.1; SV1; .NET CLR 1.1.4322)"
76.64.141.180 - - [31/Mar/2009:11:32:27 -0400] "GET /javascripts/base_1236178901.js HTTP/1.1" 200 97264 "http://www.gardinerconsultation.ca/" "Mozilla/4.0 (compatible; MSIE 7.0; Windows NT 6.0; GTB5; SLCC1; .NET CLR 2.0.50727; Media Center PC 5.0; Tablet PC 2.0; .NET CLR 3.5.30729; .NET CLR 3.0.30618)"
76.64.141.180 - - [31/Mar/2009:11:32:27 -0400] "GET /stylesheets/anylinkcssmenu.css HTTP/1.1" 200 1433 "http://www.gardinerconsultation.ca/" "Mozilla/4.0 (compatible; MSIE 7.0; Windows NT 6.0; GTB5; SLCC1; .NET CLR 2.0.50727; Media Center PC 5.0; Tablet PC 2.0; .NET CLR 3.5.30729; .NET CLR 3.0.30618)"
76.64.141.180 - - [31/Mar/2009:11:32:27 -0400] "GET /javascripts/anylinkcssmenu.js HTTP/1.1" 200 8203 "http://www.gardinerconsultation.ca/" "Mozilla/4.0 (compatible; MSIE 7.0; Windows NT 6.0; GTB5; SLCC1; .NET CLR 2.0.50727; Media Center PC 5.0; Tablet PC 2.0; .NET CLR 3.5.30729; .NET CLR 3.0.30618)"
76.64.141.180 - - [31/Mar/2009:11:32:28 -0400] "GET /images/WT_logo.gif?1236965760 HTTP/1.1" 200 4708 "http://www.gardinerconsultation.ca/" "Mozilla/4.0 (compatible; MSIE 7.0; Windows NT 6.0; GTB5; SLCC1; .NET CLR 2.0.50727; Media Center PC 5.0; Tablet PC 2.0; .NET CLR 3.5.30729; .NET CLR 3.0.30618)"
76.64.141.180 - - [31/Mar/2009:11:32:28 -0400] "GET /images/pagebackground-blue.jpg?1237554466 HTTP/1.1" 200 17383 "http://www.gardinerconsultation.ca/" "Mozilla/4.0 (compatible; MSIE 7.0; Windows NT 6.0; GTB5; SLCC1; .NET CLR 2.0.50727; Media Center PC 5.0; Tablet PC 2.0; .NET CLR 3.5.30729; .NET CLR 3.0.30618)"
76.64.141.180 - - [31/Mar/2009:11:32:28 -0400] "GET /images/star.png HTTP/1.1" 200 795 "http://www.gardinerconsultation.ca/" "Mozilla/4.0 (compatible; MSIE 7.0; Windows NT 6.0; GTB5; SLCC1; .NET CLR 2.0.50727; Media Center PC 5.0; Tablet PC 2.0; .NET CLR 3.5.30729; .NET CLR 3.0.30618)"
76.64.141.180 - - [31/Mar/2009:11:32:28 -0400] "GET /images/bg.gif HTTP/1.1" 200 972 "http://www.gardinerconsultation.ca/" "Mozilla/4.0 (compatible; MSIE 7.0; Windows NT 6.0; GTB5; SLCC1; .NET CLR 2.0.50727; Media Center PC 5.0; Tablet PC 2.0; .NET CLR 3.5.30729; .NET CLR 3.0.30618)"
76.64.141.180 - - [31/Mar/2009:11:32:28 -0400] "GET /images/navbg.gif HTTP/1.1" 200 270 "http://www.gardinerconsultation.ca/" "Mozilla/4.0 (compatible; MSIE 7.0; Windows NT 6.0; GTB5; SLCC1; .NET CLR 2.0.50727; Media Center PC 5.0; Tablet PC 2.0; .NET CLR 3.5.30729; .NET CLR 3.0.30618)"
76.64.141.180 - - [31/Mar/2009:11:32:28 -0400] "GET /images/headerbg_blue.jpg HTTP/1.1" 200 15448 "http://www.gardinerconsultation.ca/" "Mozilla/4.0 (compatible; MSIE 7.0; Windows NT 6.0; GTB5; SLCC1; .NET CLR 2.0.50727; Media Center PC 5.0; Tablet PC 2.0; .NET CLR 3.5.30729; .NET CLR 3.0.30618)"
76.64.141.180 - - [31/Mar/2009:11:32:28 -0400] "GET /images/bg_bannerGradient.jpg HTTP/1.1" 200 420 "http://www.gardinerconsultation.ca/" "Mozilla/4.0 (compatible; MSIE 7.0; Windows NT 6.0; GTB5; SLCC1; .NET CLR 2.0.50727; Media Center PC 5.0; Tablet PC 2.0; .NET CLR 3.5.30729; .NET CLR 3.0.30618)"
76.64.141.180 - - [31/Mar/2009:11:32:28 -0400] "GET /images/footerbg.gif HTTP/1.1" 200 14497 "http://www.gardinerconsultation.ca/" "Mozilla/4.0 (compatible; MSIE 7.0; Windows NT 6.0; GTB5; SLCC1; .NET CLR 2.0.50727; Media Center PC 5.0; Tablet PC 2.0; .NET CLR 3.5.30729; .NET CLR 3.0.30618)"
76.64.141.180 - - [31/Mar/2009:11:32:30 -0400] "GET /favicon.ico HTTP/1.1" 200 - "-" "Mozilla/4.0 (compatible; MSIE 7.0; Windows NT 6.0; GTB5; SLCC1; .NET CLR 2.0.50727; Media Center PC 5.0; Tablet PC 2.0; .NET CLR 3.5.30729; .NET CLR 3.0.30618)"
192.30.202.15 - - [31/Mar/2009:11:32:32 -0400] "POST /topics/show_comments/13/20 HTTP/1.0" 200 5283 "http://www.gardinerconsultation.ca/topics/show/13?lang=en&root=13#comment_41" "Mozilla/4.0 (compatible; MSIE 6.0; Windows NT 5.1; SV1; .NET CLR 1.1.4322)"
192.30.202.15 - - [31/Mar/2009:11:32:32 -0400] "POST /talk/mark/41 HTTP/1.0" 201 1 "http://www.gardinerconsultation.ca/topics/show/13?lang=en&root=13#comment_41" "Mozilla/4.0 (compatible; MSIE 6.0; Windows NT 5.1; SV1; .NET CLR 1.1.4322)"
207.219.52.250 - - [31/Mar/2009:11:32:35 -0400] "POST /talk/mark/11 HTTP/1.1" 201 1 "http://www.gardinerconsultation.ca/topics/show/13?root=12#comment_12" "Mozilla/4.0 (compatible; MSIE 6.0; Windows NT 5.1; SV1; .NET CLR 1.1.4322)"
192.30.202.15 - - [31/Mar/2009:11:32:36 -0400] "POST /talk/mark/51 HTTP/1.0" 201 1 "http://www.gardinerconsultation.ca/topics/show/13?lang=en&root=13#comment_41" "Mozilla/4.0 (compatible; MSIE 6.0; Windows NT 5.1; SV1; .NET CLR 1.1.4322)"
207.219.52.250 - - [31/Mar/2009:11:32:46 -0400] "POST /talk/mark/10 HTTP/1.1" 201 1 "http://www.gardinerconsultation.ca/topics/show/13?root=12#comment_12" "Mozilla/4.0 (compatible; MSIE 6.0; Windows NT 5.1; SV1; .NET CLR 1.1.4322)"
207.219.52.250 - - [31/Mar/2009:11:32:59 -0400] "POST /talk/mark/9 HTTP/1.1" 201 1 "http://www.gardinerconsultation.ca/topics/show/13?root=12#comment_12" "Mozilla/4.0 (compatible; MSIE 6.0; Windows NT 5.1; SV1; .NET CLR 1.1.4322)"
192.30.202.15 - - [31/Mar/2009:11:33:02 -0400] "POST /talk/mark/12 HTTP/1.0" 201 1 "http://www.gardinerconsultation.ca/topics/show/13?lang=en&root=13#comment_41" "Mozilla/4.0 (compatible; MSIE 6.0; Windows NT 5.1; SV1; .NET CLR 1.1.4322)"
206.130.173.56 - - [31/Mar/2009:11:33:02 -0400] "GET /topics/show/13 HTTP/1.1" 200 79975 "http://www.gardinerconsultation.ca/topics/show/13" "Mozilla/4.0 (compatible; MSIE 6.0; Windows NT 5.1; SV1; .NET CLR 1.1.4322)"
207.219.52.250 - - [31/Mar/2009:11:33:10 -0400] "POST /talk/mark/5 HTTP/1.1" 201 1 "http://www.gardinerconsultation.ca/topics/show/13?root=12#comment_12" "Mozilla/4.0 (compatible; MSIE 6.0; Windows NT 5.1; SV1; .NET CLR 1.1.4322)"
206.130.173.56 - - [31/Mar/2009:11:33:10 -0400] "GET /topics/show/13 HTTP/1.1" 200 79975 "http://www.gardinerconsultation.ca/topics/show/13" "Mozilla/4.0 (compatible; MSIE 6.0; Windows NT 5.1; SV1; .NET CLR 1.1.4322)"
192.30.202.15 - - [31/Mar/2009:11:33:14 -0400] "POST /rater/create/comment_rating/12 HTTP/1.0" 200 169 "http://www.gardinerconsultation.ca/topics/show/13?lang=en&root=13#comment_41" "Mozilla/4.0 (compatible; MSIE 6.0; Windows NT 5.1; SV1; .NET CLR 1.1.4322)"
192.30.202.15 - - [31/Mar/2009:11:33:21 -0400] "POST /talk/mark/11 HTTP/1.0" 201 1 "http://www.gardinerconsultation.ca/topics/show/13?lang=en&root=13#comment_41" "Mozilla/4.0 (compatible; MSIE 6.0; Windows NT 5.1; SV1; .NET CLR 1.1.4322)"
206.130.173.56 - - [31/Mar/2009:11:33:18 -0400] "GET /topics/show/14 HTTP/1.1" 200 43939 "http://www.gardinerconsultation.ca/topics/show/13" "Mozilla/4.0 (compatible; MSIE 6.0; Windows NT 5.1; SV1; .NET CLR 1.1.4322)"
216.154.161.253 - - [31/Mar/2009:11:33:35 -0400] "GET /topics/show/14 HTTP/1.1" 200 38998 "http://www.gardinerconsultation.ca/topics/show/13" "Mozilla/4.0 (compatible; MSIE 7.0; Windows NT 5.1; GTB5; .NET CLR 1.1.4322)"
192.30.202.15 - - [31/Mar/2009:11:33:46 -0400] "POST /topics/show_comments/13/11 HTTP/1.0" 200 3200 "http://www.gardinerconsultation.ca/topics/show/13?lang=en&root=13#comment_41" "Mozilla/4.0 (compatible; MSIE 6.0; Windows NT 5.1; SV1; .NET CLR 1.1.4322)"
192.30.202.15 - - [31/Mar/2009:11:33:47 -0400] "POST /talk/mark/41 HTTP/1.0" 201 1 "http://www.gardinerconsultation.ca/topics/show/13?lang=en&root=13#comment_41" "Mozilla/4.0 (compatible; MSIE 6.0; Windows NT 5.1; SV1; .NET CLR 1.1.4322)"
192.30.202.15 - - [31/Mar/2009:11:34:01 -0400] "POST /topics/show_comments/13/12 HTTP/1.0" 200 3144 "http://www.gardinerconsultation.ca/topics/show/13?lang=en&root=13#comment_41" "Mozilla/4.0 (compatible; MSIE 6.0; Windows NT 5.1; SV1; .NET CLR 1.1.4322)"
192.30.202.15 - - [31/Mar/2009:11:34:01 -0400] "POST /talk/mark/41 HTTP/1.0" 201 1 "http://www.gardinerconsultation.ca/topics/show/13?lang=en&root=13#comment_41" "Mozilla/4.0 (compatible; MSIE 6.0; Windows NT 5.1; SV1; .NET CLR 1.1.4322)"
192.30.202.15 - - [31/Mar/2009:11:34:40 -0400] "POST /talk/mark/33 HTTP/1.0" 201 1 "http://www.gardinerconsultation.ca/topics/show/13?lang=en&root=13#comment_41" "Mozilla/4.0 (compatible; MSIE 6.0; Windows NT 5.1; SV1; .NET CLR 1.1.4322)"
192.30.202.15 - - [31/Mar/2009:11:35:16 -0400] "POST /topics/show_comments/13/12 HTTP/1.0" 200 3144 "http://www.gardinerconsultation.ca/topics/show/13?lang=en&root=13#comment_41" "Mozilla/4.0 (compatible; MSIE 6.0; Windows NT 5.1; SV1; .NET CLR 1.1.4322)"
192.30.202.15 - - [31/Mar/2009:11:35:17 -0400] "POST /talk/mark/41 HTTP/1.0" 201 1 "http://www.gardinerconsultation.ca/topics/show/13?lang=en&root=13#comment_41" "Mozilla/4.0 (compatible; MSIE 6.0; Windows NT 5.1; SV1; .NET CLR 1.1.4322)"
192.30.202.15 - - [31/Mar/2009:11:35:45 -0400] "POST /talk/mark/19 HTTP/1.0" 201 1 "http://www.gardinerconsultation.ca/topics/show/13?lang=en&root=13#comment_41" "Mozilla/4.0 (compatible; MSIE 6.0; Windows NT 5.1; SV1; .NET CLR 1.1.4322)"
192.30.202.15 - - [31/Mar/2009:11:36:07 -0400] "POST /topics/show_comments/13/11 HTTP/1.0" 200 3200 "http://www.gardinerconsultation.ca/topics/show/13?lang=en&root=13#comment_41" "Mozilla/4.0 (compatible; MSIE 6.0; Windows NT 5.1; SV1; .NET CLR 1.1.4322)"
192.30.202.15 - - [31/Mar/2009:11:36:07 -0400] "POST /talk/mark/41 HTTP/1.0" 201 1 "http://www.gardinerconsultation.ca/topics/show/13?lang=en&root=13#comment_41" "Mozilla/4.0 (compatible; MSIE 6.0; Windows NT 5.1; SV1; .NET CLR 1.1.4322)"
192.30.202.15 - - [31/Mar/2009:11:36:33 -0400] "POST /talk/mark/10 HTTP/1.0" 201 1 "http://www.gardinerconsultation.ca/topics/show/13?lang=en&root=13#comment_41" "Mozilla/4.0 (compatible; MSIE 6.0; Windows NT 5.1; SV1; .NET CLR 1.1.4322)"
216.154.161.253 - - [31/Mar/2009:11:36:37 -0400] "GET /topics/show/15 HTTP/1.1" 200 38614 "http://www.gardinerconsultation.ca/topics/show/14" "Mozilla/4.0 (compatible; MSIE 7.0; Windows NT 5.1; GTB5; .NET CLR 1.1.4322)"
99.233.3.84 - - [31/Mar/2009:11:36:44 -0400] "GET / HTTP/1.1" 200 17986 "http://by111w.bay111.mail.live.com/mail/InboxLight.aspx?FolderID=00000000-0000-0000-0000-000000000001&InboxSortAscending=False&InboxSortBy=Date&n=1005665043" "Mozilla/4.0 (compatible; MSIE 7.0; Windows NT 6.0; SLCC1; .NET CLR 2.0.50727; Media Center PC 5.0; .NET CLR 3.5.30729; .NET CLR 3.0.30618)"
99.233.3.84 - - [31/Mar/2009:11:36:45 -0400] "GET /stylesheets/styles.css HTTP/1.1" 200 12376 "http://www.gardinerconsultation.ca/" "Mozilla/4.0 (compatible; MSIE 7.0; Windows NT 6.0; SLCC1; .NET CLR 2.0.50727; Media Center PC 5.0; .NET CLR 3.5.30729; .NET CLR 3.0.30618)"
99.233.3.84 - - [31/Mar/2009:11:36:45 -0400] "GET /stylesheets/reset.css HTTP/1.1" 200 519 "http://www.gardinerconsultation.ca/" "Mozilla/4.0 (compatible; MSIE 7.0; Windows NT 6.0; SLCC1; .NET CLR 2.0.50727; Media Center PC 5.0; .NET CLR 3.5.30729; .NET CLR 3.0.30618)"
99.233.3.84 - - [31/Mar/2009:11:36:45 -0400] "GET /stylesheets/lightview.css HTTP/1.1" 200 7844 "http://www.gardinerconsultation.ca/" "Mozilla/4.0 (compatible; MSIE 7.0; Windows NT 6.0; SLCC1; .NET CLR 2.0.50727; Media Center PC 5.0; .NET CLR 3.5.30729; .NET CLR 3.0.30618)"
99.233.3.84 - - [31/Mar/2009:11:36:45 -0400] "GET /javascripts/base_1236178901.js HTTP/1.1" 200 97264 "http://www.gardinerconsultation.ca/" "Mozilla/4.0 (compatible; MSIE 7.0; Windows NT 6.0; SLCC1; .NET CLR 2.0.50727; Media Center PC 5.0; .NET CLR 3.5.30729; .NET CLR 3.0.30618)"
99.233.3.84 - - [31/Mar/2009:11:36:47 -0400] "GET /javascripts/anylinkcssmenu.js HTTP/1.1" 200 8203 "http://www.gardinerconsultation.ca/" "Mozilla/4.0 (compatible; MSIE 7.0; Windows NT 6.0; SLCC1; .NET CLR 2.0.50727; Media Center PC 5.0; .NET CLR 3.5.30729; .NET CLR 3.0.30618)"
99.233.3.84 - - [31/Mar/2009:11:36:47 -0400] "GET /stylesheets/anylinkcssmenu.css HTTP/1.1" 200 1433 "http://www.gardinerconsultation.ca/" "Mozilla/4.0 (compatible; MSIE 7.0; Windows NT 6.0; SLCC1; .NET CLR 2.0.50727; Media Center PC 5.0; .NET CLR 3.5.30729; .NET CLR 3.0.30618)"
99.233.3.84 - - [31/Mar/2009:11:36:47 -0400] "GET /images/WT_logo.gif?1236965760 HTTP/1.1" 200 4708 "http://www.gardinerconsultation.ca/" "Mozilla/4.0 (compatible; MSIE 7.0; Windows NT 6.0; SLCC1; .NET CLR 2.0.50727; Media Center PC 5.0; .NET CLR 3.5.30729; .NET CLR 3.0.30618)"
99.233.3.84 - - [31/Mar/2009:11:36:47 -0400] "GET /images/star.png HTTP/1.1" 200 795 "http://www.gardinerconsultation.ca/" "Mozilla/4.0 (compatible; MSIE 7.0; Windows NT 6.0; SLCC1; .NET CLR 2.0.50727; Media Center PC 5.0; .NET CLR 3.5.30729; .NET CLR 3.0.30618)"
99.233.3.84 - - [31/Mar/2009:11:36:47 -0400] "GET /images/bg.gif HTTP/1.1" 200 972 "http://www.gardinerconsultation.ca/" "Mozilla/4.0 (compatible; MSIE 7.0; Windows NT 6.0; SLCC1; .NET CLR 2.0.50727; Media Center PC 5.0; .NET CLR 3.5.30729; .NET CLR 3.0.30618)"
99.233.3.84 - - [31/Mar/2009:11:36:47 -0400] "GET /images/pagebackground-blue.jpg?1237554466 HTTP/1.1" 200 17383 "http://www.gardinerconsultation.ca/" "Mozilla/4.0 (compatible; MSIE 7.0; Windows NT 6.0; SLCC1; .NET CLR 2.0.50727; Media Center PC 5.0; .NET CLR 3.5.30729; .NET CLR 3.0.30618)"
99.233.3.84 - - [31/Mar/2009:11:36:47 -0400] "GET /images/headerbg_blue.jpg HTTP/1.1" 200 15448 "http://www.gardinerconsultation.ca/" "Mozilla/4.0 (compatible; MSIE 7.0; Windows NT 6.0; SLCC1; .NET CLR 2.0.50727; Media Center PC 5.0; .NET CLR 3.5.30729; .NET CLR 3.0.30618)"
99.233.3.84 - - [31/Mar/2009:11:36:48 -0400] "GET /images/navbg.gif HTTP/1.1" 200 270 "http://www.gardinerconsultation.ca/" "Mozilla/4.0 (compatible; MSIE 7.0; Windows NT 6.0; SLCC1; .NET CLR 2.0.50727; Media Center PC 5.0; .NET CLR 3.5.30729; .NET CLR 3.0.30618)"
99.233.3.84 - - [31/Mar/2009:11:36:48 -0400] "GET /images/bg_bannerGradient.jpg HTTP/1.1" 200 420 "http://www.gardinerconsultation.ca/" "Mozilla/4.0 (compatible; MSIE 7.0; Windows NT 6.0; SLCC1; .NET CLR 2.0.50727; Media Center PC 5.0; .NET CLR 3.5.30729; .NET CLR 3.0.30618)"
99.233.3.84 - - [31/Mar/2009:11:36:48 -0400] "GET /images/footerbg.gif HTTP/1.1" 200 14497 "http://www.gardinerconsultation.ca/" "Mozilla/4.0 (compatible; MSIE 7.0; Windows NT 6.0; SLCC1; .NET CLR 2.0.50727; Media Center PC 5.0; .NET CLR 3.5.30729; .NET CLR 3.0.30618)"
99.233.3.84 - - [31/Mar/2009:11:36:57 -0400] "GET /favicon.ico HTTP/1.1" 200 - "-" "Mozilla/4.0 (compatible; MSIE 7.0; Windows NT 6.0; SLCC1; .NET CLR 2.0.50727; Media Center PC 5.0; .NET CLR 3.5.30729; .NET CLR 3.0.30618)"
192.30.202.15 - - [31/Mar/2009:11:37:30 -0400] "POST /talk/mark/9 HTTP/1.0" 201 1 "http://www.gardinerconsultation.ca/topics/show/13?lang=en&root=13#comment_41" "Mozilla/4.0 (compatible; MSIE 6.0; Windows NT 5.1; SV1; .NET CLR 1.1.4322)"
192.30.202.15 - - [31/Mar/2009:11:38:05 -0400] "POST /rater/create/comment_rating/9 HTTP/1.0" 200 158 "http://www.gardinerconsultation.ca/topics/show/13?lang=en&root=13#comment_41" "Mozilla/4.0 (compatible; MSIE 6.0; Windows NT 5.1; SV1; .NET CLR 1.1.4322)"
192.30.202.15 - - [31/Mar/2009:11:38:18 -0400] "POST /topic/13/talk/new?parent_id=9 HTTP/1.0" 200 1163 "http://www.gardinerconsultation.ca/topics/show/13?lang=en&root=13#comment_41" "Mozilla/4.0 (compatible; MSIE 6.0; Windows NT 5.1; SV1; .NET CLR 1.1.4322)"
216.154.161.253 - - [31/Mar/2009:11:39:18 -0400] "GET /topics/show/21 HTTP/1.1" 200 21572 "http://www.gardinerconsultation.ca/topics/show/15" "Mozilla/4.0 (compatible; MSIE 7.0; Windows NT 5.1; GTB5; .NET CLR 1.1.4322)"
192.30.202.15 - - [31/Mar/2009:11:40:19 -0400] "POST /topic/13/talk/preview HTTP/1.0" 200 2030 "http://www.gardinerconsultation.ca/topics/show/13?lang=en&root=13#comment_41" "Mozilla/4.0 (compatible; MSIE 6.0; Windows NT 5.1; SV1; .NET CLR 1.1.4322)"
192.30.202.15 - - [31/Mar/2009:11:40:21 -0400] "POST /topic/13/talk/create HTTP/1.0" 200 2196 "http://www.gardinerconsultation.ca/topics/show/13?lang=en&root=13#comment_41" "Mozilla/4.0 (compatible; MSIE 6.0; Windows NT 5.1; SV1; .NET CLR 1.1.4322)"
192.30.202.15 - - [31/Mar/2009:11:40:24 -0400] "POST /talk/mark/5 HTTP/1.0" 201 1 "http://www.gardinerconsultation.ca/topics/show/13?lang=en&root=13#comment_41" "Mozilla/4.0 (compatible; MSIE 6.0; Windows NT 5.1; SV1; .NET CLR 1.1.4322)"
192.30.202.15 - - [31/Mar/2009:11:40:44 -0400] "POST /rater/create/comment_rating/5 HTTP/1.0" 200 167 "http://www.gardinerconsultation.ca/topics/show/13?lang=en&root=13#comment_41" "Mozilla/4.0 (compatible; MSIE 6.0; Windows NT 5.1; SV1; .NET CLR 1.1.4322)"
192.30.202.15 - - [31/Mar/2009:11:40:53 -0400] "POST /talk/mark/4 HTTP/1.0" 201 1 "http://www.gardinerconsultation.ca/topics/show/13?lang=en&root=13#comment_41" "Mozilla/4.0 (compatible; MSIE 6.0; Windows NT 5.1; SV1; .NET CLR 1.1.4322)"
192.30.202.15 - - [31/Mar/2009:11:40:56 -0400] "POST /topic/13/talk/new?parent_id=4 HTTP/1.0" 200 1163 "http://www.gardinerconsultation.ca/topics/show/13?lang=en&root=13#comment_41" "Mozilla/4.0 (compatible; MSIE 6.0; Windows NT 5.1; SV1; .NET CLR 1.1.4322)"
192.30.202.15 - - [31/Mar/2009:11:40:59 -0400] "POST /rater/create/comment_rating/4 HTTP/1.0" 200 158 "http://www.gardinerconsultation.ca/topics/show/13?lang=en&root=13#comment_41" "Mozilla/4.0 (compatible; MSIE 6.0; Windows NT 5.1; SV1; .NET CLR 1.1.4322)"
192.30.202.15 - - [31/Mar/2009:11:41:24 -0400] "POST /topic/13/talk/new?parent_id=0 HTTP/1.0" 200 1163 "http://www.gardinerconsultation.ca/topics/show/13?lang=en&root=13#comment_41" "Mozilla/4.0 (compatible; MSIE 6.0; Windows NT 5.1; SV1; .NET CLR 1.1.4322)"
216.154.161.253 - - [31/Mar/2009:11:42:50 -0400] "GET /viewer/index/14 HTTP/1.1" 200 660 "http://www.gardinerconsultation.ca/topics/show/21" "Mozilla/4.0 (compatible; MSIE 7.0; Windows NT 5.1; GTB5; .NET CLR 1.1.4322)"
216.154.161.253 - - [31/Mar/2009:11:42:50 -0400] "GET /viewer/header/14 HTTP/1.1" 200 2636 "http://www.gardinerconsultation.ca/viewer/index/14" "Mozilla/4.0 (compatible; MSIE 7.0; Windows NT 5.1; GTB5; .NET CLR 1.1.4322)"
216.154.161.253 - - [31/Mar/2009:11:42:51 -0400] "GET /stylesheets/yahoo/fonts.css HTTP/1.1" 200 864 "http://www.gardinerconsultation.ca/viewer/header/14" "Mozilla/4.0 (compatible; MSIE 7.0; Windows NT 5.1; GTB5; .NET CLR 1.1.4322)"
216.154.161.253 - - [31/Mar/2009:11:42:53 -0400] "GET /stylesheets/yahoo/reset.css HTTP/1.1" 200 556 "http://www.gardinerconsultation.ca/viewer/header/14" "Mozilla/4.0 (compatible; MSIE 7.0; Windows NT 5.1; GTB5; .NET CLR 1.1.4322)"
173.34.29.236 - - [31/Mar/2009:11:42:59 -0400] "GET / HTTP/1.1" 200 17979 "-" "Mozilla/4.0 (compatible; MSIE 6.0; Windows NT 5.0; .NET CLR 1.1.4322)"
173.34.29.236 - - [31/Mar/2009:11:43:03 -0400] "GET /stylesheets/styles.css HTTP/1.1" 200 12376 "http://www.gardinerconsultation.ca/" "Mozilla/4.0 (compatible; MSIE 6.0; Windows NT 5.0; .NET CLR 1.1.4322)"
173.34.29.236 - - [31/Mar/2009:11:43:03 -0400] "GET /stylesheets/reset.css HTTP/1.1" 200 519 "http://www.gardinerconsultation.ca/" "Mozilla/4.0 (compatible; MSIE 6.0; Windows NT 5.0; .NET CLR 1.1.4322)"
173.34.29.236 - - [31/Mar/2009:11:43:03 -0400] "GET /stylesheets/styles-ie6.css HTTP/1.1" 200 129 "http://www.gardinerconsultation.ca/" "Mozilla/4.0 (compatible; MSIE 6.0; Windows NT 5.0; .NET CLR 1.1.4322)"
173.34.29.236 - - [31/Mar/2009:11:43:03 -0400] "GET /stylesheets/lightview.css HTTP/1.1" 200 7844 "http://www.gardinerconsultation.ca/" "Mozilla/4.0 (compatible; MSIE 6.0; Windows NT 5.0; .NET CLR 1.1.4322)"
216.154.161.253 - - [31/Mar/2009:11:43:03 -0400] "GET /stylesheets/ses.css HTTP/1.1" 200 12435 "http://www.gardinerconsultation.ca/viewer/header/14" "Mozilla/4.0 (compatible; MSIE 7.0; Windows NT 5.1; GTB5; .NET CLR 1.1.4322)"
173.34.29.236 - - [31/Mar/2009:11:43:03 -0400] "GET /javascripts/base_1236178901.js HTTP/1.1" 200 97264 "http://www.gardinerconsultation.ca/" "Mozilla/4.0 (compatible; MSIE 6.0; Windows NT 5.0; .NET CLR 1.1.4322)"
173.34.29.236 - - [31/Mar/2009:11:43:05 -0400] "GET /stylesheets/anylinkcssmenu.css HTTP/1.1" 200 1433 "http://www.gardinerconsultation.ca/" "Mozilla/4.0 (compatible; MSIE 6.0; Windows NT 5.0; .NET CLR 1.1.4322)"
173.34.29.236 - - [31/Mar/2009:11:43:05 -0400] "GET /javascripts/anylinkcssmenu.js HTTP/1.1" 200 8203 "http://www.gardinerconsultation.ca/" "Mozilla/4.0 (compatible; MSIE 6.0; Windows NT 5.0; .NET CLR 1.1.4322)"
173.34.29.236 - - [31/Mar/2009:11:43:06 -0400] "GET /images/WT_logo.gif?1236965760 HTTP/1.1" 200 4708 "http://www.gardinerconsultation.ca/" "Mozilla/4.0 (compatible; MSIE 6.0; Windows NT 5.0; .NET CLR 1.1.4322)"
173.34.29.236 - - [31/Mar/2009:11:43:06 -0400] "GET /images/pagebackground-blue.jpg?1237554466 HTTP/1.1" 200 17383 "http://www.gardinerconsultation.ca/" "Mozilla/4.0 (compatible; MSIE 6.0; Windows NT 5.0; .NET CLR 1.1.4322)"
173.34.29.236 - - [31/Mar/2009:11:43:06 -0400] "GET /images/star.png HTTP/1.1" 200 795 "http://www.gardinerconsultation.ca/" "Mozilla/4.0 (compatible; MSIE 6.0; Windows NT 5.0; .NET CLR 1.1.4322)"
173.34.29.236 - - [31/Mar/2009:11:43:06 -0400] "GET /images/bg.gif HTTP/1.1" 200 972 "http://www.gardinerconsultation.ca/" "Mozilla/4.0 (compatible; MSIE 6.0; Windows NT 5.0; .NET CLR 1.1.4322)"
173.34.29.236 - - [31/Mar/2009:11:43:06 -0400] "GET /images/headerbg_blue.jpg HTTP/1.1" 200 15448 "http://www.gardinerconsultation.ca/" "Mozilla/4.0 (compatible; MSIE 6.0; Windows NT 5.0; .NET CLR 1.1.4322)"
173.34.29.236 - - [31/Mar/2009:11:43:06 -0400] "GET /images/navbg.gif HTTP/1.1" 200 270 "http://www.gardinerconsultation.ca/" "Mozilla/4.0 (compatible; MSIE 6.0; Windows NT 5.0; .NET CLR 1.1.4322)"
173.34.29.236 - - [31/Mar/2009:11:43:06 -0400] "GET /images/bg_bannerGradient.jpg HTTP/1.1" 200 420 "http://www.gardinerconsultation.ca/" "Mozilla/4.0 (compatible; MSIE 6.0; Windows NT 5.0; .NET CLR 1.1.4322)"
216.154.161.253 - - [31/Mar/2009:11:42:51 -0400] "GET /viewer/content/14 HTTP/1.1" 200 641559 "http://www.gardinerconsultation.ca/viewer/index/14" "Mozilla/4.0 (compatible; MSIE 7.0; Windows NT 5.1; GTB5; .NET CLR 1.1.4322)"
173.34.29.236 - - [31/Mar/2009:11:43:07 -0400] "GET /images/footerbg.gif HTTP/1.1" 200 14497 "http://www.gardinerconsultation.ca/" "Mozilla/4.0 (compatible; MSIE 6.0; Windows NT 5.0; .NET CLR 1.1.4322)"
216.154.161.253 - - [31/Mar/2009:11:43:09 -0400] "GET /stylesheets/rating.css HTTP/1.1" 200 456 "http://www.gardinerconsultation.ca/viewer/header/14" "Mozilla/4.0 (compatible; MSIE 7.0; Windows NT 5.1; GTB5; .NET CLR 1.1.4322)"
216.154.161.253 - - [31/Mar/2009:11:43:09 -0400] "GET /javascripts/prototype.js HTTP/1.1" 200 71263 "http://www.gardinerconsultation.ca/viewer/header/14" "Mozilla/4.0 (compatible; MSIE 7.0; Windows NT 5.1; GTB5; .NET CLR 1.1.4322)"
216.154.161.253 - - [31/Mar/2009:11:43:11 -0400] "GET /javascripts/effects.js HTTP/1.1" 200 38200 "http://www.gardinerconsultation.ca/viewer/header/14" "Mozilla/4.0 (compatible; MSIE 7.0; Windows NT 5.1; GTB5; .NET CLR 1.1.4322)"
205.245.131.66 - - [31/Mar/2009:11:43:12 -0400] "GET /stylesheets/styles.css HTTP/1.1" 304 - "http://www.gardinerconsultation.ca/topics/show/13?lang=en&root=9" "Mozilla/5.0 (Windows; U; Windows NT 5.1; en-US; rv:1.9.0.8) Gecko/2009032609 Firefox/3.0.8"
205.245.131.66 - - [31/Mar/2009:11:43:12 -0400] "GET /images/headerbg_blue.jpg HTTP/1.1" 304 - "http://www.gardinerconsultation.ca/stylesheets/styles.css" "Mozilla/5.0 (Windows; U; Windows NT 5.1; en-US; rv:1.9.0.8) Gecko/2009032609 Firefox/3.0.8"
205.245.131.66 - - [31/Mar/2009:11:43:11 -0400] "GET /topics/show/13?lang=en&root=9 HTTP/1.1" 200 76880 "-" "Mozilla/5.0 (Windows; U; Windows NT 5.1; en-US; rv:1.9.0.8) Gecko/2009032609 Firefox/3.0.8"
205.245.131.66 - - [31/Mar/2009:11:43:12 -0400] "POST /talk/mark/52 HTTP/1.1" 201 1 "http://www.gardinerconsultation.ca/topics/show/13?lang=en&root=9" "Mozilla/5.0 (Windows; U; Windows NT 5.1; en-US; rv:1.9.0.8) Gecko/2009032609 Firefox/3.0.8"
216.154.161.253 - - [31/Mar/2009:11:43:13 -0400] "GET /javascripts/builder.js HTTP/1.1" 200 4330 "http://www.gardinerconsultation.ca/viewer/header/14" "Mozilla/4.0 (compatible; MSIE 7.0; Windows NT 5.1; GTB5; .NET CLR 1.1.4322)"
216.154.161.253 - - [31/Mar/2009:11:43:13 -0400] "GET /javascripts/dialog.js HTTP/1.1" 200 4788 "http://www.gardinerconsultation.ca/viewer/header/14" "Mozilla/4.0 (compatible; MSIE 7.0; Windows NT 5.1; GTB5; .NET CLR 1.1.4322)"
216.154.161.253 - - [31/Mar/2009:11:43:14 -0400] "GET /javascripts/application.js HTTP/1.1" 200 9262 "http://www.gardinerconsultation.ca/viewer/header/14" "Mozilla/4.0 (compatible; MSIE 7.0; Windows NT 5.1; GTB5; .NET CLR 1.1.4322)"
173.34.29.236 - - [31/Mar/2009:11:43:22 -0400] "GET / HTTP/1.1" 200 17979 "-" "Mozilla/4.0 (compatible; MSIE 7.0; Windows NT 5.1; GTB5; .NET CLR 2.0.50727)"
173.34.29.236 - - [31/Mar/2009:11:43:23 -0400] "GET /stylesheets/styles.css HTTP/1.1" 200 12376 "http://www.gardinerconsultation.ca/" "Mozilla/4.0 (compatible; MSIE 7.0; Windows NT 5.1; GTB5; .NET CLR 2.0.50727)"
173.34.29.236 - - [31/Mar/2009:11:43:23 -0400] "GET /stylesheets/reset.css HTTP/1.1" 200 519 "http://www.gardinerconsultation.ca/" "Mozilla/4.0 (compatible; MSIE 7.0; Windows NT 5.1; GTB5; .NET CLR 2.0.50727)"
173.34.29.236 - - [31/Mar/2009:11:43:23 -0400] "GET /stylesheets/lightview.css HTTP/1.1" 200 7844 "http://www.gardinerconsultation.ca/" "Mozilla/4.0 (compatible; MSIE 7.0; Windows NT 5.1; GTB5; .NET CLR 2.0.50727)"
173.34.29.236 - - [31/Mar/2009:11:43:23 -0400] "GET /javascripts/base_1236178901.js HTTP/1.1" 200 97264 "http://www.gardinerconsultation.ca/" "Mozilla/4.0 (compatible; MSIE 7.0; Windows NT 5.1; GTB5; .NET CLR 2.0.50727)"
173.34.29.236 - - [31/Mar/2009:11:43:24 -0400] "GET /stylesheets/anylinkcssmenu.css HTTP/1.1" 200 1433 "http://www.gardinerconsultation.ca/" "Mozilla/4.0 (compatible; MSIE 7.0; Windows NT 5.1; GTB5; .NET CLR 2.0.50727)"
173.34.29.236 - - [31/Mar/2009:11:43:24 -0400] "GET /javascripts/anylinkcssmenu.js HTTP/1.1" 200 8203 "http://www.gardinerconsultation.ca/" "Mozilla/4.0 (compatible; MSIE 7.0; Windows NT 5.1; GTB5; .NET CLR 2.0.50727)"
173.34.29.236 - - [31/Mar/2009:11:43:24 -0400] "GET /images/bg.gif HTTP/1.1" 200 972 "http://www.gardinerconsultation.ca/" "Mozilla/4.0 (compatible; MSIE 7.0; Windows NT 5.1; GTB5; .NET CLR 2.0.50727)"
173.34.29.236 - - [31/Mar/2009:11:43:24 -0400] "GET /images/WT_logo.gif?1236965760 HTTP/1.1" 200 4708 "http://www.gardinerconsultation.ca/" "Mozilla/4.0 (compatible; MSIE 7.0; Windows NT 5.1; GTB5; .NET CLR 2.0.50727)"
173.34.29.236 - - [31/Mar/2009:11:43:24 -0400] "GET /images/headerbg_blue.jpg HTTP/1.1" 200 15448 "http://www.gardinerconsultation.ca/" "Mozilla/4.0 (compatible; MSIE 7.0; Windows NT 5.1; GTB5; .NET CLR 2.0.50727)"
173.34.29.236 - - [31/Mar/2009:11:43:25 -0400] "GET /images/navbg.gif HTTP/1.1" 200 270 "http://www.gardinerconsultation.ca/" "Mozilla/4.0 (compatible; MSIE 7.0; Windows NT 5.1; GTB5; .NET CLR 2.0.50727)"
173.34.29.236 - - [31/Mar/2009:11:43:25 -0400] "GET /images/pagebackground-blue.jpg?1237554466 HTTP/1.1" 200 17383 "http://www.gardinerconsultation.ca/" "Mozilla/4.0 (compatible; MSIE 7.0; Windows NT 5.1; GTB5; .NET CLR 2.0.50727)"
173.34.29.236 - - [31/Mar/2009:11:43:25 -0400] "GET /images/bg_bannerGradient.jpg HTTP/1.1" 200 420 "http://www.gardinerconsultation.ca/" "Mozilla/4.0 (compatible; MSIE 7.0; Windows NT 5.1; GTB5; .NET CLR 2.0.50727)"
173.34.29.236 - - [31/Mar/2009:11:43:25 -0400] "GET /images/star.png HTTP/1.1" 200 795 "http://www.gardinerconsultation.ca/" "Mozilla/4.0 (compatible; MSIE 7.0; Windows NT 5.1; GTB5; .NET CLR 2.0.50727)"
173.34.29.236 - - [31/Mar/2009:11:43:25 -0400] "GET /images/footerbg.gif HTTP/1.1" 200 14497 "http://www.gardinerconsultation.ca/" "Mozilla/4.0 (compatible; MSIE 7.0; Windows NT 5.1; GTB5; .NET CLR 2.0.50727)"
173.34.29.236 - - [31/Mar/2009:11:43:27 -0400] "GET /favicon.ico HTTP/1.1" 200 - "-" "Mozilla/4.0 (compatible; MSIE 7.0; Windows NT 5.1; GTB5; .NET CLR 2.0.50727)"
205.245.131.66 - - [31/Mar/2009:11:44:12 -0400] "GET /topics/show/13?root=45 HTTP/1.1" 200 76779 "http://www.gardinerconsultation.ca/topics/show/13?lang=en&root=9" "Mozilla/5.0 (Windows; U; Windows NT 5.1; en-US; rv:1.9.0.8) Gecko/2009032609 Firefox/3.0.8"
205.245.131.66 - - [31/Mar/2009:11:44:14 -0400] "POST /talk/mark/48 HTTP/1.1" 201 1 "http://www.gardinerconsultation.ca/topics/show/13?root=45" "Mozilla/5.0 (Windows; U; Windows NT 5.1; en-US; rv:1.9.0.8) Gecko/2009032609 Firefox/3.0.8"
205.245.131.66 - - [31/Mar/2009:11:44:33 -0400] "GET /topics/show/13?root=20 HTTP/1.1" 200 79759 "http://www.gardinerconsultation.ca/topics/show/13?root=45" "Mozilla/5.0 (Windows; U; Windows NT 5.1; en-US; rv:1.9.0.8) Gecko/2009032609 Firefox/3.0.8"
205.245.131.66 - - [31/Mar/2009:11:44:37 -0400] "POST /talk/mark/49 HTTP/1.1" 201 1 "http://www.gardinerconsultation.ca/topics/show/13?root=20" "Mozilla/5.0 (Windows; U; Windows NT 5.1; en-US; rv:1.9.0.8) Gecko/2009032609 Firefox/3.0.8"
192.30.202.15 - - [31/Mar/2009:11:44:40 -0400] "POST /topics/show_comments/13/46 HTTP/1.0" 200 2287 "http://www.gardinerconsultation.ca/topics/show/13?lang=en&root=13#comment_41" "Mozilla/4.0 (compatible; MSIE 6.0; Windows NT 5.1; SV1; .NET CLR 1.1.4322)"
192.30.202.15 - - [31/Mar/2009:11:44:40 -0400] "POST /talk/mark/41 HTTP/1.0" 201 1 "http://www.gardinerconsultation.ca/topics/show/13?lang=en&root=13#comment_41" "Mozilla/4.0 (compatible; MSIE 6.0; Windows NT 5.1; SV1; .NET CLR 1.1.4322)"
192.30.202.15 - - [31/Mar/2009:11:44:51 -0400] "POST /talk/mark/47 HTTP/1.0" 201 1 "http://www.gardinerconsultation.ca/topics/show/13?lang=en&root=13#comment_41" "Mozilla/4.0 (compatible; MSIE 6.0; Windows NT 5.1; SV1; .NET CLR 1.1.4322)"
205.245.131.66 - - [31/Mar/2009:11:44:56 -0400] "POST /talk/mark/20 HTTP/1.1" 201 1 "http://www.gardinerconsultation.ca/topics/show/13?root=20" "Mozilla/5.0 (Windows; U; Windows NT 5.1; en-US; rv:1.9.0.8) Gecko/2009032609 Firefox/3.0.8"
216.94.60.46 - - [31/Mar/2009:11:45:09 -0400] "GET /stylesheets/reset.css HTTP/1.1" 200 519 "http://www.gardinerconsultation.ca/" "Mozilla/5.0 (Macintosh; U; Intel Mac OS X 10.5; en-US; rv:1.9.1b3) Gecko/20090305 Firefox/3.1b3"
216.94.60.46 - - [31/Mar/2009:11:45:09 -0400] "GET /stylesheets/lightview.css HTTP/1.1" 200 7844 "http://www.gardinerconsultation.ca/" "Mozilla/5.0 (Macintosh; U; Intel Mac OS X 10.5; en-US; rv:1.9.1b3) Gecko/20090305 Firefox/3.1b3"
216.94.60.46 - - [31/Mar/2009:11:45:09 -0400] "GET / HTTP/1.1" 200 17979 "-" "Mozilla/5.0 (Macintosh; U; Intel Mac OS X 10.5; en-US; rv:1.9.1b3) Gecko/20090305 Firefox/3.1b3"
216.94.60.46 - - [31/Mar/2009:11:45:09 -0400] "GET /stylesheets/styles.css HTTP/1.1" 200 12376 "http://www.gardinerconsultation.ca/" "Mozilla/5.0 (Macintosh; U; Intel Mac OS X 10.5; en-US; rv:1.9.1b3) Gecko/20090305 Firefox/3.1b3"
216.94.60.46 - - [31/Mar/2009:11:45:09 -0400] "GET /javascripts/anylinkcssmenu.js HTTP/1.1" 200 8203 "http://www.gardinerconsultation.ca/" "Mozilla/5.0 (Macintosh; U; Intel Mac OS X 10.5; en-US; rv:1.9.1b3) Gecko/20090305 Firefox/3.1b3"
216.94.60.46 - - [31/Mar/2009:11:45:09 -0400] "GET /javascripts/base_1236178901.js HTTP/1.1" 200 97264 "http://www.gardinerconsultation.ca/" "Mozilla/5.0 (Macintosh; U; Intel Mac OS X 10.5; en-US; rv:1.9.1b3) Gecko/20090305 Firefox/3.1b3"
216.94.60.46 - - [31/Mar/2009:11:45:10 -0400] "GET /favicon.ico HTTP/1.1" 200 - "-" "Mozilla/5.0 (Macintosh; U; Intel Mac OS X 10.5; en-US; rv:1.9.1b3) Gecko/20090305 Firefox/3.1b3"
216.94.60.46 - - [31/Mar/2009:11:45:10 -0400] "GET /stylesheets/anylinkcssmenu.css HTTP/1.1" 200 1433 "http://www.gardinerconsultation.ca/" "Mozilla/5.0 (Macintosh; U; Intel Mac OS X 10.5; en-US; rv:1.9.1b3) Gecko/20090305 Firefox/3.1b3"
216.94.60.46 - - [31/Mar/2009:11:45:10 -0400] "GET /images/bg.gif HTTP/1.1" 200 972 "http://www.gardinerconsultation.ca/stylesheets/styles.css" "Mozilla/5.0 (Macintosh; U; Intel Mac OS X 10.5; en-US; rv:1.9.1b3) Gecko/20090305 Firefox/3.1b3"
216.94.60.46 - - [31/Mar/2009:11:45:10 -0400] "GET /images/WT_logo.gif?1236965760 HTTP/1.1" 200 4708 "http://www.gardinerconsultation.ca/" "Mozilla/5.0 (Macintosh; U; Intel Mac OS X 10.5; en-US; rv:1.9.1b3) Gecko/20090305 Firefox/3.1b3"
216.94.60.46 - - [31/Mar/2009:11:45:10 -0400] "GET /images/pagebackground-blue.jpg?1237554466 HTTP/1.1" 200 17383 "http://www.gardinerconsultation.ca/" "Mozilla/5.0 (Macintosh; U; Intel Mac OS X 10.5; en-US; rv:1.9.1b3) Gecko/20090305 Firefox/3.1b3"
216.94.60.46 - - [31/Mar/2009:11:45:10 -0400] "GET /images/star.png HTTP/1.1" 200 795 "http://www.gardinerconsultation.ca/" "Mozilla/5.0 (Macintosh; U; Intel Mac OS X 10.5; en-US; rv:1.9.1b3) Gecko/20090305 Firefox/3.1b3"
216.94.60.46 - - [31/Mar/2009:11:45:10 -0400] "GET /images/bg_bannerGradient.jpg HTTP/1.1" 200 420 "http://www.gardinerconsultation.ca/stylesheets/styles.css" "Mozilla/5.0 (Macintosh; U; Intel Mac OS X 10.5; en-US; rv:1.9.1b3) Gecko/20090305 Firefox/3.1b3"
216.94.60.46 - - [31/Mar/2009:11:45:10 -0400] "GET /images/navbg.gif HTTP/1.1" 200 270 "http://www.gardinerconsultation.ca/stylesheets/styles.css" "Mozilla/5.0 (Macintosh; U; Intel Mac OS X 10.5; en-US; rv:1.9.1b3) Gecko/20090305 Firefox/3.1b3"
216.94.60.46 - - [31/Mar/2009:11:45:10 -0400] "GET /images/footerbg.gif HTTP/1.1" 200 14497 "http://www.gardinerconsultation.ca/stylesheets/styles.css" "Mozilla/5.0 (Macintosh; U; Intel Mac OS X 10.5; en-US; rv:1.9.1b3) Gecko/20090305 Firefox/3.1b3"
216.94.60.46 - - [31/Mar/2009:11:45:10 -0400] "GET /images/headerbg_blue.jpg HTTP/1.1" 200 15448 "http://www.gardinerconsultation.ca/stylesheets/styles.css" "Mozilla/5.0 (Macintosh; U; Intel Mac OS X 10.5; en-US; rv:1.9.1b3) Gecko/20090305 Firefox/3.1b3"
192.30.202.15 - - [31/Mar/2009:11:45:19 -0400] "GET /topics/show/13?root=18 HTTP/1.0" 200 72502 "http://www.gardinerconsultation.ca/topics/show/13?lang=en&root=13" "Mozilla/4.0 (compatible; MSIE 6.0; Windows NT 5.1; SV1; .NET CLR 1.1.4322)"
192.30.202.15 - - [31/Mar/2009:11:45:20 -0400] "GET /javascripts/base_1236178901.js HTTP/1.0" 200 97264 "http://www.gardinerconsultation.ca/topics/show/13?root=18" "Mozilla/4.0 (compatible; MSIE 6.0; Windows NT 5.1; SV1; .NET CLR 1.1.4322)"
192.30.202.15 - - [31/Mar/2009:11:45:20 -0400] "GET /images/WT_logo.gif?1236965760 HTTP/1.0" 200 4708 "http://www.gardinerconsultation.ca/topics/show/13?root=18" "Mozilla/4.0 (compatible; MSIE 6.0; Windows NT 5.1; SV1; .NET CLR 1.1.4322)"
192.30.202.15 - - [31/Mar/2009:11:45:20 -0400] "GET /images/pagebackground-blue.jpg?1237554466 HTTP/1.0" 200 17383 "http://www.gardinerconsultation.ca/topics/show/13?root=18" "Mozilla/4.0 (compatible; MSIE 6.0; Windows NT 5.1; SV1; .NET CLR 1.1.4322)"
192.30.202.15 - - [31/Mar/2009:11:45:20 -0400] "GET /avatars/0000/0001/pic_nik_thumb.jpg?1237573168 HTTP/1.0" 200 5862 "http://www.gardinerconsultation.ca/topics/show/13?root=18" "Mozilla/4.0 (compatible; MSIE 6.0; Windows NT 5.1; SV1; .NET CLR 1.1.4322)"
99.254.97.197 - - [31/Mar/2009:11:45:20 -0400] "GET /topics/show/4 HTTP/1.1" 200 16297 "http://www.gardinerconsultation.ca/topics/show/6" "Mozilla/4.0 (compatible; MSIE 7.0; Windows NT 5.1; .NET CLR 2.0.50727)"
99.254.97.197 - - [31/Mar/2009:11:45:21 -0400] "GET /stylesheets/styles.css HTTP/1.1" 304 - "http://www.gardinerconsultation.ca/topics/show/4" "Mozilla/4.0 (compatible; MSIE 7.0; Windows NT 5.1; .NET CLR 2.0.50727)"
99.254.97.197 - - [31/Mar/2009:11:45:21 -0400] "GET /stylesheets/reset.css HTTP/1.1" 304 - "http://www.gardinerconsultation.ca/topics/show/4" "Mozilla/4.0 (compatible; MSIE 7.0; Windows NT 5.1; .NET CLR 2.0.50727)"
99.254.97.197 - - [31/Mar/2009:11:45:21 -0400] "GET /stylesheets/lightview.css HTTP/1.1" 304 - "http://www.gardinerconsultation.ca/topics/show/4" "Mozilla/4.0 (compatible; MSIE 7.0; Windows NT 5.1; .NET CLR 2.0.50727)"
99.254.97.197 - - [31/Mar/2009:11:45:21 -0400] "GET /javascripts/base_1236178901.js HTTP/1.1" 304 - "http://www.gardinerconsultation.ca/topics/show/4" "Mozilla/4.0 (compatible; MSIE 7.0; Windows NT 5.1; .NET CLR 2.0.50727)"
99.254.97.197 - - [31/Mar/2009:11:45:21 -0400] "GET /javascripts/anylinkcssmenu.js HTTP/1.1" 304 - "http://www.gardinerconsultation.ca/topics/show/4" "Mozilla/4.0 (compatible; MSIE 7.0; Windows NT 5.1; .NET CLR 2.0.50727)"
99.254.97.197 - - [31/Mar/2009:11:45:21 -0400] "GET /stylesheets/anylinkcssmenu.css HTTP/1.1" 304 - "http://www.gardinerconsultation.ca/topics/show/4" "Mozilla/4.0 (compatible; MSIE 7.0; Windows NT 5.1; .NET CLR 2.0.50727)"
99.254.97.197 - - [31/Mar/2009:11:45:21 -0400] "GET /images/WT_logo.gif?1236965760 HTTP/1.1" 304 - "http://www.gardinerconsultation.ca/topics/show/4" "Mozilla/4.0 (compatible; MSIE 7.0; Windows NT 5.1; .NET CLR 2.0.50727)"
99.254.97.197 - - [31/Mar/2009:11:45:21 -0400] "GET /images/pagebackground-blue.jpg?1237554466 HTTP/1.1" 304 - "http://www.gardinerconsultation.ca/topics/show/4" "Mozilla/4.0 (compatible; MSIE 7.0; Windows NT 5.1; .NET CLR 2.0.50727)"
99.254.97.197 - - [31/Mar/2009:11:45:21 -0400] "GET /images/bg.gif HTTP/1.1" 304 - "http://www.gardinerconsultation.ca/topics/show/4" "Mozilla/4.0 (compatible; MSIE 7.0; Windows NT 5.1; .NET CLR 2.0.50727)"
99.254.97.197 - - [31/Mar/2009:11:45:21 -0400] "GET /images/star.png HTTP/1.1" 304 - "http://www.gardinerconsultation.ca/topics/show/4" "Mozilla/4.0 (compatible; MSIE 7.0; Windows NT 5.1; .NET CLR 2.0.50727)"
99.254.97.197 - - [31/Mar/2009:11:45:21 -0400] "GET /images/headerbg_blue.jpg HTTP/1.1" 304 - "http://www.gardinerconsultation.ca/topics/show/4" "Mozilla/4.0 (compatible; MSIE 7.0; Windows NT 5.1; .NET CLR 2.0.50727)"
99.254.97.197 - - [31/Mar/2009:11:45:21 -0400] "GET /images/navbg.gif HTTP/1.1" 304 - "http://www.gardinerconsultation.ca/topics/show/4" "Mozilla/4.0 (compatible; MSIE 7.0; Windows NT 5.1; .NET CLR 2.0.50727)"
99.254.97.197 - - [31/Mar/2009:11:45:21 -0400] "GET /images/bg_bannerGradient.jpg HTTP/1.1" 304 - "http://www.gardinerconsultation.ca/topics/show/4" "Mozilla/4.0 (compatible; MSIE 7.0; Windows NT 5.1; .NET CLR 2.0.50727)"
99.254.97.197 - - [31/Mar/2009:11:45:21 -0400] "GET /images/footerbg.gif HTTP/1.1" 304 - "http://www.gardinerconsultation.ca/topics/show/4" "Mozilla/4.0 (compatible; MSIE 7.0; Windows NT 5.1; .NET CLR 2.0.50727)"
192.30.202.15 - - [31/Mar/2009:11:45:22 -0400] "POST /talk/mark/50 HTTP/1.0" 201 1 "http://www.gardinerconsultation.ca/topics/show/13?root=18#comment_50" "Mozilla/4.0 (compatible; MSIE 6.0; Windows NT 5.1; SV1; .NET CLR 1.1.4322)"
205.245.131.66 - - [31/Mar/2009:11:45:24 -0400] "GET /topics/show/13?root=18 HTTP/1.1" 200 77190 "http://www.gardinerconsultation.ca/topics/show/13?root=20" "Mozilla/5.0 (Windows; U; Windows NT 5.1; en-US; rv:1.9.0.8) Gecko/2009032609 Firefox/3.0.8"
205.245.131.66 - - [31/Mar/2009:11:45:26 -0400] "POST /talk/mark/50 HTTP/1.1" 201 1 "http://www.gardinerconsultation.ca/topics/show/13?root=18" "Mozilla/5.0 (Windows; U; Windows NT 5.1; en-US; rv:1.9.0.8) Gecko/2009032609 Firefox/3.0.8"
205.245.131.66 - - [31/Mar/2009:11:45:38 -0400] "POST /talk/mark/18 HTTP/1.1" 201 1 "http://www.gardinerconsultation.ca/topics/show/13?root=18" "Mozilla/5.0 (Windows; U; Windows NT 5.1; en-US; rv:1.9.0.8) Gecko/2009032609 Firefox/3.0.8"
216.154.161.253 - - [31/Mar/2009:11:45:39 -0400] "GET /topics/show/13 HTTP/1.1" 200 75032 "http://www.gardinerconsultation.ca/topics/show/21" "Mozilla/4.0 (compatible; MSIE 7.0; Windows NT 5.1; GTB5; .NET CLR 1.1.4322)"
216.154.161.253 - - [31/Mar/2009:11:45:54 -0400] "GET /viewer/index/13 HTTP/1.1" 200 660 "http://www.gardinerconsultation.ca/topics/show/13" "Mozilla/4.0 (compatible; MSIE 7.0; Windows NT 5.1; GTB5; .NET CLR 1.1.4322)"
216.154.161.253 - - [31/Mar/2009:11:45:54 -0400] "GET /viewer/header/13 HTTP/1.1" 200 2636 "http://www.gardinerconsultation.ca/viewer/index/13" "Mozilla/4.0 (compatible; MSIE 7.0; Windows NT 5.1; GTB5; .NET CLR 1.1.4322)"
192.30.202.15 - - [31/Mar/2009:11:45:59 -0400] "POST /talk/mark/18 HTTP/1.0" 201 1 "http://www.gardinerconsultation.ca/topics/show/13?root=18#comment_50" "Mozilla/4.0 (compatible; MSIE 6.0; Windows NT 5.1; SV1; .NET CLR 1.1.4322)"
216.154.161.253 - - [31/Mar/2009:11:45:55 -0400] "GET /viewer/content/13 HTTP/1.1" 200 2581715 "http://www.gardinerconsultation.ca/viewer/index/13" "Mozilla/4.0 (compatible; MSIE 7.0; Windows NT 5.1; GTB5; .NET CLR 1.1.4322)"
192.30.202.15 - - [31/Mar/2009:11:46:34 -0400] "POST /talk/mark/17 HTTP/1.0" 201 1 "http://www.gardinerconsultation.ca/topics/show/13?root=18#comment_50" "Mozilla/4.0 (compatible; MSIE 6.0; Windows NT 5.1; SV1; .NET CLR 1.1.4322)"
208.97.67.210 - - [31/Mar/2009:11:46:37 -0400] "GET / HTTP/1.1" 200 17979 "-" "Mozilla/5.0 (Windows; U; Windows NT 5.1; en-US; rv:1.9.0.8) Gecko/2009032609 Firefox/3.0.8"
70.48.67.23 - - [31/Mar/2009:11:46:53 -0400] "GET / HTTP/1.1" 200 17979 "http://toronto.ctv.ca/" "Mozilla/5.0 (Windows; U; Windows NT 6.0; en-US; rv:1.9.0.8) Gecko/2009032609 Firefox/3.0.8 (.NET CLR 3.5.30729)"
70.48.67.23 - - [31/Mar/2009:11:46:54 -0400] "GET /stylesheets/styles.css HTTP/1.1" 200 12376 "http://www.gardinerconsultation.ca/" "Mozilla/5.0 (Windows; U; Windows NT 6.0; en-US; rv:1.9.0.8) Gecko/2009032609 Firefox/3.0.8 (.NET CLR 3.5.30729)"
70.48.67.23 - - [31/Mar/2009:11:46:54 -0400] "GET /stylesheets/lightview.css HTTP/1.1" 200 7844 "http://www.gardinerconsultation.ca/" "Mozilla/5.0 (Windows; U; Windows NT 6.0; en-US; rv:1.9.0.8) Gecko/2009032609 Firefox/3.0.8 (.NET CLR 3.5.30729)"
70.48.67.23 - - [31/Mar/2009:11:46:54 -0400] "GET /stylesheets/reset.css HTTP/1.1" 200 519 "http://www.gardinerconsultation.ca/" "Mozilla/5.0 (Windows; U; Windows NT 6.0; en-US; rv:1.9.0.8) Gecko/2009032609 Firefox/3.0.8 (.NET CLR 3.5.30729)"
70.48.67.23 - - [31/Mar/2009:11:46:54 -0400] "GET /javascripts/base_1236178901.js HTTP/1.1" 200 97264 "http://www.gardinerconsultation.ca/" "Mozilla/5.0 (Windows; U; Windows NT 6.0; en-US; rv:1.9.0.8) Gecko/2009032609 Firefox/3.0.8 (.NET CLR 3.5.30729)"
70.48.67.23 - - [31/Mar/2009:11:46:54 -0400] "GET /favicon.ico HTTP/1.1" 200 - "-" "Mozilla/5.0 (Windows; U; Windows NT 6.0; en-US; rv:1.9.0.8) Gecko/2009032609 Firefox/3.0.8 (.NET CLR 3.5.30729)"
70.48.67.23 - - [31/Mar/2009:11:46:54 -0400] "GET /stylesheets/anylinkcssmenu.css HTTP/1.1" 200 1433 "http://www.gardinerconsultation.ca/" "Mozilla/5.0 (Windows; U; Windows NT 6.0; en-US; rv:1.9.0.8) Gecko/2009032609 Firefox/3.0.8 (.NET CLR 3.5.30729)"
70.48.67.23 - - [31/Mar/2009:11:46:54 -0400] "GET /javascripts/anylinkcssmenu.js HTTP/1.1" 200 8203 "http://www.gardinerconsultation.ca/" "Mozilla/5.0 (Windows; U; Windows NT 6.0; en-US; rv:1.9.0.8) Gecko/2009032609 Firefox/3.0.8 (.NET CLR 3.5.30729)"
70.48.67.23 - - [31/Mar/2009:11:46:54 -0400] "GET /images/bg.gif HTTP/1.1" 200 972 "http://www.gardinerconsultation.ca/stylesheets/styles.css" "Mozilla/5.0 (Windows; U; Windows NT 6.0; en-US; rv:1.9.0.8) Gecko/2009032609 Firefox/3.0.8 (.NET CLR 3.5.30729)"
70.48.67.23 - - [31/Mar/2009:11:46:54 -0400] "GET /images/star.png HTTP/1.1" 200 795 "http://www.gardinerconsultation.ca/" "Mozilla/5.0 (Windows; U; Windows NT 6.0; en-US; rv:1.9.0.8) Gecko/2009032609 Firefox/3.0.8 (.NET CLR 3.5.30729)"
