70.48.67.23 - - [31/Mar/2009:11:46:54 -0400] "GET /images/bg_bannerGradient.jpg HTTP/1.1" 200 420 "http://www.gardinerconsultation.ca/stylesheets/styles.css" "Mozilla/5.0 (Windows; U; Windows NT 6.0; en-US; rv:1.9.0.8) Gecko/2009032609 Firefox/3.0.8 (.NET CLR 3.5.30729)"
70.48.67.23 - - [31/Mar/2009:11:46:54 -0400] "GET /images/headerbg_blue.jpg HTTP/1.1" 200 15448 "http://www.gardinerconsultation.ca/stylesheets/styles.css" "Mozilla/5.0 (Windows; U; Windows NT 6.0; en-US; rv:1.9.0.8) Gecko/2009032609 Firefox/3.0.8 (.NET CLR 3.5.30729)"
70.48.67.23 - - [31/Mar/2009:11:46:54 -0400] "GET /images/navbg.gif HTTP/1.1" 200 270 "http://www.gardinerconsultation.ca/stylesheets/styles.css" "Mozilla/5.0 (Windows; U; Windows NT 6.0; en-US; rv:1.9.0.8) Gecko/2009032609 Firefox/3.0.8 (.NET CLR 3.5.30729)"
70.48.67.23 - - [31/Mar/2009:11:46:54 -0400] "GET /images/WT_logo.gif?1236965760 HTTP/1.1" 200 4708 "http://www.gardinerconsultation.ca/" "Mozilla/5.0 (Windows; U; Windows NT 6.0; en-US; rv:1.9.0.8) Gecko/2009032609 Firefox/3.0.8 (.NET CLR 3.5.30729)"
70.48.67.23 - - [31/Mar/2009:11:46:54 -0400] "GET /images/footerbg.gif HTTP/1.1" 200 14497 "http://www.gardinerconsultation.ca/stylesheets/styles.css" "Mozilla/5.0 (Windows; U; Windows NT 6.0; en-US; rv:1.9.0.8) Gecko/2009032609 Firefox/3.0.8 (.NET CLR 3.5.30729)"
70.48.67.23 - - [31/Mar/2009:11:46:54 -0400] "GET /images/pagebackground-blue.jpg?1237554466 HTTP/1.1" 200 17383 "http://www.gardinerconsultation.ca/" "Mozilla/5.0 (Windows; U; Windows NT 6.0; en-US; rv:1.9.0.8) Gecko/2009032609 Firefox/3.0.8 (.NET CLR 3.5.30729)"
192.30.202.15 - - [31/Mar/2009:11:46:58 -0400] "POST /rater/create/comment_rating/17 HTTP/1.0" 200 160 "http://www.gardinerconsultation.ca/topics/show/13?root=18#comment_50" "Mozilla/4.0 (compatible; MSIE 6.0; Windows NT 5.1; SV1; .NET CLR 1.1.4322)"
192.30.202.15 - - [31/Mar/2009:11:47:09 -0400] "GET /topics/show/13 HTTP/1.0" 200 68711 "http://www.gardinerconsultation.ca/topics/show/13?root=18" "Mozilla/4.0 (compatible; MSIE 6.0; Windows NT 5.1; SV1; .NET CLR 1.1.4322)"
192.30.202.15 - - [31/Mar/2009:11:47:10 -0400] "GET /javascripts/base_1236178901.js HTTP/1.0" 200 97264 "http://www.gardinerconsultation.ca/topics/show/13" "Mozilla/4.0 (compatible; MSIE 6.0; Windows NT 5.1; SV1; .NET CLR 1.1.4322)"
192.30.202.15 - - [31/Mar/2009:11:47:10 -0400] "GET /images/WT_logo.gif?1236965760 HTTP/1.0" 200 4708 "http://www.gardinerconsultation.ca/topics/show/13" "Mozilla/4.0 (compatible; MSIE 6.0; Windows NT 5.1; SV1; .NET CLR 1.1.4322)"
192.30.202.15 - - [31/Mar/2009:11:47:10 -0400] "GET /images/pagebackground-blue.jpg?1237554466 HTTP/1.0" 200 17383 "http://www.gardinerconsultation.ca/topics/show/13" "Mozilla/4.0 (compatible; MSIE 6.0; Windows NT 5.1; SV1; .NET CLR 1.1.4322)"
192.30.202.15 - - [31/Mar/2009:11:47:10 -0400] "GET /avatars/0000/0001/pic_nik_thumb.jpg?1237573168 HTTP/1.0" 200 5862 "http://www.gardinerconsultation.ca/topics/show/13" "Mozilla/4.0 (compatible; MSIE 6.0; Windows NT 5.1; SV1; .NET CLR 1.1.4322)"
99.254.97.197 - - [31/Mar/2009:11:47:23 -0400] "GET / HTTP/1.1" 200 17979 "http://www.gardinerconsultation.ca/topics/show/4" "Mozilla/4.0 (compatible; MSIE 7.0; Windows NT 5.1; .NET CLR 2.0.50727)"
192.30.202.15 - - [31/Mar/2009:11:47:46 -0400] "POST /talk/mark/9 HTTP/1.0" 201 1 "http://www.gardinerconsultation.ca/topics/show/13" "Mozilla/4.0 (compatible; MSIE 6.0; Windows NT 5.1; SV1; .NET CLR 1.1.4322)"
205.245.131.66 - - [31/Mar/2009:11:47:56 -0400] "GET /topics/show/13?root=13 HTTP/1.1" 200 83150 "http://www.gardinerconsultation.ca/topics/show/13?root=18" "Mozilla/5.0 (Windows; U; Windows NT 5.1; en-US; rv:1.9.0.8) Gecko/2009032609 Firefox/3.0.8"
205.245.131.66 - - [31/Mar/2009:11:47:58 -0400] "POST /talk/mark/51 HTTP/1.1" 201 1 "http://www.gardinerconsultation.ca/topics/show/13?root=13" "Mozilla/5.0 (Windows; U; Windows NT 5.1; en-US; rv:1.9.0.8) Gecko/2009032609 Firefox/3.0.8"
205.245.131.66 - - [31/Mar/2009:11:48:15 -0400] "GET /topics/show/13?root=9 HTTP/1.1" 200 76880 "http://www.gardinerconsultation.ca/topics/show/13?root=13" "Mozilla/5.0 (Windows; U; Windows NT 5.1; en-US; rv:1.9.0.8) Gecko/2009032609 Firefox/3.0.8"
192.30.202.15 - - [31/Mar/2009:11:48:17 -0400] "POST /talk/mark/27 HTTP/1.0" 201 1 "http://www.gardinerconsultation.ca/topics/show/13#comment_9" "Mozilla/4.0 (compatible; MSIE 6.0; Windows NT 5.1; SV1; .NET CLR 1.1.4322)"
205.245.131.66 - - [31/Mar/2009:11:48:17 -0400] "POST /talk/mark/52 HTTP/1.1" 201 1 "http://www.gardinerconsultation.ca/topics/show/13?root=9" "Mozilla/5.0 (Windows; U; Windows NT 5.1; en-US; rv:1.9.0.8) Gecko/2009032609 Firefox/3.0.8"
192.30.202.15 - - [31/Mar/2009:11:48:32 -0400] "GET /topics/show/14 HTTP/1.0" 200 38998 "http://www.gardinerconsultation.ca/topics/show/13" "Mozilla/4.0 (compatible; MSIE 6.0; Windows NT 5.1; SV1; .NET CLR 1.1.4322)"
192.30.202.15 - - [31/Mar/2009:11:48:33 -0400] "GET /javascripts/base_1236178901.js HTTP/1.0" 200 97264 "http://www.gardinerconsultation.ca/topics/show/14" "Mozilla/4.0 (compatible; MSIE 6.0; Windows NT 5.1; SV1; .NET CLR 1.1.4322)"
192.30.202.15 - - [31/Mar/2009:11:48:33 -0400] "GET /images/WT_logo.gif?1236965760 HTTP/1.0" 200 4708 "http://www.gardinerconsultation.ca/topics/show/14" "Mozilla/4.0 (compatible; MSIE 6.0; Windows NT 5.1; SV1; .NET CLR 1.1.4322)"
192.30.202.15 - - [31/Mar/2009:11:48:33 -0400] "GET /images/pagebackground-blue.jpg?1237554466 HTTP/1.0" 200 17383 "http://www.gardinerconsultation.ca/topics/show/14" "Mozilla/4.0 (compatible; MSIE 6.0; Windows NT 5.1; SV1; .NET CLR 1.1.4322)"
192.30.202.15 - - [31/Mar/2009:11:48:33 -0400] "GET /avatars/0000/0001/pic_nik_thumb.jpg?1237573168 HTTP/1.0" 200 5862 "http://www.gardinerconsultation.ca/topics/show/14" "Mozilla/4.0 (compatible; MSIE 6.0; Windows NT 5.1; SV1; .NET CLR 1.1.4322)"
206.130.173.55 - - [31/Mar/2009:11:48:49 -0400] "GET / HTTP/1.1" 200 17979 "-" "Mozilla/4.0 (compatible; MSIE 6.0; Windows NT 5.1; SV1; .NET CLR 1.1.4322)"
206.130.173.55 - - [31/Mar/2009:11:48:49 -0400] "GET /images/pagebackground-blue.jpg?1237554466 HTTP/1.1" 200 17383 "http://www.gardinerconsultation.ca/" "Mozilla/4.0 (compatible; MSIE 6.0; Windows NT 5.1; SV1; .NET CLR 1.1.4322)"
192.30.202.15 - - [31/Mar/2009:11:48:52 -0400] "GET /topics/show/21 HTTP/1.0" 200 21572 "http://www.gardinerconsultation.ca/topics/show/14" "Mozilla/4.0 (compatible; MSIE 6.0; Windows NT 5.1; SV1; .NET CLR 1.1.4322)"
192.30.202.15 - - [31/Mar/2009:11:48:53 -0400] "GET /javascripts/base_1236178901.js HTTP/1.0" 200 71794 "http://www.gardinerconsultation.ca/topics/show/21" "Mozilla/4.0 (compatible; MSIE 6.0; Windows NT 5.1; SV1; .NET CLR 1.1.4322)"
192.30.202.15 - - [31/Mar/2009:11:48:53 -0400] "GET /images/WT_logo.gif?1236965760 HTTP/1.0" 200 4708 "http://www.gardinerconsultation.ca/topics/show/21" "Mozilla/4.0 (compatible; MSIE 6.0; Windows NT 5.1; SV1; .NET CLR 1.1.4322)"
192.30.202.15 - - [31/Mar/2009:11:48:53 -0400] "GET /images/pagebackground-blue.jpg?1237554466 HTTP/1.0" 200 17383 "http://www.gardinerconsultation.ca/topics/show/21" "Mozilla/4.0 (compatible; MSIE 6.0; Windows NT 5.1; SV1; .NET CLR 1.1.4322)"
192.30.202.15 - - [31/Mar/2009:11:48:53 -0400] "GET /avatars/0000/0001/pic_nik_thumb.jpg?1237573168 HTTP/1.0" 200 5862 "http://www.gardinerconsultation.ca/topics/show/21" "Mozilla/4.0 (compatible; MSIE 6.0; Windows NT 5.1; SV1; .NET CLR 1.1.4322)"
192.30.202.15 - - [31/Mar/2009:11:49:02 -0400] "POST /talk/mark/42 HTTP/1.0" 201 1 "http://www.gardinerconsultation.ca/topics/show/21" "Mozilla/4.0 (compatible; MSIE 6.0; Windows NT 5.1; SV1; .NET CLR 1.1.4322)"
206.130.173.55 - - [31/Mar/2009:11:49:03 -0400] "GET /topics/show/20 HTTP/1.1" 200 13296 "http://www.gardinerconsultation.ca/" "Mozilla/4.0 (compatible; MSIE 6.0; Windows NT 5.1; SV1; .NET CLR 1.1.4322)"
206.130.173.55 - - [31/Mar/2009:11:49:20 -0400] "GET / HTTP/1.1" 200 17979 "http://www.gardinerconsultation.ca/topics/show/20" "Mozilla/4.0 (compatible; MSIE 6.0; Windows NT 5.1; SV1; .NET CLR 1.1.4322)"
206.130.173.55 - - [31/Mar/2009:11:49:34 -0400] "GET /topics/show/15 HTTP/1.1" 200 43555 "http://www.gardinerconsultation.ca/" "Mozilla/4.0 (compatible; MSIE 6.0; Windows NT 5.1; SV1; .NET CLR 1.1.4322)"
192.30.202.15 - - [31/Mar/2009:11:49:36 -0400] "POST /rater/create/comment_rating/42 HTTP/1.0" 200 160 "http://www.gardinerconsultation.ca/topics/show/21" "Mozilla/4.0 (compatible; MSIE 6.0; Windows NT 5.1; SV1; .NET CLR 1.1.4322)"
192.30.202.15 - - [31/Mar/2009:11:49:44 -0400] "POST /talk/mark/16 HTTP/1.0" 201 1 "http://www.gardinerconsultation.ca/topics/show/21" "Mozilla/4.0 (compatible; MSIE 6.0; Windows NT 5.1; SV1; .NET CLR 1.1.4322)"
192.30.202.15 - - [31/Mar/2009:11:49:50 -0400] "POST /rater/create/comment_rating/16 HTTP/1.0" 200 160 "http://www.gardinerconsultation.ca/topics/show/21" "Mozilla/4.0 (compatible; MSIE 6.0; Windows NT 5.1; SV1; .NET CLR 1.1.4322)"
192.30.202.15 - - [31/Mar/2009:11:50:29 -0400] "GET / HTTP/1.0" 200 13012 "http://www.gardinerconsultation.ca/topics/show/21" "Mozilla/4.0 (compatible; MSIE 6.0; Windows NT 5.1; SV1; .NET CLR 1.1.4322)"
192.30.202.15 - - [31/Mar/2009:11:50:30 -0400] "GET /javascripts/base_1236178901.js HTTP/1.0" 200 47794 "http://www.gardinerconsultation.ca/" "Mozilla/4.0 (compatible; MSIE 6.0; Windows NT 5.1; SV1; .NET CLR 1.1.4322)"
192.30.202.15 - - [31/Mar/2009:11:50:30 -0400] "GET /images/WT_logo.gif?1236965760 HTTP/1.0" 200 4708 "http://www.gardinerconsultation.ca/" "Mozilla/4.0 (compatible; MSIE 6.0; Windows NT 5.1; SV1; .NET CLR 1.1.4322)"
192.30.202.15 - - [31/Mar/2009:11:50:30 -0400] "GET /images/pagebackground-blue.jpg?1237554466 HTTP/1.0" 200 17383 "http://www.gardinerconsultation.ca/" "Mozilla/4.0 (compatible; MSIE 6.0; Windows NT 5.1; SV1; .NET CLR 1.1.4322)"
192.30.202.15 - - [31/Mar/2009:11:50:38 -0400] "GET /topics/show/15 HTTP/1.0" 200 38614 "http://www.gardinerconsultation.ca/" "Mozilla/4.0 (compatible; MSIE 6.0; Windows NT 5.1; SV1; .NET CLR 1.1.4322)"
192.30.202.15 - - [31/Mar/2009:11:50:38 -0400] "GET /javascripts/base_1236178901.js HTTP/1.0" 200 97264 "http://www.gardinerconsultation.ca/topics/show/15" "Mozilla/4.0 (compatible; MSIE 6.0; Windows NT 5.1; SV1; .NET CLR 1.1.4322)"
192.30.202.15 - - [31/Mar/2009:11:50:38 -0400] "GET /images/WT_logo.gif?1236965760 HTTP/1.0" 200 4708 "http://www.gardinerconsultation.ca/topics/show/15" "Mozilla/4.0 (compatible; MSIE 6.0; Windows NT 5.1; SV1; .NET CLR 1.1.4322)"
192.30.202.15 - - [31/Mar/2009:11:50:38 -0400] "GET /images/pagebackground-blue.jpg?1237554466 HTTP/1.0" 200 17383 "http://www.gardinerconsultation.ca/topics/show/15" "Mozilla/4.0 (compatible; MSIE 6.0; Windows NT 5.1; SV1; .NET CLR 1.1.4322)"
192.30.202.15 - - [31/Mar/2009:11:50:38 -0400] "GET /avatars/0000/0001/pic_nik_thumb.jpg?1237573168 HTTP/1.0" 200 5862 "http://www.gardinerconsultation.ca/topics/show/15" "Mozilla/4.0 (compatible; MSIE 6.0; Windows NT 5.1; SV1; .NET CLR 1.1.4322)"
192.30.202.15 - - [31/Mar/2009:11:50:42 -0400] "POST /topic/15/talk/new?parent_id=0 HTTP/1.0" 200 1163 "http://www.gardinerconsultation.ca/topics/show/15" "Mozilla/4.0 (compatible; MSIE 6.0; Windows NT 5.1; SV1; .NET CLR 1.1.4322)"
206.130.173.55 - - [31/Mar/2009:11:53:00 -0400] "GET / HTTP/1.1" 200 17979 "http://www.waterfrontoronto.ca/index.php?home=true" "Mozilla/4.0 (compatible; MSIE 6.0; Windows NT 5.1; SV1; .NET CLR 1.1.4322)"
67.195.37.107 - - [31/Mar/2009:11:54:16 -0400] "GET /robots.txt HTTP/1.0" 200 99 "-" "Mozilla/5.0 (compatible; Yahoo! Slurp; http://help.yahoo.com/help/us/ysearch/slurp)"
67.195.37.107 - - [31/Mar/2009:11:54:17 -0400] "GET / HTTP/1.0" 200 17979 "-" "Mozilla/5.0 (compatible; Yahoo! Slurp/3.0; http://help.yahoo.com/help/us/ysearch/slurp)"
67.195.37.107 - - [31/Mar/2009:11:54:17 -0400] "GET /stylesheets/styles.css HTTP/1.0" 200 12376 "http://www.gardinerconsultation.ca/" "Mozilla/5.0 (compatible; Yahoo! Slurp/3.0; http://help.yahoo.com/help/us/ysearch/slurp)"
67.195.37.107 - - [31/Mar/2009:11:54:18 -0400] "GET /stylesheets/reset.css HTTP/1.0" 200 519 "http://www.gardinerconsultation.ca/" "Mozilla/5.0 (compatible; Yahoo! Slurp/3.0; http://help.yahoo.com/help/us/ysearch/slurp)"
67.195.37.107 - - [31/Mar/2009:11:54:19 -0400] "GET /stylesheets/lightview.css HTTP/1.0" 200 7844 "http://www.gardinerconsultation.ca/" "Mozilla/5.0 (compatible; Yahoo! Slurp/3.0; http://help.yahoo.com/help/us/ysearch/slurp)"
67.195.37.107 - - [31/Mar/2009:11:54:19 -0400] "GET /stylesheets/anylinkcssmenu.css HTTP/1.0" 200 1433 "http://www.gardinerconsultation.ca/" "Mozilla/5.0 (compatible; Yahoo! Slurp/3.0; http://help.yahoo.com/help/us/ysearch/slurp)"
216.154.161.253 - - [31/Mar/2009:11:57:03 -0400] "POST /rater/create/material_informative_rating/13 HTTP/1.1" 200 201 "http://www.gardinerconsultation.ca/viewer/header/13" "Mozilla/4.0 (compatible; MSIE 7.0; Windows NT 5.1; GTB5; .NET CLR 1.1.4322)"
99.254.97.197 - - [31/Mar/2009:11:57:46 -0400] "GET /topics/show/14 HTTP/1.1" 200 43939 "http://www.gardinerconsultation.ca/" "Mozilla/4.0 (compatible; MSIE 7.0; Windows NT 5.1; .NET CLR 2.0.50727)"
99.254.97.197 - - [31/Mar/2009:11:57:46 -0400] "GET /images/arrow.gif HTTP/1.1" 304 - "http://www.gardinerconsultation.ca/topics/show/14" "Mozilla/4.0 (compatible; MSIE 7.0; Windows NT 5.1; .NET CLR 2.0.50727)"
99.254.97.197 - - [31/Mar/2009:11:57:46 -0400] "GET /avatars/0000/0001/pic_nik_thumb.jpg?1237573168 HTTP/1.1" 304 - "http://www.gardinerconsultation.ca/topics/show/14" "Mozilla/4.0 (compatible; MSIE 7.0; Windows NT 5.1; .NET CLR 2.0.50727)"
192.30.202.15 - - [31/Mar/2009:11:58:36 -0400] "POST /topic/15/talk/preview HTTP/1.0" 200 7840 "http://www.gardinerconsultation.ca/topics/show/15" "Mozilla/4.0 (compatible; MSIE 6.0; Windows NT 5.1; SV1; .NET CLR 1.1.4322)"
192.30.202.15 - - [31/Mar/2009:11:58:41 -0400] "POST /topic/15/talk/create HTTP/1.0" 200 5872 "http://www.gardinerconsultation.ca/topics/show/15" "Mozilla/4.0 (compatible; MSIE 6.0; Windows NT 5.1; SV1; .NET CLR 1.1.4322)"
192.30.202.15 - - [31/Mar/2009:11:58:56 -0400] "POST /talk/mark/44 HTTP/1.0" 201 1 "http://www.gardinerconsultation.ca/topics/show/15" "Mozilla/4.0 (compatible; MSIE 6.0; Windows NT 5.1; SV1; .NET CLR 1.1.4322)"
192.30.202.15 - - [31/Mar/2009:11:59:17 -0400] "POST /rater/create/comment_rating/44 HTTP/1.0" 200 169 "http://www.gardinerconsultation.ca/topics/show/15" "Mozilla/4.0 (compatible; MSIE 6.0; Windows NT 5.1; SV1; .NET CLR 1.1.4322)"
141.117.164.134 - - [31/Mar/2009:11:59:19 -0400] "GET / HTTP/1.1" 200 17979 "http://mail.google.com/mail/?ui=2&view=bsp&ver=1qygpcgurkovy" "Mozilla/5.0 (Windows; U; Windows NT 6.0; en-US; rv:1.9.0.8) Gecko/2009032609 Firefox/3.0.8 GTB5"
141.117.164.134 - - [31/Mar/2009:11:59:19 -0400] "GET /stylesheets/styles.css HTTP/1.1" 200 12376 "http://www.gardinerconsultation.ca/" "Mozilla/5.0 (Windows; U; Windows NT 6.0; en-US; rv:1.9.0.8) Gecko/2009032609 Firefox/3.0.8 GTB5"
141.117.164.134 - - [31/Mar/2009:11:59:19 -0400] "GET /stylesheets/reset.css HTTP/1.1" 200 519 "http://www.gardinerconsultation.ca/" "Mozilla/5.0 (Windows; U; Windows NT 6.0; en-US; rv:1.9.0.8) Gecko/2009032609 Firefox/3.0.8 GTB5"
141.117.164.134 - - [31/Mar/2009:11:59:19 -0400] "GET /stylesheets/lightview.css HTTP/1.1" 200 7844 "http://www.gardinerconsultation.ca/" "Mozilla/5.0 (Windows; U; Windows NT 6.0; en-US; rv:1.9.0.8) Gecko/2009032609 Firefox/3.0.8 GTB5"
141.117.164.134 - - [31/Mar/2009:11:59:19 -0400] "GET /javascripts/base_1236178901.js HTTP/1.1" 200 97264 "http://www.gardinerconsultation.ca/" "Mozilla/5.0 (Windows; U; Windows NT 6.0; en-US; rv:1.9.0.8) Gecko/2009032609 Firefox/3.0.8 GTB5"
141.117.164.134 - - [31/Mar/2009:11:59:20 -0400] "GET /stylesheets/anylinkcssmenu.css HTTP/1.1" 200 1433 "http://www.gardinerconsultation.ca/" "Mozilla/5.0 (Windows; U; Windows NT 6.0; en-US; rv:1.9.0.8) Gecko/2009032609 Firefox/3.0.8 GTB5"
141.117.164.134 - - [31/Mar/2009:11:59:20 -0400] "GET /javascripts/anylinkcssmenu.js HTTP/1.1" 200 8203 "http://www.gardinerconsultation.ca/" "Mozilla/5.0 (Windows; U; Windows NT 6.0; en-US; rv:1.9.0.8) Gecko/2009032609 Firefox/3.0.8 GTB5"
141.117.164.134 - - [31/Mar/2009:11:59:20 -0400] "GET /images/bg.gif HTTP/1.1" 200 972 "http://www.gardinerconsultation.ca/stylesheets/styles.css" "Mozilla/5.0 (Windows; U; Windows NT 6.0; en-US; rv:1.9.0.8) Gecko/2009032609 Firefox/3.0.8 GTB5"
141.117.164.134 - - [31/Mar/2009:11:59:20 -0400] "GET /images/WT_logo.gif?1236965760 HTTP/1.1" 200 4708 "http://www.gardinerconsultation.ca/" "Mozilla/5.0 (Windows; U; Windows NT 6.0; en-US; rv:1.9.0.8) Gecko/2009032609 Firefox/3.0.8 GTB5"
141.117.164.134 - - [31/Mar/2009:11:59:20 -0400] "GET /images/pagebackground-blue.jpg?1237554466 HTTP/1.1" 200 17383 "http://www.gardinerconsultation.ca/" "Mozilla/5.0 (Windows; U; Windows NT 6.0; en-US; rv:1.9.0.8) Gecko/2009032609 Firefox/3.0.8 GTB5"
141.117.164.134 - - [31/Mar/2009:11:59:20 -0400] "GET /images/star.png HTTP/1.1" 200 795 "http://www.gardinerconsultation.ca/" "Mozilla/5.0 (Windows; U; Windows NT 6.0; en-US; rv:1.9.0.8) Gecko/2009032609 Firefox/3.0.8 GTB5"
141.117.164.134 - - [31/Mar/2009:11:59:20 -0400] "GET /images/bg_bannerGradient.jpg HTTP/1.1" 200 420 "http://www.gardinerconsultation.ca/stylesheets/styles.css" "Mozilla/5.0 (Windows; U; Windows NT 6.0; en-US; rv:1.9.0.8) Gecko/2009032609 Firefox/3.0.8 GTB5"
141.117.164.134 - - [31/Mar/2009:11:59:20 -0400] "GET /images/navbg.gif HTTP/1.1" 200 270 "http://www.gardinerconsultation.ca/stylesheets/styles.css" "Mozilla/5.0 (Windows; U; Windows NT 6.0; en-US; rv:1.9.0.8) Gecko/2009032609 Firefox/3.0.8 GTB5"
141.117.164.134 - - [31/Mar/2009:11:59:20 -0400] "GET /images/footerbg.gif HTTP/1.1" 200 14497 "http://www.gardinerconsultation.ca/stylesheets/styles.css" "Mozilla/5.0 (Windows; U; Windows NT 6.0; en-US; rv:1.9.0.8) Gecko/2009032609 Firefox/3.0.8 GTB5"
192.30.202.15 - - [31/Mar/2009:11:59:21 -0400] "POST /talk/mark/29 HTTP/1.0" 201 1 "http://www.gardinerconsultation.ca/topics/show/15" "Mozilla/4.0 (compatible; MSIE 6.0; Windows NT 5.1; SV1; .NET CLR 1.1.4322)"
141.117.164.134 - - [31/Mar/2009:11:59:20 -0400] "GET /images/headerbg_blue.jpg HTTP/1.1" 200 15448 "http://www.gardinerconsultation.ca/stylesheets/styles.css" "Mozilla/5.0 (Windows; U; Windows NT 6.0; en-US; rv:1.9.0.8) Gecko/2009032609 Firefox/3.0.8 GTB5"
141.117.164.134 - - [31/Mar/2009:11:59:23 -0400] "GET /favicon.ico HTTP/1.1" 200 - "-" "Mozilla/5.0 (Windows; U; Windows NT 6.0; en-US; rv:1.9.0.8) Gecko/2009032609 Firefox/3.0.8 GTB5"
38.99.151.38 - - [31/Mar/2009:11:59:41 -0400] "GET / HTTP/1.1" 200 17979 "http://ca.mc541.mail.yahoo.com/mc/showMessage?fid=Inbox&sort=date&order=down&startMid=0&.rand=1268750357&da=0&midIndex=2&mid=1_3276392_APMlvs4AABXNSdI1MwQAazUY%2Fx0&prevMid=1_3276901_AOwlvs4AAIQMSdI42AIjHXHidEg&nextMid=1_3275579_APAlvs4AAAbJSdIyvAyCzA0XQ5I&m=1_3277477_APUlvs4AAXHjSdI6hQWn6Wev8QA,1_3276901_AOwlvs4AAIQMSdI42AIjHXHidEg,1_3276392_APMlvs4AABXNSdI1MwQAazUY%2Fx0,1_3275579_APAlvs4AAAbJSdIyvAyCzA0XQ5I,1_3275131_ADInvs4AAQxoSdIoOgDyWTD9Gck,1_3274579_ADEnvs4AAKtnSdIH7Ah7xy04Ov4,1_3274039_APIlvs4AAQIvSdHFxQ2gB1wOpxg,1_3273348_AO4lvs4AAHA8SdGeqQGOiTgOIGU," "Mozilla/4.0 (compatible; MSIE 7.0; Windows NT 5.1; .NET CLR 1.1.4322; .NET CLR 2.0.50727)"
38.99.151.38 - - [31/Mar/2009:11:59:41 -0400] "GET /stylesheets/reset.css HTTP/1.1" 200 519 "http://www.gardinerconsultation.ca/" "Mozilla/4.0 (compatible; MSIE 7.0; Windows NT 5.1; .NET CLR 1.1.4322; .NET CLR 2.0.50727)"
38.99.151.38 - - [31/Mar/2009:11:59:41 -0400] "GET /stylesheets/styles.css HTTP/1.1" 200 12376 "http://www.gardinerconsultation.ca/" "Mozilla/4.0 (compatible; MSIE 7.0; Windows NT 5.1; .NET CLR 1.1.4322; .NET CLR 2.0.50727)"
38.99.151.38 - - [31/Mar/2009:11:59:41 -0400] "GET /stylesheets/lightview.css HTTP/1.1" 200 7844 "http://www.gardinerconsultation.ca/" "Mozilla/4.0 (compatible; MSIE 7.0; Windows NT 5.1; .NET CLR 1.1.4322; .NET CLR 2.0.50727)"
38.99.151.38 - - [31/Mar/2009:11:59:41 -0400] "GET /javascripts/base_1236178901.js HTTP/1.1" 200 97264 "http://www.gardinerconsultation.ca/" "Mozilla/4.0 (compatible; MSIE 7.0; Windows NT 5.1; .NET CLR 1.1.4322; .NET CLR 2.0.50727)"
38.99.151.38 - - [31/Mar/2009:11:59:42 -0400] "GET /stylesheets/anylinkcssmenu.css HTTP/1.1" 200 1433 "http://www.gardinerconsultation.ca/" "Mozilla/4.0 (compatible; MSIE 7.0; Windows NT 5.1; .NET CLR 1.1.4322; .NET CLR 2.0.50727)"
38.99.151.38 - - [31/Mar/2009:11:59:42 -0400] "GET /javascripts/anylinkcssmenu.js HTTP/1.1" 200 8203 "http://www.gardinerconsultation.ca/" "Mozilla/4.0 (compatible; MSIE 7.0; Windows NT 5.1; .NET CLR 1.1.4322; .NET CLR 2.0.50727)"
38.99.151.38 - - [31/Mar/2009:11:59:42 -0400] "GET /images/WT_logo.gif?1236965760 HTTP/1.1" 200 4708 "http://www.gardinerconsultation.ca/" "Mozilla/4.0 (compatible; MSIE 7.0; Windows NT 5.1; .NET CLR 1.1.4322; .NET CLR 2.0.50727)"
38.99.151.38 - - [31/Mar/2009:11:59:42 -0400] "GET /images/pagebackground-blue.jpg?1237554466 HTTP/1.1" 200 17383 "http://www.gardinerconsultation.ca/" "Mozilla/4.0 (compatible; MSIE 7.0; Windows NT 5.1; .NET CLR 1.1.4322; .NET CLR 2.0.50727)"
38.99.151.38 - - [31/Mar/2009:11:59:42 -0400] "GET /images/star.png HTTP/1.1" 200 795 "http://www.gardinerconsultation.ca/" "Mozilla/4.0 (compatible; MSIE 7.0; Windows NT 5.1; .NET CLR 1.1.4322; .NET CLR 2.0.50727)"
38.99.151.38 - - [31/Mar/2009:11:59:42 -0400] "GET /images/bg.gif HTTP/1.1" 200 972 "http://www.gardinerconsultation.ca/" "Mozilla/4.0 (compatible; MSIE 7.0; Windows NT 5.1; .NET CLR 1.1.4322; .NET CLR 2.0.50727)"
38.99.151.38 - - [31/Mar/2009:11:59:42 -0400] "GET /images/headerbg_blue.jpg HTTP/1.1" 200 15448 "http://www.gardinerconsultation.ca/" "Mozilla/4.0 (compatible; MSIE 7.0; Windows NT 5.1; .NET CLR 1.1.4322; .NET CLR 2.0.50727)"
38.99.151.38 - - [31/Mar/2009:11:59:42 -0400] "GET /images/navbg.gif HTTP/1.1" 200 270 "http://www.gardinerconsultation.ca/" "Mozilla/4.0 (compatible; MSIE 7.0; Windows NT 5.1; .NET CLR 1.1.4322; .NET CLR 2.0.50727)"
38.99.151.38 - - [31/Mar/2009:11:59:42 -0400] "GET /images/bg_bannerGradient.jpg HTTP/1.1" 200 420 "http://www.gardinerconsultation.ca/" "Mozilla/4.0 (compatible; MSIE 7.0; Windows NT 5.1; .NET CLR 1.1.4322; .NET CLR 2.0.50727)"
38.99.151.38 - - [31/Mar/2009:11:59:42 -0400] "GET /images/footerbg.gif HTTP/1.1" 200 14497 "http://www.gardinerconsultation.ca/" "Mozilla/4.0 (compatible; MSIE 7.0; Windows NT 5.1; .NET CLR 1.1.4322; .NET CLR 2.0.50727)"
192.30.202.15 - - [31/Mar/2009:11:59:54 -0400] "POST /talk/mark/28 HTTP/1.0" 201 1 "http://www.gardinerconsultation.ca/topics/show/15" "Mozilla/4.0 (compatible; MSIE 6.0; Windows NT 5.1; SV1; .NET CLR 1.1.4322)"
38.99.151.38 - - [31/Mar/2009:11:59:57 -0400] "GET /favicon.ico HTTP/1.1" 200 - "-" "Mozilla/4.0 (compatible; MSIE 7.0; Windows NT 5.1; .NET CLR 1.1.4322; .NET CLR 2.0.50727)"
141.117.164.134 - - [31/Mar/2009:12:00:01 -0400] "GET /topics/show/13?root=12 HTTP/1.1" 200 82663 "http://www.gardinerconsultation.ca/" "Mozilla/5.0 (Windows; U; Windows NT 6.0; en-US; rv:1.9.0.8) Gecko/2009032609 Firefox/3.0.8 GTB5"
141.117.164.134 - - [31/Mar/2009:12:00:02 -0400] "GET /images/arrow.gif HTTP/1.1" 200 97 "http://www.gardinerconsultation.ca/stylesheets/styles.css" "Mozilla/5.0 (Windows; U; Windows NT 6.0; en-US; rv:1.9.0.8) Gecko/2009032609 Firefox/3.0.8 GTB5"
141.117.164.134 - - [31/Mar/2009:12:00:02 -0400] "GET /avatars/0000/0001/pic_nik_thumb.jpg?1237573168 HTTP/1.1" 200 5862 "http://www.gardinerconsultation.ca/topics/show/13?root=12" "Mozilla/5.0 (Windows; U; Windows NT 6.0; en-US; rv:1.9.0.8) Gecko/2009032609 Firefox/3.0.8 GTB5"
141.117.164.134 - - [31/Mar/2009:12:00:03 -0400] "POST /talk/mark/12 HTTP/1.1" 201 1 "http://www.gardinerconsultation.ca/topics/show/13?root=12" "Mozilla/5.0 (Windows; U; Windows NT 6.0; en-US; rv:1.9.0.8) Gecko/2009032609 Firefox/3.0.8 GTB5"
207.35.8.250 - - [31/Mar/2009:12:00:15 -0400] "GET / HTTP/1.1" 200 17979 "-" "Mozilla/4.0 (compatible; MSIE 7.0; Windows NT 5.1; .NET CLR 1.1.4322; InfoPath.1)"
207.35.8.250 - - [31/Mar/2009:12:00:16 -0400] "GET /stylesheets/styles.css HTTP/1.1" 200 12376 "http://www.gardinerconsultation.ca/" "Mozilla/4.0 (compatible; MSIE 7.0; Windows NT 5.1; .NET CLR 1.1.4322; InfoPath.1)"
207.35.8.250 - - [31/Mar/2009:12:00:16 -0400] "GET /stylesheets/reset.css HTTP/1.1" 200 519 "http://www.gardinerconsultation.ca/" "Mozilla/4.0 (compatible; MSIE 7.0; Windows NT 5.1; .NET CLR 1.1.4322; InfoPath.1)"
207.35.8.250 - - [31/Mar/2009:12:00:16 -0400] "GET /stylesheets/lightview.css HTTP/1.1" 200 7844 "http://www.gardinerconsultation.ca/" "Mozilla/4.0 (compatible; MSIE 7.0; Windows NT 5.1; .NET CLR 1.1.4322; InfoPath.1)"
207.35.8.250 - - [31/Mar/2009:12:00:16 -0400] "GET /javascripts/base_1236178901.js HTTP/1.1" 200 97264 "http://www.gardinerconsultation.ca/" "Mozilla/4.0 (compatible; MSIE 7.0; Windows NT 5.1; .NET CLR 1.1.4322; InfoPath.1)"
207.35.8.250 - - [31/Mar/2009:12:00:17 -0400] "GET /stylesheets/anylinkcssmenu.css HTTP/1.1" 200 1433 "http://www.gardinerconsultation.ca/" "Mozilla/4.0 (compatible; MSIE 7.0; Windows NT 5.1; .NET CLR 1.1.4322; InfoPath.1)"
207.35.8.250 - - [31/Mar/2009:12:00:17 -0400] "GET /javascripts/anylinkcssmenu.js HTTP/1.1" 200 8203 "http://www.gardinerconsultation.ca/" "Mozilla/4.0 (compatible; MSIE 7.0; Windows NT 5.1; .NET CLR 1.1.4322; InfoPath.1)"
207.35.8.250 - - [31/Mar/2009:12:00:17 -0400] "GET /images/WT_logo.gif?1236965760 HTTP/1.1" 200 4708 "http://www.gardinerconsultation.ca/" "Mozilla/4.0 (compatible; MSIE 7.0; Windows NT 5.1; .NET CLR 1.1.4322; InfoPath.1)"
207.35.8.250 - - [31/Mar/2009:12:00:17 -0400] "GET /images/pagebackground-blue.jpg?1237554466 HTTP/1.1" 200 17383 "http://www.gardinerconsultation.ca/" "Mozilla/4.0 (compatible; MSIE 7.0; Windows NT 5.1; .NET CLR 1.1.4322; InfoPath.1)"
207.35.8.250 - - [31/Mar/2009:12:00:17 -0400] "GET /images/star.png HTTP/1.1" 200 795 "http://www.gardinerconsultation.ca/" "Mozilla/4.0 (compatible; MSIE 7.0; Windows NT 5.1; .NET CLR 1.1.4322; InfoPath.1)"
207.35.8.250 - - [31/Mar/2009:12:00:17 -0400] "GET /images/bg.gif HTTP/1.1" 200 972 "http://www.gardinerconsultation.ca/" "Mozilla/4.0 (compatible; MSIE 7.0; Windows NT 5.1; .NET CLR 1.1.4322; InfoPath.1)"
207.35.8.250 - - [31/Mar/2009:12:00:17 -0400] "GET /images/headerbg_blue.jpg HTTP/1.1" 200 15448 "http://www.gardinerconsultation.ca/" "Mozilla/4.0 (compatible; MSIE 7.0; Windows NT 5.1; .NET CLR 1.1.4322; InfoPath.1)"
207.35.8.250 - - [31/Mar/2009:12:00:17 -0400] "GET /images/navbg.gif HTTP/1.1" 200 270 "http://www.gardinerconsultation.ca/" "Mozilla/4.0 (compatible; MSIE 7.0; Windows NT 5.1; .NET CLR 1.1.4322; InfoPath.1)"
207.35.8.250 - - [31/Mar/2009:12:00:18 -0400] "GET /images/bg_bannerGradient.jpg HTTP/1.1" 200 420 "http://www.gardinerconsultation.ca/" "Mozilla/4.0 (compatible; MSIE 7.0; Windows NT 5.1; .NET CLR 1.1.4322; InfoPath.1)"
207.35.8.250 - - [31/Mar/2009:12:00:18 -0400] "GET /images/footerbg.gif HTTP/1.1" 200 14497 "http://www.gardinerconsultation.ca/" "Mozilla/4.0 (compatible; MSIE 7.0; Windows NT 5.1; .NET CLR 1.1.4322; InfoPath.1)"
207.35.8.250 - - [31/Mar/2009:12:00:24 -0400] "GET /favicon.ico HTTP/1.1" 200 - "-" "Mozilla/4.0 (compatible; MSIE 7.0; Windows NT 5.1; .NET CLR 1.1.4322; InfoPath.1)"
192.30.202.15 - - [31/Mar/2009:12:00:47 -0400] "POST /topic/15/talk/new?parent_id=28 HTTP/1.0" 200 1170 "http://www.gardinerconsultation.ca/topics/show/15" "Mozilla/4.0 (compatible; MSIE 6.0; Windows NT 5.1; SV1; .NET CLR 1.1.4322)"
141.117.164.134 - - [31/Mar/2009:12:01:26 -0400] "GET / HTTP/1.1" 200 17979 "http://www.gardinerconsultation.ca/topics/show/13?root=12" "Mozilla/5.0 (Windows; U; Windows NT 6.0; en-US; rv:1.9.0.8) Gecko/2009032609 Firefox/3.0.8 GTB5"
207.35.8.250 - - [31/Mar/2009:12:01:41 -0400] "GET /topics/show/19 HTTP/1.1" 200 14840 "http://www.gardinerconsultation.ca/" "Mozilla/4.0 (compatible; MSIE 7.0; Windows NT 5.1; .NET CLR 1.1.4322; InfoPath.1)"
141.117.164.134 - - [31/Mar/2009:12:01:43 -0400] "GET /topics/show/4 HTTP/1.1" 200 16297 "http://www.gardinerconsultation.ca/" "Mozilla/5.0 (Windows; U; Windows NT 6.0; en-US; rv:1.9.0.8) Gecko/2009032609 Firefox/3.0.8 GTB5"
141.117.164.134 - - [31/Mar/2009:12:01:46 -0400] "GET /topics/show/5 HTTP/1.1" 200 14573 "http://www.gardinerconsultation.ca/" "Mozilla/5.0 (Windows; U; Windows NT 6.0; en-US; rv:1.9.0.8) Gecko/2009032609 Firefox/3.0.8 GTB5"
207.35.8.250 - - [31/Mar/2009:12:02:15 -0400] "GET /topics/show/4 HTTP/1.1" 200 16297 "http://www.gardinerconsultation.ca/topics/show/19" "Mozilla/4.0 (compatible; MSIE 7.0; Windows NT 5.1; .NET CLR 1.1.4322; InfoPath.1)"
76.69.32.123 - - [31/Mar/2009:12:02:16 -0400] "GET /rss?lang=en HTTP/1.1" 200 12603 "-" "Mozilla/5.0 (Windows; U; Windows NT 5.1; en-US; rv:1.9.0.8) Gecko/2009032609 Firefox/3.0.8"
141.117.164.134 - - [31/Mar/2009:12:02:20 -0400] "GET /topics/show/14 HTTP/1.1" 200 43939 "http://www.gardinerconsultation.ca/topics/show/5" "Mozilla/5.0 (Windows; U; Windows NT 6.0; en-US; rv:1.9.0.8) Gecko/2009032609 Firefox/3.0.8 GTB5"
192.30.202.15 - - [31/Mar/2009:12:02:35 -0400] "POST /topic/15/talk/preview HTTP/1.0" 200 2088 "http://www.gardinerconsultation.ca/topics/show/15" "Mozilla/4.0 (compatible; MSIE 6.0; Windows NT 5.1; SV1; .NET CLR 1.1.4322)"
192.30.202.15 - - [31/Mar/2009:12:02:37 -0400] "POST /topic/15/talk/create HTTP/1.0" 200 2223 "http://www.gardinerconsultation.ca/topics/show/15" "Mozilla/4.0 (compatible; MSIE 6.0; Windows NT 5.1; SV1; .NET CLR 1.1.4322)"
66.249.73.230 - - [31/Mar/2009:12:02:42 -0400] "GET /topic/21/talk/new?parent_id=42 HTTP/1.1" 302 106 "-" "Mozilla/5.0 (compatible; Googlebot/2.1; +http://www.google.com/bot.html)"
192.30.202.15 - - [31/Mar/2009:12:02:46 -0400] "POST /talk/mark/22 HTTP/1.0" 201 1 "http://www.gardinerconsultation.ca/topics/show/15" "Mozilla/4.0 (compatible; MSIE 6.0; Windows NT 5.1; SV1; .NET CLR 1.1.4322)"
192.30.202.15 - - [31/Mar/2009:12:03:29 -0400] "POST /topic/15/talk/new?parent_id=22 HTTP/1.0" 200 1170 "http://www.gardinerconsultation.ca/topics/show/15" "Mozilla/4.0 (compatible; MSIE 6.0; Windows NT 5.1; SV1; .NET CLR 1.1.4322)"
99.254.97.197 - - [31/Mar/2009:12:03:37 -0400] "GET /topics/show/18 HTTP/1.1" 200 13553 "http://www.gardinerconsultation.ca/topics/show/14" "Mozilla/4.0 (compatible; MSIE 7.0; Windows NT 5.1; .NET CLR 2.0.50727)"
99.254.97.197 - - [31/Mar/2009:12:03:42 -0400] "GET /topics/show/5 HTTP/1.1" 200 14573 "http://www.gardinerconsultation.ca/topics/show/18" "Mozilla/4.0 (compatible; MSIE 7.0; Windows NT 5.1; .NET CLR 2.0.50727)"
99.254.97.197 - - [31/Mar/2009:12:03:59 -0400] "GET /topics/show/15 HTTP/1.1" 200 49853 "http://www.gardinerconsultation.ca/topics/show/5" "Mozilla/4.0 (compatible; MSIE 7.0; Windows NT 5.1; .NET CLR 2.0.50727)"
192.30.202.15 - - [31/Mar/2009:12:05:41 -0400] "POST /topic/15/talk/preview HTTP/1.0" 200 2275 "http://www.gardinerconsultation.ca/topics/show/15" "Mozilla/4.0 (compatible; MSIE 6.0; Windows NT 5.1; SV1; .NET CLR 1.1.4322)"
192.30.202.15 - - [31/Mar/2009:12:05:43 -0400] "POST /topic/15/talk/create HTTP/1.0" 200 2318 "http://www.gardinerconsultation.ca/topics/show/15" "Mozilla/4.0 (compatible; MSIE 6.0; Windows NT 5.1; SV1; .NET CLR 1.1.4322)"
192.30.202.15 - - [31/Mar/2009:12:05:49 -0400] "POST /talk/mark/15 HTTP/1.0" 201 1 "http://www.gardinerconsultation.ca/topics/show/15" "Mozilla/4.0 (compatible; MSIE 6.0; Windows NT 5.1; SV1; .NET CLR 1.1.4322)"
192.30.202.15 - - [31/Mar/2009:12:06:31 -0400] "POST /rater/create/comment_rating/15 HTTP/1.0" 200 160 "http://www.gardinerconsultation.ca/topics/show/15" "Mozilla/4.0 (compatible; MSIE 6.0; Windows NT 5.1; SV1; .NET CLR 1.1.4322)"
192.30.202.15 - - [31/Mar/2009:12:06:44 -0400] "POST /talk/mark/8 HTTP/1.0" 201 1 "http://www.gardinerconsultation.ca/topics/show/15" "Mozilla/4.0 (compatible; MSIE 6.0; Windows NT 5.1; SV1; .NET CLR 1.1.4322)"
192.30.202.15 - - [31/Mar/2009:12:07:11 -0400] "POST /rater/create/comment_rating/8 HTTP/1.0" 200 158 "http://www.gardinerconsultation.ca/topics/show/15" "Mozilla/4.0 (compatible; MSIE 6.0; Windows NT 5.1; SV1; .NET CLR 1.1.4322)"
192.30.202.15 - - [31/Mar/2009:12:07:14 -0400] "POST /topics/show_comments/15/8 HTTP/1.0" 200 3603 "http://www.gardinerconsultation.ca/topics/show/15" "Mozilla/4.0 (compatible; MSIE 6.0; Windows NT 5.1; SV1; .NET CLR 1.1.4322)"
207.35.8.250 - - [31/Mar/2009:12:09:40 -0400] "GET /stylesheets/styles.css HTTP/1.1" 304 - "http://www.gardinerconsultation.ca/topics/show/13" "Mozilla/4.0 (compatible; MSIE 7.0; Windows NT 5.1; .NET CLR 1.1.4322; InfoPath.1)"
207.35.8.250 - - [31/Mar/2009:12:09:40 -0400] "GET /stylesheets/reset.css HTTP/1.1" 304 - "http://www.gardinerconsultation.ca/topics/show/13" "Mozilla/4.0 (compatible; MSIE 7.0; Windows NT 5.1; .NET CLR 1.1.4322; InfoPath.1)"
207.35.8.250 - - [31/Mar/2009:12:09:40 -0400] "GET /stylesheets/lightview.css HTTP/1.1" 304 - "http://www.gardinerconsultation.ca/topics/show/13" "Mozilla/4.0 (compatible; MSIE 7.0; Windows NT 5.1; .NET CLR 1.1.4322; InfoPath.1)"
207.35.8.250 - - [31/Mar/2009:12:09:38 -0400] "GET /topics/show/13 HTTP/1.1" 200 79973 "http://www.gardinerconsultation.ca/topics/show/4" "Mozilla/4.0 (compatible; MSIE 7.0; Windows NT 5.1; .NET CLR 1.1.4322; InfoPath.1)"
207.35.8.250 - - [31/Mar/2009:12:09:41 -0400] "GET /javascripts/base_1236178901.js HTTP/1.1" 304 - "http://www.gardinerconsultation.ca/topics/show/13" "Mozilla/4.0 (compatible; MSIE 7.0; Windows NT 5.1; .NET CLR 1.1.4322; InfoPath.1)"
207.35.8.250 - - [31/Mar/2009:12:09:41 -0400] "GET /stylesheets/anylinkcssmenu.css HTTP/1.1" 304 - "http://www.gardinerconsultation.ca/topics/show/13" "Mozilla/4.0 (compatible; MSIE 7.0; Windows NT 5.1; .NET CLR 1.1.4322; InfoPath.1)"
207.35.8.250 - - [31/Mar/2009:12:09:41 -0400] "GET /javascripts/anylinkcssmenu.js HTTP/1.1" 304 - "http://www.gardinerconsultation.ca/topics/show/13" "Mozilla/4.0 (compatible; MSIE 7.0; Windows NT 5.1; .NET CLR 1.1.4322; InfoPath.1)"
207.35.8.250 - - [31/Mar/2009:12:09:42 -0400] "GET /images/WT_logo.gif?1236965760 HTTP/1.1" 304 - "http://www.gardinerconsultation.ca/topics/show/13" "Mozilla/4.0 (compatible; MSIE 7.0; Windows NT 5.1; .NET CLR 1.1.4322; InfoPath.1)"
207.35.8.250 - - [31/Mar/2009:12:09:42 -0400] "GET /images/pagebackground-blue.jpg?1237554466 HTTP/1.1" 304 - "http://www.gardinerconsultation.ca/topics/show/13" "Mozilla/4.0 (compatible; MSIE 7.0; Windows NT 5.1; .NET CLR 1.1.4322; InfoPath.1)"
207.35.8.250 - - [31/Mar/2009:12:09:42 -0400] "GET /images/bg.gif HTTP/1.1" 304 - "http://www.gardinerconsultation.ca/topics/show/13" "Mozilla/4.0 (compatible; MSIE 7.0; Windows NT 5.1; .NET CLR 1.1.4322; InfoPath.1)"
207.35.8.250 - - [31/Mar/2009:12:09:42 -0400] "GET /images/headerbg_blue.jpg HTTP/1.1" 304 - "http://www.gardinerconsultation.ca/topics/show/13" "Mozilla/4.0 (compatible; MSIE 7.0; Windows NT 5.1; .NET CLR 1.1.4322; InfoPath.1)"
207.35.8.250 - - [31/Mar/2009:12:09:43 -0400] "GET /images/arrow.gif HTTP/1.1" 200 97 "http://www.gardinerconsultation.ca/topics/show/13" "Mozilla/4.0 (compatible; MSIE 7.0; Windows NT 5.1; .NET CLR 1.1.4322; InfoPath.1)"
207.35.8.250 - - [31/Mar/2009:12:09:43 -0400] "GET /images/navbg.gif HTTP/1.1" 304 - "http://www.gardinerconsultation.ca/topics/show/13" "Mozilla/4.0 (compatible; MSIE 7.0; Windows NT 5.1; .NET CLR 1.1.4322; InfoPath.1)"
207.35.8.250 - - [31/Mar/2009:12:09:43 -0400] "GET /images/star.png HTTP/1.1" 304 - "http://www.gardinerconsultation.ca/topics/show/13" "Mozilla/4.0 (compatible; MSIE 7.0; Windows NT 5.1; .NET CLR 1.1.4322; InfoPath.1)"
207.35.8.250 - - [31/Mar/2009:12:09:43 -0400] "GET /avatars/0000/0001/pic_nik_thumb.jpg?1237573168 HTTP/1.1" 200 5862 "http://www.gardinerconsultation.ca/topics/show/13" "Mozilla/4.0 (compatible; MSIE 7.0; Windows NT 5.1; .NET CLR 1.1.4322; InfoPath.1)"
207.35.8.250 - - [31/Mar/2009:12:09:43 -0400] "GET /images/bg_bannerGradient.jpg HTTP/1.1" 304 - "http://www.gardinerconsultation.ca/topics/show/13" "Mozilla/4.0 (compatible; MSIE 7.0; Windows NT 5.1; .NET CLR 1.1.4322; InfoPath.1)"
207.35.8.250 - - [31/Mar/2009:12:09:43 -0400] "GET /images/footerbg.gif HTTP/1.1" 304 - "http://www.gardinerconsultation.ca/topics/show/13" "Mozilla/4.0 (compatible; MSIE 7.0; Windows NT 5.1; .NET CLR 1.1.4322; InfoPath.1)"
192.30.202.15 - - [31/Mar/2009:12:10:32 -0400] "GET /topics/show/15 HTTP/1.0" 200 42451 "http://www.gardinerconsultation.ca/" "Mozilla/4.0 (compatible; MSIE 6.0; Windows NT 5.1; SV1; .NET CLR 1.1.4322)"
192.30.202.15 - - [31/Mar/2009:12:10:33 -0400] "GET /stylesheets/styles.css HTTP/1.0" 200 12376 "http://www.gardinerconsultation.ca/topics/show/15" "Mozilla/4.0 (compatible; MSIE 6.0; Windows NT 5.1; SV1; .NET CLR 1.1.4322)"
192.30.202.15 - - [31/Mar/2009:12:10:33 -0400] "GET /stylesheets/styles-ie6.css HTTP/1.0" 200 129 "http://www.gardinerconsultation.ca/topics/show/15" "Mozilla/4.0 (compatible; MSIE 6.0; Windows NT 5.1; SV1; .NET CLR 1.1.4322)"
192.30.202.15 - - [31/Mar/2009:12:10:33 -0400] "GET /stylesheets/lightview.css HTTP/1.0" 200 7844 "http://www.gardinerconsultation.ca/topics/show/15" "Mozilla/4.0 (compatible; MSIE 6.0; Windows NT 5.1; SV1; .NET CLR 1.1.4322)"
192.30.202.15 - - [31/Mar/2009:12:10:33 -0400] "GET /stylesheets/reset.css HTTP/1.0" 200 519 "http://www.gardinerconsultation.ca/topics/show/15" "Mozilla/4.0 (compatible; MSIE 6.0; Windows NT 5.1; SV1; .NET CLR 1.1.4322)"
192.30.202.15 - - [31/Mar/2009:12:10:33 -0400] "GET /javascripts/base_1236178901.js HTTP/1.0" 200 97264 "http://www.gardinerconsultation.ca/topics/show/15" "Mozilla/4.0 (compatible; MSIE 6.0; Windows NT 5.1; SV1; .NET CLR 1.1.4322)"
192.30.202.15 - - [31/Mar/2009:12:10:33 -0400] "GET /stylesheets/anylinkcssmenu.css HTTP/1.0" 200 1433 "http://www.gardinerconsultation.ca/topics/show/15" "Mozilla/4.0 (compatible; MSIE 6.0; Windows NT 5.1; SV1; .NET CLR 1.1.4322)"
192.30.202.15 - - [31/Mar/2009:12:10:33 -0400] "GET /javascripts/anylinkcssmenu.js HTTP/1.0" 200 8203 "http://www.gardinerconsultation.ca/topics/show/15" "Mozilla/4.0 (compatible; MSIE 6.0; Windows NT 5.1; SV1; .NET CLR 1.1.4322)"
192.30.202.15 - - [31/Mar/2009:12:10:33 -0400] "GET /images/WT_logo.gif?1236965760 HTTP/1.0" 200 4708 "http://www.gardinerconsultation.ca/topics/show/15" "Mozilla/4.0 (compatible; MSIE 6.0; Windows NT 5.1; SV1; .NET CLR 1.1.4322)"
192.30.202.15 - - [31/Mar/2009:12:10:33 -0400] "GET /images/bg.gif HTTP/1.0" 200 972 "http://www.gardinerconsultation.ca/topics/show/15" "Mozilla/4.0 (compatible; MSIE 6.0; Windows NT 5.1; SV1; .NET CLR 1.1.4322)"
192.30.202.15 - - [31/Mar/2009:12:10:33 -0400] "GET /images/pagebackground-blue.jpg?1237554466 HTTP/1.0" 200 17383 "http://www.gardinerconsultation.ca/topics/show/15" "Mozilla/4.0 (compatible; MSIE 6.0; Windows NT 5.1; SV1; .NET CLR 1.1.4322)"
192.30.202.15 - - [31/Mar/2009:12:10:33 -0400] "GET /images/navbg.gif HTTP/1.0" 200 270 "http://www.gardinerconsultation.ca/topics/show/15" "Mozilla/4.0 (compatible; MSIE 6.0; Windows NT 5.1; SV1; .NET CLR 1.1.4322)"
192.30.202.15 - - [31/Mar/2009:12:10:33 -0400] "GET /images/arrow.gif HTTP/1.0" 200 97 "http://www.gardinerconsultation.ca/topics/show/15" "Mozilla/4.0 (compatible; MSIE 6.0; Windows NT 5.1; SV1; .NET CLR 1.1.4322)"
192.30.202.15 - - [31/Mar/2009:12:10:33 -0400] "GET /images/headerbg_blue.jpg HTTP/1.0" 200 15448 "http://www.gardinerconsultation.ca/topics/show/15" "Mozilla/4.0 (compatible; MSIE 6.0; Windows NT 5.1; SV1; .NET CLR 1.1.4322)"
192.30.202.15 - - [31/Mar/2009:12:10:34 -0400] "GET /avatars/0000/0001/pic_nik_thumb.jpg?1237573168 HTTP/1.0" 200 5862 "http://www.gardinerconsultation.ca/topics/show/15" "Mozilla/4.0 (compatible; MSIE 6.0; Windows NT 5.1; SV1; .NET CLR 1.1.4322)"
192.30.202.15 - - [31/Mar/2009:12:10:34 -0400] "GET /images/bg_bannerGradient.jpg HTTP/1.0" 200 420 "http://www.gardinerconsultation.ca/topics/show/15" "Mozilla/4.0 (compatible; MSIE 6.0; Windows NT 5.1; SV1; .NET CLR 1.1.4322)"
192.30.202.15 - - [31/Mar/2009:12:10:34 -0400] "GET /images/footerbg.gif HTTP/1.0" 200 14497 "http://www.gardinerconsultation.ca/topics/show/15" "Mozilla/4.0 (compatible; MSIE 6.0; Windows NT 5.1; SV1; .NET CLR 1.1.4322)"
192.30.202.15 - - [31/Mar/2009:12:10:34 -0400] "GET /images/bg.gif HTTP/1.0" 200 972 "http://www.gardinerconsultation.ca/topics/show/15" "Mozilla/4.0 (compatible; MSIE 6.0; Windows NT 5.1; SV1; .NET CLR 1.1.4322)"
192.30.202.15 - - [31/Mar/2009:12:10:34 -0400] "GET /images/headerbg_blue.jpg HTTP/1.0" 200 15448 "http://www.gardinerconsultation.ca/topics/show/15" "Mozilla/4.0 (compatible; MSIE 6.0; Windows NT 5.1; SV1; .NET CLR 1.1.4322)"
192.30.202.15 - - [31/Mar/2009:12:10:34 -0400] "GET /images/navbg.gif HTTP/1.0" 200 270 "http://www.gardinerconsultation.ca/topics/show/15" "Mozilla/4.0 (compatible; MSIE 6.0; Windows NT 5.1; SV1; .NET CLR 1.1.4322)"
192.30.202.15 - - [31/Mar/2009:12:10:34 -0400] "GET /images/arrow.gif HTTP/1.0" 200 97 "http://www.gardinerconsultation.ca/topics/show/15" "Mozilla/4.0 (compatible; MSIE 6.0; Windows NT 5.1; SV1; .NET CLR 1.1.4322)"
192.30.202.15 - - [31/Mar/2009:12:10:34 -0400] "GET /images/arrow.gif HTTP/1.0" 200 97 "http://www.gardinerconsultation.ca/topics/show/15" "Mozilla/4.0 (compatible; MSIE 6.0; Windows NT 5.1; SV1; .NET CLR 1.1.4322)"
192.30.202.15 - - [31/Mar/2009:12:10:34 -0400] "GET /images/arrow.gif HTTP/1.0" 200 97 "http://www.gardinerconsultation.ca/topics/show/15" "Mozilla/4.0 (compatible; MSIE 6.0; Windows NT 5.1; SV1; .NET CLR 1.1.4322)"
192.30.202.15 - - [31/Mar/2009:12:10:34 -0400] "GET /images/footerbg.gif HTTP/1.0" 200 14497 "http://www.gardinerconsultation.ca/topics/show/15" "Mozilla/4.0 (compatible; MSIE 6.0; Windows NT 5.1; SV1; .NET CLR 1.1.4322)"
192.30.202.15 - - [31/Mar/2009:12:10:34 -0400] "GET /images/arrow.gif HTTP/1.0" 200 97 "http://www.gardinerconsultation.ca/topics/show/15" "Mozilla/4.0 (compatible; MSIE 6.0; Windows NT 5.1; SV1; .NET CLR 1.1.4322)"
192.30.202.15 - - [31/Mar/2009:12:10:34 -0400] "GET /images/arrow.gif HTTP/1.0" 200 97 "http://www.gardinerconsultation.ca/topics/show/15" "Mozilla/4.0 (compatible; MSIE 6.0; Windows NT 5.1; SV1; .NET CLR 1.1.4322)"
192.30.202.15 - - [31/Mar/2009:12:10:34 -0400] "GET /images/arrow.gif HTTP/1.0" 200 97 "http://www.gardinerconsultation.ca/topics/show/15" "Mozilla/4.0 (compatible; MSIE 6.0; Windows NT 5.1; SV1; .NET CLR 1.1.4322)"
192.30.202.15 - - [31/Mar/2009:12:10:34 -0400] "GET /images/bg_bannerGradient.jpg HTTP/1.0" 200 420 "http://www.gardinerconsultation.ca/topics/show/15" "Mozilla/4.0 (compatible; MSIE 6.0; Windows NT 5.1; SV1; .NET CLR 1.1.4322)"
192.30.202.15 - - [31/Mar/2009:12:10:34 -0400] "GET /images/bg_bannerGradient.jpg HTTP/1.0" 200 420 "http://www.gardinerconsultation.ca/topics/show/15" "Mozilla/4.0 (compatible; MSIE 6.0; Windows NT 5.1; SV1; .NET CLR 1.1.4322)"
192.30.202.15 - - [31/Mar/2009:12:10:35 -0400] "GET /images/arrow.gif HTTP/1.0" 200 97 "http://www.gardinerconsultation.ca/topics/show/15" "Mozilla/4.0 (compatible; MSIE 6.0; Windows NT 5.1; SV1; .NET CLR 1.1.4322)"
192.30.202.15 - - [31/Mar/2009:12:10:35 -0400] "GET /images/arrow.gif HTTP/1.0" 200 97 "http://www.gardinerconsultation.ca/topics/show/15" "Mozilla/4.0 (compatible; MSIE 6.0; Windows NT 5.1; SV1; .NET CLR 1.1.4322)"
192.30.202.15 - - [31/Mar/2009:12:10:36 -0400] "GET /images/arrow.gif HTTP/1.0" 200 97 "http://www.gardinerconsultation.ca/topics/show/15" "Mozilla/4.0 (compatible; MSIE 6.0; Windows NT 5.1; SV1; .NET CLR 1.1.4322)"
192.30.202.15 - - [31/Mar/2009:12:10:36 -0400] "GET /images/arrow.gif HTTP/1.0" 200 97 "http://www.gardinerconsultation.ca/topics/show/15" "Mozilla/4.0 (compatible; MSIE 6.0; Windows NT 5.1; SV1; .NET CLR 1.1.4322)"
192.30.202.15 - - [31/Mar/2009:12:10:36 -0400] "GET /images/bg_bannerGradient.jpg HTTP/1.0" 200 420 "http://www.gardinerconsultation.ca/topics/show/15" "Mozilla/4.0 (compatible; MSIE 6.0; Windows NT 5.1; SV1; .NET CLR 1.1.4322)"
192.30.202.15 - - [31/Mar/2009:12:10:36 -0400] "GET /images/bg_bannerGradient.jpg HTTP/1.0" 200 420 "http://www.gardinerconsultation.ca/topics/show/15" "Mozilla/4.0 (compatible; MSIE 6.0; Windows NT 5.1; SV1; .NET CLR 1.1.4322)"
192.30.202.15 - - [31/Mar/2009:12:10:37 -0400] "GET /images/bg_bannerGradient.jpg HTTP/1.0" 200 420 "http://www.gardinerconsultation.ca/topics/show/15" "Mozilla/4.0 (compatible; MSIE 6.0; Windows NT 5.1; SV1; .NET CLR 1.1.4322)"
192.30.202.15 - - [31/Mar/2009:12:10:56 -0400] "POST /talk/mark/44 HTTP/1.0" 201 1 "http://www.gardinerconsultation.ca/topics/show/15" "Mozilla/4.0 (compatible; MSIE 6.0; Windows NT 5.1; SV1; .NET CLR 1.1.4322)"
192.30.202.15 - - [31/Mar/2009:12:11:23 -0400] "GET / HTTP/1.0" 200 13010 "http://www.gardinerconsultation.ca/topics/show/15" "Mozilla/4.0 (compatible; MSIE 6.0; Windows NT 5.1; SV1; .NET CLR 1.1.4322)"
192.30.202.15 - - [31/Mar/2009:12:11:23 -0400] "GET /javascripts/base_1236178901.js HTTP/1.0" 200 55794 "http://www.gardinerconsultation.ca/" "Mozilla/4.0 (compatible; MSIE 6.0; Windows NT 5.1; SV1; .NET CLR 1.1.4322)"
192.30.202.15 - - [31/Mar/2009:12:11:23 -0400] "GET /images/WT_logo.gif?1236965760 HTTP/1.0" 200 4708 "http://www.gardinerconsultation.ca/" "Mozilla/4.0 (compatible; MSIE 6.0; Windows NT 5.1; SV1; .NET CLR 1.1.4322)"
192.30.202.15 - - [31/Mar/2009:12:11:23 -0400] "GET /images/pagebackground-blue.jpg?1237554466 HTTP/1.0" 200 17383 "http://www.gardinerconsultation.ca/" "Mozilla/4.0 (compatible; MSIE 6.0; Windows NT 5.1; SV1; .NET CLR 1.1.4322)"
173.33.218.106 - - [31/Mar/2009:12:11:30 -0400] "GET / HTTP/1.1" 200 17977 "-" "Mozilla/4.0 (compatible; MSIE 7.0; Windows NT 5.1; GTB5; .NET CLR 1.1.4322; .NET CLR 2.0.50727)"
173.33.218.106 - - [31/Mar/2009:12:11:31 -0400] "GET /stylesheets/styles.css HTTP/1.1" 200 12376 "http://www.gardinerconsultation.ca/" "Mozilla/4.0 (compatible; MSIE 7.0; Windows NT 5.1; GTB5; .NET CLR 1.1.4322; .NET CLR 2.0.50727)"
173.33.218.106 - - [31/Mar/2009:12:11:31 -0400] "GET /stylesheets/reset.css HTTP/1.1" 200 519 "http://www.gardinerconsultation.ca/" "Mozilla/4.0 (compatible; MSIE 7.0; Windows NT 5.1; GTB5; .NET CLR 1.1.4322; .NET CLR 2.0.50727)"
173.33.218.106 - - [31/Mar/2009:12:11:31 -0400] "GET /stylesheets/lightview.css HTTP/1.1" 200 7844 "http://www.gardinerconsultation.ca/" "Mozilla/4.0 (compatible; MSIE 7.0; Windows NT 5.1; GTB5; .NET CLR 1.1.4322; .NET CLR 2.0.50727)"
173.33.218.106 - - [31/Mar/2009:12:11:31 -0400] "GET /javascripts/base_1236178901.js HTTP/1.1" 200 97264 "http://www.gardinerconsultation.ca/" "Mozilla/4.0 (compatible; MSIE 7.0; Windows NT 5.1; GTB5; .NET CLR 1.1.4322; .NET CLR 2.0.50727)"
173.33.218.106 - - [31/Mar/2009:12:11:32 -0400] "GET /stylesheets/anylinkcssmenu.css HTTP/1.1" 200 1433 "http://www.gardinerconsultation.ca/" "Mozilla/4.0 (compatible; MSIE 7.0; Windows NT 5.1; GTB5; .NET CLR 1.1.4322; .NET CLR 2.0.50727)"
173.33.218.106 - - [31/Mar/2009:12:11:32 -0400] "GET /javascripts/anylinkcssmenu.js HTTP/1.1" 200 8203 "http://www.gardinerconsultation.ca/" "Mozilla/4.0 (compatible; MSIE 7.0; Windows NT 5.1; GTB5; .NET CLR 1.1.4322; .NET CLR 2.0.50727)"
173.33.218.106 - - [31/Mar/2009:12:11:32 -0400] "GET /images/bg.gif HTTP/1.1" 200 972 "http://www.gardinerconsultation.ca/" "Mozilla/4.0 (compatible; MSIE 7.0; Windows NT 5.1; GTB5; .NET CLR 1.1.4322; .NET CLR 2.0.50727)"
173.33.218.106 - - [31/Mar/2009:12:11:32 -0400] "GET /images/WT_logo.gif?1236965760 HTTP/1.1" 200 4708 "http://www.gardinerconsultation.ca/" "Mozilla/4.0 (compatible; MSIE 7.0; Windows NT 5.1; GTB5; .NET CLR 1.1.4322; .NET CLR 2.0.50727)"
173.33.218.106 - - [31/Mar/2009:12:11:32 -0400] "GET /images/headerbg_blue.jpg HTTP/1.1" 200 15448 "http://www.gardinerconsultation.ca/" "Mozilla/4.0 (compatible; MSIE 7.0; Windows NT 5.1; GTB5; .NET CLR 1.1.4322; .NET CLR 2.0.50727)"
173.33.218.106 - - [31/Mar/2009:12:11:32 -0400] "GET /images/navbg.gif HTTP/1.1" 200 270 "http://www.gardinerconsultation.ca/" "Mozilla/4.0 (compatible; MSIE 7.0; Windows NT 5.1; GTB5; .NET CLR 1.1.4322; .NET CLR 2.0.50727)"
173.33.218.106 - - [31/Mar/2009:12:11:32 -0400] "GET /images/pagebackground-blue.jpg?1237554466 HTTP/1.1" 200 17383 "http://www.gardinerconsultation.ca/" "Mozilla/4.0 (compatible; MSIE 7.0; Windows NT 5.1; GTB5; .NET CLR 1.1.4322; .NET CLR 2.0.50727)"
173.33.218.106 - - [31/Mar/2009:12:11:32 -0400] "GET /images/bg_bannerGradient.jpg HTTP/1.1" 200 420 "http://www.gardinerconsultation.ca/" "Mozilla/4.0 (compatible; MSIE 7.0; Windows NT 5.1; GTB5; .NET CLR 1.1.4322; .NET CLR 2.0.50727)"
173.33.218.106 - - [31/Mar/2009:12:11:32 -0400] "GET /images/star.png HTTP/1.1" 200 795 "http://www.gardinerconsultation.ca/" "Mozilla/4.0 (compatible; MSIE 7.0; Windows NT 5.1; GTB5; .NET CLR 1.1.4322; .NET CLR 2.0.50727)"
173.33.218.106 - - [31/Mar/2009:12:11:32 -0400] "GET /images/footerbg.gif HTTP/1.1" 200 14497 "http://www.gardinerconsultation.ca/" "Mozilla/4.0 (compatible; MSIE 7.0; Windows NT 5.1; GTB5; .NET CLR 1.1.4322; .NET CLR 2.0.50727)"
173.33.218.106 - - [31/Mar/2009:12:11:33 -0400] "GET /favicon.ico HTTP/1.1" 200 - "-" "Mozilla/4.0 (compatible; MSIE 7.0; Windows NT 5.1; GTB5; .NET CLR 1.1.4322; .NET CLR 2.0.50727)"
207.35.8.250 - - [31/Mar/2009:12:11:35 -0400] "POST /login HTTP/1.1" 200 11779 "http://www.gardinerconsultation.ca/topics/show/13" "Mozilla/4.0 (compatible; MSIE 7.0; Windows NT 5.1; .NET CLR 1.1.4322; InfoPath.1)"
207.35.8.250 - - [31/Mar/2009:12:11:39 -0400] "GET /register HTTP/1.1" 200 12763 "http://www.gardinerconsultation.ca/login" "Mozilla/4.0 (compatible; MSIE 7.0; Windows NT 5.1; .NET CLR 1.1.4322; InfoPath.1)"
192.30.202.15 - - [31/Mar/2009:12:11:40 -0400] "GET /favicon.ico HTTP/1.0" 200 - "-" "Mozilla/4.0 (compatible; MSIE 6.0; Windows NT 5.1; SV1; .NET CLR 1.1.4322)"
173.33.218.106 - - [31/Mar/2009:12:12:04 -0400] "GET /topics/show/14 HTTP/1.1" 200 43939 "http://www.gardinerconsultation.ca/" "Mozilla/4.0 (compatible; MSIE 7.0; Windows NT 5.1; GTB5; .NET CLR 1.1.4322; .NET CLR 2.0.50727)"
207.35.8.250 - - [31/Mar/2009:12:12:05 -0400] "POST /register HTTP/1.1" 302 101 "http://www.gardinerconsultation.ca/register" "Mozilla/4.0 (compatible; MSIE 7.0; Windows NT 5.1; .NET CLR 1.1.4322; InfoPath.1)"
