99.247.115.198 - - [31/Mar/2009:11:03:42 -0400] "GET / HTTP/1.1" 200 13075 "http://by126w.bay126.mail.live.com/mail/InboxLight.aspx?FolderID=00000000-0000-0000-0000-000000000001&InboxSortAscending=False&InboxSortBy=Date&n=1076153328" "Mozilla/4.0 (compatible; MSIE 7.0; Windows NT 5.1; Mozilla/4.0 (compatible; MSIE 6.0; Windows NT 5.1; SV1) ; .NET CLR 1.1.4322; .NET CLR 2.0.50727; .NET CLR 3.0.04506.30; InfoPath.1)"
99.247.115.198 - - [31/Mar/2009:11:03:42 -0400] "GET /stylesheets/styles.css HTTP/1.1" 200 12376 "http://www.gardinerconsultation.ca/" "Mozilla/4.0 (compatible; MSIE 7.0; Windows NT 5.1; Mozilla/4.0 (compatible; MSIE 6.0; Windows NT 5.1; SV1) ; .NET CLR 1.1.4322; .NET CLR 2.0.50727; .NET CLR 3.0.04506.30; InfoPath.1)"
99.247.115.198 - - [31/Mar/2009:11:03:42 -0400] "GET /stylesheets/reset.css HTTP/1.1" 200 519 "http://www.gardinerconsultation.ca/" "Mozilla/4.0 (compatible; MSIE 7.0; Windows NT 5.1; Mozilla/4.0 (compatible; MSIE 6.0; Windows NT 5.1; SV1) ; .NET CLR 1.1.4322; .NET CLR 2.0.50727; .NET CLR 3.0.04506.30; InfoPath.1)"
99.247.115.198 - - [31/Mar/2009:11:03:42 -0400] "GET /stylesheets/lightview.css HTTP/1.1" 200 7844 "http://www.gardinerconsultation.ca/" "Mozilla/4.0 (compatible; MSIE 7.0; Windows NT 5.1; Mozilla/4.0 (compatible; MSIE 6.0; Windows NT 5.1; SV1) ; .NET CLR 1.1.4322; .NET CLR 2.0.50727; .NET CLR 3.0.04506.30; InfoPath.1)"
99.247.115.198 - - [31/Mar/2009:11:03:42 -0400] "GET /javascripts/base_1236178901.js HTTP/1.1" 200 97264 "http://www.gardinerconsultation.ca/" "Mozilla/4.0 (compatible; MSIE 7.0; Windows NT 5.1; Mozilla/4.0 (compatible; MSIE 6.0; Windows NT 5.1; SV1) ; .NET CLR 1.1.4322; .NET CLR 2.0.50727; .NET CLR 3.0.04506.30; InfoPath.1)"
99.247.115.198 - - [31/Mar/2009:11:03:42 -0400] "GET /stylesheets/anylinkcssmenu.css HTTP/1.1" 200 1433 "http://www.gardinerconsultation.ca/" "Mozilla/4.0 (compatible; MSIE 7.0; Windows NT 5.1; Mozilla/4.0 (compatible; MSIE 6.0; Windows NT 5.1; SV1) ; .NET CLR 1.1.4322; .NET CLR 2.0.50727; .NET CLR 3.0.04506.30; InfoPath.1)"
99.247.115.198 - - [31/Mar/2009:11:03:42 -0400] "GET /javascripts/anylinkcssmenu.js HTTP/1.1" 200 8203 "http://www.gardinerconsultation.ca/" "Mozilla/4.0 (compatible; MSIE 7.0; Windows NT 5.1; Mozilla/4.0 (compatible; MSIE 6.0; Windows NT 5.1; SV1) ; .NET CLR 1.1.4322; .NET CLR 2.0.50727; .NET CLR 3.0.04506.30; InfoPath.1)"
99.247.115.198 - - [31/Mar/2009:11:03:42 -0400] "GET /images/WT_logo.gif?1236965760 HTTP/1.1" 200 4708 "http://www.gardinerconsultation.ca/" "Mozilla/4.0 (compatible; MSIE 7.0; Windows NT 5.1; Mozilla/4.0 (compatible; MSIE 6.0; Windows NT 5.1; SV1) ; .NET CLR 1.1.4322; .NET CLR 2.0.50727; .NET CLR 3.0.04506.30; InfoPath.1)"
99.247.115.198 - - [31/Mar/2009:11:03:42 -0400] "GET /images/bg.gif HTTP/1.1" 200 972 "http://www.gardinerconsultation.ca/" "Mozilla/4.0 (compatible; MSIE 7.0; Windows NT 5.1; Mozilla/4.0 (compatible; MSIE 6.0; Windows NT 5.1; SV1) ; .NET CLR 1.1.4322; .NET CLR 2.0.50727; .NET CLR 3.0.04506.30; InfoPath.1)"
99.247.115.198 - - [31/Mar/2009:11:03:42 -0400] "GET /images/headerbg_blue.jpg HTTP/1.1" 200 15448 "http://www.gardinerconsultation.ca/" "Mozilla/4.0 (compatible; MSIE 7.0; Windows NT 5.1; Mozilla/4.0 (compatible; MSIE 6.0; Windows NT 5.1; SV1) ; .NET CLR 1.1.4322; .NET CLR 2.0.50727; .NET CLR 3.0.04506.30; InfoPath.1)"
99.247.115.198 - - [31/Mar/2009:11:03:42 -0400] "GET /images/pagebackground-blue.jpg?1237554466 HTTP/1.1" 200 17383 "http://www.gardinerconsultation.ca/" "Mozilla/4.0 (compatible; MSIE 7.0; Windows NT 5.1; Mozilla/4.0 (compatible; MSIE 6.0; Windows NT 5.1; SV1) ; .NET CLR 1.1.4322; .NET CLR 2.0.50727; .NET CLR 3.0.04506.30; InfoPath.1)"
99.247.115.198 - - [31/Mar/2009:11:03:42 -0400] "GET /images/footerbg.gif HTTP/1.1" 200 14497 "http://www.gardinerconsultation.ca/" "Mozilla/4.0 (compatible; MSIE 7.0; Windows NT 5.1; Mozilla/4.0 (compatible; MSIE 6.0; Windows NT 5.1; SV1) ; .NET CLR 1.1.4322; .NET CLR 2.0.50727; .NET CLR 3.0.04506.30; InfoPath.1)"
99.247.115.198 - - [31/Mar/2009:11:03:42 -0400] "GET /images/navbg.gif HTTP/1.1" 200 270 "http://www.gardinerconsultation.ca/" "Mozilla/4.0 (compatible; MSIE 7.0; Windows NT 5.1; Mozilla/4.0 (compatible; MSIE 6.0; Windows NT 5.1; SV1) ; .NET CLR 1.1.4322; .NET CLR 2.0.50727; .NET CLR 3.0.04506.30; InfoPath.1)"
99.247.115.198 - - [31/Mar/2009:11:03:42 -0400] "GET /images/bg_bannerGradient.jpg HTTP/1.1" 200 420 "http://www.gardinerconsultation.ca/" "Mozilla/4.0 (compatible; MSIE 7.0; Windows NT 5.1; Mozilla/4.0 (compatible; MSIE 6.0; Windows NT 5.1; SV1) ; .NET CLR 1.1.4322; .NET CLR 2.0.50727; .NET CLR 3.0.04506.30; InfoPath.1)"
209.183.143.99 - - [31/Mar/2009:11:03:43 -0400] "GET /topics/show/4 HTTP/1.1" 200 16297 "http://www.gardinerconsultation.ca/" "Mozilla/4.0 (compatible; MSIE 7.0; Windows NT 5.1; GTB5; .NET CLR 2.0.50727; .NET CLR 3.0.04506.30; .NET CLR 3.0.4506.2152; .NET CLR 3.5.30729)"
99.247.115.198 - - [31/Mar/2009:11:03:48 -0400] "GET /favicon.ico HTTP/1.1" 200 - "-" "Mozilla/4.0 (compatible; MSIE 7.0; Windows NT 5.1; Mozilla/4.0 (compatible; MSIE 6.0; Windows NT 5.1; SV1) ; .NET CLR 1.1.4322; .NET CLR 2.0.50727; .NET CLR 3.0.04506.30; InfoPath.1)"
99.247.115.198 - - [31/Mar/2009:11:04:00 -0400] "GET /topics/show/15 HTTP/1.1" 200 38614 "http://www.gardinerconsultation.ca/" "Mozilla/4.0 (compatible; MSIE 7.0; Windows NT 5.1; Mozilla/4.0 (compatible; MSIE 6.0; Windows NT 5.1; SV1) ; .NET CLR 1.1.4322; .NET CLR 2.0.50727; .NET CLR 3.0.04506.30; InfoPath.1)"
99.247.115.198 - - [31/Mar/2009:11:04:01 -0400] "GET /images/arrow.gif HTTP/1.1" 200 97 "http://www.gardinerconsultation.ca/topics/show/15" "Mozilla/4.0 (compatible; MSIE 7.0; Windows NT 5.1; Mozilla/4.0 (compatible; MSIE 6.0; Windows NT 5.1; SV1) ; .NET CLR 1.1.4322; .NET CLR 2.0.50727; .NET CLR 3.0.04506.30; InfoPath.1)"
99.247.115.198 - - [31/Mar/2009:11:04:01 -0400] "GET /avatars/0000/0001/pic_nik_thumb.jpg?1237573168 HTTP/1.1" 200 5862 "http://www.gardinerconsultation.ca/topics/show/15" "Mozilla/4.0 (compatible; MSIE 7.0; Windows NT 5.1; Mozilla/4.0 (compatible; MSIE 6.0; Windows NT 5.1; SV1) ; .NET CLR 1.1.4322; .NET CLR 2.0.50727; .NET CLR 3.0.04506.30; InfoPath.1)"
99.247.115.198 - - [31/Mar/2009:11:04:33 -0400] "GET /images/busy.gif HTTP/1.1" 200 2209 "http://www.gardinerconsultation.ca/topics/show/15" "Mozilla/4.0 (compatible; MSIE 7.0; Windows NT 5.1; Mozilla/4.0 (compatible; MSIE 6.0; Windows NT 5.1; SV1) ; .NET CLR 1.1.4322; .NET CLR 2.0.50727; .NET CLR 3.0.04506.30; InfoPath.1)"
99.247.115.198 - - [31/Mar/2009:11:04:33 -0400] "POST /topic/15/talk/new?parent_id=0 HTTP/1.1" 200 1163 "http://www.gardinerconsultation.ca/topics/show/15" "Mozilla/4.0 (compatible; MSIE 7.0; Windows NT 5.1; Mozilla/4.0 (compatible; MSIE 6.0; Windows NT 5.1; SV1) ; .NET CLR 1.1.4322; .NET CLR 2.0.50727; .NET CLR 3.0.04506.30; InfoPath.1)"
209.183.143.99 - - [31/Mar/2009:11:04:40 -0400] "GET /topics/show/18 HTTP/1.1" 200 13553 "http://www.gardinerconsultation.ca/topics/show/4" "Mozilla/4.0 (compatible; MSIE 7.0; Windows NT 5.1; GTB5; .NET CLR 2.0.50727; .NET CLR 3.0.04506.30; .NET CLR 3.0.4506.2152; .NET CLR 3.5.30729)"
76.69.32.123 - - [31/Mar/2009:11:04:47 -0400] "GET /rss?lang=en HTTP/1.1" 200 12603 "-" "Mozilla/5.0 (Windows; U; Windows NT 5.1; en-US; rv:1.9.0.8) Gecko/2009032609 Firefox/3.0.8"
209.183.143.99 - - [31/Mar/2009:11:04:48 -0400] "GET / HTTP/1.1" 200 17985 "http://www.gardinerconsultation.ca/topics/show/18" "Mozilla/4.0 (compatible; MSIE 7.0; Windows NT 5.1; GTB5; .NET CLR 2.0.50727; .NET CLR 3.0.04506.30; .NET CLR 3.0.4506.2152; .NET CLR 3.5.30729)"
209.183.143.99 - - [31/Mar/2009:11:05:49 -0400] "GET /topics/show/17 HTTP/1.1" 200 13166 "http://www.gardinerconsultation.ca/" "Mozilla/4.0 (compatible; MSIE 7.0; Windows NT 5.1; GTB5; .NET CLR 2.0.50727; .NET CLR 3.0.04506.30; .NET CLR 3.0.4506.2152; .NET CLR 3.5.30729)"
206.130.173.56 - - [31/Mar/2009:11:12:19 -0400] "GET /why_register HTTP/1.1" 200 13090 "http://www.gardinerconsultation.ca/topics/show/4" "Mozilla/4.0 (compatible; MSIE 6.0; Windows NT 5.1; SV1; .NET CLR 1.1.4322)"
206.130.173.56 - - [31/Mar/2009:11:13:01 -0400] "GET /privacy_policy HTTP/1.1" 200 14707 "http://www.gardinerconsultation.ca/why_register" "Mozilla/4.0 (compatible; MSIE 6.0; Windows NT 5.1; SV1; .NET CLR 1.1.4322)"
220.181.32.22 - - [31/Mar/2009:11:14:21 -0400] "GET / HTTP/1.1" 200 15655 "-" "Baiduspider+(+http://www.baidu.com/search/spider.htm)"
206.130.173.56 - - [31/Mar/2009:11:15:05 -0400] "GET /why_register HTTP/1.1" 200 13090 "http://www.gardinerconsultation.ca/topics/show/4" "Mozilla/4.0 (compatible; MSIE 6.0; Windows NT 5.1; SV1; .NET CLR 1.1.4322)"
206.130.173.56 - - [31/Mar/2009:11:15:10 -0400] "GET /topics/show/4 HTTP/1.1" 200 16297 "http://www.gardinerconsultation.ca/" "Mozilla/4.0 (compatible; MSIE 6.0; Windows NT 5.1; SV1; .NET CLR 1.1.4322)"
199.243.212.98 - - [31/Mar/2009:11:15:12 -0400] "GET / HTTP/1.1" 200 17985 "-" "Mozilla/5.0 (Macintosh; U; PPC Mac OS X 10_4_11; en-us) AppleWebKit/525.27.1 (KHTML, like Gecko) Version/3.2.1 Safari/525.27.1"
199.243.212.98 - - [31/Mar/2009:11:15:13 -0400] "GET /stylesheets/styles.css HTTP/1.1" 200 12376 "http://www.gardinerconsultation.ca/" "Mozilla/5.0 (Macintosh; U; PPC Mac OS X 10_4_11; en-us) AppleWebKit/525.27.1 (KHTML, like Gecko) Version/3.2.1 Safari/525.27.1"
199.243.212.98 - - [31/Mar/2009:11:15:13 -0400] "GET /stylesheets/reset.css HTTP/1.1" 200 519 "http://www.gardinerconsultation.ca/" "Mozilla/5.0 (Macintosh; U; PPC Mac OS X 10_4_11; en-us) AppleWebKit/525.27.1 (KHTML, like Gecko) Version/3.2.1 Safari/525.27.1"
199.243.212.98 - - [31/Mar/2009:11:15:13 -0400] "GET /stylesheets/lightview.css HTTP/1.1" 200 7844 "http://www.gardinerconsultation.ca/" "Mozilla/5.0 (Macintosh; U; PPC Mac OS X 10_4_11; en-us) AppleWebKit/525.27.1 (KHTML, like Gecko) Version/3.2.1 Safari/525.27.1"
199.243.212.98 - - [31/Mar/2009:11:15:14 -0400] "GET /javascripts/base_1236178901.js HTTP/1.1" 200 97264 "http://www.gardinerconsultation.ca/" "Mozilla/5.0 (Macintosh; U; PPC Mac OS X 10_4_11; en-us) AppleWebKit/525.27.1 (KHTML, like Gecko) Version/3.2.1 Safari/525.27.1"
199.243.212.98 - - [31/Mar/2009:11:15:33 -0400] "GET /stylesheets/anylinkcssmenu.css HTTP/1.1" 200 1433 "http://www.gardinerconsultation.ca/" "Mozilla/5.0 (Macintosh; U; PPC Mac OS X 10_4_11; en-us) AppleWebKit/525.27.1 (KHTML, like Gecko) Version/3.2.1 Safari/525.27.1"
199.243.212.98 - - [31/Mar/2009:11:15:33 -0400] "GET /javascripts/anylinkcssmenu.js HTTP/1.1" 200 8203 "http://www.gardinerconsultation.ca/" "Mozilla/5.0 (Macintosh; U; PPC Mac OS X 10_4_11; en-us) AppleWebKit/525.27.1 (KHTML, like Gecko) Version/3.2.1 Safari/525.27.1"
199.243.212.98 - - [31/Mar/2009:11:15:34 -0400] "GET /images/bg.gif HTTP/1.1" 200 972 "http://www.gardinerconsultation.ca/" "Mozilla/5.0 (Macintosh; U; PPC Mac OS X 10_4_11; en-us) AppleWebKit/525.27.1 (KHTML, like Gecko) Version/3.2.1 Safari/525.27.1"
199.243.212.98 - - [31/Mar/2009:11:15:34 -0400] "GET /images/pagebackground-blue.jpg?1237554466 HTTP/1.1" 200 17383 "http://www.gardinerconsultation.ca/" "Mozilla/5.0 (Macintosh; U; PPC Mac OS X 10_4_11; en-us) AppleWebKit/525.27.1 (KHTML, like Gecko) Version/3.2.1 Safari/525.27.1"
199.243.212.98 - - [31/Mar/2009:11:15:34 -0400] "GET /images/WT_logo.gif?1236965760 HTTP/1.1" 200 4708 "http://www.gardinerconsultation.ca/" "Mozilla/5.0 (Macintosh; U; PPC Mac OS X 10_4_11; en-us) AppleWebKit/525.27.1 (KHTML, like Gecko) Version/3.2.1 Safari/525.27.1"
199.243.212.98 - - [31/Mar/2009:11:15:34 -0400] "GET /images/navbg.gif HTTP/1.1" 200 270 "http://www.gardinerconsultation.ca/" "Mozilla/5.0 (Macintosh; U; PPC Mac OS X 10_4_11; en-us) AppleWebKit/525.27.1 (KHTML, like Gecko) Version/3.2.1 Safari/525.27.1"
199.243.212.98 - - [31/Mar/2009:11:15:34 -0400] "GET /images/headerbg_blue.jpg HTTP/1.1" 200 15448 "http://www.gardinerconsultation.ca/" "Mozilla/5.0 (Macintosh; U; PPC Mac OS X 10_4_11; en-us) AppleWebKit/525.27.1 (KHTML, like Gecko) Version/3.2.1 Safari/525.27.1"
199.243.212.98 - - [31/Mar/2009:11:15:35 -0400] "GET /images/star.png HTTP/1.1" 200 795 "http://www.gardinerconsultation.ca/" "Mozilla/5.0 (Macintosh; U; PPC Mac OS X 10_4_11; en-us) AppleWebKit/525.27.1 (KHTML, like Gecko) Version/3.2.1 Safari/525.27.1"
199.243.212.98 - - [31/Mar/2009:11:15:35 -0400] "GET /images/bg_bannerGradient.jpg HTTP/1.1" 200 420 "http://www.gardinerconsultation.ca/" "Mozilla/5.0 (Macintosh; U; PPC Mac OS X 10_4_11; en-us) AppleWebKit/525.27.1 (KHTML, like Gecko) Version/3.2.1 Safari/525.27.1"
199.243.212.98 - - [31/Mar/2009:11:15:35 -0400] "GET /images/footerbg.gif HTTP/1.1" 200 14497 "http://www.gardinerconsultation.ca/" "Mozilla/5.0 (Macintosh; U; PPC Mac OS X 10_4_11; en-us) AppleWebKit/525.27.1 (KHTML, like Gecko) Version/3.2.1 Safari/525.27.1"
208.124.140.250 - - [31/Mar/2009:11:16:16 -0400] "GET / HTTP/1.1" 200 17985 "-" "Mozilla/4.0 (compatible; MSIE 7.0; Windows NT 5.1; .NET CLR 1.1.4322; .NET CLR 2.0.50727; .NET CLR 3.0.04506.30; .NET CLR 3.0.04506.648; InfoPath.2; .NET CLR 3.0.4506.2152; .NET CLR 3.5.30729)"
208.124.140.250 - - [31/Mar/2009:11:16:16 -0400] "GET /stylesheets/styles.css HTTP/1.1" 304 - "http://www.gardinerconsultation.ca/" "Mozilla/4.0 (compatible; MSIE 7.0; Windows NT 5.1; .NET CLR 1.1.4322; .NET CLR 2.0.50727; .NET CLR 3.0.04506.30; .NET CLR 3.0.04506.648; InfoPath.2; .NET CLR 3.0.4506.2152; .NET CLR 3.5.30729)"
208.124.140.250 - - [31/Mar/2009:11:16:16 -0400] "GET /stylesheets/reset.css HTTP/1.1" 304 - "http://www.gardinerconsultation.ca/" "Mozilla/4.0 (compatible; MSIE 7.0; Windows NT 5.1; .NET CLR 1.1.4322; .NET CLR 2.0.50727; .NET CLR 3.0.04506.30; .NET CLR 3.0.04506.648; InfoPath.2; .NET CLR 3.0.4506.2152; .NET CLR 3.5.30729)"
208.124.140.250 - - [31/Mar/2009:11:16:16 -0400] "GET /stylesheets/lightview.css HTTP/1.1" 304 - "http://www.gardinerconsultation.ca/" "Mozilla/4.0 (compatible; MSIE 7.0; Windows NT 5.1; .NET CLR 1.1.4322; .NET CLR 2.0.50727; .NET CLR 3.0.04506.30; .NET CLR 3.0.04506.648; InfoPath.2; .NET CLR 3.0.4506.2152; .NET CLR 3.5.30729)"
208.124.140.250 - - [31/Mar/2009:11:16:16 -0400] "GET /javascripts/base_1236178901.js HTTP/1.1" 304 - "http://www.gardinerconsultation.ca/" "Mozilla/4.0 (compatible; MSIE 7.0; Windows NT 5.1; .NET CLR 1.1.4322; .NET CLR 2.0.50727; .NET CLR 3.0.04506.30; .NET CLR 3.0.04506.648; InfoPath.2; .NET CLR 3.0.4506.2152; .NET CLR 3.5.30729)"
208.124.140.250 - - [31/Mar/2009:11:16:17 -0400] "GET /stylesheets/anylinkcssmenu.css HTTP/1.1" 304 - "http://www.gardinerconsultation.ca/" "Mozilla/4.0 (compatible; MSIE 7.0; Windows NT 5.1; .NET CLR 1.1.4322; .NET CLR 2.0.50727; .NET CLR 3.0.04506.30; .NET CLR 3.0.04506.648; InfoPath.2; .NET CLR 3.0.4506.2152; .NET CLR 3.5.30729)"
208.124.140.250 - - [31/Mar/2009:11:16:17 -0400] "GET /javascripts/anylinkcssmenu.js HTTP/1.1" 304 - "http://www.gardinerconsultation.ca/" "Mozilla/4.0 (compatible; MSIE 7.0; Windows NT 5.1; .NET CLR 1.1.4322; .NET CLR 2.0.50727; .NET CLR 3.0.04506.30; .NET CLR 3.0.04506.648; InfoPath.2; .NET CLR 3.0.4506.2152; .NET CLR 3.5.30729)"
208.124.140.250 - - [31/Mar/2009:11:16:17 -0400] "GET /images/bg.gif HTTP/1.1" 304 - "http://www.gardinerconsultation.ca/" "Mozilla/4.0 (compatible; MSIE 7.0; Windows NT 5.1; .NET CLR 1.1.4322; .NET CLR 2.0.50727; .NET CLR 3.0.04506.30; .NET CLR 3.0.04506.648; InfoPath.2; .NET CLR 3.0.4506.2152; .NET CLR 3.5.30729)"
208.124.140.250 - - [31/Mar/2009:11:16:17 -0400] "GET /images/WT_logo.gif?1236965760 HTTP/1.1" 304 - "http://www.gardinerconsultation.ca/" "Mozilla/4.0 (compatible; MSIE 7.0; Windows NT 5.1; .NET CLR 1.1.4322; .NET CLR 2.0.50727; .NET CLR 3.0.04506.30; .NET CLR 3.0.04506.648; InfoPath.2; .NET CLR 3.0.4506.2152; .NET CLR 3.5.30729)"
208.124.140.250 - - [31/Mar/2009:11:16:17 -0400] "GET /images/pagebackground-blue.jpg?1237554466 HTTP/1.1" 304 - "http://www.gardinerconsultation.ca/" "Mozilla/4.0 (compatible; MSIE 7.0; Windows NT 5.1; .NET CLR 1.1.4322; .NET CLR 2.0.50727; .NET CLR 3.0.04506.30; .NET CLR 3.0.04506.648; InfoPath.2; .NET CLR 3.0.4506.2152; .NET CLR 3.5.30729)"
208.124.140.250 - - [31/Mar/2009:11:16:17 -0400] "GET /images/headerbg_blue.jpg HTTP/1.1" 304 - "http://www.gardinerconsultation.ca/" "Mozilla/4.0 (compatible; MSIE 7.0; Windows NT 5.1; .NET CLR 1.1.4322; .NET CLR 2.0.50727; .NET CLR 3.0.04506.30; .NET CLR 3.0.04506.648; InfoPath.2; .NET CLR 3.0.4506.2152; .NET CLR 3.5.30729)"
208.124.140.250 - - [31/Mar/2009:11:16:17 -0400] "GET /images/star.png HTTP/1.1" 304 - "http://www.gardinerconsultation.ca/" "Mozilla/4.0 (compatible; MSIE 7.0; Windows NT 5.1; .NET CLR 1.1.4322; .NET CLR 2.0.50727; .NET CLR 3.0.04506.30; .NET CLR 3.0.04506.648; InfoPath.2; .NET CLR 3.0.4506.2152; .NET CLR 3.5.30729)"
208.124.140.250 - - [31/Mar/2009:11:16:17 -0400] "GET /images/bg_bannerGradient.jpg HTTP/1.1" 304 - "http://www.gardinerconsultation.ca/" "Mozilla/4.0 (compatible; MSIE 7.0; Windows NT 5.1; .NET CLR 1.1.4322; .NET CLR 2.0.50727; .NET CLR 3.0.04506.30; .NET CLR 3.0.04506.648; InfoPath.2; .NET CLR 3.0.4506.2152; .NET CLR 3.5.30729)"
208.124.140.250 - - [31/Mar/2009:11:16:17 -0400] "GET /images/navbg.gif HTTP/1.1" 304 - "http://www.gardinerconsultation.ca/" "Mozilla/4.0 (compatible; MSIE 7.0; Windows NT 5.1; .NET CLR 1.1.4322; .NET CLR 2.0.50727; .NET CLR 3.0.04506.30; .NET CLR 3.0.04506.648; InfoPath.2; .NET CLR 3.0.4506.2152; .NET CLR 3.5.30729)"
208.124.140.250 - - [31/Mar/2009:11:16:17 -0400] "GET /images/footerbg.gif HTTP/1.1" 304 - "http://www.gardinerconsultation.ca/" "Mozilla/4.0 (compatible; MSIE 7.0; Windows NT 5.1; .NET CLR 1.1.4322; .NET CLR 2.0.50727; .NET CLR 3.0.04506.30; .NET CLR 3.0.04506.648; InfoPath.2; .NET CLR 3.0.4506.2152; .NET CLR 3.5.30729)"
208.124.140.250 - - [31/Mar/2009:11:16:20 -0400] "GET /topics/show/13 HTTP/1.1" 200 79964 "http://www.gardinerconsultation.ca/" "Mozilla/4.0 (compatible; MSIE 7.0; Windows NT 5.1; .NET CLR 1.1.4322; .NET CLR 2.0.50727; .NET CLR 3.0.04506.30; .NET CLR 3.0.04506.648; InfoPath.2; .NET CLR 3.0.4506.2152; .NET CLR 3.5.30729)"
208.124.140.250 - - [31/Mar/2009:11:16:21 -0400] "GET /images/arrow.gif HTTP/1.1" 304 - "http://www.gardinerconsultation.ca/topics/show/13" "Mozilla/4.0 (compatible; MSIE 7.0; Windows NT 5.1; .NET CLR 1.1.4322; .NET CLR 2.0.50727; .NET CLR 3.0.04506.30; .NET CLR 3.0.04506.648; InfoPath.2; .NET CLR 3.0.4506.2152; .NET CLR 3.5.30729)"
208.124.140.250 - - [31/Mar/2009:11:16:21 -0400] "GET /avatars/0000/0001/pic_nik_thumb.jpg?1237573168 HTTP/1.1" 304 - "http://www.gardinerconsultation.ca/topics/show/13" "Mozilla/4.0 (compatible; MSIE 7.0; Windows NT 5.1; .NET CLR 1.1.4322; .NET CLR 2.0.50727; .NET CLR 3.0.04506.30; .NET CLR 3.0.04506.648; InfoPath.2; .NET CLR 3.0.4506.2152; .NET CLR 3.5.30729)"
199.243.212.98 - - [31/Mar/2009:11:16:30 -0400] "GET /images/arrow.gif HTTP/1.1" 200 97 "http://www.gardinerconsultation.ca/topics/show/13?root=46#comment_46" "Mozilla/5.0 (Macintosh; U; PPC Mac OS X 10_4_11; en-us) AppleWebKit/525.27.1 (KHTML, like Gecko) Version/3.2.1 Safari/525.27.1"
76.69.32.123 - - [31/Mar/2009:11:16:30 -0400] "GET /rss?lang=en HTTP/1.1" 200 12603 "-" "Mozilla/5.0 (Windows; U; Windows NT 5.1; en-US; rv:1.9.0.8) Gecko/2009032609 Firefox/3.0.8"
199.243.212.98 - - [31/Mar/2009:11:16:27 -0400] "GET /topics/show/13?root=46 HTTP/1.1" 200 79964 "http://www.gardinerconsultation.ca/" "Mozilla/5.0 (Macintosh; U; PPC Mac OS X 10_4_11; en-us) AppleWebKit/525.27.1 (KHTML, like Gecko) Version/3.2.1 Safari/525.27.1"
199.243.212.98 - - [31/Mar/2009:11:16:32 -0400] "GET /avatars/0000/0001/pic_nik_thumb.jpg?1237573168 HTTP/1.1" 200 5862 "http://www.gardinerconsultation.ca/topics/show/13?root=46#comment_46" "Mozilla/5.0 (Macintosh; U; PPC Mac OS X 10_4_11; en-us) AppleWebKit/525.27.1 (KHTML, like Gecko) Version/3.2.1 Safari/525.27.1"
208.124.140.250 - - [31/Mar/2009:11:16:33 -0400] "GET /topics/show/14 HTTP/1.1" 200 43939 "http://www.gardinerconsultation.ca/topics/show/13" "Mozilla/4.0 (compatible; MSIE 7.0; Windows NT 5.1; .NET CLR 1.1.4322; .NET CLR 2.0.50727; .NET CLR 3.0.04506.30; .NET CLR 3.0.04506.648; InfoPath.2; .NET CLR 3.0.4506.2152; .NET CLR 3.5.30729)"
208.124.140.250 - - [31/Mar/2009:11:16:39 -0400] "GET /topics/show/15 HTTP/1.1" 200 43555 "http://www.gardinerconsultation.ca/topics/show/14" "Mozilla/4.0 (compatible; MSIE 7.0; Windows NT 5.1; .NET CLR 1.1.4322; .NET CLR 2.0.50727; .NET CLR 3.0.04506.30; .NET CLR 3.0.04506.648; InfoPath.2; .NET CLR 3.0.4506.2152; .NET CLR 3.5.30729)"
199.243.212.98 - - [31/Mar/2009:11:16:40 -0400] "POST /talk/mark/46 HTTP/1.1" 201 1 "http://www.gardinerconsultation.ca/topics/show/13?root=46" "Mozilla/5.0 (Macintosh; U; PPC Mac OS X 10_4_11; en-us) AppleWebKit/525.27.1 (KHTML, like Gecko) Version/3.2.1 Safari/525.27.1"
208.124.140.250 - - [31/Mar/2009:11:16:42 -0400] "GET /topics/show/21 HTTP/1.1" 200 26513 "http://www.gardinerconsultation.ca/topics/show/15" "Mozilla/4.0 (compatible; MSIE 7.0; Windows NT 5.1; .NET CLR 1.1.4322; .NET CLR 2.0.50727; .NET CLR 3.0.04506.30; .NET CLR 3.0.04506.648; InfoPath.2; .NET CLR 3.0.4506.2152; .NET CLR 3.5.30729)"
208.124.140.250 - - [31/Mar/2009:11:16:52 -0400] "GET /topics/show/13 HTTP/1.1" 200 79964 "http://www.gardinerconsultation.ca/topics/show/21" "Mozilla/4.0 (compatible; MSIE 7.0; Windows NT 5.1; .NET CLR 1.1.4322; .NET CLR 2.0.50727; .NET CLR 3.0.04506.30; .NET CLR 3.0.04506.648; InfoPath.2; .NET CLR 3.0.4506.2152; .NET CLR 3.5.30729)"
208.124.140.250 - - [31/Mar/2009:11:17:03 -0400] "GET /images/busy.gif HTTP/1.1" 304 - "http://www.gardinerconsultation.ca/topics/show/13" "Mozilla/4.0 (compatible; MSIE 7.0; Windows NT 5.1; .NET CLR 1.1.4322; .NET CLR 2.0.50727; .NET CLR 3.0.04506.30; .NET CLR 3.0.04506.648; InfoPath.2; .NET CLR 3.0.4506.2152; .NET CLR 3.5.30729)"
208.124.140.250 - - [31/Mar/2009:11:17:03 -0400] "POST /topics/show_comments/13/20 HTTP/1.1" 200 3408 "http://www.gardinerconsultation.ca/topics/show/13" "Mozilla/4.0 (compatible; MSIE 7.0; Windows NT 5.1; .NET CLR 1.1.4322; .NET CLR 2.0.50727; .NET CLR 3.0.04506.30; .NET CLR 3.0.04506.648; InfoPath.2; .NET CLR 3.0.4506.2152; .NET CLR 3.5.30729)"
208.124.140.250 - - [31/Mar/2009:11:17:08 -0400] "POST /talk/mark/20 HTTP/1.1" 201 1 "http://www.gardinerconsultation.ca/topics/show/13" "Mozilla/4.0 (compatible; MSIE 7.0; Windows NT 5.1; .NET CLR 1.1.4322; .NET CLR 2.0.50727; .NET CLR 3.0.04506.30; .NET CLR 3.0.04506.648; InfoPath.2; .NET CLR 3.0.4506.2152; .NET CLR 3.5.30729)"
199.243.212.98 - - [31/Mar/2009:11:18:03 -0400] "POST /talk/mark/45 HTTP/1.1" 201 1 "http://www.gardinerconsultation.ca/topics/show/13?root=46" "Mozilla/5.0 (Macintosh; U; PPC Mac OS X 10_4_11; en-us) AppleWebKit/525.27.1 (KHTML, like Gecko) Version/3.2.1 Safari/525.27.1"
208.124.140.250 - - [31/Mar/2009:11:18:04 -0400] "POST /talk/mark/31 HTTP/1.1" 201 1 "http://www.gardinerconsultation.ca/topics/show/13" "Mozilla/4.0 (compatible; MSIE 7.0; Windows NT 5.1; .NET CLR 1.1.4322; .NET CLR 2.0.50727; .NET CLR 3.0.04506.30; .NET CLR 3.0.04506.648; InfoPath.2; .NET CLR 3.0.4506.2152; .NET CLR 3.5.30729)"
192.30.202.15 - - [31/Mar/2009:11:18:11 -0400] "GET /stylesheets/styles.css HTTP/1.0" 200 12376 "http://www.gardinerconsultation.ca/topics/show/13?lang=en&root=13" "Mozilla/4.0 (compatible; MSIE 6.0; Windows NT 5.1; SV1; .NET CLR 1.1.4322)"
192.30.202.15 - - [31/Mar/2009:11:18:11 -0400] "GET /stylesheets/styles-ie6.css HTTP/1.0" 200 129 "http://www.gardinerconsultation.ca/topics/show/13?lang=en&root=13" "Mozilla/4.0 (compatible; MSIE 6.0; Windows NT 5.1; SV1; .NET CLR 1.1.4322)"
192.30.202.15 - - [31/Mar/2009:11:18:11 -0400] "GET /stylesheets/reset.css HTTP/1.0" 200 519 "http://www.gardinerconsultation.ca/topics/show/13?lang=en&root=13" "Mozilla/4.0 (compatible; MSIE 6.0; Windows NT 5.1; SV1; .NET CLR 1.1.4322)"
192.30.202.15 - - [31/Mar/2009:11:18:11 -0400] "GET /stylesheets/lightview.css HTTP/1.0" 200 7844 "http://www.gardinerconsultation.ca/topics/show/13?lang=en&root=13" "Mozilla/4.0 (compatible; MSIE 6.0; Windows NT 5.1; SV1; .NET CLR 1.1.4322)"
192.30.202.15 - - [31/Mar/2009:11:18:10 -0400] "GET /topics/show/13?lang=en&root=13 HTTP/1.0" 200 78923 "http://email.vif.com/horde/imp/message.php?mailbox=INBOX&index=72258" "Mozilla/4.0 (compatible; MSIE 6.0; Windows NT 5.1; SV1; .NET CLR 1.1.4322)"
192.30.202.15 - - [31/Mar/2009:11:18:11 -0400] "GET /javascripts/base_1236178901.js HTTP/1.0" 200 39794 "http://www.gardinerconsultation.ca/topics/show/13?lang=en&root=13" "Mozilla/4.0 (compatible; MSIE 6.0; Windows NT 5.1; SV1; .NET CLR 1.1.4322)"
192.30.202.15 - - [31/Mar/2009:11:18:11 -0400] "GET /stylesheets/anylinkcssmenu.css HTTP/1.0" 200 1433 "http://www.gardinerconsultation.ca/topics/show/13?lang=en&root=13" "Mozilla/4.0 (compatible; MSIE 6.0; Windows NT 5.1; SV1; .NET CLR 1.1.4322)"
192.30.202.15 - - [31/Mar/2009:11:18:11 -0400] "GET /javascripts/anylinkcssmenu.js HTTP/1.0" 200 8203 "http://www.gardinerconsultation.ca/topics/show/13?lang=en&root=13" "Mozilla/4.0 (compatible; MSIE 6.0; Windows NT 5.1; SV1; .NET CLR 1.1.4322)"
192.30.202.15 - - [31/Mar/2009:11:18:11 -0400] "GET /images/WT_logo.gif?1236965760 HTTP/1.0" 200 4708 "http://www.gardinerconsultation.ca/topics/show/13?lang=en&root=13" "Mozilla/4.0 (compatible; MSIE 6.0; Windows NT 5.1; SV1; .NET CLR 1.1.4322)"
192.30.202.15 - - [31/Mar/2009:11:18:11 -0400] "GET /images/pagebackground-blue.jpg?1237554466 HTTP/1.0" 200 17383 "http://www.gardinerconsultation.ca/topics/show/13?lang=en&root=13" "Mozilla/4.0 (compatible; MSIE 6.0; Windows NT 5.1; SV1; .NET CLR 1.1.4322)"
192.30.202.15 - - [31/Mar/2009:11:18:11 -0400] "GET /images/bg.gif HTTP/1.0" 200 972 "http://www.gardinerconsultation.ca/topics/show/13?lang=en&root=13" "Mozilla/4.0 (compatible; MSIE 6.0; Windows NT 5.1; SV1; .NET CLR 1.1.4322)"
192.30.202.15 - - [31/Mar/2009:11:18:11 -0400] "GET /images/navbg.gif HTTP/1.0" 200 270 "http://www.gardinerconsultation.ca/topics/show/13?lang=en&root=13" "Mozilla/4.0 (compatible; MSIE 6.0; Windows NT 5.1; SV1; .NET CLR 1.1.4322)"
192.30.202.15 - - [31/Mar/2009:11:18:11 -0400] "GET /images/arrow.gif HTTP/1.0" 200 97 "http://www.gardinerconsultation.ca/topics/show/13?lang=en&root=13" "Mozilla/4.0 (compatible; MSIE 6.0; Windows NT 5.1; SV1; .NET CLR 1.1.4322)"
192.30.202.15 - - [31/Mar/2009:11:18:11 -0400] "GET /images/headerbg_blue.jpg HTTP/1.0" 200 15448 "http://www.gardinerconsultation.ca/topics/show/13?lang=en&root=13" "Mozilla/4.0 (compatible; MSIE 6.0; Windows NT 5.1; SV1; .NET CLR 1.1.4322)"
192.30.202.15 - - [31/Mar/2009:11:18:11 -0400] "GET /avatars/0000/0001/pic_nik_thumb.jpg?1237573168 HTTP/1.0" 200 5862 "http://www.gardinerconsultation.ca/topics/show/13?lang=en&root=13" "Mozilla/4.0 (compatible; MSIE 6.0; Windows NT 5.1; SV1; .NET CLR 1.1.4322)"
192.30.202.15 - - [31/Mar/2009:11:18:11 -0400] "GET /images/bg_bannerGradient.jpg HTTP/1.0" 200 420 "http://www.gardinerconsultation.ca/topics/show/13?lang=en&root=13" "Mozilla/4.0 (compatible; MSIE 6.0; Windows NT 5.1; SV1; .NET CLR 1.1.4322)"
192.30.202.15 - - [31/Mar/2009:11:18:11 -0400] "GET /images/footerbg.gif HTTP/1.0" 200 14497 "http://www.gardinerconsultation.ca/topics/show/13?lang=en&root=13" "Mozilla/4.0 (compatible; MSIE 6.0; Windows NT 5.1; SV1; .NET CLR 1.1.4322)"
192.30.202.15 - - [31/Mar/2009:11:18:11 -0400] "GET /images/bg.gif HTTP/1.0" 200 972 "http://www.gardinerconsultation.ca/topics/show/13?lang=en&root=13" "Mozilla/4.0 (compatible; MSIE 6.0; Windows NT 5.1; SV1; .NET CLR 1.1.4322)"
192.30.202.15 - - [31/Mar/2009:11:18:11 -0400] "GET /images/navbg.gif HTTP/1.0" 200 270 "http://www.gardinerconsultation.ca/topics/show/13?lang=en&root=13" "Mozilla/4.0 (compatible; MSIE 6.0; Windows NT 5.1; SV1; .NET CLR 1.1.4322)"
192.30.202.15 - - [31/Mar/2009:11:18:11 -0400] "GET /images/arrow.gif HTTP/1.0" 200 97 "http://www.gardinerconsultation.ca/topics/show/13?lang=en&root=13" "Mozilla/4.0 (compatible; MSIE 6.0; Windows NT 5.1; SV1; .NET CLR 1.1.4322)"
192.30.202.15 - - [31/Mar/2009:11:18:11 -0400] "GET /images/arrow.gif HTTP/1.0" 200 97 "http://www.gardinerconsultation.ca/topics/show/13?lang=en&root=13" "Mozilla/4.0 (compatible; MSIE 6.0; Windows NT 5.1; SV1; .NET CLR 1.1.4322)"
192.30.202.15 - - [31/Mar/2009:11:18:11 -0400] "GET /images/arrow.gif HTTP/1.0" 200 97 "http://www.gardinerconsultation.ca/topics/show/13?lang=en&root=13" "Mozilla/4.0 (compatible; MSIE 6.0; Windows NT 5.1; SV1; .NET CLR 1.1.4322)"
192.30.202.15 - - [31/Mar/2009:11:18:11 -0400] "GET /images/arrow.gif HTTP/1.0" 200 97 "http://www.gardinerconsultation.ca/topics/show/13?lang=en&root=13" "Mozilla/4.0 (compatible; MSIE 6.0; Windows NT 5.1; SV1; .NET CLR 1.1.4322)"
192.30.202.15 - - [31/Mar/2009:11:18:11 -0400] "GET /images/headerbg_blue.jpg HTTP/1.0" 200 15448 "http://www.gardinerconsultation.ca/topics/show/13?lang=en&root=13" "Mozilla/4.0 (compatible; MSIE 6.0; Windows NT 5.1; SV1; .NET CLR 1.1.4322)"
192.30.202.15 - - [31/Mar/2009:11:18:11 -0400] "GET /images/arrow.gif HTTP/1.0" 200 97 "http://www.gardinerconsultation.ca/topics/show/13?lang=en&root=13" "Mozilla/4.0 (compatible; MSIE 6.0; Windows NT 5.1; SV1; .NET CLR 1.1.4322)"
192.30.202.15 - - [31/Mar/2009:11:18:11 -0400] "GET /images/arrow.gif HTTP/1.0" 200 97 "http://www.gardinerconsultation.ca/topics/show/13?lang=en&root=13" "Mozilla/4.0 (compatible; MSIE 6.0; Windows NT 5.1; SV1; .NET CLR 1.1.4322)"
192.30.202.15 - - [31/Mar/2009:11:18:11 -0400] "GET /images/bg_bannerGradient.jpg HTTP/1.0" 200 420 "http://www.gardinerconsultation.ca/topics/show/13?lang=en&root=13" "Mozilla/4.0 (compatible; MSIE 6.0; Windows NT 5.1; SV1; .NET CLR 1.1.4322)"
192.30.202.15 - - [31/Mar/2009:11:18:11 -0400] "GET /images/footerbg.gif HTTP/1.0" 200 14497 "http://www.gardinerconsultation.ca/topics/show/13?lang=en&root=13" "Mozilla/4.0 (compatible; MSIE 6.0; Windows NT 5.1; SV1; .NET CLR 1.1.4322)"
192.30.202.15 - - [31/Mar/2009:11:18:11 -0400] "GET /images/bg_bannerGradient.jpg HTTP/1.0" 200 420 "http://www.gardinerconsultation.ca/topics/show/13?lang=en&root=13" "Mozilla/4.0 (compatible; MSIE 6.0; Windows NT 5.1; SV1; .NET CLR 1.1.4322)"
192.30.202.15 - - [31/Mar/2009:11:18:11 -0400] "GET /images/bg_bannerGradient.jpg HTTP/1.0" 200 420 "http://www.gardinerconsultation.ca/topics/show/13?lang=en&root=13" "Mozilla/4.0 (compatible; MSIE 6.0; Windows NT 5.1; SV1; .NET CLR 1.1.4322)"
192.30.202.15 - - [31/Mar/2009:11:18:11 -0400] "GET /images/bg_bannerGradient.jpg HTTP/1.0" 200 420 "http://www.gardinerconsultation.ca/topics/show/13?lang=en&root=13" "Mozilla/4.0 (compatible; MSIE 6.0; Windows NT 5.1; SV1; .NET CLR 1.1.4322)"
192.30.202.15 - - [31/Mar/2009:11:18:11 -0400] "GET /images/arrow.gif HTTP/1.0" 200 97 "http://www.gardinerconsultation.ca/topics/show/13?lang=en&root=13" "Mozilla/4.0 (compatible; MSIE 6.0; Windows NT 5.1; SV1; .NET CLR 1.1.4322)"
192.30.202.15 - - [31/Mar/2009:11:18:11 -0400] "GET /images/bg_bannerGradient.jpg HTTP/1.0" 200 420 "http://www.gardinerconsultation.ca/topics/show/13?lang=en&root=13" "Mozilla/4.0 (compatible; MSIE 6.0; Windows NT 5.1; SV1; .NET CLR 1.1.4322)"
192.30.202.15 - - [31/Mar/2009:11:18:12 -0400] "GET /images/arrow.gif HTTP/1.0" 200 97 "http://www.gardinerconsultation.ca/topics/show/13?lang=en&root=13" "Mozilla/4.0 (compatible; MSIE 6.0; Windows NT 5.1; SV1; .NET CLR 1.1.4322)"
192.30.202.15 - - [31/Mar/2009:11:18:12 -0400] "GET /images/arrow.gif HTTP/1.0" 200 97 "http://www.gardinerconsultation.ca/topics/show/13?lang=en&root=13" "Mozilla/4.0 (compatible; MSIE 6.0; Windows NT 5.1; SV1; .NET CLR 1.1.4322)"
192.30.202.15 - - [31/Mar/2009:11:18:12 -0400] "GET /images/arrow.gif HTTP/1.0" 200 97 "http://www.gardinerconsultation.ca/topics/show/13?lang=en&root=13" "Mozilla/4.0 (compatible; MSIE 6.0; Windows NT 5.1; SV1; .NET CLR 1.1.4322)"
192.30.202.15 - - [31/Mar/2009:11:18:12 -0400] "GET /images/arrow.gif HTTP/1.0" 200 97 "http://www.gardinerconsultation.ca/topics/show/13?lang=en&root=13" "Mozilla/4.0 (compatible; MSIE 6.0; Windows NT 5.1; SV1; .NET CLR 1.1.4322)"
192.30.202.15 - - [31/Mar/2009:11:18:13 -0400] "GET /images/arrow.gif HTTP/1.0" 200 97 "http://www.gardinerconsultation.ca/topics/show/13?lang=en&root=13" "Mozilla/4.0 (compatible; MSIE 6.0; Windows NT 5.1; SV1; .NET CLR 1.1.4322)"
192.30.202.15 - - [31/Mar/2009:11:18:13 -0400] "GET /images/arrow.gif HTTP/1.0" 200 97 "http://www.gardinerconsultation.ca/topics/show/13?lang=en&root=13" "Mozilla/4.0 (compatible; MSIE 6.0; Windows NT 5.1; SV1; .NET CLR 1.1.4322)"
192.30.202.15 - - [31/Mar/2009:11:18:13 -0400] "GET /images/arrow.gif HTTP/1.0" 200 97 "http://www.gardinerconsultation.ca/topics/show/13?lang=en&root=13" "Mozilla/4.0 (compatible; MSIE 6.0; Windows NT 5.1; SV1; .NET CLR 1.1.4322)"
192.30.202.15 - - [31/Mar/2009:11:18:13 -0400] "GET /images/arrow.gif HTTP/1.0" 200 97 "http://www.gardinerconsultation.ca/topics/show/13?lang=en&root=13" "Mozilla/4.0 (compatible; MSIE 6.0; Windows NT 5.1; SV1; .NET CLR 1.1.4322)"
192.30.202.15 - - [31/Mar/2009:11:18:13 -0400] "GET /images/arrow.gif HTTP/1.0" 200 97 "http://www.gardinerconsultation.ca/topics/show/13?lang=en&root=13" "Mozilla/4.0 (compatible; MSIE 6.0; Windows NT 5.1; SV1; .NET CLR 1.1.4322)"
192.30.202.15 - - [31/Mar/2009:11:18:13 -0400] "GET /images/arrow.gif HTTP/1.0" 200 97 "http://www.gardinerconsultation.ca/topics/show/13?lang=en&root=13" "Mozilla/4.0 (compatible; MSIE 6.0; Windows NT 5.1; SV1; .NET CLR 1.1.4322)"
192.30.202.15 - - [31/Mar/2009:11:18:13 -0400] "GET /images/arrow.gif HTTP/1.0" 200 97 "http://www.gardinerconsultation.ca/topics/show/13?lang=en&root=13" "Mozilla/4.0 (compatible; MSIE 6.0; Windows NT 5.1; SV1; .NET CLR 1.1.4322)"
192.30.202.15 - - [31/Mar/2009:11:18:13 -0400] "POST /talk/mark/41 HTTP/1.0" 201 1 "http://www.gardinerconsultation.ca/topics/show/13?lang=en&root=13#comment_41" "Mozilla/4.0 (compatible; MSIE 6.0; Windows NT 5.1; SV1; .NET CLR 1.1.4322)"
192.30.202.15 - - [31/Mar/2009:11:18:21 -0400] "POST /talk/mark/46 HTTP/1.0" 201 1 "http://www.gardinerconsultation.ca/topics/show/13?lang=en&root=13#comment_41" "Mozilla/4.0 (compatible; MSIE 6.0; Windows NT 5.1; SV1; .NET CLR 1.1.4322)"
192.30.202.15 - - [31/Mar/2009:11:18:50 -0400] "POST /topic/13/talk/new?parent_id=46 HTTP/1.0" 200 1170 "http://www.gardinerconsultation.ca/topics/show/13?lang=en&root=13#comment_41" "Mozilla/4.0 (compatible; MSIE 6.0; Windows NT 5.1; SV1; .NET CLR 1.1.4322)"
208.97.67.210 - - [31/Mar/2009:11:18:50 -0400] "GET / HTTP/1.1" 200 17985 "-" "Mozilla/5.0 (Windows; U; Windows NT 5.1; en-US; rv:1.9.0.8) Gecko/2009032609 Firefox/3.0.8"
208.97.67.210 - - [31/Mar/2009:11:18:56 -0400] "GET /stylesheets/styles.css HTTP/1.1" 200 12376 "http://www.gardinerconsultation.ca/" "Mozilla/5.0 (Windows; U; Windows NT 5.1; en-US; rv:1.9.0.8) Gecko/2009032609 Firefox/3.0.8"
208.97.67.210 - - [31/Mar/2009:11:18:56 -0400] "GET /stylesheets/reset.css HTTP/1.1" 200 519 "http://www.gardinerconsultation.ca/" "Mozilla/5.0 (Windows; U; Windows NT 5.1; en-US; rv:1.9.0.8) Gecko/2009032609 Firefox/3.0.8"
208.97.67.210 - - [31/Mar/2009:11:18:56 -0400] "GET /stylesheets/lightview.css HTTP/1.1" 200 7844 "http://www.gardinerconsultation.ca/" "Mozilla/5.0 (Windows; U; Windows NT 5.1; en-US; rv:1.9.0.8) Gecko/2009032609 Firefox/3.0.8"
208.97.67.210 - - [31/Mar/2009:11:18:56 -0400] "GET /javascripts/base_1236178901.js HTTP/1.1" 200 97264 "http://www.gardinerconsultation.ca/" "Mozilla/5.0 (Windows; U; Windows NT 5.1; en-US; rv:1.9.0.8) Gecko/2009032609 Firefox/3.0.8"
208.97.67.210 - - [31/Mar/2009:11:18:57 -0400] "GET /favicon.ico HTTP/1.1" 200 - "-" "Mozilla/5.0 (Windows; U; Windows NT 5.1; en-US; rv:1.9.0.8) Gecko/2009032609 Firefox/3.0.8"
208.97.67.210 - - [31/Mar/2009:11:18:57 -0400] "GET /stylesheets/anylinkcssmenu.css HTTP/1.1" 200 1433 "http://www.gardinerconsultation.ca/" "Mozilla/5.0 (Windows; U; Windows NT 5.1; en-US; rv:1.9.0.8) Gecko/2009032609 Firefox/3.0.8"
208.97.67.210 - - [31/Mar/2009:11:18:57 -0400] "GET /javascripts/anylinkcssmenu.js HTTP/1.1" 200 8203 "http://www.gardinerconsultation.ca/" "Mozilla/5.0 (Windows; U; Windows NT 5.1; en-US; rv:1.9.0.8) Gecko/2009032609 Firefox/3.0.8"
208.97.67.210 - - [31/Mar/2009:11:18:57 -0400] "GET /images/star.png HTTP/1.1" 200 795 "http://www.gardinerconsultation.ca/" "Mozilla/5.0 (Windows; U; Windows NT 5.1; en-US; rv:1.9.0.8) Gecko/2009032609 Firefox/3.0.8"
208.97.67.210 - - [31/Mar/2009:11:18:57 -0400] "GET /images/WT_logo.gif?1236965760 HTTP/1.1" 200 4708 "http://www.gardinerconsultation.ca/" "Mozilla/5.0 (Windows; U; Windows NT 5.1; en-US; rv:1.9.0.8) Gecko/2009032609 Firefox/3.0.8"
208.97.67.210 - - [31/Mar/2009:11:18:57 -0400] "GET /images/bg.gif HTTP/1.1" 200 972 "http://www.gardinerconsultation.ca/stylesheets/styles.css" "Mozilla/5.0 (Windows; U; Windows NT 5.1; en-US; rv:1.9.0.8) Gecko/2009032609 Firefox/3.0.8"
208.97.67.210 - - [31/Mar/2009:11:18:57 -0400] "GET /images/navbg.gif HTTP/1.1" 200 270 "http://www.gardinerconsultation.ca/stylesheets/styles.css" "Mozilla/5.0 (Windows; U; Windows NT 5.1; en-US; rv:1.9.0.8) Gecko/2009032609 Firefox/3.0.8"
208.97.67.210 - - [31/Mar/2009:11:18:57 -0400] "GET /images/pagebackground-blue.jpg?1237554466 HTTP/1.1" 200 17383 "http://www.gardinerconsultation.ca/" "Mozilla/5.0 (Windows; U; Windows NT 5.1; en-US; rv:1.9.0.8) Gecko/2009032609 Firefox/3.0.8"
208.97.67.210 - - [31/Mar/2009:11:18:58 -0400] "GET /images/bg_bannerGradient.jpg HTTP/1.1" 200 420 "http://www.gardinerconsultation.ca/stylesheets/styles.css" "Mozilla/5.0 (Windows; U; Windows NT 5.1; en-US; rv:1.9.0.8) Gecko/2009032609 Firefox/3.0.8"
208.97.67.210 - - [31/Mar/2009:11:18:58 -0400] "GET /images/headerbg_blue.jpg HTTP/1.1" 200 15448 "http://www.gardinerconsultation.ca/stylesheets/styles.css" "Mozilla/5.0 (Windows; U; Windows NT 5.1; en-US; rv:1.9.0.8) Gecko/2009032609 Firefox/3.0.8"
208.97.67.210 - - [31/Mar/2009:11:18:58 -0400] "GET /images/footerbg.gif HTTP/1.1" 200 14497 "http://www.gardinerconsultation.ca/stylesheets/styles.css" "Mozilla/5.0 (Windows; U; Windows NT 5.1; en-US; rv:1.9.0.8) Gecko/2009032609 Firefox/3.0.8"
206.130.173.56 - - [31/Mar/2009:11:19:19 -0400] "GET / HTTP/1.1" 200 17985 "-" "Mozilla/4.0 (compatible; MSIE 6.0; Windows NT 5.1; SV1; .NET CLR 1.1.4322)"
206.130.173.56 - - [31/Mar/2009:11:19:27 -0400] "GET /topics/show/18 HTTP/1.1" 200 13553 "http://www.gardinerconsultation.ca/" "Mozilla/4.0 (compatible; MSIE 6.0; Windows NT 5.1; SV1; .NET CLR 1.1.4322)"
199.243.212.98 - - [31/Mar/2009:11:19:53 -0400] "GET /topics/show/15 HTTP/1.1" 200 41965 "http://www.gardinerconsultation.ca/" "Mozilla/5.0 (Macintosh; U; PPC Mac OS X 10_4_11; en-us) AppleWebKit/525.27.1 (KHTML, like Gecko) Version/3.2.1 Safari/525.27.1"
199.243.212.98 - - [31/Mar/2009:11:20:23 -0400] "POST /talk/mark/44 HTTP/1.1" 201 1 "http://www.gardinerconsultation.ca/topics/show/15" "Mozilla/5.0 (Macintosh; U; PPC Mac OS X 10_4_11; en-us) AppleWebKit/525.27.1 (KHTML, like Gecko) Version/3.2.1 Safari/525.27.1"
192.30.202.15 - - [31/Mar/2009:11:20:23 -0400] "POST /topic/13/talk/preview HTTP/1.0" 200 2111 "http://www.gardinerconsultation.ca/topics/show/13?lang=en&root=13#comment_41" "Mozilla/4.0 (compatible; MSIE 6.0; Windows NT 5.1; SV1; .NET CLR 1.1.4322)"
192.30.202.15 - - [31/Mar/2009:11:20:34 -0400] "POST /topic/13/talk/create HTTP/1.0" 200 2236 "http://www.gardinerconsultation.ca/topics/show/13?lang=en&root=13#comment_41" "Mozilla/4.0 (compatible; MSIE 6.0; Windows NT 5.1; SV1; .NET CLR 1.1.4322)"
192.30.202.15 - - [31/Mar/2009:11:20:40 -0400] "POST /talk/mark/45 HTTP/1.0" 201 1 "http://www.gardinerconsultation.ca/topics/show/13?lang=en&root=13#comment_41" "Mozilla/4.0 (compatible; MSIE 6.0; Windows NT 5.1; SV1; .NET CLR 1.1.4322)"
192.30.202.15 - - [31/Mar/2009:11:20:49 -0400] "POST /topic/13/talk/new?parent_id=45 HTTP/1.0" 200 1170 "http://www.gardinerconsultation.ca/topics/show/13?lang=en&root=13#comment_41" "Mozilla/4.0 (compatible; MSIE 6.0; Windows NT 5.1; SV1; .NET CLR 1.1.4322)"
206.130.173.56 - - [31/Mar/2009:11:20:55 -0400] "GET /topics/show/19 HTTP/1.1" 200 14840 "http://www.gardinerconsultation.ca/topics/show/18" "Mozilla/4.0 (compatible; MSIE 6.0; Windows NT 5.1; SV1; .NET CLR 1.1.4322)"
208.97.67.210 - - [31/Mar/2009:11:21:04 -0400] "GET / HTTP/1.1" 200 17985 "-" "Mozilla/5.0 (Windows; U; Windows NT 5.1; en-US; rv:1.9.0.8) Gecko/2009032609 Firefox/3.0.8"
209.213.228.82 - - [31/Mar/2009:11:21:40 -0400] "GET / HTTP/1.1" 200 17985 "http://by113w.bay113.mail.live.com/mail/InboxLight.aspx?n=1271094308" "Mozilla/4.0 (compatible; MSIE 7.0; Windows NT 5.1; .NET CLR 1.1.4322; .NET CLR 2.0.50727)"
209.213.228.82 - - [31/Mar/2009:11:21:40 -0400] "GET /stylesheets/reset.css HTTP/1.1" 200 519 "http://www.gardinerconsultation.ca/" "Mozilla/4.0 (compatible; MSIE 7.0; Windows NT 5.1; .NET CLR 1.1.4322; .NET CLR 2.0.50727)"
209.213.228.82 - - [31/Mar/2009:11:21:40 -0400] "GET /stylesheets/styles.css HTTP/1.1" 200 12376 "http://www.gardinerconsultation.ca/" "Mozilla/4.0 (compatible; MSIE 7.0; Windows NT 5.1; .NET CLR 1.1.4322; .NET CLR 2.0.50727)"
209.213.228.82 - - [31/Mar/2009:11:21:40 -0400] "GET /stylesheets/lightview.css HTTP/1.1" 200 7844 "http://www.gardinerconsultation.ca/" "Mozilla/4.0 (compatible; MSIE 7.0; Windows NT 5.1; .NET CLR 1.1.4322; .NET CLR 2.0.50727)"
209.213.228.82 - - [31/Mar/2009:11:21:40 -0400] "GET /javascripts/base_1236178901.js HTTP/1.1" 200 97264 "http://www.gardinerconsultation.ca/" "Mozilla/4.0 (compatible; MSIE 7.0; Windows NT 5.1; .NET CLR 1.1.4322; .NET CLR 2.0.50727)"
209.213.228.82 - - [31/Mar/2009:11:21:41 -0400] "GET /stylesheets/anylinkcssmenu.css HTTP/1.1" 200 1433 "http://www.gardinerconsultation.ca/" "Mozilla/4.0 (compatible; MSIE 7.0; Windows NT 5.1; .NET CLR 1.1.4322; .NET CLR 2.0.50727)"
209.213.228.82 - - [31/Mar/2009:11:21:41 -0400] "GET /javascripts/anylinkcssmenu.js HTTP/1.1" 200 8203 "http://www.gardinerconsultation.ca/" "Mozilla/4.0 (compatible; MSIE 7.0; Windows NT 5.1; .NET CLR 1.1.4322; .NET CLR 2.0.50727)"
209.213.228.82 - - [31/Mar/2009:11:21:41 -0400] "GET /images/WT_logo.gif?1236965760 HTTP/1.1" 200 4708 "http://www.gardinerconsultation.ca/" "Mozilla/4.0 (compatible; MSIE 7.0; Windows NT 5.1; .NET CLR 1.1.4322; .NET CLR 2.0.50727)"
209.213.228.82 - - [31/Mar/2009:11:21:41 -0400] "GET /images/pagebackground-blue.jpg?1237554466 HTTP/1.1" 200 17383 "http://www.gardinerconsultation.ca/" "Mozilla/4.0 (compatible; MSIE 7.0; Windows NT 5.1; .NET CLR 1.1.4322; .NET CLR 2.0.50727)"
209.213.228.82 - - [31/Mar/2009:11:21:41 -0400] "GET /images/star.png HTTP/1.1" 200 795 "http://www.gardinerconsultation.ca/" "Mozilla/4.0 (compatible; MSIE 7.0; Windows NT 5.1; .NET CLR 1.1.4322; .NET CLR 2.0.50727)"
209.213.228.82 - - [31/Mar/2009:11:21:41 -0400] "GET /images/bg.gif HTTP/1.1" 200 972 "http://www.gardinerconsultation.ca/" "Mozilla/4.0 (compatible; MSIE 7.0; Windows NT 5.1; .NET CLR 1.1.4322; .NET CLR 2.0.50727)"
209.213.228.82 - - [31/Mar/2009:11:21:41 -0400] "GET /images/headerbg_blue.jpg HTTP/1.1" 200 15448 "http://www.gardinerconsultation.ca/" "Mozilla/4.0 (compatible; MSIE 7.0; Windows NT 5.1; .NET CLR 1.1.4322; .NET CLR 2.0.50727)"
209.213.228.82 - - [31/Mar/2009:11:21:42 -0400] "GET /images/navbg.gif HTTP/1.1" 200 270 "http://www.gardinerconsultation.ca/" "Mozilla/4.0 (compatible; MSIE 7.0; Windows NT 5.1; .NET CLR 1.1.4322; .NET CLR 2.0.50727)"
209.213.228.82 - - [31/Mar/2009:11:21:42 -0400] "GET /images/bg_bannerGradient.jpg HTTP/1.1" 200 420 "http://www.gardinerconsultation.ca/" "Mozilla/4.0 (compatible; MSIE 7.0; Windows NT 5.1; .NET CLR 1.1.4322; .NET CLR 2.0.50727)"
209.213.228.82 - - [31/Mar/2009:11:21:42 -0400] "GET /images/footerbg.gif HTTP/1.1" 200 14497 "http://www.gardinerconsultation.ca/" "Mozilla/4.0 (compatible; MSIE 7.0; Windows NT 5.1; .NET CLR 1.1.4322; .NET CLR 2.0.50727)"
209.213.228.82 - - [31/Mar/2009:11:21:45 -0400] "GET /favicon.ico HTTP/1.1" 200 - "-" "Mozilla/4.0 (compatible; MSIE 7.0; Windows NT 5.1; .NET CLR 1.1.4322; .NET CLR 2.0.50727)"
209.213.228.82 - - [31/Mar/2009:11:22:01 -0400] "GET /topics/show/4 HTTP/1.1" 200 16297 "http://www.gardinerconsultation.ca/" "Mozilla/4.0 (compatible; MSIE 7.0; Windows NT 5.1; .NET CLR 1.1.4322; .NET CLR 2.0.50727)"
70.28.56.149 - - [31/Mar/2009:11:22:16 -0400] "GET / HTTP/1.1" 200 17985 "-" "Mozilla/4.0 (compatible; MSIE 7.0; Windows NT 6.0; GTB5; SLCC1; .NET CLR 2.0.50727; .NET CLR 3.5.30729; .NET CLR 3.0.30618; OfficeLiveConnector.1.3; OfficeLivePatch.0.0)"
70.28.56.149 - - [31/Mar/2009:11:22:17 -0400] "GET /stylesheets/styles.css HTTP/1.1" 200 12376 "http://www.gardinerconsultation.ca/" "Mozilla/4.0 (compatible; MSIE 7.0; Windows NT 6.0; GTB5; SLCC1; .NET CLR 2.0.50727; .NET CLR 3.5.30729; .NET CLR 3.0.30618; OfficeLiveConnector.1.3; OfficeLivePatch.0.0)"
70.28.56.149 - - [31/Mar/2009:11:22:17 -0400] "GET /stylesheets/reset.css HTTP/1.1" 200 519 "http://www.gardinerconsultation.ca/" "Mozilla/4.0 (compatible; MSIE 7.0; Windows NT 6.0; GTB5; SLCC1; .NET CLR 2.0.50727; .NET CLR 3.5.30729; .NET CLR 3.0.30618; OfficeLiveConnector.1.3; OfficeLivePatch.0.0)"
70.28.56.149 - - [31/Mar/2009:11:22:17 -0400] "GET /stylesheets/lightview.css HTTP/1.1" 200 7844 "http://www.gardinerconsultation.ca/" "Mozilla/4.0 (compatible; MSIE 7.0; Windows NT 6.0; GTB5; SLCC1; .NET CLR 2.0.50727; .NET CLR 3.5.30729; .NET CLR 3.0.30618; OfficeLiveConnector.1.3; OfficeLivePatch.0.0)"
70.28.56.149 - - [31/Mar/2009:11:22:17 -0400] "GET /javascripts/base_1236178901.js HTTP/1.1" 200 97264 "http://www.gardinerconsultation.ca/" "Mozilla/4.0 (compatible; MSIE 7.0; Windows NT 6.0; GTB5; SLCC1; .NET CLR 2.0.50727; .NET CLR 3.5.30729; .NET CLR 3.0.30618; OfficeLiveConnector.1.3; OfficeLivePatch.0.0)"
70.28.56.149 - - [31/Mar/2009:11:22:18 -0400] "GET /stylesheets/anylinkcssmenu.css HTTP/1.1" 200 1433 "http://www.gardinerconsultation.ca/" "Mozilla/4.0 (compatible; MSIE 7.0; Windows NT 6.0; GTB5; SLCC1; .NET CLR 2.0.50727; .NET CLR 3.5.30729; .NET CLR 3.0.30618; OfficeLiveConnector.1.3; OfficeLivePatch.0.0)"
70.28.56.149 - - [31/Mar/2009:11:22:18 -0400] "GET /javascripts/anylinkcssmenu.js HTTP/1.1" 200 8203 "http://www.gardinerconsultation.ca/" "Mozilla/4.0 (compatible; MSIE 7.0; Windows NT 6.0; GTB5; SLCC1; .NET CLR 2.0.50727; .NET CLR 3.5.30729; .NET CLR 3.0.30618; OfficeLiveConnector.1.3; OfficeLivePatch.0.0)"
70.28.56.149 - - [31/Mar/2009:11:22:18 -0400] "GET /images/bg.gif HTTP/1.1" 200 972 "http://www.gardinerconsultation.ca/" "Mozilla/4.0 (compatible; MSIE 7.0; Windows NT 6.0; GTB5; SLCC1; .NET CLR 2.0.50727; .NET CLR 3.5.30729; .NET CLR 3.0.30618; OfficeLiveConnector.1.3; OfficeLivePatch.0.0)"
70.28.56.149 - - [31/Mar/2009:11:22:18 -0400] "GET /images/WT_logo.gif?1236965760 HTTP/1.1" 200 4708 "http://www.gardinerconsultation.ca/" "Mozilla/4.0 (compatible; MSIE 7.0; Windows NT 6.0; GTB5; SLCC1; .NET CLR 2.0.50727; .NET CLR 3.5.30729; .NET CLR 3.0.30618; OfficeLiveConnector.1.3; OfficeLivePatch.0.0)"
70.28.56.149 - - [31/Mar/2009:11:22:18 -0400] "GET /images/headerbg_blue.jpg HTTP/1.1" 200 15448 "http://www.gardinerconsultation.ca/" "Mozilla/4.0 (compatible; MSIE 7.0; Windows NT 6.0; GTB5; SLCC1; .NET CLR 2.0.50727; .NET CLR 3.5.30729; .NET CLR 3.0.30618; OfficeLiveConnector.1.3; OfficeLivePatch.0.0)"
70.28.56.149 - - [31/Mar/2009:11:22:18 -0400] "GET /images/navbg.gif HTTP/1.1" 200 270 "http://www.gardinerconsultation.ca/" "Mozilla/4.0 (compatible; MSIE 7.0; Windows NT 6.0; GTB5; SLCC1; .NET CLR 2.0.50727; .NET CLR 3.5.30729; .NET CLR 3.0.30618; OfficeLiveConnector.1.3; OfficeLivePatch.0.0)"
70.28.56.149 - - [31/Mar/2009:11:22:18 -0400] "GET /images/pagebackground-blue.jpg?1237554466 HTTP/1.1" 200 17383 "http://www.gardinerconsultation.ca/" "Mozilla/4.0 (compatible; MSIE 7.0; Windows NT 6.0; GTB5; SLCC1; .NET CLR 2.0.50727; .NET CLR 3.5.30729; .NET CLR 3.0.30618; OfficeLiveConnector.1.3; OfficeLivePatch.0.0)"
70.28.56.149 - - [31/Mar/2009:11:22:18 -0400] "GET /images/bg_bannerGradient.jpg HTTP/1.1" 200 420 "http://www.gardinerconsultation.ca/" "Mozilla/4.0 (compatible; MSIE 7.0; Windows NT 6.0; GTB5; SLCC1; .NET CLR 2.0.50727; .NET CLR 3.5.30729; .NET CLR 3.0.30618; OfficeLiveConnector.1.3; OfficeLivePatch.0.0)"
70.28.56.149 - - [31/Mar/2009:11:22:18 -0400] "GET /images/star.png HTTP/1.1" 200 795 "http://www.gardinerconsultation.ca/" "Mozilla/4.0 (compatible; MSIE 7.0; Windows NT 6.0; GTB5; SLCC1; .NET CLR 2.0.50727; .NET CLR 3.5.30729; .NET CLR 3.0.30618; OfficeLiveConnector.1.3; OfficeLivePatch.0.0)"
70.28.56.149 - - [31/Mar/2009:11:22:18 -0400] "GET /images/footerbg.gif HTTP/1.1" 200 14497 "http://www.gardinerconsultation.ca/" "Mozilla/4.0 (compatible; MSIE 7.0; Windows NT 6.0; GTB5; SLCC1; .NET CLR 2.0.50727; .NET CLR 3.5.30729; .NET CLR 3.0.30618; OfficeLiveConnector.1.3; OfficeLivePatch.0.0)"
209.213.228.82 - - [31/Mar/2009:11:22:19 -0400] "GET / HTTP/1.1" 200 17985 "http://by113w.bay113.mail.live.com/mail/InboxLight.aspx?n=1271094308" "Mozilla/4.0 (compatible; MSIE 7.0; Windows NT 5.1; .NET CLR 1.1.4322; .NET CLR 2.0.50727)"
70.28.56.149 - - [31/Mar/2009:11:22:21 -0400] "GET /favicon.ico HTTP/1.1" 200 - "-" "Mozilla/4.0 (compatible; MSIE 7.0; Windows NT 6.0; GTB5; SLCC1; .NET CLR 2.0.50727; .NET CLR 3.5.30729; .NET CLR 3.0.30618; OfficeLiveConnector.1.3; OfficeLivePatch.0.0)"
209.213.228.82 - - [31/Mar/2009:11:22:23 -0400] "GET /topics/show/6 HTTP/1.1" 200 14622 "http://www.gardinerconsultation.ca/" "Mozilla/4.0 (compatible; MSIE 7.0; Windows NT 5.1; .NET CLR 1.1.4322; .NET CLR 2.0.50727)"
209.213.228.82 - - [31/Mar/2009:11:22:24 -0400] "GET /images/arrow.gif HTTP/1.1" 200 97 "http://www.gardinerconsultation.ca/topics/show/6" "Mozilla/4.0 (compatible; MSIE 7.0; Windows NT 5.1; .NET CLR 1.1.4322; .NET CLR 2.0.50727)"
209.213.228.82 - - [31/Mar/2009:11:22:34 -0400] "GET /topics/show/21 HTTP/1.1" 200 26513 "http://www.gardinerconsultation.ca/topics/show/6" "Mozilla/4.0 (compatible; MSIE 7.0; Windows NT 5.1; .NET CLR 1.1.4322; .NET CLR 2.0.50727)"
209.213.228.82 - - [31/Mar/2009:11:22:35 -0400] "GET /avatars/0000/0001/pic_nik_thumb.jpg?1237573168 HTTP/1.1" 200 5862 "http://www.gardinerconsultation.ca/topics/show/21" "Mozilla/4.0 (compatible; MSIE 7.0; Windows NT 5.1; .NET CLR 1.1.4322; .NET CLR 2.0.50727)"
